[INFO] cloning repository https://github.com/0xHexPloit/Cryptum
[INFO] running `Command { std: "git" "-c" "credential.helper=" "-c" "credential.helper=/workspace/cargo-home/bin/git-credential-null" "clone" "--bare" "https://github.com/0xHexPloit/Cryptum" "/workspace/cache/git-repos/https%3A%2F%2Fgithub.com%2F0xHexPloit%2FCryptum", kill_on_drop: false }`
[INFO] [stderr] Cloning into bare repository '/workspace/cache/git-repos/https%3A%2F%2Fgithub.com%2F0xHexPloit%2FCryptum'...
[INFO] running `Command { std: "git" "rev-parse" "HEAD", kill_on_drop: false }`
[INFO] [stdout] c0a4b9172d2e569a8314387c70157dab5448b873
[INFO] testing 0xHexPloit/Cryptum against 1.75.0 for beta-1.76-1
[INFO] running `Command { std: "git" "clone" "/workspace/cache/git-repos/https%3A%2F%2Fgithub.com%2F0xHexPloit%2FCryptum" "/workspace/builds/worker-1-tc1/source", kill_on_drop: false }`
[INFO] [stderr] Cloning into '/workspace/builds/worker-1-tc1/source'...
[INFO] [stderr] done.
[INFO] validating manifest of git repo https://github.com/0xHexPloit/Cryptum on toolchain 1.75.0
[INFO] running `Command { std: CARGO_HOME="/workspace/cargo-home" RUSTUP_HOME="/workspace/rustup-home" "/workspace/cargo-home/bin/cargo" "+1.75.0" "metadata" "--manifest-path" "Cargo.toml" "--no-deps", kill_on_drop: false }`
[INFO] started tweaking git repo https://github.com/0xHexPloit/Cryptum
[INFO] finished tweaking git repo https://github.com/0xHexPloit/Cryptum
[INFO] tweaked toml for git repo https://github.com/0xHexPloit/Cryptum written to /workspace/builds/worker-1-tc1/source/Cargo.toml
[INFO] crate git repo https://github.com/0xHexPloit/Cryptum already has a lockfile, it will not be regenerated
[INFO] running `Command { std: CARGO_HOME="/workspace/cargo-home" RUSTUP_HOME="/workspace/rustup-home" "/workspace/cargo-home/bin/cargo" "+1.75.0" "fetch" "--manifest-path" "Cargo.toml", kill_on_drop: false }`
[INFO] [stderr]  Downloading crates ...
[INFO] [stderr]   Downloaded assert_cmd v2.0.10
[INFO] [stderr]   Downloaded predicates v3.0.2
[INFO] running `Command { std: "docker" "create" "-v" "/var/lib/crater-agent-workspace/builds/worker-1-tc1/target:/opt/rustwide/target:rw,Z" "-v" "/var/lib/crater-agent-workspace/builds/worker-1-tc1/source:/opt/rustwide/workdir:ro,Z" "-v" "/var/lib/crater-agent-workspace/cargo-home:/opt/rustwide/cargo-home:ro,Z" "-v" "/var/lib/crater-agent-workspace/rustup-home:/opt/rustwide/rustup-home:ro,Z" "-e" "SOURCE_DIR=/opt/rustwide/workdir" "-e" "CARGO_TARGET_DIR=/opt/rustwide/target" "-e" "CARGO_HOME=/opt/rustwide/cargo-home" "-e" "RUSTUP_HOME=/opt/rustwide/rustup-home" "-w" "/opt/rustwide/workdir" "-m" "1610612736" "--user" "0:0" "--network" "none" "ghcr.io/rust-lang/crates-build-env/linux@sha256:2788e3201cd34a07e3172128adcd8b3090168a8e3bcc40d7c032b9dda1df7d1c" "/opt/rustwide/cargo-home/bin/cargo" "+1.75.0" "metadata" "--no-deps" "--format-version=1", kill_on_drop: false }`
[INFO] [stdout] 564f826f638214b45e7aac001f451194f208883e981dbddc1c503a9a6a0f8b72
[INFO] running `Command { std: "docker" "start" "-a" "564f826f638214b45e7aac001f451194f208883e981dbddc1c503a9a6a0f8b72", kill_on_drop: false }`
[INFO] running `Command { std: "docker" "inspect" "564f826f638214b45e7aac001f451194f208883e981dbddc1c503a9a6a0f8b72", kill_on_drop: false }`
[INFO] running `Command { std: "docker" "rm" "-f" "564f826f638214b45e7aac001f451194f208883e981dbddc1c503a9a6a0f8b72", kill_on_drop: false }`
[INFO] [stdout] 564f826f638214b45e7aac001f451194f208883e981dbddc1c503a9a6a0f8b72
[INFO] running `Command { std: "docker" "create" "-v" "/var/lib/crater-agent-workspace/builds/worker-1-tc1/target:/opt/rustwide/target:rw,Z" "-v" "/var/lib/crater-agent-workspace/builds/worker-1-tc1/source:/opt/rustwide/workdir:ro,Z" "-v" "/var/lib/crater-agent-workspace/cargo-home:/opt/rustwide/cargo-home:ro,Z" "-v" "/var/lib/crater-agent-workspace/rustup-home:/opt/rustwide/rustup-home:ro,Z" "-e" "SOURCE_DIR=/opt/rustwide/workdir" "-e" "CARGO_TARGET_DIR=/opt/rustwide/target" "-e" "CARGO_INCREMENTAL=0" "-e" "RUST_BACKTRACE=full" "-e" "RUSTFLAGS=--cap-lints=warn" "-e" "RUSTDOCFLAGS=--cap-lints=warn" "-e" "CARGO_HOME=/opt/rustwide/cargo-home" "-e" "RUSTUP_HOME=/opt/rustwide/rustup-home" "-w" "/opt/rustwide/workdir" "-m" "1610612736" "--user" "0:0" "--network" "none" "ghcr.io/rust-lang/crates-build-env/linux@sha256:2788e3201cd34a07e3172128adcd8b3090168a8e3bcc40d7c032b9dda1df7d1c" "/opt/rustwide/cargo-home/bin/cargo" "+1.75.0" "build" "--frozen" "--message-format=json", kill_on_drop: false }`
[INFO] [stdout] 0202e9293855f1f53d7d8ec9618e34d580e6bcfd6b904ab7a9b03f3eb19d2ae3
[INFO] running `Command { std: "docker" "start" "-a" "0202e9293855f1f53d7d8ec9618e34d580e6bcfd6b904ab7a9b03f3eb19d2ae3", kill_on_drop: false }`
[INFO] [stderr]    Compiling proc-macro2 v1.0.56
[INFO] [stderr]    Compiling quote v1.0.26
[INFO] [stderr]    Compiling unicode-ident v1.0.8
[INFO] [stderr]    Compiling libc v0.2.141
[INFO] [stderr]    Compiling generic-array v0.14.7
[INFO] [stderr]    Compiling syn v1.0.109
[INFO] [stderr]    Compiling textwrap v0.11.0
[INFO] [stderr]    Compiling keccak v0.1.3
[INFO] [stderr]    Compiling hex v0.4.3
[INFO] [stderr]    Compiling hex-literal v0.3.4
[INFO] [stderr]    Compiling block-buffer v0.10.4
[INFO] [stderr]    Compiling crypto-common v0.1.6
[INFO] [stderr]    Compiling syn v2.0.13
[INFO] [stderr]    Compiling digest v0.10.6
[INFO] [stderr]    Compiling proc-macro-error-attr v1.0.4
[INFO] [stderr]    Compiling getrandom v0.2.8
[INFO] [stderr]    Compiling atty v0.2.14
[INFO] [stderr]    Compiling clap v2.34.0
[INFO] [stderr]    Compiling sha3 v0.10.6
[INFO] [stderr]    Compiling rand_core v0.6.4
[INFO] [stderr]    Compiling rand_chacha v0.3.1
[INFO] [stderr]    Compiling rand v0.8.5
[INFO] [stderr]    Compiling thiserror-impl v1.0.40
[INFO] [stderr]    Compiling proc-macro-error v1.0.4
[INFO] [stderr]    Compiling thiserror v1.0.40
[INFO] [stderr]    Compiling structopt-derive v0.4.18
[INFO] [stderr]    Compiling structopt v0.3.26
[INFO] [stderr]    Compiling cryptum v0.1.0 (/opt/rustwide/workdir)
[INFO] [stderr]     Finished dev [unoptimized + debuginfo] target(s) in 7.03s
[INFO] running `Command { std: "docker" "inspect" "0202e9293855f1f53d7d8ec9618e34d580e6bcfd6b904ab7a9b03f3eb19d2ae3", kill_on_drop: false }`
[INFO] running `Command { std: "docker" "rm" "-f" "0202e9293855f1f53d7d8ec9618e34d580e6bcfd6b904ab7a9b03f3eb19d2ae3", kill_on_drop: false }`
[INFO] [stdout] 0202e9293855f1f53d7d8ec9618e34d580e6bcfd6b904ab7a9b03f3eb19d2ae3
[INFO] running `Command { std: "docker" "create" "-v" "/var/lib/crater-agent-workspace/builds/worker-1-tc1/target:/opt/rustwide/target:rw,Z" "-v" "/var/lib/crater-agent-workspace/builds/worker-1-tc1/source:/opt/rustwide/workdir:ro,Z" "-v" "/var/lib/crater-agent-workspace/cargo-home:/opt/rustwide/cargo-home:ro,Z" "-v" "/var/lib/crater-agent-workspace/rustup-home:/opt/rustwide/rustup-home:ro,Z" "-e" "SOURCE_DIR=/opt/rustwide/workdir" "-e" "CARGO_TARGET_DIR=/opt/rustwide/target" "-e" "CARGO_INCREMENTAL=0" "-e" "RUST_BACKTRACE=full" "-e" "RUSTFLAGS=--cap-lints=warn" "-e" "RUSTDOCFLAGS=--cap-lints=warn" "-e" "CARGO_HOME=/opt/rustwide/cargo-home" "-e" "RUSTUP_HOME=/opt/rustwide/rustup-home" "-w" "/opt/rustwide/workdir" "-m" "1610612736" "--user" "0:0" "--network" "none" "ghcr.io/rust-lang/crates-build-env/linux@sha256:2788e3201cd34a07e3172128adcd8b3090168a8e3bcc40d7c032b9dda1df7d1c" "/opt/rustwide/cargo-home/bin/cargo" "+1.75.0" "test" "--frozen" "--no-run" "--message-format=json", kill_on_drop: false }`
[INFO] [stdout] d5bb64dd41c4b4580ae76c9a4f0319419e7ec447c65326b359b09ce459190b2a
[INFO] running `Command { std: "docker" "start" "-a" "d5bb64dd41c4b4580ae76c9a4f0319419e7ec447c65326b359b09ce459190b2a", kill_on_drop: false }`
[INFO] [stderr]    Compiling libc v0.2.141
[INFO] [stderr]    Compiling doc-comment v0.3.3
[INFO] [stderr]    Compiling predicates-core v1.0.6
[INFO] [stderr]    Compiling either v1.8.1
[INFO] [stderr]    Compiling regex-syntax v0.6.29
[INFO] [stderr]    Compiling float-cmp v0.9.0
[INFO] [stderr]    Compiling once_cell v1.17.1
[INFO] [stderr]    Compiling termtree v0.4.1
[INFO] [stderr]    Compiling regex-automata v0.1.10
[INFO] [stderr]    Compiling itertools v0.10.5
[INFO] [stderr]    Compiling difflib v0.4.0
[INFO] [stderr]    Compiling anstyle v0.3.5
[INFO] [stderr]    Compiling normalize-line-endings v0.3.0
[INFO] [stderr]    Compiling predicates-tree v1.0.9
[INFO] [stderr]    Compiling bstr v1.4.0
[INFO] [stderr]    Compiling getrandom v0.2.8
[INFO] [stderr]    Compiling atty v0.2.14
[INFO] [stderr]    Compiling wait-timeout v0.2.0
[INFO] [stderr]    Compiling clap v2.34.0
[INFO] [stderr]    Compiling rand_core v0.6.4
[INFO] [stderr]    Compiling rand_chacha v0.3.1
[INFO] [stderr]    Compiling rand v0.8.5
[INFO] [stderr]    Compiling regex v1.7.3
[INFO] [stderr]    Compiling predicates v3.0.2
[INFO] [stderr]    Compiling structopt v0.3.26
[INFO] [stderr]    Compiling cryptum v0.1.0 (/opt/rustwide/workdir)
[INFO] [stderr]    Compiling assert_cmd v2.0.10
[INFO] [stderr]     Finished test [unoptimized + debuginfo] target(s) in 5.13s
[INFO] running `Command { std: "docker" "inspect" "d5bb64dd41c4b4580ae76c9a4f0319419e7ec447c65326b359b09ce459190b2a", kill_on_drop: false }`
[INFO] running `Command { std: "docker" "rm" "-f" "d5bb64dd41c4b4580ae76c9a4f0319419e7ec447c65326b359b09ce459190b2a", kill_on_drop: false }`
[INFO] [stdout] d5bb64dd41c4b4580ae76c9a4f0319419e7ec447c65326b359b09ce459190b2a
[INFO] running `Command { std: "docker" "create" "-v" "/var/lib/crater-agent-workspace/builds/worker-1-tc1/target:/opt/rustwide/target:rw,Z" "-v" "/var/lib/crater-agent-workspace/builds/worker-1-tc1/source:/opt/rustwide/workdir:ro,Z" "-v" "/var/lib/crater-agent-workspace/cargo-home:/opt/rustwide/cargo-home:ro,Z" "-v" "/var/lib/crater-agent-workspace/rustup-home:/opt/rustwide/rustup-home:ro,Z" "-e" "SOURCE_DIR=/opt/rustwide/workdir" "-e" "CARGO_TARGET_DIR=/opt/rustwide/target" "-e" "CARGO_INCREMENTAL=0" "-e" "RUST_BACKTRACE=full" "-e" "RUSTFLAGS=--cap-lints=warn" "-e" "RUSTDOCFLAGS=--cap-lints=warn" "-e" "CARGO_HOME=/opt/rustwide/cargo-home" "-e" "RUSTUP_HOME=/opt/rustwide/rustup-home" "-w" "/opt/rustwide/workdir" "-m" "1610612736" "--user" "0:0" "--network" "none" "ghcr.io/rust-lang/crates-build-env/linux@sha256:2788e3201cd34a07e3172128adcd8b3090168a8e3bcc40d7c032b9dda1df7d1c" "/opt/rustwide/cargo-home/bin/cargo" "+1.75.0" "test" "--frozen", kill_on_drop: false }`
[INFO] [stdout] a063583bbfb7843751a9a0c9b94da7c501450ab7a6fb29e04bf342c175e58df3
[INFO] running `Command { std: "docker" "start" "-a" "a063583bbfb7843751a9a0c9b94da7c501450ab7a6fb29e04bf342c175e58df3", kill_on_drop: false }`
[INFO] [stderr]     Finished test [unoptimized + debuginfo] target(s) in 0.21s
[INFO] [stderr]      Running unittests src/lib/mod.rs (/opt/rustwide/target/debug/deps/cryptum-02535d2fdc332b7f)
[INFO] [stdout] 
[INFO] [stdout] running 55 tests
[INFO] [stdout] test algorithms::algebraic::galois_field::tests::test_parsing_negative_number ... ok
[INFO] [stdout] test algorithms::algebraic::polynomial::tests::test_creating_zero_polynomial ... ok
[INFO] [stdout] test algorithms::algebraic::matrix::tests::test_matrix_transpose ... ok
[INFO] [stdout] test algorithms::algebraic::polynomial::tests::test_find_non_zero_polynomial_degree ... ok
[INFO] [stdout] test algorithms::algebraic::polynomial::tests::test_find_zero_polynomial_degree ... ok
[INFO] [stdout] test algorithms::algebraic::matrix::tests::test_matrix_creation_should_be_successful ... ok
[INFO] [stdout] test algorithms::algebraic::polynomial::tests::test_from_degrees ... ok
[INFO] [stdout] test algorithms::algebraic::polynomial::tests::test_multiplication_with_exceed ... ok
[INFO] [stdout] test algorithms::algebraic::polynomial::tests::test_creating_non_zero_polynomial ... ok
[INFO] [stdout] test algorithms::algebraic::polynomial::tests::test_multiplication_with_no_exceed ... ok
[INFO] [stdout] test algorithms::algebraic::polynomial::tests::test_multiplication_with_0_polynomial ... ok
[INFO] [stdout] test algorithms::algebraic::polynomial::tests::test_polynomial_addition ... ok
[INFO] [stdout] test algorithms::algebraic::polynomial::tests::test_polynomial_substraction ... ok
[INFO] [stdout] test algorithms::algebraic::polynomial::tests::test_poly_euclidean_division ... ok
[INFO] [stdout] test algorithms::algebraic::polynomial::tests::test_poly_euclidean_division_complex ... ok
[INFO] [stdout] test algorithms::byte_array::tests::test_get_bytes_arr_from_bytes_slice ... ok
[INFO] [stdout] test algorithms::byte_array::tests::test_random_byte_array_creation ... ok
[INFO] [stdout] test algorithms::byte_array::tests::test_get_bytes ... ok
[INFO] [stdout] test algorithms::byte_array::tests::test_to_bits ... ok
[INFO] [stdout] test algorithms::kyber::cpapke::tests::test_decrypt_length ... ok
[INFO] [stdout] test algorithms::byte_array::tests::test_concat ... ok
[INFO] [stdout] test algorithms::byte_array::tests::test_length ... ok
[INFO] [stdout] test algorithms::kyber::cpapke::tests::test_encrypt_length ... ok
[INFO] [stdout] test algorithms::kyber::cpapke::tests::test_encrypt_decrypt ... ok
[INFO] [stdout] test algorithms::algebraic::matrix::tests::test_matrix_creation_failed_empty_array_first_row - should panic ... ok
[INFO] [stdout] test algorithms::algebraic::matrix::tests::test_matrix_creation_failed_empty_array - should panic ... ok
[INFO] [stdout] test algorithms::kyber::cpapke::tests::test_decrypt_should_panic_invalid_length_secret_key - should panic ... ok
[INFO] [stdout] test algorithms::algebraic::matrix::tests::test_matrix_creation_failed_columns_number_mismatch - should panic ... ok
[INFO] [stdout] test algorithms::kyber::cpapke::tests::test_generate_random_matrix_from_seed ... ok
[INFO] [stdout] test algorithms::kyber::cpapke::tests::test_decrypt_should_panic_invalid_length_ciphertext - should panic ... ok
[INFO] [stdout] test algorithms::kyber::cpapke::tests::test_failed_encrypt_invalid_length_for_random_coin - should panic ... ok
[INFO] [stdout] test algorithms::kyber::cpapke::tests::test_failed_encrypt_invalid_length_for_message - should panic ... ok
[INFO] [stdout] test algorithms::kyber::cpapke::tests::test_prf_panic_if_data_length_not_equal_to_33 - should panic ... ok
[INFO] [stdout] test algorithms::kyber::cpapke::tests::test_prf_func ... ok
[INFO] [stdout] test algorithms::kyber::cpapke::tests::test_failed_encryption_invalid_length_for_public_key - should panic ... ok
[INFO] [stdout] test algorithms::kyber::cpapke::tests::test_keygen_length ... ok
[INFO] [stdout] test algorithms::kyber::cpapke::tests::test_g ... ok
[INFO] [stdout] test algorithms::kyber::kem::tests::test_encrypt ... ok
[INFO] [stdout] test algorithms::kyber::ntt::tests::test_br_7 ... ok
[INFO] [stdout] test algorithms::kyber::cpapke::tests::test_keygen ... ok
[INFO] [stdout] test algorithms::kyber::utils::tests::test_decompress_1 ... ok
[INFO] [stdout] test algorithms::kyber::polynomial::tests::test_decode_l ... ok
[INFO] [stdout] test algorithms::kyber::polynomial::tests::test_ntt_inversion ... ok
[INFO] [stdout] test algorithms::kyber::utils::tests::test_round_should_return_3 ... ok
[INFO] [stdout] test algorithms::kyber::utils::tests::test_round_with_tie ... ok
[INFO] [stdout] test algorithms::utils::bits::tests::test_conversion_byte_to_bits ... ok
[INFO] [stdout] test algorithms::utils::hash::tests::test_sha3_512 ... ok
[INFO] [stdout] test algorithms::kyber::utils::tests::test_round_should_return_2 ... ok
[INFO] [stdout] test algorithms::kyber::polynomial::tests::test_to_ntt ... ok
[INFO] [stdout] test algorithms::utils::hash::tests::test_shake_128 ... ok
[INFO] [stdout] test algorithms::utils::bits::tests::test_conversion_bits_to_byte ... ok
[INFO] [stdout] test algorithms::kyber::kem::tests::test_decrypt ... ok
[INFO] [stdout] test algorithms::utils::hash::tests::test_sha3_256 ... ok
[INFO] [stdout] test algorithms::kyber::kem::tests::test_keygen ... ok
[INFO] [stdout] test algorithms::utils::hash::tests::test_shake_256 ... ok
[INFO] [stdout] 
[INFO] [stdout] test result: ok. 55 passed; 0 failed; 0 ignored; 0 measured; 0 filtered out; finished in 0.10s
[INFO] [stdout] 
[INFO] [stderr]      Running unittests src/main.rs (/opt/rustwide/target/debug/deps/cryptum-2f12f9143488b5b1)
[INFO] [stderr]      Running tests/cli.rs (/opt/rustwide/target/debug/deps/cli-c6105c6c7c8cb995)
[INFO] [stdout] 
[INFO] [stdout] running 0 tests
[INFO] [stdout] 
[INFO] [stdout] test result: ok. 0 passed; 0 failed; 0 ignored; 0 measured; 0 filtered out; finished in 0.00s
[INFO] [stdout] 
[INFO] [stdout] 
[INFO] [stdout] running 8 tests
[INFO] [stdout] test test_kem_encrypt ... FAILED
[INFO] [stdout] test test_generate_shared_key_different_size ... FAILED
[INFO] [stdout] test test_pke_keygen ... FAILED
[INFO] [stdout] test test_pke_encrypt ... FAILED
[INFO] [stdout] test test_kem_keygen ... FAILED
[INFO] [stdout] test usage ... ok
[INFO] [stdout] test test_kem_decrypt ... FAILED
[INFO] [stdout] test test_pke_decrypt ... FAILED
[INFO] [stdout] 
[INFO] [stdout] failures:
[INFO] [stdout] 
[INFO] [stdout] ---- test_kem_encrypt stdout ----
[INFO] [stdout] Error: Os { code: 2, kind: NotFound, message: "No such file or directory" }
[INFO] [stdout] 
[INFO] [stdout] ---- test_generate_shared_key_different_size stdout ----
[INFO] [stdout] Error: Os { code: 2, kind: NotFound, message: "No such file or directory" }
[INFO] [stdout] 
[INFO] [stdout] ---- test_pke_keygen stdout ----
[INFO] [stdout] Error: Os { code: 2, kind: NotFound, message: "No such file or directory" }
[INFO] [stdout] 
[INFO] [stdout] ---- test_pke_encrypt stdout ----
[INFO] [stdout] Error: Os { code: 2, kind: NotFound, message: "No such file or directory" }
[INFO] [stdout] 
[INFO] [stdout] ---- test_kem_keygen stdout ----
[INFO] [stdout] Error: Os { code: 2, kind: NotFound, message: "No such file or directory" }
[INFO] [stdout] 
[INFO] [stdout] ---- test_kem_decrypt stdout ----
[INFO] [stdout] Error: Os { code: 2, kind: NotFound, message: "No such file or directory" }
[INFO] [stdout] 
[INFO] [stdout] ---- test_pke_decrypt stdout ----
[INFO] [stdout] thread 'test_pke_decrypt' panicked at /rustc/82e1608dfa6e0b5569232559e3d385fea5a93112/library/core/src/ops/function.rs:250:5:
[INFO] [stdout] Unexpected stdout, failed var.contains(Hello from Kyber !)
[INFO] [stdout] ├── var: I/O Error: An error occurred while trying to read `tests/TMkYnEj`: No such file or directory (os error 2)
[INFO] [stdout] └── var as str: I/O Error: An error occurred while trying to read `tests/TMkYnEj`: No such file or directory (os error 2)
[INFO] [stdout] 
[INFO] [stdout] command=`"/opt/rustwide/target/debug/cryptum" "kyber" "pke" "decrypt" "--in-ciphertext" "tests/TMkYnEj" "--in-privkey" "tests/inputs/kyber_pke.priv"`
[INFO] [stdout] code=0
[INFO] [stdout] stdout="I/O Error: An error occurred while trying to read `tests/TMkYnEj`: No such file or directory (os error 2)\n"
[INFO] [stdout] stderr=""
[INFO] [stdout] 
[INFO] [stdout] stack backtrace:
[INFO] [stdout]    0:     0x5641fb79a77c - std::backtrace_rs::backtrace::libunwind::trace::ha637c64ce894333a
[INFO] [stdout]                                at /rustc/82e1608dfa6e0b5569232559e3d385fea5a93112/library/std/src/../../backtrace/src/backtrace/libunwind.rs:104:5
[INFO] [stdout]    1:     0x5641fb79a77c - std::backtrace_rs::backtrace::trace_unsynchronized::h47f62dea28e0c88d
[INFO] [stdout]                                at /rustc/82e1608dfa6e0b5569232559e3d385fea5a93112/library/std/src/../../backtrace/src/backtrace/mod.rs:66:5
[INFO] [stdout]    2:     0x5641fb79a77c - std::sys_common::backtrace::_print_fmt::h9eef0abe20ede486
[INFO] [stdout]                                at /rustc/82e1608dfa6e0b5569232559e3d385fea5a93112/library/std/src/sys_common/backtrace.rs:67:5
[INFO] [stdout]    3:     0x5641fb79a77c - <std::sys_common::backtrace::_print::DisplayBacktrace as core::fmt::Display>::fmt::hed7f999df88cc644
[INFO] [stdout]                                at /rustc/82e1608dfa6e0b5569232559e3d385fea5a93112/library/std/src/sys_common/backtrace.rs:44:22
[INFO] [stdout]    4:     0x5641fb7c5280 - core::fmt::rt::Argument::fmt::h1539a9308b8d058d
[INFO] [stdout]                                at /rustc/82e1608dfa6e0b5569232559e3d385fea5a93112/library/core/src/fmt/rt.rs:142:9
[INFO] [stdout]    5:     0x5641fb7c5280 - core::fmt::write::h3a39390d8560d9c9
[INFO] [stdout]                                at /rustc/82e1608dfa6e0b5569232559e3d385fea5a93112/library/core/src/fmt/mod.rs:1120:17
[INFO] [stdout]    6:     0x5641fb79793f - std::io::Write::write_fmt::h040b369f3a0f9cbc
[INFO] [stdout]                                at /rustc/82e1608dfa6e0b5569232559e3d385fea5a93112/library/std/src/io/mod.rs:1762:15
[INFO] [stdout]    7:     0x5641fb79a564 - std::sys_common::backtrace::_print::h894006fb5c6f3d45
[INFO] [stdout]                                at /rustc/82e1608dfa6e0b5569232559e3d385fea5a93112/library/std/src/sys_common/backtrace.rs:47:5
[INFO] [stdout]    8:     0x5641fb79a564 - std::sys_common::backtrace::print::h23a2d212c6fff936
[INFO] [stdout]                                at /rustc/82e1608dfa6e0b5569232559e3d385fea5a93112/library/std/src/sys_common/backtrace.rs:34:9
[INFO] [stdout]    9:     0x5641fb79c2a7 - std::panicking::default_hook::{{closure}}::h8a1d2ee00185001a
[INFO] [stdout]   10:     0x5641fb79bf93 - std::panicking::default_hook::h6038f2eba384e475
[INFO] [stdout]                                at /rustc/82e1608dfa6e0b5569232559e3d385fea5a93112/library/std/src/panicking.rs:289:9
[INFO] [stdout]   11:     0x5641fb6e2b97 - <alloc::boxed::Box<F,A> as core::ops::function::Fn<Args>>::call::h0ad024c9bdc6d768
[INFO] [stdout]                                at /rustc/82e1608dfa6e0b5569232559e3d385fea5a93112/library/alloc/src/boxed.rs:2021:9
[INFO] [stdout]   12:     0x5641fb6e2b97 - test::test_main::{{closure}}::h7500b54257359db6
[INFO] [stdout]                                at /rustc/82e1608dfa6e0b5569232559e3d385fea5a93112/library/test/src/lib.rs:138:21
[INFO] [stdout]   13:     0x5641fb79c8b8 - <alloc::boxed::Box<F,A> as core::ops::function::Fn<Args>>::call::h1f8f335eaa9cfaee
[INFO] [stdout]                                at /rustc/82e1608dfa6e0b5569232559e3d385fea5a93112/library/alloc/src/boxed.rs:2021:9
[INFO] [stdout]   14:     0x5641fb79c8b8 - std::panicking::rust_panic_with_hook::h2b5517d590cab22e
[INFO] [stdout]                                at /rustc/82e1608dfa6e0b5569232559e3d385fea5a93112/library/std/src/panicking.rs:783:13
[INFO] [stdout]   15:     0x5641fb79c60e - std::panicking::begin_panic_handler::{{closure}}::h233112c06e0ef43e
[INFO] [stdout]                                at /rustc/82e1608dfa6e0b5569232559e3d385fea5a93112/library/std/src/panicking.rs:657:13
[INFO] [stdout]   16:     0x5641fb79ac46 - std::sys_common::backtrace::__rust_end_short_backtrace::h6e893f24d7ebbff8
[INFO] [stdout]                                at /rustc/82e1608dfa6e0b5569232559e3d385fea5a93112/library/std/src/sys_common/backtrace.rs:170:18
[INFO] [stdout]   17:     0x5641fb79c372 - rust_begin_unwind
[INFO] [stdout]                                at /rustc/82e1608dfa6e0b5569232559e3d385fea5a93112/library/std/src/panicking.rs:645:5
[INFO] [stdout]   18:     0x5641fb6a61f5 - core::panicking::panic_fmt::hbf0e066aabfa482c
[INFO] [stdout]                                at /rustc/82e1608dfa6e0b5569232559e3d385fea5a93112/library/core/src/panicking.rs:72:14
[INFO] [stdout]   19:     0x5641fb72fccf - core::panicking::panic_display::h294b39ad9d70ff81
[INFO] [stdout]                                at /rustc/82e1608dfa6e0b5569232559e3d385fea5a93112/library/core/src/panicking.rs:178:5
[INFO] [stdout]   20:     0x5641fb736dae - assert_cmd::assert::AssertError::panic::panic_cold_display::h319b5bf153746f6a
[INFO] [stdout]                                at /rustc/82e1608dfa6e0b5569232559e3d385fea5a93112/library/core/src/panic.rs:99:13
[INFO] [stdout]   21:     0x5641fb7366f7 - assert_cmd::assert::AssertError::panic::h6af4445c4889079b
[INFO] [stdout]                                at /opt/rustwide/cargo-home/registry/src/index.crates.io-6f17d22bba15001f/assert_cmd-2.0.10/src/assert.rs:1033:9
[INFO] [stdout]   22:     0x5641fb731ff7 - core::ops::function::FnOnce::call_once::h63673620b808dbd3
[INFO] [stdout]                                at /rustc/82e1608dfa6e0b5569232559e3d385fea5a93112/library/core/src/ops/function.rs:250:5
[INFO] [stdout]   23:     0x5641fb72f446 - core::result::Result<T,E>::unwrap_or_else::ha228279841512bbb
[INFO] [stdout]                                at /rustc/82e1608dfa6e0b5569232559e3d385fea5a93112/library/core/src/result.rs:1430:23
[INFO] [stdout]   24:     0x5641fb6a7635 - assert_cmd::assert::Assert::stdout::h9a6c37647e36f5e3
[INFO] [stdout]                                at /opt/rustwide/cargo-home/registry/src/index.crates.io-6f17d22bba15001f/assert_cmd-2.0.10/src/assert.rs:364:9
[INFO] [stdout]   25:     0x5641fb6acb78 - cli::test_pke_decrypt::h69adad38d73bb0a2
[INFO] [stdout]                                at /opt/rustwide/workdir/tests/cli.rs:127:5
[INFO] [stdout]   26:     0x5641fb6ac657 - cli::test_pke_decrypt::{{closure}}::h94e6f9d47be2279c
[INFO] [stdout]                                at /opt/rustwide/workdir/tests/cli.rs:111:26
[INFO] [stdout]   27:     0x5641fb6a8b56 - core::ops::function::FnOnce::call_once::h5d1125e015c3972e
[INFO] [stdout]                                at /rustc/82e1608dfa6e0b5569232559e3d385fea5a93112/library/core/src/ops/function.rs:250:5
[INFO] [stdout]   28:     0x5641fb6e81ef - core::ops::function::FnOnce::call_once::h2b5d431d5046312d
[INFO] [stdout]                                at /rustc/82e1608dfa6e0b5569232559e3d385fea5a93112/library/core/src/ops/function.rs:250:5
[INFO] [stdout]   29:     0x5641fb6e81ef - test::__rust_begin_short_backtrace::h7714669af176e207
[INFO] [stdout]                                at /rustc/82e1608dfa6e0b5569232559e3d385fea5a93112/library/test/src/lib.rs:628:18
[INFO] [stdout]   30:     0x5641fb6e7205 - test::run_test_in_process::{{closure}}::h85218797dcbcec12
[INFO] [stdout]                                at /rustc/82e1608dfa6e0b5569232559e3d385fea5a93112/library/test/src/lib.rs:651:60
[INFO] [stdout]   31:     0x5641fb6e7205 - <core::panic::unwind_safe::AssertUnwindSafe<F> as core::ops::function::FnOnce<()>>::call_once::h76c106ea31c14d7b
[INFO] [stdout]                                at /rustc/82e1608dfa6e0b5569232559e3d385fea5a93112/library/core/src/panic/unwind_safe.rs:272:9
[INFO] [stdout]   32:     0x5641fb6e7205 - std::panicking::try::do_call::h3bd5d0f6620ee946
[INFO] [stdout]                                at /rustc/82e1608dfa6e0b5569232559e3d385fea5a93112/library/std/src/panicking.rs:552:40
[INFO] [stdout]   33:     0x5641fb6e7205 - std::panicking::try::h232e535e4744fe31
[INFO] [stdout]                                at /rustc/82e1608dfa6e0b5569232559e3d385fea5a93112/library/std/src/panicking.rs:516:19
[INFO] [stdout]   34:     0x5641fb6e7205 - std::panic::catch_unwind::h3ce3bd6ca8dbac68
[INFO] [stdout]                                at /rustc/82e1608dfa6e0b5569232559e3d385fea5a93112/library/std/src/panic.rs:142:14
[INFO] [stdout]   35:     0x5641fb6e7205 - test::run_test_in_process::hc97b257c9621286a
[INFO] [stdout]                                at /rustc/82e1608dfa6e0b5569232559e3d385fea5a93112/library/test/src/lib.rs:651:27
[INFO] [stdout]   36:     0x5641fb6e7205 - test::run_test::{{closure}}::h2aa798823a438d38
[INFO] [stdout]                                at /rustc/82e1608dfa6e0b5569232559e3d385fea5a93112/library/test/src/lib.rs:574:43
[INFO] [stdout]   37:     0x5641fb6af4c6 - test::run_test::{{closure}}::h87d231c78fb59832
[INFO] [stdout]                                at /rustc/82e1608dfa6e0b5569232559e3d385fea5a93112/library/test/src/lib.rs:602:41
[INFO] [stdout]   38:     0x5641fb6af4c6 - std::sys_common::backtrace::__rust_begin_short_backtrace::he6df152596625789
[INFO] [stdout]                                at /rustc/82e1608dfa6e0b5569232559e3d385fea5a93112/library/std/src/sys_common/backtrace.rs:154:18
[INFO] [stdout]   39:     0x5641fb6b4577 - std::thread::Builder::spawn_unchecked_::{{closure}}::{{closure}}::ha94be15d1e0acf36
[INFO] [stdout]                                at /rustc/82e1608dfa6e0b5569232559e3d385fea5a93112/library/std/src/thread/mod.rs:529:17
[INFO] [stdout]   40:     0x5641fb6b4577 - <core::panic::unwind_safe::AssertUnwindSafe<F> as core::ops::function::FnOnce<()>>::call_once::h9dc6bd6372f16606
[INFO] [stdout]                                at /rustc/82e1608dfa6e0b5569232559e3d385fea5a93112/library/core/src/panic/unwind_safe.rs:272:9
[INFO] [stdout]   41:     0x5641fb6b4577 - std::panicking::try::do_call::h9057517f80303cd4
[INFO] [stdout]                                at /rustc/82e1608dfa6e0b5569232559e3d385fea5a93112/library/std/src/panicking.rs:552:40
[INFO] [stdout]   42:     0x5641fb6b4577 - std::panicking::try::he3a30b11ee45340c
[INFO] [stdout]                                at /rustc/82e1608dfa6e0b5569232559e3d385fea5a93112/library/std/src/panicking.rs:516:19
[INFO] [stdout]   43:     0x5641fb6b4577 - std::panic::catch_unwind::h410458cfd3528b8b
[INFO] [stdout]                                at /rustc/82e1608dfa6e0b5569232559e3d385fea5a93112/library/std/src/panic.rs:142:14
[INFO] [stdout]   44:     0x5641fb6b4577 - std::thread::Builder::spawn_unchecked_::{{closure}}::h72ac3bdb567b737b
[INFO] [stdout]                                at /rustc/82e1608dfa6e0b5569232559e3d385fea5a93112/library/std/src/thread/mod.rs:528:30
[INFO] [stdout]   45:     0x5641fb6b4577 - core::ops::function::FnOnce::call_once{{vtable.shim}}::h38f34da3654a8344
[INFO] [stdout]                                at /rustc/82e1608dfa6e0b5569232559e3d385fea5a93112/library/core/src/ops/function.rs:250:5
[INFO] [stdout]   46:     0x5641fb7a1d95 - <alloc::boxed::Box<F,A> as core::ops::function::FnOnce<Args>>::call_once::hc7eafaff61e32df9
[INFO] [stdout]                                at /rustc/82e1608dfa6e0b5569232559e3d385fea5a93112/library/alloc/src/boxed.rs:2007:9
[INFO] [stdout]   47:     0x5641fb7a1d95 - <alloc::boxed::Box<F,A> as core::ops::function::FnOnce<Args>>::call_once::h6ba4a5de48dd2304
[INFO] [stdout]                                at /rustc/82e1608dfa6e0b5569232559e3d385fea5a93112/library/alloc/src/boxed.rs:2007:9
[INFO] [stdout]   48:     0x5641fb7a1d95 - std::sys::unix::thread::Thread::new::thread_start::he469335aef763e45
[INFO] [stdout]                                at /rustc/82e1608dfa6e0b5569232559e3d385fea5a93112/library/std/src/sys/unix/thread.rs:108:17
[INFO] [stdout]   49:     0x7f6f2e3a4ac3 - <unknown>
[INFO] [stdout]   50:     0x7f6f2e435bf4 - __clone
[INFO] [stdout]   51:                0x0 - <unknown>
[INFO] [stdout] 
[INFO] [stdout] 
[INFO] [stdout] failures:
[INFO] [stdout]     test_generate_shared_key_different_size
[INFO] [stdout]     test_kem_decrypt
[INFO] [stdout]     test_kem_encrypt
[INFO] [stdout]     test_kem_keygen
[INFO] [stdout]     test_pke_decrypt
[INFO] [stdout]     test_pke_encrypt
[INFO] [stdout]     test_pke_keygen
[INFO] [stdout] 
[INFO] [stdout] test result: FAILED. 1 passed; 7 failed; 0 ignored; 0 measured; 0 filtered out; finished in 0.11s
[INFO] [stdout] 
[INFO] [stderr] error: test failed, to rerun pass `--test cli`
[INFO] running `Command { std: "docker" "inspect" "a063583bbfb7843751a9a0c9b94da7c501450ab7a6fb29e04bf342c175e58df3", kill_on_drop: false }`
[INFO] running `Command { std: "docker" "rm" "-f" "a063583bbfb7843751a9a0c9b94da7c501450ab7a6fb29e04bf342c175e58df3", kill_on_drop: false }`
[INFO] [stdout] a063583bbfb7843751a9a0c9b94da7c501450ab7a6fb29e04bf342c175e58df3
