[INFO] cloning repository https://github.com/0tpg/jumping-jack
[INFO] running `Command { std: "git" "-c" "credential.helper=" "-c" "credential.helper=/workspace/cargo-home/bin/git-credential-null" "clone" "--bare" "https://github.com/0tpg/jumping-jack" "/workspace/cache/git-repos/https%3A%2F%2Fgithub.com%2F0tpg%2Fjumping-jack", kill_on_drop: false }`
[INFO] [stderr] Cloning into bare repository '/workspace/cache/git-repos/https%3A%2F%2Fgithub.com%2F0tpg%2Fjumping-jack'...
[INFO] running `Command { std: "git" "rev-parse" "HEAD", kill_on_drop: false }`
[INFO] [stdout] b03d8a44f7b00cb350bbdcdecc63beb635370b96
[INFO] testing 0tpg/jumping-jack against 1.75.0 for beta-1.76-1
[INFO] running `Command { std: "git" "clone" "/workspace/cache/git-repos/https%3A%2F%2Fgithub.com%2F0tpg%2Fjumping-jack" "/workspace/builds/worker-7-tc1/source", kill_on_drop: false }`
[INFO] [stderr] Cloning into '/workspace/builds/worker-7-tc1/source'...
[INFO] [stderr] done.
[INFO] [stderr] Updating files:  57% (2633/4557)
Updating files:  58% (2644/4557)
Updating files:  59% (2689/4557)
Updating files:  60% (2735/4557)
Updating files:  61% (2780/4557)
Updating files:  62% (2826/4557)
Updating files:  63% (2871/4557)
Updating files:  64% (2917/4557)
Updating files:  65% (2963/4557)
Updating files:  66% (3008/4557)
Updating files:  67% (3054/4557)
Updating files:  68% (3099/4557)
Updating files:  69% (3145/4557)
Updating files:  70% (3190/4557)
Updating files:  71% (3236/4557)
Updating files:  71% (3242/4557)
Updating files:  72% (3282/4557)
Updating files:  73% (3327/4557)
Updating files:  74% (3373/4557)
Updating files:  75% (3418/4557)
Updating files:  75% (3435/4557)
Updating files:  76% (3464/4557)
Updating files:  77% (3509/4557)
Updating files:  78% (3555/4557)
Updating files:  79% (3601/4557)
Updating files:  79% (3622/4557)
Updating files:  80% (3646/4557)
Updating files:  81% (3692/4557)
Updating files:  82% (3737/4557)
Updating files:  83% (3783/4557)
Updating files:  83% (3822/4557)
Updating files:  84% (3828/4557)
Updating files:  85% (3874/4557)
Updating files:  85% (3916/4557)
Updating files:  86% (3920/4557)
Updating files:  87% (3965/4557)
Updating files:  88% (4011/4557)
Updating files:  89% (4056/4557)
Updating files:  90% (4102/4557)
Updating files:  91% (4147/4557)
Updating files:  92% (4193/4557)
Updating files:  92% (4204/4557)
Updating files:  93% (4239/4557)
Updating files:  94% (4284/4557)
Updating files:  95% (4330/4557)
Updating files:  96% (4375/4557)
Updating files:  97% (4421/4557)
Updating files:  98% (4466/4557)
Updating files:  99% (4512/4557)
Updating files: 100% (4557/4557)
Updating files: 100% (4557/4557), done.
[INFO] validating manifest of git repo https://github.com/0tpg/jumping-jack on toolchain 1.75.0
[INFO] running `Command { std: CARGO_HOME="/workspace/cargo-home" RUSTUP_HOME="/workspace/rustup-home" "/workspace/cargo-home/bin/cargo" "+1.75.0" "metadata" "--manifest-path" "Cargo.toml" "--no-deps", kill_on_drop: false }`
[INFO] started tweaking git repo https://github.com/0tpg/jumping-jack
[INFO] finished tweaking git repo https://github.com/0tpg/jumping-jack
[INFO] tweaked toml for git repo https://github.com/0tpg/jumping-jack written to /workspace/builds/worker-7-tc1/source/Cargo.toml
[INFO] crate git repo https://github.com/0tpg/jumping-jack already has a lockfile, it will not be regenerated
[INFO] running `Command { std: CARGO_HOME="/workspace/cargo-home" RUSTUP_HOME="/workspace/rustup-home" "/workspace/cargo-home/bin/cargo" "+1.75.0" "fetch" "--manifest-path" "Cargo.toml", kill_on_drop: false }`
[INFO] [stderr]     Updating crates.io index
[INFO] [stderr]     Blocking waiting for file lock on package cache
[INFO] [stderr]  Downloading crates ...
[INFO] [stderr]   Downloaded dlib v0.4.2
[INFO] [stderr]   Downloaded directories v2.0.2
[INFO] [stderr]   Downloaded zip v0.5.9
[INFO] [stderr]   Downloaded wayland-scanner v0.21.13
[INFO] [stderr]   Downloaded lyon_path v0.13.2
[INFO] [stderr]   Downloaded simba v0.3.1
[INFO] [stderr]   Downloaded approx v0.3.2
[INFO] [stderr]   Downloaded mach v0.2.3
[INFO] [stderr]   Downloaded glutin_glx_sys v0.1.7
[INFO] [stderr]   Downloaded bytecount v0.6.2
[INFO] [stderr]   Downloaded thiserror v1.0.23
[INFO] [stderr]   Downloaded ordered-float v1.1.1
[INFO] [stderr]   Downloaded alga v0.9.3
[INFO] [stderr]   Downloaded rand_distr v0.3.0
[INFO] [stderr]   Downloaded lyon_tessellation v0.13.5
[INFO] [stderr]   Downloaded libc v0.2.85
[INFO] [stderr]   Downloaded ggez v0.5.1
[INFO] [stderr]   Downloaded claxon v0.4.3
[INFO] [stderr]   Downloaded bzip2-sys v0.1.10+1.0.8
[INFO] [stderr]   Downloaded rodio v0.9.0
[INFO] [stderr]   Downloaded core-graphics v0.17.3
[INFO] [stderr]   Downloaded libm v0.2.1
[INFO] [stderr]   Downloaded pulldown-cmark v0.2.0
[INFO] [stderr]   Downloaded bindgen v0.56.0
[INFO] [stderr]   Downloaded bumpalo v3.6.0
[INFO] [stderr]   Downloaded wasm-bindgen v0.2.70
[INFO] [stderr]   Downloaded wasm-bindgen-shared v0.2.70
[INFO] [stderr]   Downloaded gilrs v0.7.4
[INFO] [stderr]   Downloaded xi-unicode v0.2.1
[INFO] [stderr]   Downloaded core-foundation v0.6.4
[INFO] [stderr]   Downloaded nalgebra v0.18.1
[INFO] [stderr]   Downloaded serde_json v1.0.62
[INFO] [stderr]   Downloaded nix v0.14.1
[INFO] [stderr]   Downloaded gfx_device_gl v0.16.2
[INFO] [stderr]   Downloaded x11-dl v2.18.5
[INFO] [stderr]   Downloaded wayland-protocols v0.21.13
[INFO] [stderr]   Downloaded serde v1.0.123
[INFO] [stderr]   Downloaded serde_derive v1.0.123
[INFO] [stderr]   Downloaded lewton v0.9.4
[INFO] [stderr]   Downloaded rusttype v0.7.9
[INFO] [stderr]   Downloaded nalgebra v0.23.2
[INFO] [stderr]   Downloaded io-kit-sys v0.1.0
[INFO] [stderr]   Downloaded glyph_brush v0.6.3
[INFO] [stderr]   Downloaded euclid v0.19.9
[INFO] [stderr]   Downloaded winit v0.19.5
[INFO] [stderr]   Downloaded lyon_geom v0.12.7
[INFO] [stderr]   Downloaded cocoa v0.18.5
[INFO] [stderr]   Downloaded line_drawing v0.7.0
[INFO] [stderr]   Downloaded smithay-client-toolkit v0.4.6
[INFO] [stderr]   Downloaded wayland-client v0.21.13
[INFO] [stderr]   Downloaded glyph_brush v0.5.4
[INFO] [stderr]   Downloaded thiserror-impl v1.0.23
[INFO] [stderr]   Downloaded xml-rs v0.8.3
[INFO] [stderr]   Downloaded gfx_core v0.9.2
[INFO] [stderr]   Downloaded ogg v0.7.1
[INFO] [stderr]   Downloaded miniz_oxide v0.4.3
[INFO] [stderr]   Downloaded rusttype v0.8.3
[INFO] [stderr]   Downloaded libloading v0.6.7
[INFO] [stderr]   Downloaded crossbeam-utils v0.8.1
[INFO] [stderr]   Downloaded draw_state v0.8.0
[INFO] [stderr]   Downloaded rusty-xinput v1.2.0
[INFO] [stderr]   Downloaded libloading v0.5.2
[INFO] [stderr]   Downloaded lyon_algorithms v0.13.4
[INFO] [stderr]   Downloaded euclid_macros v0.1.0
[INFO] [stderr]   Downloaded lyon v0.13.5
[INFO] [stderr]   Downloaded mint v0.5.6
[INFO] [stderr]   Downloaded memmap v0.7.0
[INFO] [stderr]   Downloaded glyph_brush_layout v0.1.9
[INFO] [stderr]   Downloaded hound v3.4.0
[INFO] [stderr]   Downloaded cexpr v0.4.0
[INFO] [stderr]   Downloaded clang-sys v1.1.0
[INFO] [stderr]   Downloaded wayland-commons v0.21.13
[INFO] [stderr]   Downloaded gfx v0.18.2
[INFO] [stderr]   Downloaded gilrs-core v0.2.6
[INFO] [stderr]   Downloaded wasm-bindgen-backend v0.2.70
[INFO] [stderr]   Downloaded wasm-bindgen-macro-support v0.2.70
[INFO] [stderr]   Downloaded wasm-bindgen-macro v0.2.70
[INFO] [stderr]   Downloaded glutin v0.20.1
[INFO] [stderr]   Downloaded smart-default v0.5.2
[INFO] [stderr]   Downloaded andrew v0.2.1
[INFO] [stderr]   Downloaded gfx_window_glutin v0.30.0
[INFO] [stderr]   Downloaded skeptic v0.13.5
[INFO] [stderr]   Downloaded sid v0.5.2
[INFO] [stderr]   Downloaded paste v1.0.4
[INFO] [stderr]   Downloaded gfx_gl v0.6.1
[INFO] [stderr]   Downloaded glutin_egl_sys v0.1.5
[INFO] [stderr]   Downloaded coreaudio-sys v0.2.8
[INFO] [stderr]   Downloaded shlex v0.1.1
[INFO] [stderr]   Downloaded raw-window-handle v0.3.3
[INFO] [stderr]   Downloaded xdg v2.2.0
[INFO] [stderr]   Downloaded cargo_metadata v0.10.0
[INFO] [stderr]   Downloaded wayland-sys v0.21.13
[INFO] running `Command { std: "docker" "create" "-v" "/var/lib/crater-agent-workspace/builds/worker-7-tc1/target:/opt/rustwide/target:rw,Z" "-v" "/var/lib/crater-agent-workspace/builds/worker-7-tc1/source:/opt/rustwide/workdir:ro,Z" "-v" "/var/lib/crater-agent-workspace/cargo-home:/opt/rustwide/cargo-home:ro,Z" "-v" "/var/lib/crater-agent-workspace/rustup-home:/opt/rustwide/rustup-home:ro,Z" "-e" "SOURCE_DIR=/opt/rustwide/workdir" "-e" "CARGO_TARGET_DIR=/opt/rustwide/target" "-e" "CARGO_HOME=/opt/rustwide/cargo-home" "-e" "RUSTUP_HOME=/opt/rustwide/rustup-home" "-w" "/opt/rustwide/workdir" "-m" "1610612736" "--user" "0:0" "--network" "none" "ghcr.io/rust-lang/crates-build-env/linux@sha256:2788e3201cd34a07e3172128adcd8b3090168a8e3bcc40d7c032b9dda1df7d1c" "/opt/rustwide/cargo-home/bin/cargo" "+1.75.0" "metadata" "--no-deps" "--format-version=1", kill_on_drop: false }`
[INFO] [stdout] 5eb94d84e67c8554c7940350b5283fdd10197b3467bbfe4ef99851cf2cd00dbb
[INFO] running `Command { std: "docker" "start" "-a" "5eb94d84e67c8554c7940350b5283fdd10197b3467bbfe4ef99851cf2cd00dbb", kill_on_drop: false }`
[INFO] running `Command { std: "docker" "inspect" "5eb94d84e67c8554c7940350b5283fdd10197b3467bbfe4ef99851cf2cd00dbb", kill_on_drop: false }`
[INFO] running `Command { std: "docker" "rm" "-f" "5eb94d84e67c8554c7940350b5283fdd10197b3467bbfe4ef99851cf2cd00dbb", kill_on_drop: false }`
[INFO] [stdout] 5eb94d84e67c8554c7940350b5283fdd10197b3467bbfe4ef99851cf2cd00dbb
[INFO] running `Command { std: "docker" "create" "-v" "/var/lib/crater-agent-workspace/builds/worker-7-tc1/target:/opt/rustwide/target:rw,Z" "-v" "/var/lib/crater-agent-workspace/builds/worker-7-tc1/source:/opt/rustwide/workdir:ro,Z" "-v" "/var/lib/crater-agent-workspace/cargo-home:/opt/rustwide/cargo-home:ro,Z" "-v" "/var/lib/crater-agent-workspace/rustup-home:/opt/rustwide/rustup-home:ro,Z" "-e" "SOURCE_DIR=/opt/rustwide/workdir" "-e" "CARGO_TARGET_DIR=/opt/rustwide/target" "-e" "CARGO_INCREMENTAL=0" "-e" "RUST_BACKTRACE=full" "-e" "RUSTFLAGS=--cap-lints=warn" "-e" "RUSTDOCFLAGS=--cap-lints=warn" "-e" "CARGO_HOME=/opt/rustwide/cargo-home" "-e" "RUSTUP_HOME=/opt/rustwide/rustup-home" "-w" "/opt/rustwide/workdir" "-m" "1610612736" "--user" "0:0" "--network" "none" "ghcr.io/rust-lang/crates-build-env/linux@sha256:2788e3201cd34a07e3172128adcd8b3090168a8e3bcc40d7c032b9dda1df7d1c" "/opt/rustwide/cargo-home/bin/cargo" "+1.75.0" "build" "--frozen" "--message-format=json", kill_on_drop: false }`
[INFO] [stdout] d705e940eec231eadc97e0652ce3c4d020f0563981971d2154370c3eae1883fb
[INFO] running `Command { std: "docker" "start" "-a" "d705e940eec231eadc97e0652ce3c4d020f0563981971d2154370c3eae1883fb", kill_on_drop: false }`
[INFO] [stderr]    Compiling autocfg v1.0.1
[INFO] [stderr]    Compiling libc v0.2.85
[INFO] [stderr]    Compiling libm v0.2.1
[INFO] [stderr]    Compiling proc-macro2 v0.4.30
[INFO] [stderr]    Compiling unicode-xid v0.1.0
[INFO] [stderr]    Compiling cfg-if v0.1.10
[INFO] [stderr]    Compiling bitflags v1.2.1
[INFO] [stderr]    Compiling xml-rs v0.8.3
[INFO] [stderr]    Compiling log v0.4.14
[INFO] [stderr]    Compiling pkg-config v0.3.19
[INFO] [stderr]    Compiling maybe-uninit v2.0.0
[INFO] [stderr]    Compiling byteorder v1.4.2
[INFO] [stderr]    Compiling serde v1.0.123
[INFO] [stderr]    Compiling cc v1.0.66
[INFO] [stderr]    Compiling semver-parser v0.7.0
[INFO] [stderr]    Compiling khronos_api v3.1.0
[INFO] [stderr]    Compiling syn v0.15.44
[INFO] [stderr]    Compiling ppv-lite86 v0.2.10
[INFO] [stderr]    Compiling proc-macro2 v1.0.24
[INFO] [stderr]    Compiling num-traits v0.2.14
[INFO] [stderr]    Compiling memoffset v0.5.6
[INFO] [stderr]    Compiling crossbeam-utils v0.7.2
[INFO] [stderr]    Compiling crossbeam-epoch v0.8.2
[INFO] [stderr]    Compiling autocfg v0.1.7
[INFO] [stderr]    Compiling unicode-xid v0.2.1
[INFO] [stderr]    Compiling void v1.0.2
[INFO] [stderr]    Compiling rand_core v0.4.2
[INFO] [stderr]    Compiling stb_truetype v0.3.1
[INFO] [stderr]    Compiling gl_generator v0.14.0
[INFO] [stderr]    Compiling linked-hash-map v0.5.4
[INFO] [stderr]    Compiling getrandom v0.1.16
[INFO] [stderr]    Compiling rustc-hash v1.1.0
[INFO] [stderr]    Compiling syn v1.0.60
[INFO] [stderr]    Compiling version_check v0.9.2
[INFO] [stderr]    Compiling num-integer v0.1.44
[INFO] [stderr]    Compiling libloading v0.6.7
[INFO] [stderr]    Compiling quote v0.6.13
[INFO] [stderr]    Compiling nix v0.14.1
[INFO] [stderr]    Compiling wayland-scanner v0.21.13
[INFO] [stderr]    Compiling quote v1.0.9
[INFO] [stderr]    Compiling getrandom v0.2.2
[INFO] [stderr]    Compiling same-file v1.0.6
[INFO] [stderr]    Compiling dlib v0.4.2
[INFO] [stderr]    Compiling rand_core v0.3.1
[INFO] [stderr]    Compiling wayland-sys v0.21.13
[INFO] [stderr]    Compiling smallvec v0.6.14
[INFO] [stderr]    Compiling ryu v1.0.5
[INFO] [stderr]    Compiling walkdir v2.3.1
[INFO] [stderr]    Compiling typenum v1.12.0
[INFO] [stderr]    Compiling arrayvec v0.4.12
[INFO] [stderr]    Compiling x11-dl v2.18.5
[INFO] [stderr]    Compiling num_cpus v1.13.0
[INFO] [stderr]    Compiling approx v0.3.2
[INFO] [stderr]    Compiling ordered-float v1.1.1
[INFO] [stderr]    Compiling crossbeam-deque v0.7.3
[INFO] [stderr]    Compiling rand_core v0.5.1
[INFO] [stderr]    Compiling rand_core v0.6.1
[INFO] [stderr]    Compiling serde_derive v1.0.123
[INFO] [stderr]    Compiling serde_json v1.0.62
[INFO] [stderr]    Compiling downcast-rs v1.2.0
[INFO] [stderr]    Compiling nodrop v0.1.14
[INFO] [stderr]    Compiling rusttype v0.8.3
[INFO] [stderr]    Compiling rand_chacha v0.2.2
[INFO] [stderr]    Compiling rand_chacha v0.3.0
[INFO] [stderr]    Compiling line_drawing v0.7.0
[INFO] [stderr]    Compiling error-chain v0.12.4
[INFO] [stderr]    Compiling rand v0.7.3
[INFO] [stderr]    Compiling rand_chacha v0.1.1
[INFO] [stderr]    Compiling rand_pcg v0.1.2
[INFO] [stderr]    Compiling num-rational v0.2.4
[INFO] [stderr]    Compiling num-complex v0.2.4
[INFO] [stderr]    Compiling itoa v0.4.7
[INFO] [stderr]    Compiling rusttype v0.7.9
[INFO] [stderr]    Compiling xdg v2.2.0
[INFO] [stderr]    Compiling crc32fast v1.2.1
[INFO] [stderr]    Compiling pulldown-cmark v0.2.0
[INFO] [stderr]    Compiling rand v0.8.3
[INFO] [stderr]    Compiling andrew v0.2.1
[INFO] [stderr]    Compiling num-traits v0.1.43
[INFO] [stderr]    Compiling glutin_glx_sys v0.1.7
[INFO] [stderr]    Compiling gfx_gl v0.6.1
[INFO] [stderr]    Compiling glutin_egl_sys v0.1.5
[INFO] [stderr]    Compiling memmap v0.7.0
[INFO] [stderr]    Compiling wayland-client v0.21.13
[INFO] [stderr]    Compiling wayland-protocols v0.21.13
[INFO] [stderr]    Compiling libloading v0.5.2
[INFO] [stderr]    Compiling minimp3-sys v0.3.2
[INFO] [stderr]    Compiling bzip2-sys v0.1.10+1.0.8
[INFO] [stderr]    Compiling rand v0.6.5
[INFO] [stderr]    Compiling alsa-sys v0.1.2
[INFO] [stderr]    Compiling libudev-sys v0.1.4
[INFO] [stderr]    Compiling draw_state v0.8.0
[INFO] [stderr]    Compiling lock_api v0.3.4
[INFO] [stderr]    Compiling semver v0.9.0
[INFO] [stderr]    Compiling rawpointer v0.2.1
[INFO] [stderr]    Compiling nix v0.15.0
[INFO] [stderr]    Compiling adler32 v1.2.0
[INFO] [stderr]    Compiling remove_dir_all v0.5.3
[INFO] [stderr]    Compiling num-derive v0.2.5
[INFO] [stderr]    Compiling matrixmultiply v0.2.4
[INFO] [stderr]    Compiling rustc_version v0.2.3
[INFO] [stderr]    Compiling tempfile v3.2.0
[INFO] [stderr]    Compiling gfx_core v0.9.2
[INFO] [stderr]    Compiling parking_lot_core v0.6.2
[INFO] [stderr]    Compiling wayland-commons v0.21.13
[INFO] [stderr]    Compiling parking_lot v0.9.0
[INFO] [stderr]    Compiling sid v0.5.2
[INFO] [stderr]    Compiling raw-window-handle v0.3.3
[INFO] [stderr]    Compiling rand_os v0.1.3
[INFO] [stderr]    Compiling shared_library v0.1.9
[INFO] [stderr]    Compiling rand_xorshift v0.1.1
[INFO] [stderr]    Compiling rand_hc v0.1.0
[INFO] [stderr]    Compiling rand_isaac v0.1.1
[INFO] [stderr]    Compiling rand_jitter v0.1.4
[INFO] [stderr]    Compiling num-iter v0.1.42
[INFO] [stderr]    Compiling static_assertions v1.1.0
[INFO] [stderr]    Compiling xi-unicode v0.2.1
[INFO] [stderr]    Compiling bytecount v0.6.2
[INFO] [stderr]    Compiling glob v0.3.0
[INFO] [stderr]    Compiling percent-encoding v2.1.0
[INFO] [stderr]    Compiling lzw v0.10.0
[INFO] [stderr]    Compiling twox-hash v1.6.0
[INFO] [stderr]    Compiling alga v0.9.3
[INFO] [stderr]    Compiling glyph_brush_layout v0.1.9
[INFO] [stderr]    Compiling osmesa-sys v0.1.2
[INFO] [stderr]    Compiling inflate v0.4.5
[INFO] [stderr]    Compiling deflate v0.7.20
[INFO] [stderr]    Compiling generic-array v0.12.3
[INFO] [stderr]    Compiling slice-deque v0.3.0
[INFO] [stderr]    Compiling generic-array v0.14.4
[INFO] [stderr]    Compiling num-rational v0.3.2
[INFO] [stderr]    Compiling ogg v0.7.1
[INFO] [stderr]    Compiling mint v0.5.6
[INFO] [stderr]    Compiling uuid v0.8.2
[INFO] [stderr]    Compiling color_quant v1.1.0
[INFO] [stderr]    Compiling vec_map v0.8.2
[INFO] [stderr]    Compiling minimp3 v0.3.5
[INFO] [stderr]    Compiling gif v0.10.3
[INFO] [stderr]    Compiling gfx_device_gl v0.16.2
[INFO] [stderr]    Compiling png v0.15.3
[INFO] [stderr]    Compiling cpal v0.8.2
[INFO] [stderr]    Compiling bzip2 v0.3.3
[INFO] [stderr]    Compiling nalgebra v0.18.1
[INFO] [stderr]    Compiling glyph_brush v0.6.3
[INFO] [stderr]    Compiling num-complex v0.3.1
[INFO] [stderr]    Compiling approx v0.4.0
[INFO] [stderr]    Compiling lewton v0.9.4
[INFO] [stderr]    Compiling euclid_macros v0.1.0
[INFO] [stderr]    Compiling dirs-sys v0.3.5
[INFO] [stderr]    Compiling hound v3.4.0
[INFO] [stderr]    Compiling claxon v0.4.3
[INFO] [stderr]    Compiling jpeg-decoder v0.1.22
[INFO] [stderr]    Compiling paste v1.0.4
[INFO] [stderr]    Compiling glyph_brush v0.5.4
[INFO] [stderr]    Compiling directories v2.0.2
[INFO] [stderr]    Compiling smart-default v0.5.2
[INFO] [stderr]    Compiling thiserror-impl v1.0.23
[INFO] [stderr]    Compiling gfx v0.18.2
[INFO] [stderr]    Compiling toml v0.5.8
[INFO] [stderr]    Compiling rand_distr v0.3.0
[INFO] [stderr]    Compiling simba v0.3.1
[INFO] [stderr]    Compiling euclid v0.19.9
[INFO] [stderr]    Compiling gilrs-core v0.2.6
[INFO] [stderr]    Compiling tiff v0.3.1
[INFO] [stderr]    Compiling thiserror v1.0.23
[INFO] [stderr]    Compiling zip v0.5.9
[INFO] [stderr]    Compiling lyon_geom v0.12.7
[INFO] [stderr]    Compiling gilrs v0.7.4
[INFO] [stderr]    Compiling image v0.22.5
[INFO] [stderr]    Compiling lyon_path v0.13.2
[INFO] [stderr]    Compiling lyon_algorithms v0.13.4
[INFO] [stderr]    Compiling lyon_tessellation v0.13.5
[INFO] [stderr]    Compiling lyon v0.13.5
[INFO] [stderr]    Compiling cargo_metadata v0.10.0
[INFO] [stderr]    Compiling skeptic v0.13.5
[INFO] [stderr]    Compiling ggez v0.5.1
[INFO] [stderr]    Compiling nalgebra v0.23.2
[INFO] [stderr]    Compiling rodio v0.9.0
[INFO] [stderr]    Compiling smithay-client-toolkit v0.4.6
[INFO] [stderr]    Compiling winit v0.19.5
[INFO] [stderr]    Compiling glutin v0.20.1
[INFO] [stderr]    Compiling gfx_window_glutin v0.30.0
[INFO] [stderr]    Compiling jumping_jack v0.1.0 (/opt/rustwide/workdir)
[INFO] [stdout] warning: unused variable: `ctx`
[INFO] [stdout]   --> src/mainstate.rs:79:38
[INFO] [stdout]    |
[INFO] [stdout] 79 |     pub fn handle_collisions(&mut self, ctx: &mut Context) { 
[INFO] [stdout]    |                                         ^^^ help: if this is intentional, prefix it with an underscore: `_ctx`
[INFO] [stdout]    |
[INFO] [stdout]    = note: `#[warn(unused_variables)]` on by default
[INFO] [stdout] 
[INFO] [stdout] 
[INFO] [stdout] warning: 1 warning emitted
[INFO] [stdout] 
[INFO] [stdout] 
[INFO] [stderr]     Finished dev [unoptimized + debuginfo] target(s) in 1m 15s
[INFO] running `Command { std: "docker" "inspect" "d705e940eec231eadc97e0652ce3c4d020f0563981971d2154370c3eae1883fb", kill_on_drop: false }`
[INFO] running `Command { std: "docker" "rm" "-f" "d705e940eec231eadc97e0652ce3c4d020f0563981971d2154370c3eae1883fb", kill_on_drop: false }`
[INFO] [stdout] d705e940eec231eadc97e0652ce3c4d020f0563981971d2154370c3eae1883fb
[INFO] running `Command { std: "docker" "create" "-v" "/var/lib/crater-agent-workspace/builds/worker-7-tc1/target:/opt/rustwide/target:rw,Z" "-v" "/var/lib/crater-agent-workspace/builds/worker-7-tc1/source:/opt/rustwide/workdir:ro,Z" "-v" "/var/lib/crater-agent-workspace/cargo-home:/opt/rustwide/cargo-home:ro,Z" "-v" "/var/lib/crater-agent-workspace/rustup-home:/opt/rustwide/rustup-home:ro,Z" "-e" "SOURCE_DIR=/opt/rustwide/workdir" "-e" "CARGO_TARGET_DIR=/opt/rustwide/target" "-e" "CARGO_INCREMENTAL=0" "-e" "RUST_BACKTRACE=full" "-e" "RUSTFLAGS=--cap-lints=warn" "-e" "RUSTDOCFLAGS=--cap-lints=warn" "-e" "CARGO_HOME=/opt/rustwide/cargo-home" "-e" "RUSTUP_HOME=/opt/rustwide/rustup-home" "-w" "/opt/rustwide/workdir" "-m" "1610612736" "--user" "0:0" "--network" "none" "ghcr.io/rust-lang/crates-build-env/linux@sha256:2788e3201cd34a07e3172128adcd8b3090168a8e3bcc40d7c032b9dda1df7d1c" "/opt/rustwide/cargo-home/bin/cargo" "+1.75.0" "test" "--frozen" "--no-run" "--message-format=json", kill_on_drop: false }`
[INFO] [stdout] e2f6b7f0c1c7b23996c67d8f0772c69fc0547bba7ea6ad0b545fe3adcfdf6aa4
[INFO] running `Command { std: "docker" "start" "-a" "e2f6b7f0c1c7b23996c67d8f0772c69fc0547bba7ea6ad0b545fe3adcfdf6aa4", kill_on_drop: false }`
[INFO] [stdout] warning: unused variable: `ctx`
[INFO] [stdout]   --> src/mainstate.rs:79:38
[INFO] [stdout]    |
[INFO] [stdout] 79 |     pub fn handle_collisions(&mut self, ctx: &mut Context) { 
[INFO] [stdout]    |                                         ^^^ help: if this is intentional, prefix it with an underscore: `_ctx`
[INFO] [stdout]    |
[INFO] [stdout]    = note: `#[warn(unused_variables)]` on by default
[INFO] [stdout] 
[INFO] [stdout] 
[INFO] [stderr]    Compiling jumping_jack v0.1.0 (/opt/rustwide/workdir)
[INFO] [stdout] warning: 1 warning emitted
[INFO] [stdout] 
[INFO] [stdout] 
[INFO] [stdout] warning: unused variable: `ctx`
[INFO] [stdout]   --> src/mainstate.rs:79:38
[INFO] [stdout]    |
[INFO] [stdout] 79 |     pub fn handle_collisions(&mut self, ctx: &mut Context) { 
[INFO] [stdout]    |                                         ^^^ help: if this is intentional, prefix it with an underscore: `_ctx`
[INFO] [stdout]    |
[INFO] [stdout]    = note: `#[warn(unused_variables)]` on by default
[INFO] [stdout] 
[INFO] [stdout] 
[INFO] [stdout] warning: 1 warning emitted
[INFO] [stdout] 
[INFO] [stdout] 
[INFO] [stderr]     Finished test [unoptimized + debuginfo] target(s) in 3.16s
[INFO] running `Command { std: "docker" "inspect" "e2f6b7f0c1c7b23996c67d8f0772c69fc0547bba7ea6ad0b545fe3adcfdf6aa4", kill_on_drop: false }`
[INFO] running `Command { std: "docker" "rm" "-f" "e2f6b7f0c1c7b23996c67d8f0772c69fc0547bba7ea6ad0b545fe3adcfdf6aa4", kill_on_drop: false }`
[INFO] [stdout] e2f6b7f0c1c7b23996c67d8f0772c69fc0547bba7ea6ad0b545fe3adcfdf6aa4
[INFO] running `Command { std: "docker" "create" "-v" "/var/lib/crater-agent-workspace/builds/worker-7-tc1/target:/opt/rustwide/target:rw,Z" "-v" "/var/lib/crater-agent-workspace/builds/worker-7-tc1/source:/opt/rustwide/workdir:ro,Z" "-v" "/var/lib/crater-agent-workspace/cargo-home:/opt/rustwide/cargo-home:ro,Z" "-v" "/var/lib/crater-agent-workspace/rustup-home:/opt/rustwide/rustup-home:ro,Z" "-e" "SOURCE_DIR=/opt/rustwide/workdir" "-e" "CARGO_TARGET_DIR=/opt/rustwide/target" "-e" "CARGO_INCREMENTAL=0" "-e" "RUST_BACKTRACE=full" "-e" "RUSTFLAGS=--cap-lints=warn" "-e" "RUSTDOCFLAGS=--cap-lints=warn" "-e" "CARGO_HOME=/opt/rustwide/cargo-home" "-e" "RUSTUP_HOME=/opt/rustwide/rustup-home" "-w" "/opt/rustwide/workdir" "-m" "1610612736" "--user" "0:0" "--network" "none" "ghcr.io/rust-lang/crates-build-env/linux@sha256:2788e3201cd34a07e3172128adcd8b3090168a8e3bcc40d7c032b9dda1df7d1c" "/opt/rustwide/cargo-home/bin/cargo" "+1.75.0" "test" "--frozen", kill_on_drop: false }`
[INFO] [stdout] 650bf2b443802c93498d56527b40258157b75454e867ae84db279fefc138da1f
[INFO] running `Command { std: "docker" "start" "-a" "650bf2b443802c93498d56527b40258157b75454e867ae84db279fefc138da1f", kill_on_drop: false }`
[INFO] [stderr] warning: unused variable: `ctx`
[INFO] [stderr]   --> src/mainstate.rs:79:38
[INFO] [stderr]    |
[INFO] [stderr] 79 |     pub fn handle_collisions(&mut self, ctx: &mut Context) { 
[INFO] [stderr]    |                                         ^^^ help: if this is intentional, prefix it with an underscore: `_ctx`
[INFO] [stderr]    |
[INFO] [stderr]    = note: `#[warn(unused_variables)]` on by default
[INFO] [stderr] 
[INFO] [stderr] warning: `jumping_jack` (lib) generated 1 warning (run `cargo fix --lib -p jumping_jack` to apply 1 suggestion)
[INFO] [stderr] warning: `jumping_jack` (lib test) generated 1 warning (1 duplicate)
[INFO] [stderr]     Finished test [unoptimized + debuginfo] target(s) in 0.11s
[INFO] [stderr]      Running unittests src/lib.rs (/opt/rustwide/target/debug/deps/jumping_jack-105c15983f9199a9)
[INFO] [stdout] 
[INFO] [stdout] running 0 tests
[INFO] [stdout] 
[INFO] [stdout] test result: ok. 0 passed; 0 failed; 0 ignored; 0 measured; 0 filtered out; finished in 0.00s
[INFO] [stdout] 
[INFO] [stderr]      Running unittests src/main.rs (/opt/rustwide/target/debug/deps/jumping_jack-d0af7670bda6f831)
[INFO] [stdout] 
[INFO] [stdout] running 0 tests
[INFO] [stdout] 
[INFO] [stdout] test result: ok. 0 passed; 0 failed; 0 ignored; 0 measured; 0 filtered out; finished in 0.00s
[INFO] [stdout] 
[INFO] [stderr]      Running tests/tests.rs (/opt/rustwide/target/debug/deps/tests-52c035aba43de14b)
[INFO] [stdout] 
[INFO] [stdout] running 5 tests
[INFO] [stdout] test player_doesnt_exceed_horizontal_limits ... ok
[INFO] [stdout] test mobile_platform_doesnt_exceed_horizontal_limits ... ok
[INFO] [stdout] test player_animation_works ... FAILED
[INFO] [stdout] test player_doesnt_fall_below_bottom_screen_edge ... FAILED
[INFO] [stdout] test player_doesnt_exceed_jump_crest ... FAILED
[INFO] [stdout] 
[INFO] [stdout] failures:
[INFO] [stdout] 
[INFO] [stdout] ---- player_animation_works stdout ----
[INFO] [stdout] thread 'player_animation_works' panicked at /opt/rustwide/cargo-home/registry/src/index.crates.io-6f17d22bba15001f/winit-0.19.5/src/platform/linux/mod.rs:467:9:
[INFO] [stdout] Failed to initialize any backend! Wayland status: XdgRuntimeDirNotSet X11 status: XOpenDisplayFailed
[INFO] [stdout] stack backtrace:
[INFO] [stdout]    0:     0x55bf64019dcc - std::backtrace_rs::backtrace::libunwind::trace::ha637c64ce894333a
[INFO] [stdout]                                at /rustc/82e1608dfa6e0b5569232559e3d385fea5a93112/library/std/src/../../backtrace/src/backtrace/libunwind.rs:104:5
[INFO] [stdout]    1:     0x55bf64019dcc - std::backtrace_rs::backtrace::trace_unsynchronized::h47f62dea28e0c88d
[INFO] [stdout]                                at /rustc/82e1608dfa6e0b5569232559e3d385fea5a93112/library/std/src/../../backtrace/src/backtrace/mod.rs:66:5
[INFO] [stdout]    2:     0x55bf64019dcc - std::sys_common::backtrace::_print_fmt::h9eef0abe20ede486
[INFO] [stdout]                                at /rustc/82e1608dfa6e0b5569232559e3d385fea5a93112/library/std/src/sys_common/backtrace.rs:67:5
[INFO] [stdout]    3:     0x55bf64019dcc - <std::sys_common::backtrace::_print::DisplayBacktrace as core::fmt::Display>::fmt::hed7f999df88cc644
[INFO] [stdout]                                at /rustc/82e1608dfa6e0b5569232559e3d385fea5a93112/library/std/src/sys_common/backtrace.rs:44:22
[INFO] [stdout]    4:     0x55bf64047a30 - core::fmt::rt::Argument::fmt::h1539a9308b8d058d
[INFO] [stdout]                                at /rustc/82e1608dfa6e0b5569232559e3d385fea5a93112/library/core/src/fmt/rt.rs:142:9
[INFO] [stdout]    5:     0x55bf64047a30 - core::fmt::write::h3a39390d8560d9c9
[INFO] [stdout]                                at /rustc/82e1608dfa6e0b5569232559e3d385fea5a93112/library/core/src/fmt/mod.rs:1120:17
[INFO] [stdout]    6:     0x55bf6401727f - std::io::Write::write_fmt::h040b369f3a0f9cbc
[INFO] [stdout]                                at /rustc/82e1608dfa6e0b5569232559e3d385fea5a93112/library/std/src/io/mod.rs:1762:15
[INFO] [stdout]    7:     0x55bf64019bb4 - std::sys_common::backtrace::_print::h894006fb5c6f3d45
[INFO] [stdout]                                at /rustc/82e1608dfa6e0b5569232559e3d385fea5a93112/library/std/src/sys_common/backtrace.rs:47:5
[INFO] [stdout]    8:     0x55bf64019bb4 - std::sys_common::backtrace::print::h23a2d212c6fff936
[INFO] [stdout]                                at /rustc/82e1608dfa6e0b5569232559e3d385fea5a93112/library/std/src/sys_common/backtrace.rs:34:9
[INFO] [stdout]    9:     0x55bf6401b877 - std::panicking::default_hook::{{closure}}::h8a1d2ee00185001a
[INFO] [stdout]   10:     0x55bf6401b563 - std::panicking::default_hook::h6038f2eba384e475
[INFO] [stdout]                                at /rustc/82e1608dfa6e0b5569232559e3d385fea5a93112/library/std/src/panicking.rs:289:9
[INFO] [stdout]   11:     0x55bf63943d67 - <alloc::boxed::Box<F,A> as core::ops::function::Fn<Args>>::call::h0ad024c9bdc6d768
[INFO] [stdout]                                at /rustc/82e1608dfa6e0b5569232559e3d385fea5a93112/library/alloc/src/boxed.rs:2021:9
[INFO] [stdout]   12:     0x55bf63943d67 - test::test_main::{{closure}}::h7500b54257359db6
[INFO] [stdout]                                at /rustc/82e1608dfa6e0b5569232559e3d385fea5a93112/library/test/src/lib.rs:138:21
[INFO] [stdout]   13:     0x55bf6401be88 - <alloc::boxed::Box<F,A> as core::ops::function::Fn<Args>>::call::h1f8f335eaa9cfaee
[INFO] [stdout]                                at /rustc/82e1608dfa6e0b5569232559e3d385fea5a93112/library/alloc/src/boxed.rs:2021:9
[INFO] [stdout]   14:     0x55bf6401be88 - std::panicking::rust_panic_with_hook::h2b5517d590cab22e
[INFO] [stdout]                                at /rustc/82e1608dfa6e0b5569232559e3d385fea5a93112/library/std/src/panicking.rs:783:13
[INFO] [stdout]   15:     0x55bf63da693f - std::panicking::begin_panic::{{closure}}::hd76b2b3a4352f21f
[INFO] [stdout]                                at /rustc/82e1608dfa6e0b5569232559e3d385fea5a93112/library/std/src/panicking.rs:687:9
[INFO] [stdout]   16:     0x55bf63def77a - std::sys_common::backtrace::__rust_end_short_backtrace::h2720753a43e5916f
[INFO] [stdout]                                at /rustc/82e1608dfa6e0b5569232559e3d385fea5a93112/library/std/src/sys_common/backtrace.rs:170:18
[INFO] [stdout]   17:     0x55bf63da689c - std::panicking::begin_panic::h0b5220a73ca84f74
[INFO] [stdout]                                at /rustc/82e1608dfa6e0b5569232559e3d385fea5a93112/library/std/src/panicking.rs:686:12
[INFO] [stdout]   18:     0x55bf63dd6bb9 - winit::platform::platform::EventsLoop::new::hc0af6d45db1274e4
[INFO] [stdout]                                at /opt/rustwide/cargo-home/registry/src/index.crates.io-6f17d22bba15001f/winit-0.19.5/src/platform/linux/mod.rs:467:9
[INFO] [stdout]   19:     0x55bf63dd6d7b - winit::EventsLoop::new::hbd6bc066013e9cc7
[INFO] [stdout]                                at /opt/rustwide/cargo-home/registry/src/index.crates.io-6f17d22bba15001f/winit-0.19.5/src/lib.rs:251:26
[INFO] [stdout]   20:     0x55bf639b2a91 - ggez::context::Context::from_conf::h5d55562ad7c6a4be
[INFO] [stdout]                                at /opt/rustwide/cargo-home/registry/src/index.crates.io-6f17d22bba15001f/ggez-0.5.1/src/context.rs:85:27
[INFO] [stdout]   21:     0x55bf639b3d67 - ggez::context::ContextBuilder::build::h8e7f82beb65501a9
[INFO] [stdout]                                at /opt/rustwide/cargo-home/registry/src/index.crates.io-6f17d22bba15001f/ggez-0.5.1/src/context.rs:304:9
[INFO] [stdout]   22:     0x55bf6390fd96 - tests::player_animation_works::h446b4a5b416f6c03
[INFO] [stdout]                                at /opt/rustwide/workdir/tests/tests.rs:144:3
[INFO] [stdout]   23:     0x55bf6390fb97 - tests::player_animation_works::{{closure}}::h7dc8101dc4852b0b
[INFO] [stdout]                                at /opt/rustwide/workdir/tests/tests.rs:142:28
[INFO] [stdout]   24:     0x55bf6390d906 - core::ops::function::FnOnce::call_once::h2d5fa48f44747678
[INFO] [stdout]                                at /rustc/82e1608dfa6e0b5569232559e3d385fea5a93112/library/core/src/ops/function.rs:250:5
[INFO] [stdout]   25:     0x55bf639493bf - core::ops::function::FnOnce::call_once::h2b5d431d5046312d
[INFO] [stdout]                                at /rustc/82e1608dfa6e0b5569232559e3d385fea5a93112/library/core/src/ops/function.rs:250:5
[INFO] [stdout]   26:     0x55bf639493bf - test::__rust_begin_short_backtrace::h7714669af176e207
[INFO] [stdout]                                at /rustc/82e1608dfa6e0b5569232559e3d385fea5a93112/library/test/src/lib.rs:628:18
[INFO] [stdout]   27:     0x55bf639483d5 - test::run_test_in_process::{{closure}}::h85218797dcbcec12
[INFO] [stdout]                                at /rustc/82e1608dfa6e0b5569232559e3d385fea5a93112/library/test/src/lib.rs:651:60
[INFO] [stdout]   28:     0x55bf639483d5 - <core::panic::unwind_safe::AssertUnwindSafe<F> as core::ops::function::FnOnce<()>>::call_once::h76c106ea31c14d7b
[INFO] [stdout]                                at /rustc/82e1608dfa6e0b5569232559e3d385fea5a93112/library/core/src/panic/unwind_safe.rs:272:9
[INFO] [stdout]   29:     0x55bf639483d5 - std::panicking::try::do_call::h3bd5d0f6620ee946
[INFO] [stdout]                                at /rustc/82e1608dfa6e0b5569232559e3d385fea5a93112/library/std/src/panicking.rs:552:40
[INFO] [stdout]   30:     0x55bf639483d5 - std::panicking::try::h232e535e4744fe31
[INFO] [stdout]                                at /rustc/82e1608dfa6e0b5569232559e3d385fea5a93112/library/std/src/panicking.rs:516:19
[INFO] [stdout]   31:     0x55bf639483d5 - std::panic::catch_unwind::h3ce3bd6ca8dbac68
[INFO] [stdout]                                at /rustc/82e1608dfa6e0b5569232559e3d385fea5a93112/library/std/src/panic.rs:142:14
[INFO] [stdout]   32:     0x55bf639483d5 - test::run_test_in_process::hc97b257c9621286a
[INFO] [stdout]                                at /rustc/82e1608dfa6e0b5569232559e3d385fea5a93112/library/test/src/lib.rs:651:27
[INFO] [stdout]   33:     0x55bf639483d5 - test::run_test::{{closure}}::h2aa798823a438d38
[INFO] [stdout]                                at /rustc/82e1608dfa6e0b5569232559e3d385fea5a93112/library/test/src/lib.rs:574:43
[INFO] [stdout]   34:     0x55bf63910696 - test::run_test::{{closure}}::h87d231c78fb59832
[INFO] [stdout]                                at /rustc/82e1608dfa6e0b5569232559e3d385fea5a93112/library/test/src/lib.rs:602:41
[INFO] [stdout]   35:     0x55bf63910696 - std::sys_common::backtrace::__rust_begin_short_backtrace::he6df152596625789
[INFO] [stdout]                                at /rustc/82e1608dfa6e0b5569232559e3d385fea5a93112/library/std/src/sys_common/backtrace.rs:154:18
[INFO] [stdout]   36:     0x55bf63915747 - std::thread::Builder::spawn_unchecked_::{{closure}}::{{closure}}::ha94be15d1e0acf36
[INFO] [stdout]                                at /rustc/82e1608dfa6e0b5569232559e3d385fea5a93112/library/std/src/thread/mod.rs:529:17
[INFO] [stdout]   37:     0x55bf63915747 - <core::panic::unwind_safe::AssertUnwindSafe<F> as core::ops::function::FnOnce<()>>::call_once::h9dc6bd6372f16606
[INFO] [stdout]                                at /rustc/82e1608dfa6e0b5569232559e3d385fea5a93112/library/core/src/panic/unwind_safe.rs:272:9
[INFO] [stdout]   38:     0x55bf63915747 - std::panicking::try::do_call::h9057517f80303cd4
[INFO] [stdout]                                at /rustc/82e1608dfa6e0b5569232559e3d385fea5a93112/library/std/src/panicking.rs:552:40
[INFO] [stdout]   39:     0x55bf63915747 - std::panicking::try::he3a30b11ee45340c
[INFO] [stdout]                                at /rustc/82e1608dfa6e0b5569232559e3d385fea5a93112/library/std/src/panicking.rs:516:19
[INFO] [stdout]   40:     0x55bf63915747 - std::panic::catch_unwind::h410458cfd3528b8b
[INFO] [stdout]                                at /rustc/82e1608dfa6e0b5569232559e3d385fea5a93112/library/std/src/panic.rs:142:14
[INFO] [stdout]   41:     0x55bf63915747 - std::thread::Builder::spawn_unchecked_::{{closure}}::h72ac3bdb567b737b
[INFO] [stdout]                                at /rustc/82e1608dfa6e0b5569232559e3d385fea5a93112/library/std/src/thread/mod.rs:528:30
[INFO] [stdout]   42:     0x55bf63915747 - core::ops::function::FnOnce::call_once{{vtable.shim}}::h38f34da3654a8344
[INFO] [stdout]                                at /rustc/82e1608dfa6e0b5569232559e3d385fea5a93112/library/core/src/ops/function.rs:250:5
[INFO] [stdout]   43:     0x55bf64021ab5 - <alloc::boxed::Box<F,A> as core::ops::function::FnOnce<Args>>::call_once::hc7eafaff61e32df9
[INFO] [stdout]                                at /rustc/82e1608dfa6e0b5569232559e3d385fea5a93112/library/alloc/src/boxed.rs:2007:9
[INFO] [stdout]   44:     0x55bf64021ab5 - <alloc::boxed::Box<F,A> as core::ops::function::FnOnce<Args>>::call_once::h6ba4a5de48dd2304
[INFO] [stdout]                                at /rustc/82e1608dfa6e0b5569232559e3d385fea5a93112/library/alloc/src/boxed.rs:2007:9
[INFO] [stdout]   45:     0x55bf64021ab5 - std::sys::unix::thread::Thread::new::thread_start::he469335aef763e45
[INFO] [stdout]                                at /rustc/82e1608dfa6e0b5569232559e3d385fea5a93112/library/std/src/sys/unix/thread.rs:108:17
[INFO] [stdout]   46:     0x7f6ffad69ac3 - <unknown>
[INFO] [stdout]   47:     0x7f6ffadfabf4 - __clone
[INFO] [stdout]   48:                0x0 - <unknown>
[INFO] [stdout] 
[INFO] [stdout] ---- player_doesnt_fall_below_bottom_screen_edge stdout ----
[INFO] [stdout] thread 'player_doesnt_fall_below_bottom_screen_edge' panicked at /opt/rustwide/cargo-home/registry/src/index.crates.io-6f17d22bba15001f/winit-0.19.5/src/platform/linux/mod.rs:467:9:
[INFO] [stdout] Failed to initialize any backend! Wayland status: XdgRuntimeDirNotSet X11 status: XOpenDisplayFailed
[INFO] [stdout] stack backtrace:
[INFO] [stdout]    0:     0x55bf64019dcc - std::backtrace_rs::backtrace::libunwind::trace::ha637c64ce894333a
[INFO] [stdout]                                at /rustc/82e1608dfa6e0b5569232559e3d385fea5a93112/library/std/src/../../backtrace/src/backtrace/libunwind.rs:104:5
[INFO] [stdout]    1:     0x55bf64019dcc - std::backtrace_rs::backtrace::trace_unsynchronized::h47f62dea28e0c88d
[INFO] [stdout]                                at /rustc/82e1608dfa6e0b5569232559e3d385fea5a93112/library/std/src/../../backtrace/src/backtrace/mod.rs:66:5
[INFO] [stdout]    2:     0x55bf64019dcc - std::sys_common::backtrace::_print_fmt::h9eef0abe20ede486
[INFO] [stdout]                                at /rustc/82e1608dfa6e0b5569232559e3d385fea5a93112/library/std/src/sys_common/backtrace.rs:67:5
[INFO] [stdout]    3:     0x55bf64019dcc - <std::sys_common::backtrace::_print::DisplayBacktrace as core::fmt::Display>::fmt::hed7f999df88cc644
[INFO] [stdout]                                at /rustc/82e1608dfa6e0b5569232559e3d385fea5a93112/library/std/src/sys_common/backtrace.rs:44:22
[INFO] [stdout]    4:     0x55bf64047a30 - core::fmt::rt::Argument::fmt::h1539a9308b8d058d
[INFO] [stdout]                                at /rustc/82e1608dfa6e0b5569232559e3d385fea5a93112/library/core/src/fmt/rt.rs:142:9
[INFO] [stdout]    5:     0x55bf64047a30 - core::fmt::write::h3a39390d8560d9c9
[INFO] [stdout]                                at /rustc/82e1608dfa6e0b5569232559e3d385fea5a93112/library/core/src/fmt/mod.rs:1120:17
[INFO] [stdout]    6:     0x55bf6401727f - std::io::Write::write_fmt::h040b369f3a0f9cbc
[INFO] [stdout]                                at /rustc/82e1608dfa6e0b5569232559e3d385fea5a93112/library/std/src/io/mod.rs:1762:15
[INFO] [stdout]    7:     0x55bf64019bb4 - std::sys_common::backtrace::_print::h894006fb5c6f3d45
[INFO] [stdout]                                at /rustc/82e1608dfa6e0b5569232559e3d385fea5a93112/library/std/src/sys_common/backtrace.rs:47:5
[INFO] [stdout]    8:     0x55bf64019bb4 - std::sys_common::backtrace::print::h23a2d212c6fff936
[INFO] [stdout]                                at /rustc/82e1608dfa6e0b5569232559e3d385fea5a93112/library/std/src/sys_common/backtrace.rs:34:9
[INFO] [stdout]    9:     0x55bf6401b877 - std::panicking::default_hook::{{closure}}::h8a1d2ee00185001a
[INFO] [stdout]   10:     0x55bf6401b563 - std::panicking::default_hook::h6038f2eba384e475
[INFO] [stdout]                                at /rustc/82e1608dfa6e0b5569232559e3d385fea5a93112/library/std/src/panicking.rs:289:9
[INFO] [stdout]   11:     0x55bf63943d67 - <alloc::boxed::Box<F,A> as core::ops::function::Fn<Args>>::call::h0ad024c9bdc6d768
[INFO] [stdout]                                at /rustc/82e1608dfa6e0b5569232559e3d385fea5a93112/library/alloc/src/boxed.rs:2021:9
[INFO] [stdout]   12:     0x55bf63943d67 - test::test_main::{{closure}}::h7500b54257359db6
[INFO] [stdout]                                at /rustc/82e1608dfa6e0b5569232559e3d385fea5a93112/library/test/src/lib.rs:138:21
[INFO] [stdout]   13:     0x55bf6401be88 - <alloc::boxed::Box<F,A> as core::ops::function::Fn<Args>>::call::h1f8f335eaa9cfaee
[INFO] [stdout]                                at /rustc/82e1608dfa6e0b5569232559e3d385fea5a93112/library/alloc/src/boxed.rs:2021:9
[INFO] [stdout]   14:     0x55bf6401be88 - std::panicking::rust_panic_with_hook::h2b5517d590cab22e
[INFO] [stdout]                                at /rustc/82e1608dfa6e0b5569232559e3d385fea5a93112/library/std/src/panicking.rs:783:13
[INFO] [stdout]   15:     0x55bf63da693f - std::panicking::begin_panic::{{closure}}::hd76b2b3a4352f21f
[INFO] [stdout]                                at /rustc/82e1608dfa6e0b5569232559e3d385fea5a93112/library/std/src/panicking.rs:687:9
[INFO] [stdout]   16:     0x55bf63def77a - std::sys_common::backtrace::__rust_end_short_backtrace::h2720753a43e5916f
[INFO] [stdout]                                at /rustc/82e1608dfa6e0b5569232559e3d385fea5a93112/library/std/src/sys_common/backtrace.rs:170:18
[INFO] [stdout]   17:     0x55bf63da689c - std::panicking::begin_panic::h0b5220a73ca84f74
[INFO] [stdout]                                at /rustc/82e1608dfa6e0b5569232559e3d385fea5a93112/library/std/src/panicking.rs:686:12
[INFO] [stdout]   18:     0x55bf63dd6bb9 - winit::platform::platform::EventsLoop::new::hc0af6d45db1274e4
[INFO] [stdout]                                at /opt/rustwide/cargo-home/registry/src/index.crates.io-6f17d22bba15001f/winit-0.19.5/src/platform/linux/mod.rs:467:9
[INFO] [stdout]   19:     0x55bf63dd6d7b - winit::EventsLoop::new::hbd6bc066013e9cc7
[INFO] [stdout]                                at /opt/rustwide/cargo-home/registry/src/index.crates.io-6f17d22bba15001f/winit-0.19.5/src/lib.rs:251:26
[INFO] [stdout]   20:     0x55bf639b2a91 - ggez::context::Context::from_conf::h5d55562ad7c6a4be
[INFO] [stdout]                                at /opt/rustwide/cargo-home/registry/src/index.crates.io-6f17d22bba15001f/ggez-0.5.1/src/context.rs:85:27
[INFO] [stdout]   21:     0x55bf639b3d67 - ggez::context::ContextBuilder::build::h8e7f82beb65501a9
[INFO] [stdout]                                at /opt/rustwide/cargo-home/registry/src/index.crates.io-6f17d22bba15001f/ggez-0.5.1/src/context.rs:304:9
[INFO] [stdout]   22:     0x55bf6390f263 - tests::player_doesnt_fall_below_bottom_screen_edge::hab0809908ba61030
[INFO] [stdout]                                at /opt/rustwide/workdir/tests/tests.rs:75:3
[INFO] [stdout]   23:     0x55bf6390f067 - tests::player_doesnt_fall_below_bottom_screen_edge::{{closure}}::hfaf0c194c063deef
[INFO] [stdout]                                at /opt/rustwide/workdir/tests/tests.rs:73:49
[INFO] [stdout]   24:     0x55bf6390da06 - core::ops::function::FnOnce::call_once::h8b2100ce2c69f139
[INFO] [stdout]                                at /rustc/82e1608dfa6e0b5569232559e3d385fea5a93112/library/core/src/ops/function.rs:250:5
[INFO] [stdout]   25:     0x55bf639493bf - core::ops::function::FnOnce::call_once::h2b5d431d5046312d
[INFO] [stdout]                                at /rustc/82e1608dfa6e0b5569232559e3d385fea5a93112/library/core/src/ops/function.rs:250:5
[INFO] [stdout]   26:     0x55bf639493bf - test::__rust_begin_short_backtrace::h7714669af176e207
[INFO] [stdout]                                at /rustc/82e1608dfa6e0b5569232559e3d385fea5a93112/library/test/src/lib.rs:628:18
[INFO] [stdout]   27:     0x55bf639483d5 - test::run_test_in_process::{{closure}}::h85218797dcbcec12
[INFO] [stdout]                                at /rustc/82e1608dfa6e0b5569232559e3d385fea5a93112/library/test/src/lib.rs:651:60
[INFO] [stdout]   28:     0x55bf639483d5 - <core::panic::unwind_safe::AssertUnwindSafe<F> as core::ops::function::FnOnce<()>>::call_once::h76c106ea31c14d7b
[INFO] [stdout]                                at /rustc/82e1608dfa6e0b5569232559e3d385fea5a93112/library/core/src/panic/unwind_safe.rs:272:9
[INFO] [stdout]   29:     0x55bf639483d5 - std::panicking::try::do_call::h3bd5d0f6620ee946
[INFO] [stdout]                                at /rustc/82e1608dfa6e0b5569232559e3d385fea5a93112/library/std/src/panicking.rs:552:40
[INFO] [stdout]   30:     0x55bf639483d5 - std::panicking::try::h232e535e4744fe31
[INFO] [stdout]                                at /rustc/82e1608dfa6e0b5569232559e3d385fea5a93112/library/std/src/panicking.rs:516:19
[INFO] [stdout]   31:     0x55bf639483d5 - std::panic::catch_unwind::h3ce3bd6ca8dbac68
[INFO] [stdout]                                at /rustc/82e1608dfa6e0b5569232559e3d385fea5a93112/library/std/src/panic.rs:142:14
[INFO] [stdout]   32:     0x55bf639483d5 - test::run_test_in_process::hc97b257c9621286a
[INFO] [stdout]                                at /rustc/82e1608dfa6e0b5569232559e3d385fea5a93112/library/test/src/lib.rs:651:27
[INFO] [stdout]   33:     0x55bf639483d5 - test::run_test::{{closure}}::h2aa798823a438d38
[INFO] [stdout]                                at /rustc/82e1608dfa6e0b5569232559e3d385fea5a93112/library/test/src/lib.rs:574:43
[INFO] [stdout]   34:     0x55bf63910696 - test::run_test::{{closure}}::h87d231c78fb59832
[INFO] [stdout]                                at /rustc/82e1608dfa6e0b5569232559e3d385fea5a93112/library/test/src/lib.rs:602:41
[INFO] [stdout]   35:     0x55bf63910696 - std::sys_common::backtrace::__rust_begin_short_backtrace::he6df152596625789
[INFO] [stdout]                                at /rustc/82e1608dfa6e0b5569232559e3d385fea5a93112/library/std/src/sys_common/backtrace.rs:154:18
[INFO] [stdout]   36:     0x55bf63915747 - std::thread::Builder::spawn_unchecked_::{{closure}}::{{closure}}::ha94be15d1e0acf36
[INFO] [stdout]                                at /rustc/82e1608dfa6e0b5569232559e3d385fea5a93112/library/std/src/thread/mod.rs:529:17
[INFO] [stdout]   37:     0x55bf63915747 - <core::panic::unwind_safe::AssertUnwindSafe<F> as core::ops::function::FnOnce<()>>::call_once::h9dc6bd6372f16606
[INFO] [stdout]                                at /rustc/82e1608dfa6e0b5569232559e3d385fea5a93112/library/core/src/panic/unwind_safe.rs:272:9
[INFO] [stdout]   38:     0x55bf63915747 - std::panicking::try::do_call::h9057517f80303cd4
[INFO] [stdout]                                at /rustc/82e1608dfa6e0b5569232559e3d385fea5a93112/library/std/src/panicking.rs:552:40
[INFO] [stdout]   39:     0x55bf63915747 - std::panicking::try::he3a30b11ee45340c
[INFO] [stdout]                                at /rustc/82e1608dfa6e0b5569232559e3d385fea5a93112/library/std/src/panicking.rs:516:19
[INFO] [stdout]   40:     0x55bf63915747 - std::panic::catch_unwind::h410458cfd3528b8b
[INFO] [stdout]                                at /rustc/82e1608dfa6e0b5569232559e3d385fea5a93112/library/std/src/panic.rs:142:14
[INFO] [stdout]   41:     0x55bf63915747 - std::thread::Builder::spawn_unchecked_::{{closure}}::h72ac3bdb567b737b
[INFO] [stdout]                                at /rustc/82e1608dfa6e0b5569232559e3d385fea5a93112/library/std/src/thread/mod.rs:528:30
[INFO] [stdout]   42:     0x55bf63915747 - core::ops::function::FnOnce::call_once{{vtable.shim}}::h38f34da3654a8344
[INFO] [stdout]                                at /rustc/82e1608dfa6e0b5569232559e3d385fea5a93112/library/core/src/ops/function.rs:250:5
[INFO] [stdout]   43:     0x55bf64021ab5 - <alloc::boxed::Box<F,A> as core::ops::function::FnOnce<Args>>::call_once::hc7eafaff61e32df9
[INFO] [stdout]                                at /rustc/82e1608dfa6e0b5569232559e3d385fea5a93112/library/alloc/src/boxed.rs:2007:9
[INFO] [stdout]   44:     0x55bf64021ab5 - <alloc::boxed::Box<F,A> as core::ops::function::FnOnce<Args>>::call_once::h6ba4a5de48dd2304
[INFO] [stdout]                                at /rustc/82e1608dfa6e0b5569232559e3d385fea5a93112/library/alloc/src/boxed.rs:2007:9
[INFO] [stdout]   45:     0x55bf64021ab5 - std::sys::unix::thread::Thread::new::thread_start::he469335aef763e45
[INFO] [stdout]                                at /rustc/82e1608dfa6e0b5569232559e3d385fea5a93112/library/std/src/sys/unix/thread.rs:108:17
[INFO] [stdout]   46:     0x7f6ffad69ac3 - <unknown>
[INFO] [stdout]   47:     0x7f6ffadfabf4 - __clone
[INFO] [stdout]   48:                0x0 - <unknown>
[INFO] [stdout] 
[INFO] [stdout] ---- player_doesnt_exceed_jump_crest stdout ----
[INFO] [stdout] thread 'player_doesnt_exceed_jump_crest' panicked at /opt/rustwide/cargo-home/registry/src/index.crates.io-6f17d22bba15001f/winit-0.19.5/src/platform/linux/mod.rs:467:9:
[INFO] [stdout] Failed to initialize any backend! Wayland status: XdgRuntimeDirNotSet X11 status: XOpenDisplayFailed
[INFO] [stdout] stack backtrace:
[INFO] [stdout]    0:     0x55bf64019dcc - std::backtrace_rs::backtrace::libunwind::trace::ha637c64ce894333a
[INFO] [stdout]                                at /rustc/82e1608dfa6e0b5569232559e3d385fea5a93112/library/std/src/../../backtrace/src/backtrace/libunwind.rs:104:5
[INFO] [stdout]    1:     0x55bf64019dcc - std::backtrace_rs::backtrace::trace_unsynchronized::h47f62dea28e0c88d
[INFO] [stdout]                                at /rustc/82e1608dfa6e0b5569232559e3d385fea5a93112/library/std/src/../../backtrace/src/backtrace/mod.rs:66:5
[INFO] [stdout]    2:     0x55bf64019dcc - std::sys_common::backtrace::_print_fmt::h9eef0abe20ede486
[INFO] [stdout]                                at /rustc/82e1608dfa6e0b5569232559e3d385fea5a93112/library/std/src/sys_common/backtrace.rs:67:5
[INFO] [stdout]    3:     0x55bf64019dcc - <std::sys_common::backtrace::_print::DisplayBacktrace as core::fmt::Display>::fmt::hed7f999df88cc644
[INFO] [stdout]                                at /rustc/82e1608dfa6e0b5569232559e3d385fea5a93112/library/std/src/sys_common/backtrace.rs:44:22
[INFO] [stdout]    4:     0x55bf64047a30 - core::fmt::rt::Argument::fmt::h1539a9308b8d058d
[INFO] [stdout]                                at /rustc/82e1608dfa6e0b5569232559e3d385fea5a93112/library/core/src/fmt/rt.rs:142:9
[INFO] [stdout]    5:     0x55bf64047a30 - core::fmt::write::h3a39390d8560d9c9
[INFO] [stdout]                                at /rustc/82e1608dfa6e0b5569232559e3d385fea5a93112/library/core/src/fmt/mod.rs:1120:17
[INFO] [stdout]    6:     0x55bf6401727f - std::io::Write::write_fmt::h040b369f3a0f9cbc
[INFO] [stdout]                                at /rustc/82e1608dfa6e0b5569232559e3d385fea5a93112/library/std/src/io/mod.rs:1762:15
[INFO] [stdout]    7:     0x55bf64019bb4 - std::sys_common::backtrace::_print::h894006fb5c6f3d45
[INFO] [stdout]                                at /rustc/82e1608dfa6e0b5569232559e3d385fea5a93112/library/std/src/sys_common/backtrace.rs:47:5
[INFO] [stdout]    8:     0x55bf64019bb4 - std::sys_common::backtrace::print::h23a2d212c6fff936
[INFO] [stdout]                                at /rustc/82e1608dfa6e0b5569232559e3d385fea5a93112/library/std/src/sys_common/backtrace.rs:34:9
[INFO] [stdout]    9:     0x55bf6401b877 - std::panicking::default_hook::{{closure}}::h8a1d2ee00185001a
[INFO] [stdout]   10:     0x55bf6401b563 - std::panicking::default_hook::h6038f2eba384e475
[INFO] [stdout]                                at /rustc/82e1608dfa6e0b5569232559e3d385fea5a93112/library/std/src/panicking.rs:289:9
[INFO] [stdout]   11:     0x55bf63943d67 - <alloc::boxed::Box<F,A> as core::ops::function::Fn<Args>>::call::h0ad024c9bdc6d768
[INFO] [stdout]                                at /rustc/82e1608dfa6e0b5569232559e3d385fea5a93112/library/alloc/src/boxed.rs:2021:9
[INFO] [stdout]   12:     0x55bf63943d67 - test::test_main::{{closure}}::h7500b54257359db6
[INFO] [stdout]                                at /rustc/82e1608dfa6e0b5569232559e3d385fea5a93112/library/test/src/lib.rs:138:21
[INFO] [stdout]   13:     0x55bf6401be88 - <alloc::boxed::Box<F,A> as core::ops::function::Fn<Args>>::call::h1f8f335eaa9cfaee
[INFO] [stdout]                                at /rustc/82e1608dfa6e0b5569232559e3d385fea5a93112/library/alloc/src/boxed.rs:2021:9
[INFO] [stdout]   14:     0x55bf6401be88 - std::panicking::rust_panic_with_hook::h2b5517d590cab22e
[INFO] [stdout]                                at /rustc/82e1608dfa6e0b5569232559e3d385fea5a93112/library/std/src/panicking.rs:783:13
[INFO] [stdout]   15:     0x55bf63da693f - std::panicking::begin_panic::{{closure}}::hd76b2b3a4352f21f
[INFO] [stdout]                                at /rustc/82e1608dfa6e0b5569232559e3d385fea5a93112/library/std/src/panicking.rs:687:9
[INFO] [stdout]   16:     0x55bf63def77a - std::sys_common::backtrace::__rust_end_short_backtrace::h2720753a43e5916f
[INFO] [stdout]                                at /rustc/82e1608dfa6e0b5569232559e3d385fea5a93112/library/std/src/sys_common/backtrace.rs:170:18
[INFO] [stdout]   17:     0x55bf63da689c - std::panicking::begin_panic::h0b5220a73ca84f74
[INFO] [stdout]                                at /rustc/82e1608dfa6e0b5569232559e3d385fea5a93112/library/std/src/panicking.rs:686:12
[INFO] [stdout]   18:     0x55bf63dd6bb9 - winit::platform::platform::EventsLoop::new::hc0af6d45db1274e4
[INFO] [stdout]                                at /opt/rustwide/cargo-home/registry/src/index.crates.io-6f17d22bba15001f/winit-0.19.5/src/platform/linux/mod.rs:467:9
[INFO] [stdout]   19:     0x55bf63dd6d7b - winit::EventsLoop::new::hbd6bc066013e9cc7
[INFO] [stdout]                                at /opt/rustwide/cargo-home/registry/src/index.crates.io-6f17d22bba15001f/winit-0.19.5/src/lib.rs:251:26
[INFO] [stdout]   20:     0x55bf639b2a91 - ggez::context::Context::from_conf::h5d55562ad7c6a4be
[INFO] [stdout]                                at /opt/rustwide/cargo-home/registry/src/index.crates.io-6f17d22bba15001f/ggez-0.5.1/src/context.rs:85:27
[INFO] [stdout]   21:     0x55bf639b3d67 - ggez::context::ContextBuilder::build::h8e7f82beb65501a9
[INFO] [stdout]                                at /opt/rustwide/cargo-home/registry/src/index.crates.io-6f17d22bba15001f/ggez-0.5.1/src/context.rs:304:9
[INFO] [stdout]   22:     0x55bf6390f803 - tests::player_doesnt_exceed_jump_crest::h8e394dc13852b040
[INFO] [stdout]                                at /opt/rustwide/workdir/tests/tests.rs:109:3
[INFO] [stdout]   23:     0x55bf6390f607 - tests::player_doesnt_exceed_jump_crest::{{closure}}::hb59290fa4b965ada
[INFO] [stdout]                                at /opt/rustwide/workdir/tests/tests.rs:107:37
[INFO] [stdout]   24:     0x55bf6390d986 - core::ops::function::FnOnce::call_once::h45e2b5e3b6de905c
[INFO] [stdout]                                at /rustc/82e1608dfa6e0b5569232559e3d385fea5a93112/library/core/src/ops/function.rs:250:5
[INFO] [stdout]   25:     0x55bf639493bf - core::ops::function::FnOnce::call_once::h2b5d431d5046312d
[INFO] [stdout]                                at /rustc/82e1608dfa6e0b5569232559e3d385fea5a93112/library/core/src/ops/function.rs:250:5
[INFO] [stdout]   26:     0x55bf639493bf - test::__rust_begin_short_backtrace::h7714669af176e207
[INFO] [stdout]                                at /rustc/82e1608dfa6e0b5569232559e3d385fea5a93112/library/test/src/lib.rs:628:18
[INFO] [stdout]   27:     0x55bf639483d5 - test::run_test_in_process::{{closure}}::h85218797dcbcec12
[INFO] [stdout]                                at /rustc/82e1608dfa6e0b5569232559e3d385fea5a93112/library/test/src/lib.rs:651:60
[INFO] [stdout]   28:     0x55bf639483d5 - <core::panic::unwind_safe::AssertUnwindSafe<F> as core::ops::function::FnOnce<()>>::call_once::h76c106ea31c14d7b
[INFO] [stdout]                                at /rustc/82e1608dfa6e0b5569232559e3d385fea5a93112/library/core/src/panic/unwind_safe.rs:272:9
[INFO] [stdout]   29:     0x55bf639483d5 - std::panicking::try::do_call::h3bd5d0f6620ee946
[INFO] [stdout]                                at /rustc/82e1608dfa6e0b5569232559e3d385fea5a93112/library/std/src/panicking.rs:552:40
[INFO] [stdout]   30:     0x55bf639483d5 - std::panicking::try::h232e535e4744fe31
[INFO] [stdout]                                at /rustc/82e1608dfa6e0b5569232559e3d385fea5a93112/library/std/src/panicking.rs:516:19
[INFO] [stdout]   31:     0x55bf639483d5 - std::panic::catch_unwind::h3ce3bd6ca8dbac68
[INFO] [stdout]                                at /rustc/82e1608dfa6e0b5569232559e3d385fea5a93112/library/std/src/panic.rs:142:14
[INFO] [stdout]   32:     0x55bf639483d5 - test::run_test_in_process::hc97b257c9621286a
[INFO] [stdout]                                at /rustc/82e1608dfa6e0b5569232559e3d385fea5a93112/library/test/src/lib.rs:651:27
[INFO] [stdout]   33:     0x55bf639483d5 - test::run_test::{{closure}}::h2aa798823a438d38
[INFO] [stdout]                                at /rustc/82e1608dfa6e0b5569232559e3d385fea5a93112/library/test/src/lib.rs:574:43
[INFO] [stdout]   34:     0x55bf63910696 - test::run_test::{{closure}}::h87d231c78fb59832
[INFO] [stdout]                                at /rustc/82e1608dfa6e0b5569232559e3d385fea5a93112/library/test/src/lib.rs:602:41
[INFO] [stdout]   35:     0x55bf63910696 - std::sys_common::backtrace::__rust_begin_short_backtrace::he6df152596625789
[INFO] [stdout]                                at /rustc/82e1608dfa6e0b5569232559e3d385fea5a93112/library/std/src/sys_common/backtrace.rs:154:18
[INFO] [stdout]   36:     0x55bf63915747 - std::thread::Builder::spawn_unchecked_::{{closure}}::{{closure}}::ha94be15d1e0acf36
[INFO] [stdout]                                at /rustc/82e1608dfa6e0b5569232559e3d385fea5a93112/library/std/src/thread/mod.rs:529:17
[INFO] [stdout]   37:     0x55bf63915747 - <core::panic::unwind_safe::AssertUnwindSafe<F> as core::ops::function::FnOnce<()>>::call_once::h9dc6bd6372f16606
[INFO] [stdout]                                at /rustc/82e1608dfa6e0b5569232559e3d385fea5a93112/library/core/src/panic/unwind_safe.rs:272:9
[INFO] [stdout]   38:     0x55bf63915747 - std::panicking::try::do_call::h9057517f80303cd4
[INFO] [stdout]                                at /rustc/82e1608dfa6e0b5569232559e3d385fea5a93112/library/std/src/panicking.rs:552:40
[INFO] [stdout]   39:     0x55bf63915747 - std::panicking::try::he3a30b11ee45340c
[INFO] [stdout]                                at /rustc/82e1608dfa6e0b5569232559e3d385fea5a93112/library/std/src/panicking.rs:516:19
[INFO] [stdout]   40:     0x55bf63915747 - std::panic::catch_unwind::h410458cfd3528b8b
[INFO] [stdout]                                at /rustc/82e1608dfa6e0b5569232559e3d385fea5a93112/library/std/src/panic.rs:142:14
[INFO] [stdout]   41:     0x55bf63915747 - std::thread::Builder::spawn_unchecked_::{{closure}}::h72ac3bdb567b737b
[INFO] [stdout]                                at /rustc/82e1608dfa6e0b5569232559e3d385fea5a93112/library/std/src/thread/mod.rs:528:30
[INFO] [stdout]   42:     0x55bf63915747 - core::ops::function::FnOnce::call_once{{vtable.shim}}::h38f34da3654a8344
[INFO] [stdout]                                at /rustc/82e1608dfa6e0b5569232559e3d385fea5a93112/library/core/src/ops/function.rs:250:5
[INFO] [stdout]   43:     0x55bf64021ab5 - <alloc::boxed::Box<F,A> as core::ops::function::FnOnce<Args>>::call_once::hc7eafaff61e32df9
[INFO] [stdout]                                at /rustc/82e1608dfa6e0b5569232559e3d385fea5a93112/library/alloc/src/boxed.rs:2007:9
[INFO] [stdout]   44:     0x55bf64021ab5 - <alloc::boxed::Box<F,A> as core::ops::function::FnOnce<Args>>::call_once::h6ba4a5de48dd2304
[INFO] [stdout]                                at /rustc/82e1608dfa6e0b5569232559e3d385fea5a93112/library/alloc/src/boxed.rs:2007:9
[INFO] [stdout]   45:     0x55bf64021ab5 - std::sys::unix::thread::Thread::new::thread_start::he469335aef763e45
[INFO] [stdout]                                at /rustc/82e1608dfa6e0b5569232559e3d385fea5a93112/library/std/src/sys/unix/thread.rs:108:17
[INFO] [stdout]   46:     0x7f6ffad69ac3 - <unknown>
[INFO] [stdout]   47:     0x7f6ffadfabf4 - __clone
[INFO] [stdout]   48:                0x0 - <unknown>
[INFO] [stdout] 
[INFO] [stdout] 
[INFO] [stdout] failures:
[INFO] [stdout]     player_animation_works
[INFO] [stdout]     player_doesnt_exceed_jump_crest
[INFO] [stdout]     player_doesnt_fall_below_bottom_screen_edge
[INFO] [stdout] 
[INFO] [stdout] test result: FAILED. 2 passed; 3 failed; 0 ignored; 0 measured; 0 filtered out; finished in 0.06s
[INFO] [stdout] 
[INFO] [stderr] error: test failed, to rerun pass `--test tests`
[INFO] running `Command { std: "docker" "inspect" "650bf2b443802c93498d56527b40258157b75454e867ae84db279fefc138da1f", kill_on_drop: false }`
[INFO] running `Command { std: "docker" "rm" "-f" "650bf2b443802c93498d56527b40258157b75454e867ae84db279fefc138da1f", kill_on_drop: false }`
[INFO] [stdout] 650bf2b443802c93498d56527b40258157b75454e867ae84db279fefc138da1f
