[INFO] fetching crate sos-sdk 0.7.0...
[INFO] testing sos-sdk-0.7.0 against 1.75.0 for beta-1.76-1
[INFO] extracting crate sos-sdk 0.7.0 into /workspace/builds/worker-0-tc1/source
[INFO] validating manifest of crates.io crate sos-sdk 0.7.0 on toolchain 1.75.0
[INFO] running `Command { std: CARGO_HOME="/workspace/cargo-home" RUSTUP_HOME="/workspace/rustup-home" "/workspace/cargo-home/bin/cargo" "+1.75.0" "metadata" "--manifest-path" "Cargo.toml" "--no-deps", kill_on_drop: false }`
[INFO] started tweaking crates.io crate sos-sdk 0.7.0
[INFO] finished tweaking crates.io crate sos-sdk 0.7.0
[INFO] tweaked toml for crates.io crate sos-sdk 0.7.0 written to /workspace/builds/worker-0-tc1/source/Cargo.toml
[INFO] running `Command { std: CARGO_HOME="/workspace/cargo-home" RUSTUP_HOME="/workspace/rustup-home" "/workspace/cargo-home/bin/cargo" "+1.75.0" "generate-lockfile" "--manifest-path" "Cargo.toml", kill_on_drop: false }`
[INFO] [stderr]     Updating crates.io index
[INFO] running `Command { std: CARGO_HOME="/workspace/cargo-home" RUSTUP_HOME="/workspace/rustup-home" "/workspace/cargo-home/bin/cargo" "+1.75.0" "fetch" "--manifest-path" "Cargo.toml", kill_on_drop: false }`
[INFO] [stderr]  Downloading crates ...
[INFO] [stderr]   Downloaded password-hash v0.5.0
[INFO] [stderr]   Downloaded typed-generational-arena v0.2.5
[INFO] [stderr]   Downloaded web3-address v0.6.0
[INFO] [stderr]   Downloaded io_tee v0.1.1
[INFO] [stderr]   Downloaded qrcodegen-image v1.2.0
[INFO] [stderr]   Downloaded web3-signature v0.4.0
[INFO] [stderr]   Downloaded sanitize-filename v0.4.0
[INFO] [stderr]   Downloaded i18n-config v0.4.6
[INFO] [stderr]   Downloaded nonzero_ext v0.1.5
[INFO] [stderr]   Downloaded balloon-hash v0.4.0
[INFO] [stderr]   Downloaded vsss-rs v3.3.2
[INFO] [stderr]   Downloaded vcard4 v0.4.4
[INFO] [stderr]   Downloaded async_zip v0.0.15
[INFO] [stderr]   Downloaded zxcvbn v2.2.2
[INFO] [stderr]   Downloaded age v0.9.2
[INFO] [stderr]   Downloaded i18n-embed v0.13.9
[INFO] [stderr]   Downloaded binary-stream v8.1.0
[INFO] [stderr]   Downloaded app_dirs2 v2.5.5
[INFO] [stderr]   Downloaded argon2 v0.5.2
[INFO] [stderr]   Downloaded probly-search v2.0.0-alpha-2
[INFO] [stderr]   Downloaded i18n-embed-fl v0.6.7
[INFO] [stderr]   Downloaded age-core v0.9.0
[INFO] [stderr]   Downloaded mpc-protocol v0.4.1
[INFO] [stderr]   Downloaded qrcodegen v1.8.0
[INFO] [stderr]   Downloaded urn v0.7.0
[INFO] [stderr]   Downloaded i18n-embed-impl v0.8.3
[INFO] running `Command { std: "docker" "create" "-v" "/var/lib/crater-agent-workspace/builds/worker-0-tc1/target:/opt/rustwide/target:rw,Z" "-v" "/var/lib/crater-agent-workspace/builds/worker-0-tc1/source:/opt/rustwide/workdir:ro,Z" "-v" "/var/lib/crater-agent-workspace/cargo-home:/opt/rustwide/cargo-home:ro,Z" "-v" "/var/lib/crater-agent-workspace/rustup-home:/opt/rustwide/rustup-home:ro,Z" "-e" "SOURCE_DIR=/opt/rustwide/workdir" "-e" "CARGO_TARGET_DIR=/opt/rustwide/target" "-e" "CARGO_HOME=/opt/rustwide/cargo-home" "-e" "RUSTUP_HOME=/opt/rustwide/rustup-home" "-w" "/opt/rustwide/workdir" "-m" "1610612736" "--user" "0:0" "--network" "none" "ghcr.io/rust-lang/crates-build-env/linux@sha256:2788e3201cd34a07e3172128adcd8b3090168a8e3bcc40d7c032b9dda1df7d1c" "/opt/rustwide/cargo-home/bin/cargo" "+1.75.0" "metadata" "--no-deps" "--format-version=1", kill_on_drop: false }`
[INFO] [stdout] e13f1dd6e4681d372bcab616d543c8f0abb98ac20e757d53d8fb6d9a3b6fb92d
[INFO] running `Command { std: "docker" "start" "-a" "e13f1dd6e4681d372bcab616d543c8f0abb98ac20e757d53d8fb6d9a3b6fb92d", kill_on_drop: false }`
[INFO] running `Command { std: "docker" "inspect" "e13f1dd6e4681d372bcab616d543c8f0abb98ac20e757d53d8fb6d9a3b6fb92d", kill_on_drop: false }`
[INFO] running `Command { std: "docker" "rm" "-f" "e13f1dd6e4681d372bcab616d543c8f0abb98ac20e757d53d8fb6d9a3b6fb92d", kill_on_drop: false }`
[INFO] [stdout] e13f1dd6e4681d372bcab616d543c8f0abb98ac20e757d53d8fb6d9a3b6fb92d
[INFO] running `Command { std: "docker" "create" "-v" "/var/lib/crater-agent-workspace/builds/worker-0-tc1/target:/opt/rustwide/target:rw,Z" "-v" "/var/lib/crater-agent-workspace/builds/worker-0-tc1/source:/opt/rustwide/workdir:ro,Z" "-v" "/var/lib/crater-agent-workspace/cargo-home:/opt/rustwide/cargo-home:ro,Z" "-v" "/var/lib/crater-agent-workspace/rustup-home:/opt/rustwide/rustup-home:ro,Z" "-e" "SOURCE_DIR=/opt/rustwide/workdir" "-e" "CARGO_TARGET_DIR=/opt/rustwide/target" "-e" "CARGO_INCREMENTAL=0" "-e" "RUST_BACKTRACE=full" "-e" "RUSTFLAGS=--cap-lints=warn" "-e" "RUSTDOCFLAGS=--cap-lints=warn" "-e" "CARGO_HOME=/opt/rustwide/cargo-home" "-e" "RUSTUP_HOME=/opt/rustwide/rustup-home" "-w" "/opt/rustwide/workdir" "-m" "1610612736" "--user" "0:0" "--network" "none" "ghcr.io/rust-lang/crates-build-env/linux@sha256:2788e3201cd34a07e3172128adcd8b3090168a8e3bcc40d7c032b9dda1df7d1c" "/opt/rustwide/cargo-home/bin/cargo" "+1.75.0" "build" "--frozen" "--message-format=json", kill_on_drop: false }`
[INFO] [stdout] cfb4764654a0b1050c99a424215167f70289d89445dab80d617d75664fa0d3c7
[INFO] running `Command { std: "docker" "start" "-a" "cfb4764654a0b1050c99a424215167f70289d89445dab80d617d75664fa0d3c7", kill_on_drop: false }`
[INFO] [stderr]    Compiling typenum v1.17.0
[INFO] [stderr]    Compiling subtle v2.5.0
[INFO] [stderr]    Compiling const-oid v0.9.6
[INFO] [stderr]    Compiling syn v1.0.109
[INFO] [stderr]    Compiling cpufeatures v0.2.12
[INFO] [stderr]    Compiling serde v1.0.194
[INFO] [stderr]    Compiling fnv v1.0.7
[INFO] [stderr]    Compiling strsim v0.10.0
[INFO] [stderr]    Compiling ident_case v1.0.1
[INFO] [stderr]    Compiling generic-array v0.14.7
[INFO] [stderr]    Compiling syn v2.0.48
[INFO] [stderr]    Compiling getrandom v0.2.11
[INFO] [stderr]    Compiling ppv-lite86 v0.2.17
[INFO] [stderr]    Compiling byteorder v1.5.0
[INFO] [stderr]    Compiling once_cell v1.19.0
[INFO] [stderr]    Compiling pin-project-lite v0.2.13
[INFO] [stderr]    Compiling smallvec v1.11.2
[INFO] [stderr]    Compiling bytes v1.5.0
[INFO] [stderr]    Compiling rustc-hash v1.1.0
[INFO] [stderr]    Compiling futures-core v0.3.30
[INFO] [stderr]    Compiling type-map v0.4.0
[INFO] [stderr]    Compiling rand_core v0.6.4
[INFO] [stderr]    Compiling slab v0.4.9
[INFO] [stderr]    Compiling num-traits v0.2.17
[INFO] [stderr]    Compiling futures-io v0.3.30
[INFO] [stderr]    Compiling simd-adler32 v0.3.7
[INFO] [stderr]    Compiling crc32fast v1.3.2
[INFO] [stderr]    Compiling self_cell v1.0.3
[INFO] [stderr]    Compiling futures-sink v0.3.30
[INFO] [stderr]    Compiling opaque-debug v0.3.0
[INFO] [stderr]    Compiling adler v1.0.2
[INFO] [stderr]    Compiling self_cell v0.10.3
[INFO] [stderr]    Compiling crunchy v0.2.2
[INFO] [stderr]    Compiling rand_chacha v0.3.1
[INFO] [stderr]    Compiling log v0.4.20
[INFO] [stderr]    Compiling winnow v0.5.32
[INFO] [stderr]    Compiling getrandom v0.1.16
[INFO] [stderr]    Compiling miniz_oxide v0.7.1
[INFO] [stderr]    Compiling ff v0.13.0
[INFO] [stderr]    Compiling futures-channel v0.3.30
[INFO] [stderr]    Compiling parking_lot_core v0.9.9
[INFO] [stderr]    Compiling lock_api v0.4.11
[INFO] [stderr]    Compiling base64 v0.21.5
[INFO] [stderr]    Compiling base16ct v0.2.0
[INFO] [stderr]    Compiling rustc-hex v2.1.0
[INFO] [stderr]    Compiling rand v0.8.5
[INFO] [stderr]    Compiling futures-task v0.3.30
[INFO] [stderr]    Compiling pin-utils v0.1.0
[INFO] [stderr]    Compiling scopeguard v1.2.0
[INFO] [stderr]    Compiling proc-macro2 v0.4.30
[INFO] [stderr]    Compiling group v0.13.0
[INFO] [stderr]    Compiling num-integer v0.1.45
[INFO] [stderr]    Compiling platforms v3.3.0
[INFO] [stderr]    Compiling unicode-xid v0.1.0
[INFO] [stderr]    Compiling rand_core v0.5.1
[INFO] [stderr]    Compiling rlp v0.5.2
[INFO] [stderr]    Compiling num-rational v0.4.1
[INFO] [stderr]    Compiling flate2 v1.0.28
[INFO] [stderr]    Compiling proc-macro-error-attr v1.0.4
[INFO] [stderr]    Compiling curve25519-dalek v4.1.1
[INFO] [stderr]    Compiling unicase v2.7.0
[INFO] [stderr]    Compiling syn v0.15.44
[INFO] [stderr]    Compiling tinyvec_macros v0.1.1
[INFO] [stderr]    Compiling tiny-keccak v2.0.2
[INFO] [stderr]    Compiling arrayvec v0.7.4
[INFO] [stderr]    Compiling byte-slice-cast v1.2.2
[INFO] [stderr]    Compiling fixed-hash v0.7.0
[INFO] [stderr]    Compiling quote v0.6.13
[INFO] [stderr]    Compiling impl-rlp v0.3.0
[INFO] [stderr]    Compiling tinyvec v1.6.0
[INFO] [stderr]    Compiling parking_lot v0.12.1
[INFO] [stderr]    Compiling fdeflate v0.3.3
[INFO] [stderr]    Compiling ahash v0.7.7
[INFO] [stderr]    Compiling proc-macro-error v1.0.4
[INFO] [stderr]    Compiling async-trait v0.1.77
[INFO] [stderr]    Compiling bitflags v1.3.2
[INFO] [stderr]    Compiling powerfmt v0.2.0
[INFO] [stderr]    Compiling arc-swap v1.6.0
[INFO] [stderr]    Compiling block-buffer v0.10.4
[INFO] [stderr]    Compiling crypto-common v0.1.6
[INFO] [stderr]    Compiling digest v0.10.7
[INFO] [stderr]    Compiling png v0.17.10
[INFO] [stderr]    Compiling snow v0.9.4
[INFO] [stderr]    Compiling binary-stream v8.1.0
[INFO] [stderr]    Compiling time-core v0.1.2
[INFO] [stderr]    Compiling sha2 v0.10.8
[INFO] [stderr]    Compiling beef v0.5.2
[INFO] [stderr]    Compiling percent-encoding v2.3.1
[INFO] [stderr]    Compiling color_quant v1.1.0
[INFO] [stderr]    Compiling base64ct v1.6.0
[INFO] [stderr]    Compiling bit-vec v0.6.3
[INFO] [stderr]    Compiling bytemuck v1.14.0
[INFO] [stderr]    Compiling unicode-bidi v0.3.14
[INFO] [stderr]    Compiling rustix v0.38.28
[INFO] [stderr]    Compiling num_threads v0.1.6
[INFO] [stderr]    Compiling rust-embed-utils v7.8.1
[INFO] [stderr]    Compiling unicode-normalization v0.1.22
[INFO] [stderr]    Compiling regex-syntax v0.6.29
[INFO] [stderr]    Compiling minimal-lexical v0.2.1
[INFO] [stderr]    Compiling password-hash v0.5.0
[INFO] [stderr]    Compiling bit-set v0.5.3
[INFO] [stderr]    Compiling mime_guess v2.0.4
[INFO] [stderr]    Compiling nom v7.1.3
[INFO] [stderr]    Compiling form_urlencoded v1.2.1
[INFO] [stderr]    Compiling rand_chacha v0.2.2
[INFO] [stderr]    Compiling dashmap v5.5.3
[INFO] [stderr]    Compiling image v0.24.7
[INFO] [stderr]    Compiling idna v0.5.0
[INFO] [stderr]    Compiling tokio v1.35.1
[INFO] [stderr]    Compiling nonzero_ext v0.1.5
[INFO] [stderr]    Compiling bitflags v2.4.1
[INFO] [stderr]    Compiling cfg-if v0.1.10
[INFO] [stderr]    Compiling cookie-factory v0.3.2
[INFO] [stderr]    Compiling io_tee v0.1.1
[INFO] [stderr]    Compiling linux-raw-sys v0.4.12
[INFO] [stderr]    Compiling keccak v0.1.4
[INFO] [stderr]    Compiling qrcodegen v1.8.0
[INFO] [stderr]    Compiling base64 v0.13.1
[INFO] [stderr]    Compiling itertools v0.10.5
[INFO] [stderr]    Compiling hashbrown v0.12.3
[INFO] [stderr]    Compiling rand v0.7.3
[INFO] [stderr]    Compiling fancy-regex v0.11.0
[INFO] [stderr]    Compiling async-compression v0.3.15
[INFO] [stderr]    Compiling pem v2.0.1
[INFO] [stderr]    Compiling http v0.2.11
[INFO] [stderr]    Compiling tracing-core v0.1.32
[INFO] [stderr]    Compiling sos-sdk v0.7.0 (/opt/rustwide/workdir)
[INFO] [stderr]    Compiling darling_core v0.20.3
[INFO] [stderr]    Compiling qrcodegen-image v1.2.0
[INFO] [stderr]    Compiling aho-corasick v0.7.20
[INFO] [stderr]    Compiling unicode-segmentation v1.10.1
[INFO] [stderr]    Compiling xdg v2.5.2
[INFO] [stderr]    Compiling bech32 v0.9.1
[INFO] [stderr]    Compiling darling_core v0.14.4
[INFO] [stderr]    Compiling darling_core v0.12.4
[INFO] [stderr]    Compiling base32 v0.4.0
[INFO] [stderr]    Compiling constant_time_eq v0.2.6
[INFO] [stderr]    Compiling fastrand v2.0.1
[INFO] [stderr]    Compiling urlencoding v2.1.3
[INFO] [stderr]    Compiling quick-error v2.0.1
[INFO] [stderr]    Compiling derivative v1.0.4
[INFO] [stderr]    Compiling mime v0.3.17
[INFO] [stderr]    Compiling app_dirs2 v2.5.5
[INFO] [stderr]    Compiling sanitize-filename v0.4.0
[INFO] [stderr]    Compiling filetime v0.2.23
[INFO] [stderr]    Compiling bs58 v0.4.0
[INFO] [stderr]    Compiling tempfile v3.9.0
[INFO] [stderr]    Compiling tokio-util v0.7.10
[INFO] [stderr]    Compiling zeroize_derive v1.4.2
[INFO] [stderr]    Compiling serde_derive v1.0.194
[INFO] [stderr]    Compiling displaydoc v0.2.4
[INFO] [stderr]    Compiling thiserror-impl v1.0.56
[INFO] [stderr]    Compiling futures-macro v0.3.30
[INFO] [stderr]    Compiling rust-embed-impl v6.8.1
[INFO] [stderr]    Compiling impl-trait-for-tuples v0.2.2
[INFO] [stderr]    Compiling curve25519-dalek-derive v0.1.1
[INFO] [stderr]    Compiling darling_macro v0.20.3
[INFO] [stderr]    Compiling pin-project-internal v1.1.3
[INFO] [stderr]    Compiling darling_macro v0.12.4
[INFO] [stderr]    Compiling thiserror-impl-no-std v2.0.2
[INFO] [stderr]    Compiling darling_macro v0.14.4
[INFO] [stderr]    Compiling logos-derive v0.12.1
[INFO] [stderr]    Compiling zeroize v1.7.0
[INFO] [stderr]    Compiling tinystr v0.7.5
[INFO] [stderr]    Compiling der v0.7.8
[INFO] [stderr]    Compiling unic-langid-impl v0.9.4
[INFO] [stderr]    Compiling rust-embed v6.8.1
[INFO] [stderr]    Compiling darling v0.20.3
[INFO] [stderr]    Compiling unic-langid v0.9.4
[INFO] [stderr]    Compiling serde_with_macros v3.4.0
[INFO] [stderr]    Compiling typed-generational-arena v0.2.5
[INFO] [stderr]    Compiling futures-util v0.3.30
[INFO] [stderr]    Compiling fluent-langneg v0.13.0
[INFO] [stderr]    Compiling darling v0.12.4
[INFO] [stderr]    Compiling intl-memoizer v0.5.1
[INFO] [stderr]    Compiling intl_pluralrules v7.0.2
[INFO] [stderr]    Compiling derive_builder_core v0.10.2
[INFO] [stderr]    Compiling tracing-attributes v0.1.27
[INFO] [stderr]    Compiling inout v0.1.3
[INFO] [stderr]    Compiling universal-hash v0.5.1
[INFO] [stderr]    Compiling cipher v0.4.4
[INFO] [stderr]    Compiling crypto-bigint v0.5.5
[INFO] [stderr]    Compiling thiserror v1.0.56
[INFO] [stderr]    Compiling hmac v0.12.1
[INFO] [stderr]    Compiling fluent-syntax v0.11.0
[INFO] [stderr]    Compiling signature v2.2.0
[INFO] [stderr]    Compiling hkdf v0.12.4
[INFO] [stderr]    Compiling spki v0.7.3
[INFO] [stderr]    Compiling sec1 v0.7.3
[INFO] [stderr]    Compiling aead v0.5.2
[INFO] [stderr]    Compiling pkcs8 v0.10.2
[INFO] [stderr]    Compiling chacha20 v0.9.1
[INFO] [stderr]    Compiling poly1305 v0.8.0
[INFO] [stderr]    Compiling rfc6979 v0.4.0
[INFO] [stderr]    Compiling polyval v0.6.1
[INFO] [stderr]    Compiling darling v0.14.4
[INFO] [stderr]    Compiling fluent-bundle v0.15.2
[INFO] [stderr]    Compiling derive_builder_core v0.12.0
[INFO] [stderr]    Compiling aes v0.8.3
[INFO] [stderr]    Compiling ghash v0.5.0
[INFO] [stderr]    Compiling ctr v0.9.2
[INFO] [stderr]    Compiling blake2 v0.10.6
[INFO] [stderr]    Compiling digest v0.9.0
[INFO] [stderr]    Compiling chacha20poly1305 v0.10.1
[INFO] [stderr]    Compiling curve25519-dalek v3.2.0
[INFO] [stderr]    Compiling derive_builder_macro v0.10.2
[INFO] [stderr]    Compiling pin-project v1.1.3
[INFO] [stderr]    Compiling salsa20 v0.10.2
[INFO] [stderr]    Compiling pbkdf2 v0.11.0
[INFO] [stderr]    Compiling fluent v0.16.0
[INFO] [stderr]    Compiling scrypt v0.10.0
[INFO] [stderr]    Compiling thiserror-no-std v2.0.2
[INFO] [stderr]    Compiling ed25519 v2.2.3
[INFO] [stderr]    Compiling aes-gcm v0.10.3
[INFO] [stderr]    Compiling logos v0.12.1
[INFO] [stderr]    Compiling sha1 v0.10.6
[INFO] [stderr]    Compiling sha3 v0.10.8
[INFO] [stderr]    Compiling elliptic-curve v0.13.8
[INFO] [stderr]    Compiling balloon-hash v0.4.0
[INFO] [stderr]    Compiling argon2 v0.5.2
[INFO] [stderr]    Compiling rs_merkle v1.4.1
[INFO] [stderr]    Compiling x25519-dalek v1.1.1
[INFO] [stderr]    Compiling probly-search v2.0.0-alpha-2
[INFO] [stderr]    Compiling tracing v0.1.40
[INFO] [stderr]    Compiling derive_builder v0.10.2
[INFO] [stderr]    Compiling async-recursion v1.0.5
[INFO] [stderr]    Compiling ed25519-dalek v2.1.0
[INFO] [stderr]    Compiling chbs v0.1.1
[INFO] [stderr]    Compiling derive_builder_macro v0.12.0
[INFO] [stderr]    Compiling ecdsa v0.16.9
[INFO] [stderr]    Compiling futures-executor v0.3.30
[INFO] [stderr]    Compiling async_zip v0.0.15
[INFO] [stderr]    Compiling k256 v0.13.2
[INFO] [stderr]    Compiling futures v0.3.30
[INFO] [stderr]    Compiling derive_builder v0.12.0
[INFO] [stderr]    Compiling hex v0.4.3
[INFO] [stderr]    Compiling parity-scale-codec v3.6.9
[INFO] [stderr]    Compiling impl-serde v0.3.2
[INFO] [stderr]    Compiling deranged v0.3.11
[INFO] [stderr]    Compiling secrecy v0.8.0
[INFO] [stderr]    Compiling uuid v1.6.1
[INFO] [stderr]    Compiling url v2.5.0
[INFO] [stderr]    Compiling uriparse v0.6.4
[INFO] [stderr]    Compiling serde_with v3.4.0
[INFO] [stderr]    Compiling serde_json v1.0.111
[INFO] [stderr]    Compiling urn v0.7.0
[INFO] [stderr]    Compiling vsss-rs v3.3.2
[INFO] [stderr]    Compiling pem v3.0.3
[INFO] [stderr]    Compiling toml_datetime v0.6.5
[INFO] [stderr]    Compiling serde_spanned v0.6.5
[INFO] [stderr]    Compiling toml v0.5.11
[INFO] [stderr]    Compiling ethbloom v0.12.1
[INFO] [stderr]    Compiling toml_edit v0.21.0
[INFO] [stderr]    Compiling uint v0.9.5
[INFO] [stderr]    Compiling age-core v0.9.0
[INFO] [stderr]    Compiling mpc-protocol v0.4.1
[INFO] [stderr]    Compiling web3-address v0.6.0
[INFO] [stderr]    Compiling totp-rs v5.4.0
[INFO] [stderr]    Compiling impl-codec v0.6.0
[INFO] [stderr]    Compiling primitive-types v0.11.1
[INFO] [stderr]    Compiling time v0.3.31
[INFO] [stderr]    Compiling find-crate v0.6.3
[INFO] [stderr]    Compiling ethereum-types v0.13.1
[INFO] [stderr]    Compiling toml v0.8.8
[INFO] [stderr]    Compiling web3-signature v0.4.0
[INFO] [stderr]    Compiling i18n-config v0.4.6
[INFO] [stderr]    Compiling vcard4 v0.4.4
[INFO] [stderr]    Compiling zxcvbn v2.2.2
[INFO] [stderr]    Compiling i18n-embed-impl v0.8.3
[INFO] [stderr]    Compiling i18n-embed v0.13.9
[INFO] [stderr]    Compiling i18n-embed-fl v0.6.7
[INFO] [stderr]    Compiling age v0.9.2
[INFO] [stdout] warning: use of deprecated constant `events::types::LOGIN_RESPONSE`
[INFO] [stdout]    --> src/events/types.rs:129:13
[INFO] [stdout]     |
[INFO] [stdout] 129 |             LOGIN_RESPONSE => EventKind::LoginResponse,
[INFO] [stdout]     |             ^^^^^^^^^^^^^^
[INFO] [stdout]     |
[INFO] [stdout]     = note: `#[warn(deprecated)]` on by default
[INFO] [stdout] 
[INFO] [stdout] 
[INFO] [stdout] warning: use of deprecated constant `events::types::LOGIN_RESPONSE`
[INFO] [stdout]    --> src/events/types.rs:162:41
[INFO] [stdout]     |
[INFO] [stdout] 162 |             EventKind::LoginResponse => LOGIN_RESPONSE,
[INFO] [stdout]     |                                         ^^^^^^^^^^^^^^
[INFO] [stdout] 
[INFO] [stdout] 
[INFO] [stdout] warning: struct `NodeTree` is never constructed
[INFO] [stdout]    --> src/commit/tree.rs:276:12
[INFO] [stdout]     |
[INFO] [stdout] 276 | pub struct NodeTree<'a, I, K>
[INFO] [stdout]     |            ^^^^^^^^
[INFO] [stdout]     |
[INFO] [stdout]     = note: `#[warn(dead_code)]` on by default
[INFO] [stdout] 
[INFO] [stdout] 
[INFO] [stdout] warning: associated items `new`, `insert`, and `compute` are never used
[INFO] [stdout]    --> src/commit/tree.rs:295:12
[INFO] [stdout]     |
[INFO] [stdout] 289 | / impl<'a, I, K> NodeTree<'a, I, K>
[INFO] [stdout] 290 | | where
[INFO] [stdout] 291 | |     I: Hash + Eq + PartialEq + Copy,
[INFO] [stdout] 292 | |     K: Hash + Eq + PartialEq + Copy,
[INFO] [stdout]     | |____________________________________- associated items in this implementation
[INFO] [stdout] ...
[INFO] [stdout] 295 |       pub fn new(id: I, tree: &'a MultiTree<'a, K>) -> Self {
[INFO] [stdout]     |              ^^^
[INFO] [stdout] ...
[INFO] [stdout] 304 |       pub fn insert(&mut self, key: I, tree: &'a MultiTree<'a, K>) {
[INFO] [stdout]     |              ^^^^^^
[INFO] [stdout] ...
[INFO] [stdout] 309 |       pub fn compute(
[INFO] [stdout]     |              ^^^^^^^
[INFO] [stdout] 
[INFO] [stdout] 
[INFO] [stdout] warning: variants `Push`, `Pull`, and `Conflict` are never constructed
[INFO] [stdout]    --> src/commit/tree.rs:366:5
[INFO] [stdout]     |
[INFO] [stdout] 360 | pub enum Operation<I, K>
[INFO] [stdout]     |          --------- variants in this enum
[INFO] [stdout] ...
[INFO] [stdout] 366 |     Push {
[INFO] [stdout]     |     ^^^^
[INFO] [stdout] ...
[INFO] [stdout] 379 |     Pull {
[INFO] [stdout]     |     ^^^^
[INFO] [stdout] ...
[INFO] [stdout] 395 |     Conflict {
[INFO] [stdout]     |     ^^^^^^^^
[INFO] [stdout]     |
[INFO] [stdout]     = note: `Operation` has a derived impl for the trait `Debug`, but this is intentionally ignored during dead code analysis
[INFO] [stdout] 
[INFO] [stdout] 
[INFO] [stdout] warning: function `encode_stream` is never used
[INFO] [stdout]   --> src/encoding/mod.rs:40:14
[INFO] [stdout]    |
[INFO] [stdout] 40 | pub async fn encode_stream<S>(
[INFO] [stdout]    |              ^^^^^^^^^^^^^
[INFO] [stdout] 
[INFO] [stdout] 
[INFO] [stdout] warning: function `decode_stream` is never used
[INFO] [stdout]   --> src/encoding/mod.rs:56:14
[INFO] [stdout]    |
[INFO] [stdout] 56 | pub async fn decode_stream<
[INFO] [stdout]    |              ^^^^^^^^^^^^^
[INFO] [stdout] 
[INFO] [stdout] 
[INFO] [stdout] warning: 7 warnings emitted
[INFO] [stdout] 
[INFO] [stdout] 
[INFO] [stderr]     Finished dev [unoptimized + debuginfo] target(s) in 37.37s
[INFO] running `Command { std: "docker" "inspect" "cfb4764654a0b1050c99a424215167f70289d89445dab80d617d75664fa0d3c7", kill_on_drop: false }`
[INFO] running `Command { std: "docker" "rm" "-f" "cfb4764654a0b1050c99a424215167f70289d89445dab80d617d75664fa0d3c7", kill_on_drop: false }`
[INFO] [stdout] cfb4764654a0b1050c99a424215167f70289d89445dab80d617d75664fa0d3c7
[INFO] running `Command { std: "docker" "create" "-v" "/var/lib/crater-agent-workspace/builds/worker-0-tc1/target:/opt/rustwide/target:rw,Z" "-v" "/var/lib/crater-agent-workspace/builds/worker-0-tc1/source:/opt/rustwide/workdir:ro,Z" "-v" "/var/lib/crater-agent-workspace/cargo-home:/opt/rustwide/cargo-home:ro,Z" "-v" "/var/lib/crater-agent-workspace/rustup-home:/opt/rustwide/rustup-home:ro,Z" "-e" "SOURCE_DIR=/opt/rustwide/workdir" "-e" "CARGO_TARGET_DIR=/opt/rustwide/target" "-e" "CARGO_INCREMENTAL=0" "-e" "RUST_BACKTRACE=full" "-e" "RUSTFLAGS=--cap-lints=warn" "-e" "RUSTDOCFLAGS=--cap-lints=warn" "-e" "CARGO_HOME=/opt/rustwide/cargo-home" "-e" "RUSTUP_HOME=/opt/rustwide/rustup-home" "-w" "/opt/rustwide/workdir" "-m" "1610612736" "--user" "0:0" "--network" "none" "ghcr.io/rust-lang/crates-build-env/linux@sha256:2788e3201cd34a07e3172128adcd8b3090168a8e3bcc40d7c032b9dda1df7d1c" "/opt/rustwide/cargo-home/bin/cargo" "+1.75.0" "test" "--frozen" "--no-run" "--message-format=json", kill_on_drop: false }`
[INFO] [stdout] 7bc776a0038da5a89c0b13eb63ee489b49bc38a0f67a961c90513e9672073fd0
[INFO] running `Command { std: "docker" "start" "-a" "7bc776a0038da5a89c0b13eb63ee489b49bc38a0f67a961c90513e9672073fd0", kill_on_drop: false }`
[INFO] [stderr]    Compiling signal-hook-registry v1.4.1
[INFO] [stderr]    Compiling socket2 v0.5.5
[INFO] [stderr]    Compiling mio v0.8.10
[INFO] [stderr]    Compiling num_cpus v1.16.0
[INFO] [stderr]    Compiling tokio-macros v2.2.0
[INFO] [stderr]    Compiling dashmap v5.5.3
[INFO] [stderr]    Compiling anyhow v1.0.79
[INFO] [stderr]    Compiling hashbrown v0.14.3
[INFO] [stderr]    Compiling serial_test_derive v2.0.0
[INFO] [stderr]    Compiling i18n-embed-fl v0.6.7
[INFO] [stderr]    Compiling tokio v1.35.1
[INFO] [stderr]    Compiling serial_test v2.0.0
[INFO] [stderr]    Compiling age v0.9.2
[INFO] [stderr]    Compiling tokio-util v0.7.10
[INFO] [stderr]    Compiling async_zip v0.0.15
[INFO] [stderr]    Compiling sos-sdk v0.7.0 (/opt/rustwide/workdir)
[INFO] [stdout] warning: use of deprecated constant `events::types::LOGIN_RESPONSE`
[INFO] [stdout]    --> src/events/types.rs:129:13
[INFO] [stdout]     |
[INFO] [stdout] 129 |             LOGIN_RESPONSE => EventKind::LoginResponse,
[INFO] [stdout]     |             ^^^^^^^^^^^^^^
[INFO] [stdout]     |
[INFO] [stdout]     = note: `#[warn(deprecated)]` on by default
[INFO] [stdout] 
[INFO] [stdout] 
[INFO] [stdout] warning: use of deprecated constant `events::types::LOGIN_RESPONSE`
[INFO] [stdout]    --> src/events/types.rs:162:41
[INFO] [stdout]     |
[INFO] [stdout] 162 |             EventKind::LoginResponse => LOGIN_RESPONSE,
[INFO] [stdout]     |                                         ^^^^^^^^^^^^^^
[INFO] [stdout] 
[INFO] [stdout] 
[INFO] [stdout] warning: use of deprecated constant `events::types::LOGIN_RESPONSE`
[INFO] [stdout]    --> src/events/types.rs:129:13
[INFO] [stdout]     |
[INFO] [stdout] 129 |             LOGIN_RESPONSE => EventKind::LoginResponse,
[INFO] [stdout]     |             ^^^^^^^^^^^^^^
[INFO] [stdout]     |
[INFO] [stdout]     = note: `#[warn(deprecated)]` on by default
[INFO] [stdout] 
[INFO] [stdout] 
[INFO] [stdout] warning: use of deprecated constant `events::types::LOGIN_RESPONSE`
[INFO] [stdout]    --> src/events/types.rs:162:41
[INFO] [stdout]     |
[INFO] [stdout] 162 |             EventKind::LoginResponse => LOGIN_RESPONSE,
[INFO] [stdout]     |                                         ^^^^^^^^^^^^^^
[INFO] [stdout] 
[INFO] [stdout] 
[INFO] [stdout] warning: variable does not need to be mutable
[INFO] [stdout]    --> src/events/log/file.rs:439:13
[INFO] [stdout]     |
[INFO] [stdout] 439 |         let mut event_log = EventLogFile::new(temp.path()).await?;
[INFO] [stdout]     |             ----^^^^^^^^^
[INFO] [stdout]     |             |
[INFO] [stdout]     |             help: remove this `mut`
[INFO] [stdout]     |
[INFO] [stdout]     = note: `#[warn(unused_mut)]` on by default
[INFO] [stdout] 
[INFO] [stdout] 
[INFO] [stdout] warning: unused variable: `vault`
[INFO] [stdout]    --> src/events/log/file.rs:514:21
[INFO] [stdout]     |
[INFO] [stdout] 514 |         let (_, mut vault, buffer) = mock_vault_file().await?;
[INFO] [stdout]     |                     ^^^^^ help: if this is intentional, prefix it with an underscore: `_vault`
[INFO] [stdout]     |
[INFO] [stdout]     = note: `#[warn(unused_variables)]` on by default
[INFO] [stdout] 
[INFO] [stdout] 
[INFO] [stdout] warning: variable does not need to be mutable
[INFO] [stdout]    --> src/events/log/file.rs:514:17
[INFO] [stdout]     |
[INFO] [stdout] 514 |         let (_, mut vault, buffer) = mock_vault_file().await?;
[INFO] [stdout]     |                 ----^^^^^
[INFO] [stdout]     |                 |
[INFO] [stdout]     |                 help: remove this `mut`
[INFO] [stdout] 
[INFO] [stdout] 
[INFO] [stdout] warning: struct `NodeTree` is never constructed
[INFO] [stdout]    --> src/commit/tree.rs:276:12
[INFO] [stdout]     |
[INFO] [stdout] 276 | pub struct NodeTree<'a, I, K>
[INFO] [stdout]     |            ^^^^^^^^
[INFO] [stdout]     |
[INFO] [stdout]     = note: `#[warn(dead_code)]` on by default
[INFO] [stdout] 
[INFO] [stdout] 
[INFO] [stdout] warning: associated items `new`, `insert`, and `compute` are never used
[INFO] [stdout]    --> src/commit/tree.rs:295:12
[INFO] [stdout]     |
[INFO] [stdout] 289 | / impl<'a, I, K> NodeTree<'a, I, K>
[INFO] [stdout] 290 | | where
[INFO] [stdout] 291 | |     I: Hash + Eq + PartialEq + Copy,
[INFO] [stdout] 292 | |     K: Hash + Eq + PartialEq + Copy,
[INFO] [stdout]     | |____________________________________- associated items in this implementation
[INFO] [stdout] ...
[INFO] [stdout] 295 |       pub fn new(id: I, tree: &'a MultiTree<'a, K>) -> Self {
[INFO] [stdout]     |              ^^^
[INFO] [stdout] ...
[INFO] [stdout] 304 |       pub fn insert(&mut self, key: I, tree: &'a MultiTree<'a, K>) {
[INFO] [stdout]     |              ^^^^^^
[INFO] [stdout] ...
[INFO] [stdout] 309 |       pub fn compute(
[INFO] [stdout]     |              ^^^^^^^
[INFO] [stdout] 
[INFO] [stdout] 
[INFO] [stdout] warning: variants `Push`, `Pull`, and `Conflict` are never constructed
[INFO] [stdout]    --> src/commit/tree.rs:366:5
[INFO] [stdout]     |
[INFO] [stdout] 360 | pub enum Operation<I, K>
[INFO] [stdout]     |          --------- variants in this enum
[INFO] [stdout] ...
[INFO] [stdout] 366 |     Push {
[INFO] [stdout]     |     ^^^^
[INFO] [stdout] ...
[INFO] [stdout] 379 |     Pull {
[INFO] [stdout]     |     ^^^^
[INFO] [stdout] ...
[INFO] [stdout] 395 |     Conflict {
[INFO] [stdout]     |     ^^^^^^^^
[INFO] [stdout]     |
[INFO] [stdout]     = note: `Operation` has a derived impl for the trait `Debug`, but this is intentionally ignored during dead code analysis
[INFO] [stdout] 
[INFO] [stdout] 
[INFO] [stdout] warning: function `encode_stream` is never used
[INFO] [stdout]   --> src/encoding/mod.rs:40:14
[INFO] [stdout]    |
[INFO] [stdout] 40 | pub async fn encode_stream<S>(
[INFO] [stdout]    |              ^^^^^^^^^^^^^
[INFO] [stdout] 
[INFO] [stdout] 
[INFO] [stdout] warning: function `decode_stream` is never used
[INFO] [stdout]   --> src/encoding/mod.rs:56:14
[INFO] [stdout]    |
[INFO] [stdout] 56 | pub async fn decode_stream<
[INFO] [stdout]    |              ^^^^^^^^^^^^^
[INFO] [stdout] 
[INFO] [stdout] 
[INFO] [stdout] warning: function `encode_stream` is never used
[INFO] [stdout]   --> src/encoding/mod.rs:40:14
[INFO] [stdout]    |
[INFO] [stdout] 40 | pub async fn encode_stream<S>(
[INFO] [stdout]    |              ^^^^^^^^^^^^^
[INFO] [stdout]    |
[INFO] [stdout]    = note: `#[warn(dead_code)]` on by default
[INFO] [stdout] 
[INFO] [stdout] 
[INFO] [stdout] warning: function `decode_stream` is never used
[INFO] [stdout]   --> src/encoding/mod.rs:56:14
[INFO] [stdout]    |
[INFO] [stdout] 56 | pub async fn decode_stream<
[INFO] [stdout]    |              ^^^^^^^^^^^^^
[INFO] [stdout] 
[INFO] [stdout] 
[INFO] [stdout] warning: 7 warnings emitted
[INFO] [stdout] 
[INFO] [stdout] 
[INFO] [stdout] warning: 7 warnings emitted
[INFO] [stdout] 
[INFO] [stdout] 
[INFO] [stderr]     Finished test [unoptimized + debuginfo] target(s) in 26.46s
[INFO] running `Command { std: "docker" "inspect" "7bc776a0038da5a89c0b13eb63ee489b49bc38a0f67a961c90513e9672073fd0", kill_on_drop: false }`
[INFO] running `Command { std: "docker" "rm" "-f" "7bc776a0038da5a89c0b13eb63ee489b49bc38a0f67a961c90513e9672073fd0", kill_on_drop: false }`
[INFO] [stdout] 7bc776a0038da5a89c0b13eb63ee489b49bc38a0f67a961c90513e9672073fd0
[INFO] running `Command { std: "docker" "create" "-v" "/var/lib/crater-agent-workspace/builds/worker-0-tc1/target:/opt/rustwide/target:rw,Z" "-v" "/var/lib/crater-agent-workspace/builds/worker-0-tc1/source:/opt/rustwide/workdir:ro,Z" "-v" "/var/lib/crater-agent-workspace/cargo-home:/opt/rustwide/cargo-home:ro,Z" "-v" "/var/lib/crater-agent-workspace/rustup-home:/opt/rustwide/rustup-home:ro,Z" "-e" "SOURCE_DIR=/opt/rustwide/workdir" "-e" "CARGO_TARGET_DIR=/opt/rustwide/target" "-e" "CARGO_INCREMENTAL=0" "-e" "RUST_BACKTRACE=full" "-e" "RUSTFLAGS=--cap-lints=warn" "-e" "RUSTDOCFLAGS=--cap-lints=warn" "-e" "CARGO_HOME=/opt/rustwide/cargo-home" "-e" "RUSTUP_HOME=/opt/rustwide/rustup-home" "-w" "/opt/rustwide/workdir" "-m" "1610612736" "--user" "0:0" "--network" "none" "ghcr.io/rust-lang/crates-build-env/linux@sha256:2788e3201cd34a07e3172128adcd8b3090168a8e3bcc40d7c032b9dda1df7d1c" "/opt/rustwide/cargo-home/bin/cargo" "+1.75.0" "test" "--frozen", kill_on_drop: false }`
[INFO] [stdout] 6c9bbc2848808f386e617756304174750ca46b0e6f6df2613471f2d8c4451e71
[INFO] running `Command { std: "docker" "start" "-a" "6c9bbc2848808f386e617756304174750ca46b0e6f6df2613471f2d8c4451e71", kill_on_drop: false }`
[INFO] [stderr] warning: use of deprecated constant `events::types::LOGIN_RESPONSE`
[INFO] [stderr]    --> src/events/types.rs:129:13
[INFO] [stderr]     |
[INFO] [stderr] 129 |             LOGIN_RESPONSE => EventKind::LoginResponse,
[INFO] [stderr]     |             ^^^^^^^^^^^^^^
[INFO] [stderr]     |
[INFO] [stderr]     = note: `#[warn(deprecated)]` on by default
[INFO] [stderr] 
[INFO] [stderr] warning: use of deprecated constant `events::types::LOGIN_RESPONSE`
[INFO] [stderr]    --> src/events/types.rs:162:41
[INFO] [stderr]     |
[INFO] [stderr] 162 |             EventKind::LoginResponse => LOGIN_RESPONSE,
[INFO] [stderr]     |                                         ^^^^^^^^^^^^^^
[INFO] [stderr] 
[INFO] [stderr] warning: struct `NodeTree` is never constructed
[INFO] [stderr]    --> src/commit/tree.rs:276:12
[INFO] [stderr]     |
[INFO] [stderr] 276 | pub struct NodeTree<'a, I, K>
[INFO] [stderr]     |            ^^^^^^^^
[INFO] [stderr]     |
[INFO] [stderr]     = note: `#[warn(dead_code)]` on by default
[INFO] [stderr] 
[INFO] [stderr] warning: associated items `new`, `insert`, and `compute` are never used
[INFO] [stderr]    --> src/commit/tree.rs:295:12
[INFO] [stderr]     |
[INFO] [stderr] 289 | / impl<'a, I, K> NodeTree<'a, I, K>
[INFO] [stderr] 290 | | where
[INFO] [stderr] 291 | |     I: Hash + Eq + PartialEq + Copy,
[INFO] [stderr] 292 | |     K: Hash + Eq + PartialEq + Copy,
[INFO] [stderr]     | |____________________________________- associated items in this implementation
[INFO] [stderr] ...
[INFO] [stderr] 295 |       pub fn new(id: I, tree: &'a MultiTree<'a, K>) -> Self {
[INFO] [stderr]     |              ^^^
[INFO] [stderr] ...
[INFO] [stderr] 304 |       pub fn insert(&mut self, key: I, tree: &'a MultiTree<'a, K>) {
[INFO] [stderr]     |              ^^^^^^
[INFO] [stderr] ...
[INFO] [stderr] 309 |       pub fn compute(
[INFO] [stderr]     |              ^^^^^^^
[INFO] [stderr] 
[INFO] [stderr] warning: variants `Push`, `Pull`, and `Conflict` are never constructed
[INFO] [stderr]    --> src/commit/tree.rs:366:5
[INFO] [stderr]     |
[INFO] [stderr] 360 | pub enum Operation<I, K>
[INFO] [stderr]     |          --------- variants in this enum
[INFO] [stderr] ...
[INFO] [stderr] 366 |     Push {
[INFO] [stderr]     |     ^^^^
[INFO] [stderr] ...
[INFO] [stderr] 379 |     Pull {
[INFO] [stderr]     |     ^^^^
[INFO] [stderr] ...
[INFO] [stderr] 395 |     Conflict {
[INFO] [stderr]     |     ^^^^^^^^
[INFO] [stderr]     |
[INFO] [stderr]     = note: `Operation` has a derived impl for the trait `Debug`, but this is intentionally ignored during dead code analysis
[INFO] [stderr] 
[INFO] [stderr] warning: function `encode_stream` is never used
[INFO] [stderr]   --> src/encoding/mod.rs:40:14
[INFO] [stderr]    |
[INFO] [stderr] 40 | pub async fn encode_stream<S>(
[INFO] [stderr]    |              ^^^^^^^^^^^^^
[INFO] [stderr] 
[INFO] [stderr] warning: function `decode_stream` is never used
[INFO] [stderr]   --> src/encoding/mod.rs:56:14
[INFO] [stderr]    |
[INFO] [stderr] 56 | pub async fn decode_stream<
[INFO] [stderr]    |              ^^^^^^^^^^^^^
[INFO] [stderr] 
[INFO] [stderr] warning: `sos-sdk` (lib) generated 7 warnings
[INFO] [stderr] warning: variable does not need to be mutable
[INFO] [stderr]    --> src/events/log/file.rs:439:13
[INFO] [stderr]     |
[INFO] [stderr] 439 |         let mut event_log = EventLogFile::new(temp.path()).await?;
[INFO] [stderr]     |             ----^^^^^^^^^
[INFO] [stderr]     |             |
[INFO] [stderr]     |             help: remove this `mut`
[INFO] [stderr]     |
[INFO] [stderr]     = note: `#[warn(unused_mut)]` on by default
[INFO] [stderr] 
[INFO] [stderr] warning: unused variable: `vault`
[INFO] [stderr]    --> src/events/log/file.rs:514:21
[INFO] [stderr]     |
[INFO] [stderr] 514 |         let (_, mut vault, buffer) = mock_vault_file().await?;
[INFO] [stderr]     |                     ^^^^^ help: if this is intentional, prefix it with an underscore: `_vault`
[INFO] [stderr]     |
[INFO] [stderr]     = note: `#[warn(unused_variables)]` on by default
[INFO] [stderr] 
[INFO] [stderr] warning: variable does not need to be mutable
[INFO] [stderr]    --> src/events/log/file.rs:514:17
[INFO] [stderr]     |
[INFO] [stderr] 514 |         let (_, mut vault, buffer) = mock_vault_file().await?;
[INFO] [stderr]     |                 ----^^^^^
[INFO] [stderr]     |                 |
[INFO] [stderr]     |                 help: remove this `mut`
[INFO] [stderr] 
[INFO] [stderr] warning: function `encode_stream` is never used
[INFO] [stderr]   --> src/encoding/mod.rs:40:14
[INFO] [stderr]    |
[INFO] [stderr] 40 | pub async fn encode_stream<S>(
[INFO] [stderr]    |              ^^^^^^^^^^^^^
[INFO] [stderr]    |
[INFO] [stderr]    = note: `#[warn(dead_code)]` on by default
[INFO] [stderr] 
[INFO] [stderr] warning: `sos-sdk` (lib test) generated 7 warnings (3 duplicates) (run `cargo fix --lib -p sos-sdk --tests` to apply 3 suggestions)
[INFO] [stderr]     Finished test [unoptimized + debuginfo] target(s) in 0.60s
[INFO] [stderr]      Running unittests src/lib.rs (/opt/rustwide/target/debug/deps/sos_sdk-bc047e7b96c0d5e0)
[INFO] [stdout] 
[INFO] [stdout] running 84 tests
[INFO] [stdout] test commit::tree::test::commit_node_pull ... ok
[INFO] [stdout] test commit::tree::test::commit_node_equal ... ok
[INFO] [stdout] test commit::tree::test::commit_node_pull_push ... ok
[INFO] [stdout] test commit::tree::test::commit_node_conflict ... ok
[INFO] [stdout] test commit::tree::test::commit_node_pull_push_conflict ... ok
[INFO] [stdout] test commit::tree::test::commit_multi_node ... ok
[INFO] [stdout] test commit::tree::test::commit_multi_ahead ... ok
[INFO] [stdout] test commit::tree::test::commit_multi_diverged ... ok
[INFO] [stdout] test commit::tree::test::commit_node_push ... ok
[INFO] [stdout] test commit::tree::test::commit_proof_relationship_equal ... ok
[INFO] [stdout] test commit::tree::test::commit_proof_relationship_ahead ... ok
[INFO] [stdout] test commit::tree::test::commit_proof_compare ... ok
[INFO] [stdout] test commit::tree::test::commit_proof_relationship_behind ... ok
[INFO] [stdout] test commit::tree::test::commit_multi_behind ... ok
[INFO] [stdout] test commit::tree::test::commit_multi_equal ... ok
[INFO] [stdout] test commit::tree::test::commit_proof_relationship_diverged ... ok
[INFO] [stdout] test crypto::cipher::xchacha20poly1305::tests::xchacha20poly1305_encrypt_decrypt ... ok
[INFO] [stdout] test crypto::cipher::aesgcm256::tests::aesgcm256_encrypt_decrypt ... ok
[INFO] [stdout] test crypto::tests::ecdsa_sign ... ok
[INFO] [stdout] test crypto::tests::ecdsa_sign_recover ... ok
[INFO] [stdout] test crypto::tests::xchacha20poly1305_encrypt_decrypt_tamper ... ok
[INFO] [stdout] test crypto::cipher::x25519::tests::x25519_encrypt_decrypt ... ok
[INFO] [stdout] test crypto::tests::xchacha20poly1305_encrypt_decrypt ... ok
[INFO] [stdout] test crypto::key_derivation::test::kdf_balloon_hash ... ok
[INFO] [stdout] test account::identity::tests::identity_not_identity_vault ... ok
[INFO] [stdout] test events::log::test::event_log_compare ... FAILED
[INFO] [stdout] test events::log::test::event_log_diff ... FAILED
[INFO] [stdout] test events::log::test::event_log_file_load ... FAILED
[INFO] [stdout] test commit::integrity::test::integrity_empty_vault ... ok
[INFO] [stdout] test crypto::key_derivation::test::kdf_argon_2_id ... ok
[INFO] [stdout] test passwd::generator::test::passgen_alphanumeric ... ok
[INFO] [stdout] test passwd::generator::test::passgen_alpha ... ok
[INFO] [stdout] test passwd::generator::test::passgen_ascii_printable ... ok
[INFO] [stdout] test passwd::generator::test::passgen_ascii_printable_long ... ok
[INFO] [stdout] test passwd::generator::test::passgen_generate ... ok
[INFO] [stdout] test passwd::generator::test::passgen_diceware ... ok
[INFO] [stdout] test passwd::generator::test::passgen_numeric ... ok
[INFO] [stdout] test events::log::file::test::event_log_last_commit ... ok
[INFO] [stdout] test events::log::reducer::test::event_log_reduce_build ... ok
[INFO] [stdout] test rpc::tests::rpc_encode ... ok
[INFO] [stdout] test search::test::search_index ... ok
[INFO] [stdout] test storage::external_files::test::file_encrypt_decrypt ... FAILED
[INFO] [stdout] test timestamp::test::timestamp_encode ... ok
[INFO] [stdout] test commit::integrity::test::integrity_event_log ... ok
[INFO] [stdout] test events::log::file::test::event_log_iter_backward ... ok
[INFO] [stdout] test commit::integrity::test::integrity_vault ... ok
[INFO] [stdout] test commit::tree::test::commit_tree_from_vault ... ok
[INFO] [stdout] test account::archive::test::archive_buffer_async ... ok
[INFO] [stdout] test vault::secret::test::secret_encode_account ... ok
[INFO] [stdout] test vault::secret::test::secret_encode_age ... ok
[INFO] [stdout] test vault::secret::test::secret_encode_bank ... ok
[INFO] [stdout] test vault::secret::test::secret_encode_card ... ok
[INFO] [stdout] test vault::secret::test::secret_encode_contact ... ok
[INFO] [stdout] test vault::secret::test::secret_encode_file ... ok
[INFO] [stdout] test vault::secret::test::secret_encode_identification ... ok
[INFO] [stdout] test vault::secret::test::secret_encode_link ... ok
[INFO] [stdout] test vault::secret::test::secret_encode_list ... ok
[INFO] [stdout] test account::identity::tests::identity_no_identity_signer ... ok
[INFO] [stdout] test vault::secret::test::secret_encode_page ... ok
[INFO] [stdout] test vault::secret::test::secret_encode_note ... ok
[INFO] [stdout] test vault::secret::test::secret_encode_password ... ok
[INFO] [stdout] test vault::secret::test::secret_encode_pem ... ok
[INFO] [stdout] test vault::secret::test::secret_encode_totp ... ok
[INFO] [stdout] test vault::secret::test::secret_encode_signer ... ok
[INFO] [stdout] test commit::tree::test::commit_proof_serde ... ok
[INFO] [stdout] test vault::secret::test::secret_encode_user_data ... ok
[INFO] [stdout] test vault::secret::test::secret_serde ... ok
[INFO] [stdout] test vault::vault::tests::vault_shared_folder_readonly ... ok
[INFO] [stdout] test vault::vault::tests::vault_shared_folder_writable ... ok
[INFO] [stdout] test events::log::file::test::event_log_iter_forward ... ok
[INFO] [stdout] test account::identity::tests::identity_create_login ... ok
[INFO] [stdout] test events::log::reducer::test::event_log_reduce_compact ... ok
[INFO] [stdout] test recovery::tests::recovery_group ... ok
[INFO] [stdout] test account::identity::tests::identity_signer_kind ... ok
[INFO] [stdout] test vault::vault::tests::vault_encode_decode_empty ... ok
[INFO] [stdout] test patch::file::test::patch_file ... ok
[INFO] [stdout] test recovery::tests::recovery_symmetric ... ok
[INFO] [stdout] test vault::file_writer::tests::vault_file_access ... ok
[INFO] [stdout] test vault::file_writer::tests::vault_file_del_splice ... ok
[INFO] [stdout] test vault::vault::tests::vault_encode_decode_secret_note ... ok
[INFO] [stdout] test vault::gatekeeper::tests::gatekeeper_secret_account ... ok
[INFO] [stdout] test vault::file_writer::tests::vault_encode_decode_row ... ok
[INFO] [stdout] test vault::gatekeeper::tests::gatekeeper_secret_note ... ok
[INFO] [stdout] test passwd::change::test::change_password ... ok
[INFO] [stdout] 
[INFO] [stdout] failures:
[INFO] [stdout] 
[INFO] [stdout] ---- events::log::test::event_log_compare stdout ----
[INFO] [stdout] Error: Read-only file system (os error 30)
[INFO] [stdout] 
[INFO] [stdout] Stack backtrace:
[INFO] [stdout]    0: anyhow::error::<impl core::convert::From<E> for anyhow::Error>::from
[INFO] [stdout]              at /opt/rustwide/cargo-home/registry/src/index.crates.io-6f17d22bba15001f/anyhow-1.0.79/src/error.rs:565:25
[INFO] [stdout]    1: <core::result::Result<T,F> as core::ops::try_trait::FromResidual<core::result::Result<core::convert::Infallible,E>>>::from_residual
[INFO] [stdout]              at /rustc/82e1608dfa6e0b5569232559e3d385fea5a93112/library/core/src/result.rs:1963:27
[INFO] [stdout]    2: sos_sdk::events::log::test::mock_event_log_server_client::{{closure}}
[INFO] [stdout]              at ./src/events/log/mod.rs:122:13
[INFO] [stdout]    3: sos_sdk::events::log::test::event_log_compare::{{closure}}::{{closure}}
[INFO] [stdout]              at ./src/events/log/mod.rs:172:71
[INFO] [stdout]    4: <core::pin::Pin<P> as core::future::future::Future>::poll
[INFO] [stdout]              at /rustc/82e1608dfa6e0b5569232559e3d385fea5a93112/library/core/src/future/future.rs:125:9
[INFO] [stdout]    5: <core::pin::Pin<P> as core::future::future::Future>::poll
[INFO] [stdout]              at /rustc/82e1608dfa6e0b5569232559e3d385fea5a93112/library/core/src/future/future.rs:125:9
[INFO] [stdout]    6: tokio::runtime::scheduler::current_thread::CoreGuard::block_on::{{closure}}::{{closure}}::{{closure}}
[INFO] [stdout]              at /opt/rustwide/cargo-home/registry/src/index.crates.io-6f17d22bba15001f/tokio-1.35.1/src/runtime/scheduler/current_thread/mod.rs:665:57
[INFO] [stdout]    7: tokio::runtime::coop::with_budget
[INFO] [stdout]              at /opt/rustwide/cargo-home/registry/src/index.crates.io-6f17d22bba15001f/tokio-1.35.1/src/runtime/coop.rs:107:5
[INFO] [stdout]    8: tokio::runtime::coop::budget
[INFO] [stdout]              at /opt/rustwide/cargo-home/registry/src/index.crates.io-6f17d22bba15001f/tokio-1.35.1/src/runtime/coop.rs:73:5
[INFO] [stdout]    9: tokio::runtime::scheduler::current_thread::CoreGuard::block_on::{{closure}}::{{closure}}
[INFO] [stdout]              at /opt/rustwide/cargo-home/registry/src/index.crates.io-6f17d22bba15001f/tokio-1.35.1/src/runtime/scheduler/current_thread/mod.rs:665:25
[INFO] [stdout]   10: tokio::runtime::scheduler::current_thread::Context::enter
[INFO] [stdout]              at /opt/rustwide/cargo-home/registry/src/index.crates.io-6f17d22bba15001f/tokio-1.35.1/src/runtime/scheduler/current_thread/mod.rs:410:19
[INFO] [stdout]   11: tokio::runtime::scheduler::current_thread::CoreGuard::block_on::{{closure}}
[INFO] [stdout]              at /opt/rustwide/cargo-home/registry/src/index.crates.io-6f17d22bba15001f/tokio-1.35.1/src/runtime/scheduler/current_thread/mod.rs:664:36
[INFO] [stdout]   12: tokio::runtime::scheduler::current_thread::CoreGuard::enter::{{closure}}
[INFO] [stdout]              at /opt/rustwide/cargo-home/registry/src/index.crates.io-6f17d22bba15001f/tokio-1.35.1/src/runtime/scheduler/current_thread/mod.rs:743:68
[INFO] [stdout]   13: tokio::runtime::context::scoped::Scoped<T>::set
[INFO] [stdout]              at /opt/rustwide/cargo-home/registry/src/index.crates.io-6f17d22bba15001f/tokio-1.35.1/src/runtime/context/scoped.rs:40:9
[INFO] [stdout]   14: tokio::runtime::context::set_scheduler::{{closure}}
[INFO] [stdout]              at /opt/rustwide/cargo-home/registry/src/index.crates.io-6f17d22bba15001f/tokio-1.35.1/src/runtime/context.rs:176:26
[INFO] [stdout]   15: std::thread::local::LocalKey<T>::try_with
[INFO] [stdout]              at /rustc/82e1608dfa6e0b5569232559e3d385fea5a93112/library/std/src/thread/local.rs:270:16
[INFO] [stdout]   16: std::thread::local::LocalKey<T>::with
[INFO] [stdout]              at /rustc/82e1608dfa6e0b5569232559e3d385fea5a93112/library/std/src/thread/local.rs:246:9
[INFO] [stdout]   17: tokio::runtime::context::set_scheduler
[INFO] [stdout]              at /opt/rustwide/cargo-home/registry/src/index.crates.io-6f17d22bba15001f/tokio-1.35.1/src/runtime/context.rs:176:9
[INFO] [stdout]   18: tokio::runtime::scheduler::current_thread::CoreGuard::enter
[INFO] [stdout]              at /opt/rustwide/cargo-home/registry/src/index.crates.io-6f17d22bba15001f/tokio-1.35.1/src/runtime/scheduler/current_thread/mod.rs:743:27
[INFO] [stdout]   19: tokio::runtime::scheduler::current_thread::CoreGuard::block_on
[INFO] [stdout]              at /opt/rustwide/cargo-home/registry/src/index.crates.io-6f17d22bba15001f/tokio-1.35.1/src/runtime/scheduler/current_thread/mod.rs:652:19
[INFO] [stdout]   20: tokio::runtime::scheduler::current_thread::CurrentThread::block_on::{{closure}}
[INFO] [stdout]              at /opt/rustwide/cargo-home/registry/src/index.crates.io-6f17d22bba15001f/tokio-1.35.1/src/runtime/scheduler/current_thread/mod.rs:175:28
[INFO] [stdout]   21: tokio::runtime::context::runtime::enter_runtime
[INFO] [stdout]              at /opt/rustwide/cargo-home/registry/src/index.crates.io-6f17d22bba15001f/tokio-1.35.1/src/runtime/context/runtime.rs:65:16
[INFO] [stdout]   22: tokio::runtime::scheduler::current_thread::CurrentThread::block_on
[INFO] [stdout]              at /opt/rustwide/cargo-home/registry/src/index.crates.io-6f17d22bba15001f/tokio-1.35.1/src/runtime/scheduler/current_thread/mod.rs:167:9
[INFO] [stdout]   23: tokio::runtime::runtime::Runtime::block_on
[INFO] [stdout]              at /opt/rustwide/cargo-home/registry/src/index.crates.io-6f17d22bba15001f/tokio-1.35.1/src/runtime/runtime.rs:348:47
[INFO] [stdout]   24: sos_sdk::events::log::test::event_log_compare::{{closure}}
[INFO] [stdout]              at ./src/events/log/mod.rs:202:9
[INFO] [stdout]   25: core::ops::function::FnOnce::call_once
[INFO] [stdout]              at /rustc/82e1608dfa6e0b5569232559e3d385fea5a93112/library/core/src/ops/function.rs:250:5
[INFO] [stdout]   26: serial_test::serial_code_lock::local_serial_core_with_return
[INFO] [stdout]              at /opt/rustwide/cargo-home/registry/src/index.crates.io-6f17d22bba15001f/serial_test-2.0.0/src/serial_code_lock.rs:15:5
[INFO] [stdout]   27: sos_sdk::events::log::test::event_log_compare
[INFO] [stdout]              at ./src/events/log/mod.rs:170:5
[INFO] [stdout]   28: sos_sdk::events::log::test::event_log_compare::{{closure}}
[INFO] [stdout]              at ./src/events/log/mod.rs:171:37
[INFO] [stdout]   29: core::ops::function::FnOnce::call_once
[INFO] [stdout]              at /rustc/82e1608dfa6e0b5569232559e3d385fea5a93112/library/core/src/ops/function.rs:250:5
[INFO] [stdout]   30: core::ops::function::FnOnce::call_once
[INFO] [stdout]              at /rustc/82e1608dfa6e0b5569232559e3d385fea5a93112/library/core/src/ops/function.rs:250:5
[INFO] [stdout]   31: test::__rust_begin_short_backtrace
[INFO] [stdout]              at /rustc/82e1608dfa6e0b5569232559e3d385fea5a93112/library/test/src/lib.rs:628:18
[INFO] [stdout]   32: test::run_test_in_process::{{closure}}
[INFO] [stdout]              at /rustc/82e1608dfa6e0b5569232559e3d385fea5a93112/library/test/src/lib.rs:651:60
[INFO] [stdout]   33: <core::panic::unwind_safe::AssertUnwindSafe<F> as core::ops::function::FnOnce<()>>::call_once
[INFO] [stdout]              at /rustc/82e1608dfa6e0b5569232559e3d385fea5a93112/library/core/src/panic/unwind_safe.rs:272:9
[INFO] [stdout]   34: std::panicking::try::do_call
[INFO] [stdout]              at /rustc/82e1608dfa6e0b5569232559e3d385fea5a93112/library/std/src/panicking.rs:552:40
[INFO] [stdout]   35: std::panicking::try
[INFO] [stdout]              at /rustc/82e1608dfa6e0b5569232559e3d385fea5a93112/library/std/src/panicking.rs:516:19
[INFO] [stdout]   36: std::panic::catch_unwind
[INFO] [stdout]              at /rustc/82e1608dfa6e0b5569232559e3d385fea5a93112/library/std/src/panic.rs:142:14
[INFO] [stdout]   37: test::run_test_in_process
[INFO] [stdout]              at /rustc/82e1608dfa6e0b5569232559e3d385fea5a93112/library/test/src/lib.rs:651:27
[INFO] [stdout]   38: test::run_test::{{closure}}
[INFO] [stdout]              at /rustc/82e1608dfa6e0b5569232559e3d385fea5a93112/library/test/src/lib.rs:574:43
[INFO] [stdout]   39: test::run_test::{{closure}}
[INFO] [stdout]              at /rustc/82e1608dfa6e0b5569232559e3d385fea5a93112/library/test/src/lib.rs:602:41
[INFO] [stdout]   40: std::sys_common::backtrace::__rust_begin_short_backtrace
[INFO] [stdout]              at /rustc/82e1608dfa6e0b5569232559e3d385fea5a93112/library/std/src/sys_common/backtrace.rs:154:18
[INFO] [stdout]   41: std::thread::Builder::spawn_unchecked_::{{closure}}::{{closure}}
[INFO] [stdout]              at /rustc/82e1608dfa6e0b5569232559e3d385fea5a93112/library/std/src/thread/mod.rs:529:17
[INFO] [stdout]   42: <core::panic::unwind_safe::AssertUnwindSafe<F> as core::ops::function::FnOnce<()>>::call_once
[INFO] [stdout]              at /rustc/82e1608dfa6e0b5569232559e3d385fea5a93112/library/core/src/panic/unwind_safe.rs:272:9
[INFO] [stdout]   43: std::panicking::try::do_call
[INFO] [stdout]              at /rustc/82e1608dfa6e0b5569232559e3d385fea5a93112/library/std/src/panicking.rs:552:40
[INFO] [stdout]   44: std::panicking::try
[INFO] [stdout]              at /rustc/82e1608dfa6e0b5569232559e3d385fea5a93112/library/std/src/panicking.rs:516:19
[INFO] [stdout]   45: std::panic::catch_unwind
[INFO] [stdout]              at /rustc/82e1608dfa6e0b5569232559e3d385fea5a93112/library/std/src/panic.rs:142:14
[INFO] [stdout]   46: std::thread::Builder::spawn_unchecked_::{{closure}}
[INFO] [stdout]              at /rustc/82e1608dfa6e0b5569232559e3d385fea5a93112/library/std/src/thread/mod.rs:528:30
[INFO] [stdout]   47: core::ops::function::FnOnce::call_once{{vtable.shim}}
[INFO] [stdout]              at /rustc/82e1608dfa6e0b5569232559e3d385fea5a93112/library/core/src/ops/function.rs:250:5
[INFO] [stdout]   48: <alloc::boxed::Box<F,A> as core::ops::function::FnOnce<Args>>::call_once
[INFO] [stdout]              at /rustc/82e1608dfa6e0b5569232559e3d385fea5a93112/library/alloc/src/boxed.rs:2007:9
[INFO] [stdout]   49: <alloc::boxed::Box<F,A> as core::ops::function::FnOnce<Args>>::call_once
[INFO] [stdout]              at /rustc/82e1608dfa6e0b5569232559e3d385fea5a93112/library/alloc/src/boxed.rs:2007:9
[INFO] [stdout]   50: std::sys::unix::thread::Thread::new::thread_start
[INFO] [stdout]              at /rustc/82e1608dfa6e0b5569232559e3d385fea5a93112/library/std/src/sys/unix/thread.rs:108:17
[INFO] [stdout]   51: <unknown>
[INFO] [stdout]   52: __clone
[INFO] [stdout] 
[INFO] [stdout] ---- events::log::test::event_log_diff stdout ----
[INFO] [stdout] Error: Read-only file system (os error 30)
[INFO] [stdout] 
[INFO] [stdout] Stack backtrace:
[INFO] [stdout]    0: anyhow::error::<impl core::convert::From<E> for anyhow::Error>::from
[INFO] [stdout]              at /opt/rustwide/cargo-home/registry/src/index.crates.io-6f17d22bba15001f/anyhow-1.0.79/src/error.rs:565:25
[INFO] [stdout]    1: <core::result::Result<T,F> as core::ops::try_trait::FromResidual<core::result::Result<core::convert::Infallible,E>>>::from_residual
[INFO] [stdout]              at /rustc/82e1608dfa6e0b5569232559e3d385fea5a93112/library/core/src/result.rs:1963:27
[INFO] [stdout]    2: sos_sdk::events::log::test::mock_event_log_server_client::{{closure}}
[INFO] [stdout]              at ./src/events/log/mod.rs:122:13
[INFO] [stdout]    3: sos_sdk::events::log::test::event_log_diff::{{closure}}::{{closure}}
[INFO] [stdout]              at ./src/events/log/mod.rs:215:71
[INFO] [stdout]    4: <core::pin::Pin<P> as core::future::future::Future>::poll
[INFO] [stdout]              at /rustc/82e1608dfa6e0b5569232559e3d385fea5a93112/library/core/src/future/future.rs:125:9
[INFO] [stdout]    5: <core::pin::Pin<P> as core::future::future::Future>::poll
[INFO] [stdout]              at /rustc/82e1608dfa6e0b5569232559e3d385fea5a93112/library/core/src/future/future.rs:125:9
[INFO] [stdout]    6: tokio::runtime::scheduler::current_thread::CoreGuard::block_on::{{closure}}::{{closure}}::{{closure}}
[INFO] [stdout]              at /opt/rustwide/cargo-home/registry/src/index.crates.io-6f17d22bba15001f/tokio-1.35.1/src/runtime/scheduler/current_thread/mod.rs:665:57
[INFO] [stdout]    7: tokio::runtime::coop::with_budget
[INFO] [stdout]              at /opt/rustwide/cargo-home/registry/src/index.crates.io-6f17d22bba15001f/tokio-1.35.1/src/runtime/coop.rs:107:5
[INFO] [stdout]    8: tokio::runtime::coop::budget
[INFO] [stdout]              at /opt/rustwide/cargo-home/registry/src/index.crates.io-6f17d22bba15001f/tokio-1.35.1/src/runtime/coop.rs:73:5
[INFO] [stdout]    9: tokio::runtime::scheduler::current_thread::CoreGuard::block_on::{{closure}}::{{closure}}
[INFO] [stdout]              at /opt/rustwide/cargo-home/registry/src/index.crates.io-6f17d22bba15001f/tokio-1.35.1/src/runtime/scheduler/current_thread/mod.rs:665:25
[INFO] [stdout]   10: tokio::runtime::scheduler::current_thread::Context::enter
[INFO] [stdout]              at /opt/rustwide/cargo-home/registry/src/index.crates.io-6f17d22bba15001f/tokio-1.35.1/src/runtime/scheduler/current_thread/mod.rs:410:19
[INFO] [stdout]   11: tokio::runtime::scheduler::current_thread::CoreGuard::block_on::{{closure}}
[INFO] [stdout]              at /opt/rustwide/cargo-home/registry/src/index.crates.io-6f17d22bba15001f/tokio-1.35.1/src/runtime/scheduler/current_thread/mod.rs:664:36
[INFO] [stdout]   12: tokio::runtime::scheduler::current_thread::CoreGuard::enter::{{closure}}
[INFO] [stdout]              at /opt/rustwide/cargo-home/registry/src/index.crates.io-6f17d22bba15001f/tokio-1.35.1/src/runtime/scheduler/current_thread/mod.rs:743:68
[INFO] [stdout]   13: tokio::runtime::context::scoped::Scoped<T>::set
[INFO] [stdout]              at /opt/rustwide/cargo-home/registry/src/index.crates.io-6f17d22bba15001f/tokio-1.35.1/src/runtime/context/scoped.rs:40:9
[INFO] [stdout]   14: tokio::runtime::context::set_scheduler::{{closure}}
[INFO] [stdout]              at /opt/rustwide/cargo-home/registry/src/index.crates.io-6f17d22bba15001f/tokio-1.35.1/src/runtime/context.rs:176:26
[INFO] [stdout]   15: std::thread::local::LocalKey<T>::try_with
[INFO] [stdout]              at /rustc/82e1608dfa6e0b5569232559e3d385fea5a93112/library/std/src/thread/local.rs:270:16
[INFO] [stdout]   16: std::thread::local::LocalKey<T>::with
[INFO] [stdout]              at /rustc/82e1608dfa6e0b5569232559e3d385fea5a93112/library/std/src/thread/local.rs:246:9
[INFO] [stdout]   17: tokio::runtime::context::set_scheduler
[INFO] [stdout]              at /opt/rustwide/cargo-home/registry/src/index.crates.io-6f17d22bba15001f/tokio-1.35.1/src/runtime/context.rs:176:9
[INFO] [stdout]   18: tokio::runtime::scheduler::current_thread::CoreGuard::enter
[INFO] [stdout]              at /opt/rustwide/cargo-home/registry/src/index.crates.io-6f17d22bba15001f/tokio-1.35.1/src/runtime/scheduler/current_thread/mod.rs:743:27
[INFO] [stdout]   19: tokio::runtime::scheduler::current_thread::CoreGuard::block_on
[INFO] [stdout]              at /opt/rustwide/cargo-home/registry/src/index.crates.io-6f17d22bba15001f/tokio-1.35.1/src/runtime/scheduler/current_thread/mod.rs:652:19
[INFO] [stdout]   20: tokio::runtime::scheduler::current_thread::CurrentThread::block_on::{{closure}}
[INFO] [stdout]              at /opt/rustwide/cargo-home/registry/src/index.crates.io-6f17d22bba15001f/tokio-1.35.1/src/runtime/scheduler/current_thread/mod.rs:175:28
[INFO] [stdout]   21: tokio::runtime::context::runtime::enter_runtime
[INFO] [stdout]              at /opt/rustwide/cargo-home/registry/src/index.crates.io-6f17d22bba15001f/tokio-1.35.1/src/runtime/context/runtime.rs:65:16
[INFO] [stdout]   22: tokio::runtime::scheduler::current_thread::CurrentThread::block_on
[INFO] [stdout]              at /opt/rustwide/cargo-home/registry/src/index.crates.io-6f17d22bba15001f/tokio-1.35.1/src/runtime/scheduler/current_thread/mod.rs:167:9
[INFO] [stdout]   23: tokio::runtime::runtime::Runtime::block_on
[INFO] [stdout]              at /opt/rustwide/cargo-home/registry/src/index.crates.io-6f17d22bba15001f/tokio-1.35.1/src/runtime/runtime.rs:348:47
[INFO] [stdout]   24: sos_sdk::events::log::test::event_log_diff::{{closure}}
[INFO] [stdout]              at ./src/events/log/mod.rs:227:9
[INFO] [stdout]   25: core::ops::function::FnOnce::call_once
[INFO] [stdout]              at /rustc/82e1608dfa6e0b5569232559e3d385fea5a93112/library/core/src/ops/function.rs:250:5
[INFO] [stdout]   26: serial_test::serial_code_lock::local_serial_core_with_return
[INFO] [stdout]              at /opt/rustwide/cargo-home/registry/src/index.crates.io-6f17d22bba15001f/serial_test-2.0.0/src/serial_code_lock.rs:15:5
[INFO] [stdout]   27: sos_sdk::events::log::test::event_log_diff
[INFO] [stdout]              at ./src/events/log/mod.rs:206:5
[INFO] [stdout]   28: sos_sdk::events::log::test::event_log_diff::{{closure}}
[INFO] [stdout]              at ./src/events/log/mod.rs:207:34
[INFO] [stdout]   29: core::ops::function::FnOnce::call_once
[INFO] [stdout]              at /rustc/82e1608dfa6e0b5569232559e3d385fea5a93112/library/core/src/ops/function.rs:250:5
[INFO] [stdout]   30: core::ops::function::FnOnce::call_once
[INFO] [stdout]              at /rustc/82e1608dfa6e0b5569232559e3d385fea5a93112/library/core/src/ops/function.rs:250:5
[INFO] [stdout]   31: test::__rust_begin_short_backtrace
[INFO] [stdout]              at /rustc/82e1608dfa6e0b5569232559e3d385fea5a93112/library/test/src/lib.rs:628:18
[INFO] [stdout]   32: test::run_test_in_process::{{closure}}
[INFO] [stdout]              at /rustc/82e1608dfa6e0b5569232559e3d385fea5a93112/library/test/src/lib.rs:651:60
[INFO] [stdout]   33: <core::panic::unwind_safe::AssertUnwindSafe<F> as core::ops::function::FnOnce<()>>::call_once
[INFO] [stdout]              at /rustc/82e1608dfa6e0b5569232559e3d385fea5a93112/library/core/src/panic/unwind_safe.rs:272:9
[INFO] [stdout]   34: std::panicking::try::do_call
[INFO] [stdout]              at /rustc/82e1608dfa6e0b5569232559e3d385fea5a93112/library/std/src/panicking.rs:552:40
[INFO] [stdout]   35: std::panicking::try
[INFO] [stdout]              at /rustc/82e1608dfa6e0b5569232559e3d385fea5a93112/library/std/src/panicking.rs:516:19
[INFO] [stdout]   36: std::panic::catch_unwind
[INFO] [stdout]              at /rustc/82e1608dfa6e0b5569232559e3d385fea5a93112/library/std/src/panic.rs:142:14
[INFO] [stdout]   37: test::run_test_in_process
[INFO] [stdout]              at /rustc/82e1608dfa6e0b5569232559e3d385fea5a93112/library/test/src/lib.rs:651:27
[INFO] [stdout]   38: test::run_test::{{closure}}
[INFO] [stdout]              at /rustc/82e1608dfa6e0b5569232559e3d385fea5a93112/library/test/src/lib.rs:574:43
[INFO] [stdout]   39: test::run_test::{{closure}}
[INFO] [stdout]              at /rustc/82e1608dfa6e0b5569232559e3d385fea5a93112/library/test/src/lib.rs:602:41
[INFO] [stdout]   40: std::sys_common::backtrace::__rust_begin_short_backtrace
[INFO] [stdout]              at /rustc/82e1608dfa6e0b5569232559e3d385fea5a93112/library/std/src/sys_common/backtrace.rs:154:18
[INFO] [stdout]   41: std::thread::Builder::spawn_unchecked_::{{closure}}::{{closure}}
[INFO] [stdout]              at /rustc/82e1608dfa6e0b5569232559e3d385fea5a93112/library/std/src/thread/mod.rs:529:17
[INFO] [stdout]   42: <core::panic::unwind_safe::AssertUnwindSafe<F> as core::ops::function::FnOnce<()>>::call_once
[INFO] [stdout]              at /rustc/82e1608dfa6e0b5569232559e3d385fea5a93112/library/core/src/panic/unwind_safe.rs:272:9
[INFO] [stdout]   43: std::panicking::try::do_call
[INFO] [stdout]              at /rustc/82e1608dfa6e0b5569232559e3d385fea5a93112/library/std/src/panicking.rs:552:40
[INFO] [stdout]   44: std::panicking::try
[INFO] [stdout]              at /rustc/82e1608dfa6e0b5569232559e3d385fea5a93112/library/std/src/panicking.rs:516:19
[INFO] [stdout]   45: std::panic::catch_unwind
[INFO] [stdout]              at /rustc/82e1608dfa6e0b5569232559e3d385fea5a93112/library/std/src/panic.rs:142:14
[INFO] [stdout]   46: std::thread::Builder::spawn_unchecked_::{{closure}}
[INFO] [stdout]              at /rustc/82e1608dfa6e0b5569232559e3d385fea5a93112/library/std/src/thread/mod.rs:528:30
[INFO] [stdout]   47: core::ops::function::FnOnce::call_once{{vtable.shim}}
[INFO] [stdout]              at /rustc/82e1608dfa6e0b5569232559e3d385fea5a93112/library/core/src/ops/function.rs:250:5
[INFO] [stdout]   48: <alloc::boxed::Box<F,A> as core::ops::function::FnOnce<Args>>::call_once
[INFO] [stdout]              at /rustc/82e1608dfa6e0b5569232559e3d385fea5a93112/library/alloc/src/boxed.rs:2007:9
[INFO] [stdout]   49: <alloc::boxed::Box<F,A> as core::ops::function::FnOnce<Args>>::call_once
[INFO] [stdout]              at /rustc/82e1608dfa6e0b5569232559e3d385fea5a93112/library/alloc/src/boxed.rs:2007:9
[INFO] [stdout]   50: std::sys::unix::thread::Thread::new::thread_start
[INFO] [stdout]              at /rustc/82e1608dfa6e0b5569232559e3d385fea5a93112/library/std/src/sys/unix/thread.rs:108:17
[INFO] [stdout]   51: <unknown>
[INFO] [stdout]   52: __clone
[INFO] [stdout] 
[INFO] [stdout] ---- events::log::test::event_log_file_load stdout ----
[INFO] [stdout] Error: No such file or directory (os error 2)
[INFO] [stdout] 
[INFO] [stdout] Stack backtrace:
[INFO] [stdout]    0: anyhow::error::<impl core::convert::From<E> for anyhow::Error>::from
[INFO] [stdout]              at /opt/rustwide/cargo-home/registry/src/index.crates.io-6f17d22bba15001f/anyhow-1.0.79/src/error.rs:565:25
[INFO] [stdout]    1: <core::result::Result<T,F> as core::ops::try_trait::FromResidual<core::result::Result<core::convert::Infallible,E>>>::from_residual
[INFO] [stdout]              at /rustc/82e1608dfa6e0b5569232559e3d385fea5a93112/library/core/src/result.rs:1963:27
[INFO] [stdout]    2: sos_sdk::events::log::test::mock_event_log_standalone::{{closure}}
[INFO] [stdout]              at ./src/events/log/mod.rs:102:26
[INFO] [stdout]    3: sos_sdk::events::log::test::event_log_file_load::{{closure}}::{{closure}}
[INFO] [stdout]              at ./src/events/log/mod.rs:258:37
[INFO] [stdout]    4: <core::pin::Pin<P> as core::future::future::Future>::poll
[INFO] [stdout]              at /rustc/82e1608dfa6e0b5569232559e3d385fea5a93112/library/core/src/future/future.rs:125:9
[INFO] [stdout]    5: <core::pin::Pin<P> as core::future::future::Future>::poll
[INFO] [stdout]              at /rustc/82e1608dfa6e0b5569232559e3d385fea5a93112/library/core/src/future/future.rs:125:9
[INFO] [stdout]    6: tokio::runtime::scheduler::current_thread::CoreGuard::block_on::{{closure}}::{{closure}}::{{closure}}
[INFO] [stdout]              at /opt/rustwide/cargo-home/registry/src/index.crates.io-6f17d22bba15001f/tokio-1.35.1/src/runtime/scheduler/current_thread/mod.rs:665:57
[INFO] [stdout]    7: tokio::runtime::coop::with_budget
[INFO] [stdout]              at /opt/rustwide/cargo-home/registry/src/index.crates.io-6f17d22bba15001f/tokio-1.35.1/src/runtime/coop.rs:107:5
[INFO] [stdout]    8: tokio::runtime::coop::budget
[INFO] [stdout]              at /opt/rustwide/cargo-home/registry/src/index.crates.io-6f17d22bba15001f/tokio-1.35.1/src/runtime/coop.rs:73:5
[INFO] [stdout]    9: tokio::runtime::scheduler::current_thread::CoreGuard::block_on::{{closure}}::{{closure}}
[INFO] [stdout]              at /opt/rustwide/cargo-home/registry/src/index.crates.io-6f17d22bba15001f/tokio-1.35.1/src/runtime/scheduler/current_thread/mod.rs:665:25
[INFO] [stdout]   10: tokio::runtime::scheduler::current_thread::Context::enter
[INFO] [stdout]              at /opt/rustwide/cargo-home/registry/src/index.crates.io-6f17d22bba15001f/tokio-1.35.1/src/runtime/scheduler/current_thread/mod.rs:410:19
[INFO] [stdout]   11: tokio::runtime::scheduler::current_thread::CoreGuard::block_on::{{closure}}
[INFO] [stdout]              at /opt/rustwide/cargo-home/registry/src/index.crates.io-6f17d22bba15001f/tokio-1.35.1/src/runtime/scheduler/current_thread/mod.rs:664:36
[INFO] [stdout]   12: tokio::runtime::scheduler::current_thread::CoreGuard::enter::{{closure}}
[INFO] [stdout]              at /opt/rustwide/cargo-home/registry/src/index.crates.io-6f17d22bba15001f/tokio-1.35.1/src/runtime/scheduler/current_thread/mod.rs:743:68
[INFO] [stdout]   13: tokio::runtime::context::scoped::Scoped<T>::set
[INFO] [stdout]              at /opt/rustwide/cargo-home/registry/src/index.crates.io-6f17d22bba15001f/tokio-1.35.1/src/runtime/context/scoped.rs:40:9
[INFO] [stdout]   14: tokio::runtime::context::set_scheduler::{{closure}}
[INFO] [stdout]              at /opt/rustwide/cargo-home/registry/src/index.crates.io-6f17d22bba15001f/tokio-1.35.1/src/runtime/context.rs:176:26
[INFO] [stdout]   15: std::thread::local::LocalKey<T>::try_with
[INFO] [stdout]              at /rustc/82e1608dfa6e0b5569232559e3d385fea5a93112/library/std/src/thread/local.rs:270:16
[INFO] [stdout]   16: std::thread::local::LocalKey<T>::with
[INFO] [stdout]              at /rustc/82e1608dfa6e0b5569232559e3d385fea5a93112/library/std/src/thread/local.rs:246:9
[INFO] [stdout]   17: tokio::runtime::context::set_scheduler
[INFO] [stdout]              at /opt/rustwide/cargo-home/registry/src/index.crates.io-6f17d22bba15001f/tokio-1.35.1/src/runtime/context.rs:176:9
[INFO] [stdout]   18: tokio::runtime::scheduler::current_thread::CoreGuard::enter
[INFO] [stdout]              at /opt/rustwide/cargo-home/registry/src/index.crates.io-6f17d22bba15001f/tokio-1.35.1/src/runtime/scheduler/current_thread/mod.rs:743:27
[INFO] [stdout]   19: tokio::runtime::scheduler::current_thread::CoreGuard::block_on
[INFO] [stdout]              at /opt/rustwide/cargo-home/registry/src/index.crates.io-6f17d22bba15001f/tokio-1.35.1/src/runtime/scheduler/current_thread/mod.rs:652:19
[INFO] [stdout]   20: tokio::runtime::scheduler::current_thread::CurrentThread::block_on::{{closure}}
[INFO] [stdout]              at /opt/rustwide/cargo-home/registry/src/index.crates.io-6f17d22bba15001f/tokio-1.35.1/src/runtime/scheduler/current_thread/mod.rs:175:28
[INFO] [stdout]   21: tokio::runtime::context::runtime::enter_runtime
[INFO] [stdout]              at /opt/rustwide/cargo-home/registry/src/index.crates.io-6f17d22bba15001f/tokio-1.35.1/src/runtime/context/runtime.rs:65:16
[INFO] [stdout]   22: tokio::runtime::scheduler::current_thread::CurrentThread::block_on
[INFO] [stdout]              at /opt/rustwide/cargo-home/registry/src/index.crates.io-6f17d22bba15001f/tokio-1.35.1/src/runtime/scheduler/current_thread/mod.rs:167:9
[INFO] [stdout]   23: tokio::runtime::runtime::Runtime::block_on
[INFO] [stdout]              at /opt/rustwide/cargo-home/registry/src/index.crates.io-6f17d22bba15001f/tokio-1.35.1/src/runtime/runtime.rs:348:47
[INFO] [stdout]   24: sos_sdk::events::log::test::event_log_file_load::{{closure}}
[INFO] [stdout]              at ./src/events/log/mod.rs:262:9
[INFO] [stdout]   25: core::ops::function::FnOnce::call_once
[INFO] [stdout]              at /rustc/82e1608dfa6e0b5569232559e3d385fea5a93112/library/core/src/ops/function.rs:250:5
[INFO] [stdout]   26: serial_test::serial_code_lock::local_serial_core_with_return
[INFO] [stdout]              at /opt/rustwide/cargo-home/registry/src/index.crates.io-6f17d22bba15001f/serial_test-2.0.0/src/serial_code_lock.rs:15:5
[INFO] [stdout]   27: sos_sdk::events::log::test::event_log_file_load
[INFO] [stdout]              at ./src/events/log/mod.rs:256:5
[INFO] [stdout]   28: sos_sdk::events::log::test::event_log_file_load::{{closure}}
[INFO] [stdout]              at ./src/events/log/mod.rs:257:39
[INFO] [stdout]   29: core::ops::function::FnOnce::call_once
[INFO] [stdout]              at /rustc/82e1608dfa6e0b5569232559e3d385fea5a93112/library/core/src/ops/function.rs:250:5
[INFO] [stdout]   30: core::ops::function::FnOnce::call_once
[INFO] [stdout]              at /rustc/82e1608dfa6e0b5569232559e3d385fea5a93112/library/core/src/ops/function.rs:250:5
[INFO] [stdout]   31: test::__rust_begin_short_backtrace
[INFO] [stdout]              at /rustc/82e1608dfa6e0b5569232559e3d385fea5a93112/library/test/src/lib.rs:628:18
[INFO] [stdout]   32: test::run_test_in_process::{{closure}}
[INFO] [stdout]              at /rustc/82e1608dfa6e0b5569232559e3d385fea5a93112/library/test/src/lib.rs:651:60
[INFO] [stdout]   33: <core::panic::unwind_safe::AssertUnwindSafe<F> as core::ops::function::FnOnce<()>>::call_once
[INFO] [stdout]              at /rustc/82e1608dfa6e0b5569232559e3d385fea5a93112/library/core/src/panic/unwind_safe.rs:272:9
[INFO] [stdout]   34: std::panicking::try::do_call
[INFO] [stdout]              at /rustc/82e1608dfa6e0b5569232559e3d385fea5a93112/library/std/src/panicking.rs:552:40
[INFO] [stdout]   35: std::panicking::try
[INFO] [stdout]              at /rustc/82e1608dfa6e0b5569232559e3d385fea5a93112/library/std/src/panicking.rs:516:19
[INFO] [stdout]   36: std::panic::catch_unwind
[INFO] [stdout]              at /rustc/82e1608dfa6e0b5569232559e3d385fea5a93112/library/std/src/panic.rs:142:14
[INFO] [stdout]   37: test::run_test_in_process
[INFO] [stdout]              at /rustc/82e1608dfa6e0b5569232559e3d385fea5a93112/library/test/src/lib.rs:651:27
[INFO] [stdout]   38: test::run_test::{{closure}}
[INFO] [stdout]              at /rustc/82e1608dfa6e0b5569232559e3d385fea5a93112/library/test/src/lib.rs:574:43
[INFO] [stdout]   39: test::run_test::{{closure}}
[INFO] [stdout]              at /rustc/82e1608dfa6e0b5569232559e3d385fea5a93112/library/test/src/lib.rs:602:41
[INFO] [stdout]   40: std::sys_common::backtrace::__rust_begin_short_backtrace
[INFO] [stdout]              at /rustc/82e1608dfa6e0b5569232559e3d385fea5a93112/library/std/src/sys_common/backtrace.rs:154:18
[INFO] [stdout]   41: std::thread::Builder::spawn_unchecked_::{{closure}}::{{closure}}
[INFO] [stdout]              at /rustc/82e1608dfa6e0b5569232559e3d385fea5a93112/library/std/src/thread/mod.rs:529:17
[INFO] [stdout]   42: <core::panic::unwind_safe::AssertUnwindSafe<F> as core::ops::function::FnOnce<()>>::call_once
[INFO] [stdout]              at /rustc/82e1608dfa6e0b5569232559e3d385fea5a93112/library/core/src/panic/unwind_safe.rs:272:9
[INFO] [stdout]   43: std::panicking::try::do_call
[INFO] [stdout]              at /rustc/82e1608dfa6e0b5569232559e3d385fea5a93112/library/std/src/panicking.rs:552:40
[INFO] [stdout]   44: std::panicking::try
[INFO] [stdout]              at /rustc/82e1608dfa6e0b5569232559e3d385fea5a93112/library/std/src/panicking.rs:516:19
[INFO] [stdout]   45: std::panic::catch_unwind
[INFO] [stdout]              at /rustc/82e1608dfa6e0b5569232559e3d385fea5a93112/library/std/src/panic.rs:142:14
[INFO] [stdout]   46: std::thread::Builder::spawn_unchecked_::{{closure}}
[INFO] [stdout]              at /rustc/82e1608dfa6e0b5569232559e3d385fea5a93112/library/std/src/thread/mod.rs:528:30
[INFO] [stdout]   47: core::ops::function::FnOnce::call_once{{vtable.shim}}
[INFO] [stdout]              at /rustc/82e1608dfa6e0b5569232559e3d385fea5a93112/library/core/src/ops/function.rs:250:5
[INFO] [stdout]   48: <alloc::boxed::Box<F,A> as core::ops::function::FnOnce<Args>>::call_once
[INFO] [stdout]              at /rustc/82e1608dfa6e0b5569232559e3d385fea5a93112/library/alloc/src/boxed.rs:2007:9
[INFO] [stdout]   49: <alloc::boxed::Box<F,A> as core::ops::function::FnOnce<Args>>::call_once
[INFO] [stdout]              at /rustc/82e1608dfa6e0b5569232559e3d385fea5a93112/library/alloc/src/boxed.rs:2007:9
[INFO] [stdout]   50: std::sys::unix::thread::Thread::new::thread_start
[INFO] [stdout]              at /rustc/82e1608dfa6e0b5569232559e3d385fea5a93112/library/std/src/sys/unix/thread.rs:108:17
[INFO] [stdout]   51: <unknown>
[INFO] [stdout]   52: __clone
[INFO] [stdout] 
[INFO] [stdout] ---- storage::external_files::test::file_encrypt_decrypt stdout ----
[INFO] [stdout] Error: Read-only file system (os error 30)
[INFO] [stdout] 
[INFO] [stdout] Stack backtrace:
[INFO] [stdout]    0: anyhow::error::<impl core::convert::From<E> for anyhow::Error>::from
[INFO] [stdout]              at /opt/rustwide/cargo-home/registry/src/index.crates.io-6f17d22bba15001f/anyhow-1.0.79/src/error.rs:565:25
[INFO] [stdout]    1: <core::result::Result<T,F> as core::ops::try_trait::FromResidual<core::result::Result<core::convert::Infallible,E>>>::from_residual
[INFO] [stdout]              at /rustc/82e1608dfa6e0b5569232559e3d385fea5a93112/library/core/src/result.rs:1963:27
[INFO] [stdout]    2: sos_sdk::storage::external_files::test::file_encrypt_decrypt::{{closure}}
[INFO] [stdout]              at ./src/storage/external_files.rs:144:9
[INFO] [stdout]    3: <core::pin::Pin<P> as core::future::future::Future>::poll
[INFO] [stdout]              at /rustc/82e1608dfa6e0b5569232559e3d385fea5a93112/library/core/src/future/future.rs:125:9
[INFO] [stdout]    4: <core::pin::Pin<P> as core::future::future::Future>::poll
[INFO] [stdout]              at /rustc/82e1608dfa6e0b5569232559e3d385fea5a93112/library/core/src/future/future.rs:125:9
[INFO] [stdout]    5: tokio::runtime::scheduler::current_thread::CoreGuard::block_on::{{closure}}::{{closure}}::{{closure}}
[INFO] [stdout]              at /opt/rustwide/cargo-home/registry/src/index.crates.io-6f17d22bba15001f/tokio-1.35.1/src/runtime/scheduler/current_thread/mod.rs:665:57
[INFO] [stdout]    6: tokio::runtime::coop::with_budget
[INFO] [stdout]              at /opt/rustwide/cargo-home/registry/src/index.crates.io-6f17d22bba15001f/tokio-1.35.1/src/runtime/coop.rs:107:5
[INFO] [stdout]    7: tokio::runtime::coop::budget
[INFO] [stdout]              at /opt/rustwide/cargo-home/registry/src/index.crates.io-6f17d22bba15001f/tokio-1.35.1/src/runtime/coop.rs:73:5
[INFO] [stdout]    8: tokio::runtime::scheduler::current_thread::CoreGuard::block_on::{{closure}}::{{closure}}
[INFO] [stdout]              at /opt/rustwide/cargo-home/registry/src/index.crates.io-6f17d22bba15001f/tokio-1.35.1/src/runtime/scheduler/current_thread/mod.rs:665:25
[INFO] [stdout]    9: tokio::runtime::scheduler::current_thread::Context::enter
[INFO] [stdout]              at /opt/rustwide/cargo-home/registry/src/index.crates.io-6f17d22bba15001f/tokio-1.35.1/src/runtime/scheduler/current_thread/mod.rs:410:19
[INFO] [stdout]   10: tokio::runtime::scheduler::current_thread::CoreGuard::block_on::{{closure}}
[INFO] [stdout]              at /opt/rustwide/cargo-home/registry/src/index.crates.io-6f17d22bba15001f/tokio-1.35.1/src/runtime/scheduler/current_thread/mod.rs:664:36
[INFO] [stdout]   11: tokio::runtime::scheduler::current_thread::CoreGuard::enter::{{closure}}
[INFO] [stdout]              at /opt/rustwide/cargo-home/registry/src/index.crates.io-6f17d22bba15001f/tokio-1.35.1/src/runtime/scheduler/current_thread/mod.rs:743:68
[INFO] [stdout]   12: tokio::runtime::context::scoped::Scoped<T>::set
[INFO] [stdout]              at /opt/rustwide/cargo-home/registry/src/index.crates.io-6f17d22bba15001f/tokio-1.35.1/src/runtime/context/scoped.rs:40:9
[INFO] [stdout]   13: tokio::runtime::context::set_scheduler::{{closure}}
[INFO] [stdout]              at /opt/rustwide/cargo-home/registry/src/index.crates.io-6f17d22bba15001f/tokio-1.35.1/src/runtime/context.rs:176:26
[INFO] [stdout]   14: std::thread::local::LocalKey<T>::try_with
[INFO] [stdout]              at /rustc/82e1608dfa6e0b5569232559e3d385fea5a93112/library/std/src/thread/local.rs:270:16
[INFO] [stdout]   15: std::thread::local::LocalKey<T>::with
[INFO] [stdout]              at /rustc/82e1608dfa6e0b5569232559e3d385fea5a93112/library/std/src/thread/local.rs:246:9
[INFO] [stdout]   16: tokio::runtime::context::set_scheduler
[INFO] [stdout]              at /opt/rustwide/cargo-home/registry/src/index.crates.io-6f17d22bba15001f/tokio-1.35.1/src/runtime/context.rs:176:9
[INFO] [stdout]   17: tokio::runtime::scheduler::current_thread::CoreGuard::enter
[INFO] [stdout]              at /opt/rustwide/cargo-home/registry/src/index.crates.io-6f17d22bba15001f/tokio-1.35.1/src/runtime/scheduler/current_thread/mod.rs:743:27
[INFO] [stdout]   18: tokio::runtime::scheduler::current_thread::CoreGuard::block_on
[INFO] [stdout]              at /opt/rustwide/cargo-home/registry/src/index.crates.io-6f17d22bba15001f/tokio-1.35.1/src/runtime/scheduler/current_thread/mod.rs:652:19
[INFO] [stdout]   19: tokio::runtime::scheduler::current_thread::CurrentThread::block_on::{{closure}}
[INFO] [stdout]              at /opt/rustwide/cargo-home/registry/src/index.crates.io-6f17d22bba15001f/tokio-1.35.1/src/runtime/scheduler/current_thread/mod.rs:175:28
[INFO] [stdout]   20: tokio::runtime::context::runtime::enter_runtime
[INFO] [stdout]              at /opt/rustwide/cargo-home/registry/src/index.crates.io-6f17d22bba15001f/tokio-1.35.1/src/runtime/context/runtime.rs:65:16
[INFO] [stdout]   21: tokio::runtime::scheduler::current_thread::CurrentThread::block_on
[INFO] [stdout]              at /opt/rustwide/cargo-home/registry/src/index.crates.io-6f17d22bba15001f/tokio-1.35.1/src/runtime/scheduler/current_thread/mod.rs:167:9
[INFO] [stdout]   22: tokio::runtime::runtime::Runtime::block_on
[INFO] [stdout]              at /opt/rustwide/cargo-home/registry/src/index.crates.io-6f17d22bba15001f/tokio-1.35.1/src/runtime/runtime.rs:348:47
[INFO] [stdout]   23: sos_sdk::storage::external_files::test::file_encrypt_decrypt
[INFO] [stdout]              at ./src/storage/external_files.rs:159:9
[INFO] [stdout]   24: sos_sdk::storage::external_files::test::file_encrypt_decrypt::{{closure}}
[INFO] [stdout]              at ./src/storage/external_files.rs:135:40
[INFO] [stdout]   25: core::ops::function::FnOnce::call_once
[INFO] [stdout]              at /rustc/82e1608dfa6e0b5569232559e3d385fea5a93112/library/core/src/ops/function.rs:250:5
[INFO] [stdout]   26: core::ops::function::FnOnce::call_once
[INFO] [stdout]              at /rustc/82e1608dfa6e0b5569232559e3d385fea5a93112/library/core/src/ops/function.rs:250:5
[INFO] [stdout]   27: test::__rust_begin_short_backtrace
[INFO] [stdout]              at /rustc/82e1608dfa6e0b5569232559e3d385fea5a93112/library/test/src/lib.rs:628:18
[INFO] [stdout]   28: test::run_test_in_process::{{closure}}
[INFO] [stdout]              at /rustc/82e1608dfa6e0b5569232559e3d385fea5a93112/library/test/src/lib.rs:651:60
[INFO] [stdout]   29: <core::panic::unwind_safe::AssertUnwindSafe<F> as core::ops::function::FnOnce<()>>::call_once
[INFO] [stdout]              at /rustc/82e1608dfa6e0b5569232559e3d385fea5a93112/library/core/src/panic/unwind_safe.rs:272:9
[INFO] [stdout]   30: std::panicking::try::do_call
[INFO] [stdout]              at /rustc/82e1608dfa6e0b5569232559e3d385fea5a93112/library/std/src/panicking.rs:552:40
[INFO] [stdout]   31: std::panicking::try
[INFO] [stdout]              at /rustc/82e1608dfa6e0b5569232559e3d385fea5a93112/library/std/src/panicking.rs:516:19
[INFO] [stdout]   32: std::panic::catch_unwind
[INFO] [stdout]              at /rustc/82e1608dfa6e0b5569232559e3d385fea5a93112/library/std/src/panic.rs:142:14
[INFO] [stdout]   33: test::run_test_in_process
[INFO] [stdout]              at /rustc/82e1608dfa6e0b5569232559e3d385fea5a93112/library/test/src/lib.rs:651:27
[INFO] [stdout]   34: test::run_test::{{closure}}
[INFO] [stdout]              at /rustc/82e1608dfa6e0b5569232559e3d385fea5a93112/library/test/src/lib.rs:574:43
[INFO] [stdout]   35: test::run_test::{{closure}}
[INFO] [stdout]              at /rustc/82e1608dfa6e0b5569232559e3d385fea5a93112/library/test/src/lib.rs:602:41
[INFO] [stdout]   36: std::sys_common::backtrace::__rust_begin_short_backtrace
[INFO] [stdout]              at /rustc/82e1608dfa6e0b5569232559e3d385fea5a93112/library/std/src/sys_common/backtrace.rs:154:18
[INFO] [stdout]   37: std::thread::Builder::spawn_unchecked_::{{closure}}::{{closure}}
[INFO] [stdout]              at /rustc/82e1608dfa6e0b5569232559e3d385fea5a93112/library/std/src/thread/mod.rs:529:17
[INFO] [stdout]   38: <core::panic::unwind_safe::AssertUnwindSafe<F> as core::ops::function::FnOnce<()>>::call_once
[INFO] [stdout]              at /rustc/82e1608dfa6e0b5569232559e3d385fea5a93112/library/core/src/panic/unwind_safe.rs:272:9
[INFO] [stdout]   39: std::panicking::try::do_call
[INFO] [stdout]              at /rustc/82e1608dfa6e0b5569232559e3d385fea5a93112/library/std/src/panicking.rs:552:40
[INFO] [stdout]   40: std::panicking::try
[INFO] [stdout]              at /rustc/82e1608dfa6e0b5569232559e3d385fea5a93112/library/std/src/panicking.rs:516:19
[INFO] [stdout]   41: std::panic::catch_unwind
[INFO] [stdout]              at /rustc/82e1608dfa6e0b5569232559e3d385fea5a93112/library/std/src/panic.rs:142:14
[INFO] [stdout]   42: std::thread::Builder::spawn_unchecked_::{{closure}}
[INFO] [stdout]              at /rustc/82e1608dfa6e0b5569232559e3d385fea5a93112/library/std/src/thread/mod.rs:528:30
[INFO] [stdout]   43: core::ops::function::FnOnce::call_once{{vtable.shim}}
[INFO] [stdout]              at /rustc/82e1608dfa6e0b5569232559e3d385fea5a93112/library/core/src/ops/function.rs:250:5
[INFO] [stdout]   44: <alloc::boxed::Box<F,A> as core::ops::function::FnOnce<Args>>::call_once
[INFO] [stdout]              at /rustc/82e1608dfa6e0b5569232559e3d385fea5a93112/library/alloc/src/boxed.rs:2007:9
[INFO] [stdout]   45: <alloc::boxed::Box<F,A> as core::ops::function::FnOnce<Args>>::call_once
[INFO] [stdout]              at /rustc/82e1608dfa6e0b5569232559e3d385fea5a93112/library/alloc/src/boxed.rs:2007:9
[INFO] [stdout]   46: std::sys::unix::thread::Thread::new::thread_start
[INFO] [stdout]              at /rustc/82e1608dfa6e0b5569232559e3d385fea5a93112/library/std/src/sys/unix/thread.rs:108:17
[INFO] [stdout]   47: <unknown>
[INFO] [stdout]   48: __clone
[INFO] [stdout] 
[INFO] [stdout] 
[INFO] [stdout] failures:
[INFO] [stdout]     events::log::test::event_log_compare
[INFO] [stdout]     events::log::test::event_log_diff
[INFO] [stdout]     events::log::test::event_log_file_load
[INFO] [stdout]     storage::external_files::test::file_encrypt_decrypt
[INFO] [stdout] 
[INFO] [stdout] test result: FAILED. 80 passed; 4 failed; 0 ignored; 0 measured; 0 filtered out; finished in 20.19s
[INFO] [stdout] 
[INFO] [stderr] error: test failed, to rerun pass `--lib`
[INFO] running `Command { std: "docker" "inspect" "6c9bbc2848808f386e617756304174750ca46b0e6f6df2613471f2d8c4451e71", kill_on_drop: false }`
[INFO] running `Command { std: "docker" "rm" "-f" "6c9bbc2848808f386e617756304174750ca46b0e6f6df2613471f2d8c4451e71", kill_on_drop: false }`
[INFO] [stdout] 6c9bbc2848808f386e617756304174750ca46b0e6f6df2613471f2d8c4451e71
[INFO] testing sos-sdk-0.7.0 against beta-2023-12-22 for beta-1.76-1
[INFO] extracting crate sos-sdk 0.7.0 into /workspace/builds/worker-0-tc2/source
[INFO] validating manifest of crates.io crate sos-sdk 0.7.0 on toolchain beta-2023-12-22
[INFO] running `Command { std: CARGO_HOME="/workspace/cargo-home" RUSTUP_HOME="/workspace/rustup-home" "/workspace/cargo-home/bin/cargo" "+beta-2023-12-22" "metadata" "--manifest-path" "Cargo.toml" "--no-deps", kill_on_drop: false }`
[INFO] started tweaking crates.io crate sos-sdk 0.7.0
[INFO] finished tweaking crates.io crate sos-sdk 0.7.0
[INFO] tweaked toml for crates.io crate sos-sdk 0.7.0 written to /workspace/builds/worker-0-tc2/source/Cargo.toml
[INFO] running `Command { std: CARGO_HOME="/workspace/cargo-home" RUSTUP_HOME="/workspace/rustup-home" "/workspace/cargo-home/bin/cargo" "+beta-2023-12-22" "generate-lockfile" "--manifest-path" "Cargo.toml", kill_on_drop: false }`
[INFO] [stderr]     Updating crates.io index
[INFO] running `Command { std: CARGO_HOME="/workspace/cargo-home" RUSTUP_HOME="/workspace/rustup-home" "/workspace/cargo-home/bin/cargo" "+beta-2023-12-22" "fetch" "--manifest-path" "Cargo.toml", kill_on_drop: false }`
[INFO] running `Command { std: "docker" "create" "-v" "/var/lib/crater-agent-workspace/builds/worker-0-tc2/target:/opt/rustwide/target:rw,Z" "-v" "/var/lib/crater-agent-workspace/builds/worker-0-tc2/source:/opt/rustwide/workdir:ro,Z" "-v" "/var/lib/crater-agent-workspace/cargo-home:/opt/rustwide/cargo-home:ro,Z" "-v" "/var/lib/crater-agent-workspace/rustup-home:/opt/rustwide/rustup-home:ro,Z" "-e" "SOURCE_DIR=/opt/rustwide/workdir" "-e" "CARGO_TARGET_DIR=/opt/rustwide/target" "-e" "CARGO_HOME=/opt/rustwide/cargo-home" "-e" "RUSTUP_HOME=/opt/rustwide/rustup-home" "-w" "/opt/rustwide/workdir" "-m" "1610612736" "--user" "0:0" "--network" "none" "ghcr.io/rust-lang/crates-build-env/linux@sha256:2788e3201cd34a07e3172128adcd8b3090168a8e3bcc40d7c032b9dda1df7d1c" "/opt/rustwide/cargo-home/bin/cargo" "+beta-2023-12-22" "metadata" "--no-deps" "--format-version=1", kill_on_drop: false }`
[INFO] [stdout] cf5d947d58fd284168fbad2e7a47d0d004452efdfac26946cc18e29c79427c2f
[INFO] running `Command { std: "docker" "start" "-a" "cf5d947d58fd284168fbad2e7a47d0d004452efdfac26946cc18e29c79427c2f", kill_on_drop: false }`
[INFO] running `Command { std: "docker" "inspect" "cf5d947d58fd284168fbad2e7a47d0d004452efdfac26946cc18e29c79427c2f", kill_on_drop: false }`
[INFO] running `Command { std: "docker" "rm" "-f" "cf5d947d58fd284168fbad2e7a47d0d004452efdfac26946cc18e29c79427c2f", kill_on_drop: false }`
[INFO] [stdout] cf5d947d58fd284168fbad2e7a47d0d004452efdfac26946cc18e29c79427c2f
[INFO] running `Command { std: "docker" "create" "-v" "/var/lib/crater-agent-workspace/builds/worker-0-tc2/target:/opt/rustwide/target:rw,Z" "-v" "/var/lib/crater-agent-workspace/builds/worker-0-tc2/source:/opt/rustwide/workdir:ro,Z" "-v" "/var/lib/crater-agent-workspace/cargo-home:/opt/rustwide/cargo-home:ro,Z" "-v" "/var/lib/crater-agent-workspace/rustup-home:/opt/rustwide/rustup-home:ro,Z" "-e" "SOURCE_DIR=/opt/rustwide/workdir" "-e" "CARGO_TARGET_DIR=/opt/rustwide/target" "-e" "CARGO_INCREMENTAL=0" "-e" "RUST_BACKTRACE=full" "-e" "RUSTFLAGS=--cap-lints=warn" "-e" "RUSTDOCFLAGS=--cap-lints=warn" "-e" "CARGO_HOME=/opt/rustwide/cargo-home" "-e" "RUSTUP_HOME=/opt/rustwide/rustup-home" "-w" "/opt/rustwide/workdir" "-m" "1610612736" "--user" "0:0" "--network" "none" "ghcr.io/rust-lang/crates-build-env/linux@sha256:2788e3201cd34a07e3172128adcd8b3090168a8e3bcc40d7c032b9dda1df7d1c" "/opt/rustwide/cargo-home/bin/cargo" "+beta-2023-12-22" "build" "--frozen" "--message-format=json", kill_on_drop: false }`
[INFO] [stdout] 0eb62b652fdd8573880bbaceb77da6f65fbc8c591b4ec1b636aac6ac198a7cc9
[INFO] running `Command { std: "docker" "start" "-a" "0eb62b652fdd8573880bbaceb77da6f65fbc8c591b4ec1b636aac6ac198a7cc9", kill_on_drop: false }`
[INFO] [stderr]    Compiling typenum v1.17.0
[INFO] [stderr]    Compiling subtle v2.5.0
[INFO] [stderr]    Compiling const-oid v0.9.6
[INFO] [stderr]    Compiling cpufeatures v0.2.12
[INFO] [stderr]    Compiling syn v1.0.109
[INFO] [stderr]    Compiling serde v1.0.194
[INFO] [stderr]    Compiling fnv v1.0.7
[INFO] [stderr]    Compiling strsim v0.10.0
[INFO] [stderr]    Compiling generic-array v0.14.7
[INFO] [stderr]    Compiling ident_case v1.0.1
[INFO] [stderr]    Compiling ppv-lite86 v0.2.17
[INFO] [stderr]    Compiling syn v2.0.48
[INFO] [stderr]    Compiling getrandom v0.2.11
[INFO] [stderr]    Compiling byteorder v1.5.0
[INFO] [stderr]    Compiling pin-project-lite v0.2.13
[INFO] [stderr]    Compiling bytes v1.5.0
[INFO] [stderr]    Compiling smallvec v1.11.2
[INFO] [stderr]    Compiling once_cell v1.19.0
[INFO] [stderr]    Compiling rustc-hash v1.1.0
[INFO] [stderr]    Compiling futures-core v0.3.30
[INFO] [stderr]    Compiling type-map v0.4.0
[INFO] [stderr]    Compiling num-traits v0.2.17
[INFO] [stderr]    Compiling rand_core v0.6.4
[INFO] [stderr]    Compiling slab v0.4.9
[INFO] [stderr]    Compiling crc32fast v1.3.2
[INFO] [stderr]    Compiling self_cell v1.0.3
[INFO] [stderr]    Compiling futures-io v0.3.30
[INFO] [stderr]    Compiling simd-adler32 v0.3.7
[INFO] [stderr]    Compiling futures-sink v0.3.30
[INFO] [stderr]    Compiling opaque-debug v0.3.0
[INFO] [stderr]    Compiling getrandom v0.1.16
[INFO] [stderr]    Compiling log v0.4.20
[INFO] [stderr]    Compiling self_cell v0.10.3
[INFO] [stderr]    Compiling adler v1.0.2
[INFO] [stderr]    Compiling rand_chacha v0.3.1
[INFO] [stderr]    Compiling winnow v0.5.32
[INFO] [stderr]    Compiling crunchy v0.2.2
[INFO] [stderr]    Compiling parking_lot_core v0.9.9
[INFO] [stderr]    Compiling miniz_oxide v0.7.1
[INFO] [stderr]    Compiling futures-channel v0.3.30
[INFO] [stderr]    Compiling ff v0.13.0
[INFO] [stderr]    Compiling lock_api v0.4.11
[INFO] [stderr]    Compiling futures-task v0.3.30
[INFO] [stderr]    Compiling base64 v0.21.5
[INFO] [stderr]    Compiling pin-utils v0.1.0
[INFO] [stderr]    Compiling proc-macro2 v0.4.30
[INFO] [stderr]    Compiling rand v0.8.5
[INFO] [stderr]    Compiling scopeguard v1.2.0
[INFO] [stderr]    Compiling rustc-hex v2.1.0
[INFO] [stderr]    Compiling base16ct v0.2.0
[INFO] [stderr]    Compiling group v0.13.0
[INFO] [stderr]    Compiling num-integer v0.1.45
[INFO] [stderr]    Compiling platforms v3.3.0
[INFO] [stderr]    Compiling flate2 v1.0.28
[INFO] [stderr]    Compiling unicode-xid v0.1.0
[INFO] [stderr]    Compiling rand_core v0.5.1
[INFO] [stderr]    Compiling rlp v0.5.2
[INFO] [stderr]    Compiling proc-macro-error-attr v1.0.4
[INFO] [stderr]    Compiling num-rational v0.4.1
[INFO] [stderr]    Compiling unicase v2.7.0
[INFO] [stderr]    Compiling curve25519-dalek v4.1.1
[INFO] [stderr]    Compiling syn v0.15.44
[INFO] [stderr]    Compiling tiny-keccak v2.0.2
[INFO] [stderr]    Compiling tinyvec_macros v0.1.1
[INFO] [stderr]    Compiling byte-slice-cast v1.2.2
[INFO] [stderr]    Compiling arrayvec v0.7.4
[INFO] [stderr]    Compiling quote v0.6.13
[INFO] [stderr]    Compiling fixed-hash v0.7.0
[INFO] [stderr]    Compiling impl-rlp v0.3.0
[INFO] [stderr]    Compiling tinyvec v1.6.0
[INFO] [stderr]    Compiling parking_lot v0.12.1
[INFO] [stderr]    Compiling fdeflate v0.3.3
[INFO] [stderr]    Compiling ahash v0.7.7
[INFO] [stderr]    Compiling proc-macro-error v1.0.4
[INFO] [stderr]    Compiling async-trait v0.1.77
[INFO] [stderr]    Compiling powerfmt v0.2.0
[INFO] [stderr]    Compiling bitflags v1.3.2
[INFO] [stderr]    Compiling arc-swap v1.6.0
[INFO] [stderr]    Compiling binary-stream v8.1.0
[INFO] [stderr]    Compiling snow v0.9.4
[INFO] [stderr]    Compiling num_threads v0.1.6
[INFO] [stderr]    Compiling unicode-bidi v0.3.14
[INFO] [stderr]    Compiling block-buffer v0.10.4
[INFO] [stderr]    Compiling crypto-common v0.1.6
[INFO] [stderr]    Compiling png v0.17.10
[INFO] [stderr]    Compiling base64ct v1.6.0
[INFO] [stderr]    Compiling digest v0.10.7
[INFO] [stderr]    Compiling bytemuck v1.14.0
[INFO] [stderr]    Compiling unicode-normalization v0.1.22
[INFO] [stderr]    Compiling beef v0.5.2
[INFO] [stderr]    Compiling regex-syntax v0.6.29
[INFO] [stderr]    Compiling bit-vec v0.6.3
[INFO] [stderr]    Compiling sha2 v0.10.8
[INFO] [stderr]    Compiling minimal-lexical v0.2.1
[INFO] [stderr]    Compiling rustix v0.38.28
[INFO] [stderr]    Compiling percent-encoding v2.3.1
[INFO] [stderr]    Compiling color_quant v1.1.0
[INFO] [stderr]    Compiling time-core v0.1.2
[INFO] [stderr]    Compiling password-hash v0.5.0
[INFO] [stderr]    Compiling rust-embed-utils v7.8.1
[INFO] [stderr]    Compiling nom v7.1.3
[INFO] [stderr]    Compiling form_urlencoded v1.2.1
[INFO] [stderr]    Compiling idna v0.5.0
[INFO] [stderr]    Compiling bit-set v0.5.3
[INFO] [stderr]    Compiling mime_guess v2.0.4
[INFO] [stderr]    Compiling rand_chacha v0.2.2
[INFO] [stderr]    Compiling dashmap v5.5.3
[INFO] [stderr]    Compiling image v0.24.7
[INFO] [stderr]    Compiling tokio v1.35.1
[INFO] [stderr]    Compiling cfg-if v0.1.10
[INFO] [stderr]    Compiling keccak v0.1.4
[INFO] [stderr]    Compiling io_tee v0.1.1
[INFO] [stderr]    Compiling bitflags v2.4.1
[INFO] [stderr]    Compiling linux-raw-sys v0.4.12
[INFO] [stderr]    Compiling cookie-factory v0.3.2
[INFO] [stderr]    Compiling qrcodegen v1.8.0
[INFO] [stderr]    Compiling base64 v0.13.1
[INFO] [stderr]    Compiling nonzero_ext v0.1.5
[INFO] [stderr]    Compiling itertools v0.10.5
[INFO] [stderr]    Compiling rand v0.7.3
[INFO] [stderr]    Compiling hashbrown v0.12.3
[INFO] [stderr]    Compiling fancy-regex v0.11.0
[INFO] [stderr]    Compiling async-compression v0.3.15
[INFO] [stderr]    Compiling http v0.2.11
[INFO] [stderr]    Compiling darling_core v0.20.3
[INFO] [stderr]    Compiling pem v2.0.1
[INFO] [stderr]    Compiling tracing-core v0.1.32
[INFO] [stderr]    Compiling qrcodegen-image v1.2.0
[INFO] [stderr]    Compiling darling_core v0.14.4
[INFO] [stderr]    Compiling darling_core v0.12.4
[INFO] [stderr]    Compiling sos-sdk v0.7.0 (/opt/rustwide/workdir)
[INFO] [stderr]    Compiling aho-corasick v0.7.20
[INFO] [stderr]    Compiling urlencoding v2.1.3
[INFO] [stderr]    Compiling fastrand v2.0.1
[INFO] [stderr]    Compiling constant_time_eq v0.2.6
[INFO] [stderr]    Compiling xdg v2.5.2
[INFO] [stderr]    Compiling base32 v0.4.0
[INFO] [stderr]    Compiling mime v0.3.17
[INFO] [stderr]    Compiling unicode-segmentation v1.10.1
[INFO] [stderr]    Compiling quick-error v2.0.1
[INFO] [stderr]    Compiling bech32 v0.9.1
[INFO] [stderr]    Compiling derivative v1.0.4
[INFO] [stderr]    Compiling app_dirs2 v2.5.5
[INFO] [stderr]    Compiling tempfile v3.9.0
[INFO] [stderr]    Compiling sanitize-filename v0.4.0
[INFO] [stderr]    Compiling filetime v0.2.23
[INFO] [stderr]    Compiling bs58 v0.4.0
[INFO] [stderr]    Compiling zeroize_derive v1.4.2
[INFO] [stderr]    Compiling serde_derive v1.0.194
[INFO] [stderr]    Compiling displaydoc v0.2.4
[INFO] [stderr]    Compiling thiserror-impl v1.0.56
[INFO] [stderr]    Compiling futures-macro v0.3.30
[INFO] [stderr]    Compiling rust-embed-impl v6.8.1
[INFO] [stderr]    Compiling impl-trait-for-tuples v0.2.2
[INFO] [stderr]    Compiling curve25519-dalek-derive v0.1.1
[INFO] [stderr]    Compiling pin-project-internal v1.1.3
[INFO] [stderr]    Compiling darling_macro v0.14.4
[INFO] [stderr]    Compiling darling_macro v0.20.3
[INFO] [stderr]    Compiling logos-derive v0.12.1
[INFO] [stderr]    Compiling darling_macro v0.12.4
[INFO] [stderr]    Compiling thiserror-impl-no-std v2.0.2
[INFO] [stderr]    Compiling darling v0.14.4
[INFO] [stderr]    Compiling darling v0.20.3
[INFO] [stderr]    Compiling zeroize v1.7.0
[INFO] [stderr]    Compiling derive_builder_core v0.12.0
[INFO] [stderr]    Compiling serde_with_macros v3.4.0
[INFO] [stderr]    Compiling darling v0.12.4
[INFO] [stderr]    Compiling tinystr v0.7.5
[INFO] [stderr]    Compiling der v0.7.8
[INFO] [stderr]    Compiling rust-embed v6.8.1
[INFO] [stderr]    Compiling derive_builder_core v0.10.2
[INFO] [stderr]    Compiling unic-langid-impl v0.9.4
[INFO] [stderr]    Compiling typed-generational-arena v0.2.5
[INFO] [stderr]    Compiling unic-langid v0.9.4
[INFO] [stderr]    Compiling futures-util v0.3.30
[INFO] [stderr]    Compiling fluent-langneg v0.13.0
[INFO] [stderr]    Compiling thiserror v1.0.56
[INFO] [stderr]    Compiling intl-memoizer v0.5.1
[INFO] [stderr]    Compiling fluent-syntax v0.11.0
[INFO] [stderr]    Compiling intl_pluralrules v7.0.2
[INFO] [stderr]    Compiling inout v0.1.3
[INFO] [stderr]    Compiling universal-hash v0.5.1
[INFO] [stderr]    Compiling cipher v0.4.4
[INFO] [stderr]    Compiling crypto-bigint v0.5.5
[INFO] [stderr]    Compiling aead v0.5.2
[INFO] [stderr]    Compiling poly1305 v0.8.0
[INFO] [stderr]    Compiling spki v0.7.3
[INFO] [stderr]    Compiling sec1 v0.7.3
[INFO] [stderr]    Compiling polyval v0.6.1
[INFO] [stderr]    Compiling hmac v0.12.1
[INFO] [stderr]    Compiling signature v2.2.0
[INFO] [stderr]    Compiling chacha20 v0.9.1
[INFO] [stderr]    Compiling hkdf v0.12.4
[INFO] [stderr]    Compiling pkcs8 v0.10.2
[INFO] [stderr]    Compiling rfc6979 v0.4.0
[INFO] [stderr]    Compiling aes v0.8.3
[INFO] [stderr]    Compiling ghash v0.5.0
[INFO] [stderr]    Compiling ctr v0.9.2
[INFO] [stderr]    Compiling blake2 v0.10.6
[INFO] [stderr]    Compiling fluent-bundle v0.15.2
[INFO] [stderr]    Compiling chacha20poly1305 v0.10.1
[INFO] [stderr]    Compiling digest v0.9.0
[INFO] [stderr]    Compiling salsa20 v0.10.2
[INFO] [stderr]    Compiling curve25519-dalek v3.2.0
[INFO] [stderr]    Compiling derive_builder_macro v0.12.0
[INFO] [stderr]    Compiling aes-gcm v0.10.3
[INFO] [stderr]    Compiling pbkdf2 v0.11.0
[INFO] [stderr]    Compiling derive_builder_macro v0.10.2
[INFO] [stderr]    Compiling pin-project v1.1.3
[INFO] [stderr]    Compiling logos v0.12.1
[INFO] [stderr]    Compiling scrypt v0.10.0
[INFO] [stderr]    Compiling ed25519 v2.2.3
[INFO] [stderr]    Compiling sha3 v0.10.8
[INFO] [stderr]    Compiling sha1 v0.10.6
[INFO] [stderr]    Compiling thiserror-no-std v2.0.2
[INFO] [stderr]    Compiling tokio-util v0.7.10
[INFO] [stderr]    Compiling fluent v0.16.0
[INFO] [stderr]    Compiling tracing-attributes v0.1.27
[INFO] [stderr]    Compiling argon2 v0.5.2
[INFO] [stderr]    Compiling rs_merkle v1.4.1
[INFO] [stderr]    Compiling probly-search v2.0.0-alpha-2
[INFO] [stderr]    Compiling async-recursion v1.0.5
[INFO] [stderr]    Compiling derive_builder v0.12.0
[INFO] [stderr]    Compiling x25519-dalek v1.1.1
[INFO] [stderr]    Compiling derive_builder v0.10.2
[INFO] [stderr]    Compiling elliptic-curve v0.13.8
[INFO] [stderr]    Compiling chbs v0.1.1
[INFO] [stderr]    Compiling balloon-hash v0.4.0
[INFO] [stderr]    Compiling ed25519-dalek v2.1.0
[INFO] [stderr]    Compiling ecdsa v0.16.9
[INFO] [stderr]    Compiling k256 v0.13.2
[INFO] [stderr]    Compiling futures-executor v0.3.30
[INFO] [stderr]    Compiling async_zip v0.0.15
[INFO] [stderr]    Compiling futures v0.3.30
[INFO] [stderr]    Compiling tracing v0.1.40
[INFO] [stderr]    Compiling hex v0.4.3
[INFO] [stderr]    Compiling parity-scale-codec v3.6.9
[INFO] [stderr]    Compiling impl-serde v0.3.2
[INFO] [stderr]    Compiling deranged v0.3.11
[INFO] [stderr]    Compiling secrecy v0.8.0
[INFO] [stderr]    Compiling uuid v1.6.1
[INFO] [stderr]    Compiling url v2.5.0
[INFO] [stderr]    Compiling uriparse v0.6.4
[INFO] [stderr]    Compiling vsss-rs v3.3.2
[INFO] [stderr]    Compiling urn v0.7.0
[INFO] [stderr]    Compiling pem v3.0.3
[INFO] [stderr]    Compiling serde_json v1.0.111
[INFO] [stderr]    Compiling serde_with v3.4.0
[INFO] [stderr]    Compiling toml_datetime v0.6.5
[INFO] [stderr]    Compiling serde_spanned v0.6.5
[INFO] [stderr]    Compiling toml v0.5.11
[INFO] [stderr]    Compiling ethbloom v0.12.1
[INFO] [stderr]    Compiling uint v0.9.5
[INFO] [stderr]    Compiling toml_edit v0.21.0
[INFO] [stderr]    Compiling age-core v0.9.0
[INFO] [stderr]    Compiling mpc-protocol v0.4.1
[INFO] [stderr]    Compiling totp-rs v5.4.0
[INFO] [stderr]    Compiling web3-address v0.6.0
[INFO] [stderr]    Compiling impl-codec v0.6.0
[INFO] [stderr]    Compiling primitive-types v0.11.1
[INFO] [stderr]    Compiling find-crate v0.6.3
[INFO] [stderr]    Compiling time v0.3.31
[INFO] [stderr]    Compiling toml v0.8.8
[INFO] [stderr]    Compiling ethereum-types v0.13.1
[INFO] [stderr]    Compiling i18n-config v0.4.6
[INFO] [stderr]    Compiling web3-signature v0.4.0
[INFO] [stderr]    Compiling vcard4 v0.4.4
[INFO] [stderr]    Compiling zxcvbn v2.2.2
[INFO] [stderr]    Compiling i18n-embed-impl v0.8.3
[INFO] [stderr]    Compiling i18n-embed v0.13.9
[INFO] [stderr]    Compiling i18n-embed-fl v0.6.7
[INFO] [stderr]    Compiling age v0.9.2
[INFO] [stdout] warning: use of deprecated constant `events::types::LOGIN_RESPONSE`
[INFO] [stdout]    --> src/events/types.rs:129:13
[INFO] [stdout]     |
[INFO] [stdout] 129 |             LOGIN_RESPONSE => EventKind::LoginResponse,
[INFO] [stdout]     |             ^^^^^^^^^^^^^^
[INFO] [stdout]     |
[INFO] [stdout]     = note: `#[warn(deprecated)]` on by default
[INFO] [stdout] 
[INFO] [stdout] 
[INFO] [stdout] warning: use of deprecated constant `events::types::LOGIN_RESPONSE`
[INFO] [stdout]    --> src/events/types.rs:162:41
[INFO] [stdout]     |
[INFO] [stdout] 162 |             EventKind::LoginResponse => LOGIN_RESPONSE,
[INFO] [stdout]     |                                         ^^^^^^^^^^^^^^
[INFO] [stdout] 
[INFO] [stdout] 
[INFO] [stdout] warning: struct `NodeTree` is never constructed
[INFO] [stdout]    --> src/commit/tree.rs:276:12
[INFO] [stdout]     |
[INFO] [stdout] 276 | pub struct NodeTree<'a, I, K>
[INFO] [stdout]     |            ^^^^^^^^
[INFO] [stdout]     |
[INFO] [stdout]     = note: `#[warn(dead_code)]` on by default
[INFO] [stdout] 
[INFO] [stdout] 
[INFO] [stdout] warning: associated items `new`, `insert`, and `compute` are never used
[INFO] [stdout]    --> src/commit/tree.rs:295:12
[INFO] [stdout]     |
[INFO] [stdout] 289 | / impl<'a, I, K> NodeTree<'a, I, K>
[INFO] [stdout] 290 | | where
[INFO] [stdout] 291 | |     I: Hash + Eq + PartialEq + Copy,
[INFO] [stdout] 292 | |     K: Hash + Eq + PartialEq + Copy,
[INFO] [stdout]     | |____________________________________- associated items in this implementation
[INFO] [stdout] ...
[INFO] [stdout] 295 |       pub fn new(id: I, tree: &'a MultiTree<'a, K>) -> Self {
[INFO] [stdout]     |              ^^^
[INFO] [stdout] ...
[INFO] [stdout] 304 |       pub fn insert(&mut self, key: I, tree: &'a MultiTree<'a, K>) {
[INFO] [stdout]     |              ^^^^^^
[INFO] [stdout] ...
[INFO] [stdout] 309 |       pub fn compute(
[INFO] [stdout]     |              ^^^^^^^
[INFO] [stdout] 
[INFO] [stdout] 
[INFO] [stdout] warning: variants `Push`, `Pull`, and `Conflict` are never constructed
[INFO] [stdout]    --> src/commit/tree.rs:366:5
[INFO] [stdout]     |
[INFO] [stdout] 360 | pub enum Operation<I, K>
[INFO] [stdout]     |          --------- variants in this enum
[INFO] [stdout] ...
[INFO] [stdout] 366 |     Push {
[INFO] [stdout]     |     ^^^^
[INFO] [stdout] ...
[INFO] [stdout] 379 |     Pull {
[INFO] [stdout]     |     ^^^^
[INFO] [stdout] ...
[INFO] [stdout] 395 |     Conflict {
[INFO] [stdout]     |     ^^^^^^^^
[INFO] [stdout]     |
[INFO] [stdout]     = note: `Operation` has a derived impl for the trait `Debug`, but this is intentionally ignored during dead code analysis
[INFO] [stdout] 
[INFO] [stdout] 
[INFO] [stdout] warning: function `encode_stream` is never used
[INFO] [stdout]   --> src/encoding/mod.rs:40:14
[INFO] [stdout]    |
[INFO] [stdout] 40 | pub async fn encode_stream<S>(
[INFO] [stdout]    |              ^^^^^^^^^^^^^
[INFO] [stdout] 
[INFO] [stdout] 
[INFO] [stdout] warning: function `decode_stream` is never used
[INFO] [stdout]   --> src/encoding/mod.rs:56:14
[INFO] [stdout]    |
[INFO] [stdout] 56 | pub async fn decode_stream<
[INFO] [stdout]    |              ^^^^^^^^^^^^^
[INFO] [stdout] 
[INFO] [stdout] 
[INFO] [stdout] warning: 7 warnings emitted
[INFO] [stdout] 
[INFO] [stdout] 
[INFO] [stderr]     Finished dev [unoptimized + debuginfo] target(s) in 49.97s
[INFO] running `Command { std: "docker" "inspect" "0eb62b652fdd8573880bbaceb77da6f65fbc8c591b4ec1b636aac6ac198a7cc9", kill_on_drop: false }`
[INFO] running `Command { std: "docker" "rm" "-f" "0eb62b652fdd8573880bbaceb77da6f65fbc8c591b4ec1b636aac6ac198a7cc9", kill_on_drop: false }`
[INFO] [stdout] 0eb62b652fdd8573880bbaceb77da6f65fbc8c591b4ec1b636aac6ac198a7cc9
[INFO] running `Command { std: "docker" "create" "-v" "/var/lib/crater-agent-workspace/builds/worker-0-tc2/target:/opt/rustwide/target:rw,Z" "-v" "/var/lib/crater-agent-workspace/builds/worker-0-tc2/source:/opt/rustwide/workdir:ro,Z" "-v" "/var/lib/crater-agent-workspace/cargo-home:/opt/rustwide/cargo-home:ro,Z" "-v" "/var/lib/crater-agent-workspace/rustup-home:/opt/rustwide/rustup-home:ro,Z" "-e" "SOURCE_DIR=/opt/rustwide/workdir" "-e" "CARGO_TARGET_DIR=/opt/rustwide/target" "-e" "CARGO_INCREMENTAL=0" "-e" "RUST_BACKTRACE=full" "-e" "RUSTFLAGS=--cap-lints=warn" "-e" "RUSTDOCFLAGS=--cap-lints=warn" "-e" "CARGO_HOME=/opt/rustwide/cargo-home" "-e" "RUSTUP_HOME=/opt/rustwide/rustup-home" "-w" "/opt/rustwide/workdir" "-m" "1610612736" "--user" "0:0" "--network" "none" "ghcr.io/rust-lang/crates-build-env/linux@sha256:2788e3201cd34a07e3172128adcd8b3090168a8e3bcc40d7c032b9dda1df7d1c" "/opt/rustwide/cargo-home/bin/cargo" "+beta-2023-12-22" "test" "--frozen" "--no-run" "--message-format=json", kill_on_drop: false }`
[INFO] [stdout] 099724a4e08597dd3a2a78ec89a70c1878db67fe0f722ba662ba0daf98cb0bc4
[INFO] running `Command { std: "docker" "start" "-a" "099724a4e08597dd3a2a78ec89a70c1878db67fe0f722ba662ba0daf98cb0bc4", kill_on_drop: false }`
[INFO] [stderr]    Compiling tokio-macros v2.2.0
[INFO] [stderr]    Compiling mio v0.8.10
[INFO] [stderr]    Compiling signal-hook-registry v1.4.1
[INFO] [stderr]    Compiling socket2 v0.5.5
[INFO] [stderr]    Compiling num_cpus v1.16.0
[INFO] [stderr]    Compiling dashmap v5.5.3
[INFO] [stderr]    Compiling hashbrown v0.14.3
[INFO] [stderr]    Compiling anyhow v1.0.79
[INFO] [stderr]    Compiling serial_test_derive v2.0.0
[INFO] [stderr]    Compiling i18n-embed-fl v0.6.7
[INFO] [stderr]    Compiling tokio v1.35.1
[INFO] [stderr]    Compiling serial_test v2.0.0
[INFO] [stderr]    Compiling age v0.9.2
[INFO] [stderr]    Compiling tokio-util v0.7.10
[INFO] [stderr]    Compiling async_zip v0.0.15
[INFO] [stderr]    Compiling sos-sdk v0.7.0 (/opt/rustwide/workdir)
[INFO] [stdout] warning: use of deprecated constant `events::types::LOGIN_RESPONSE`
[INFO] [stdout]    --> src/events/types.rs:129:13
[INFO] [stdout]     |
[INFO] [stdout] 129 |             LOGIN_RESPONSE => EventKind::LoginResponse,
[INFO] [stdout]     |             ^^^^^^^^^^^^^^
[INFO] [stdout]     |
[INFO] [stdout]     = note: `#[warn(deprecated)]` on by default
[INFO] [stdout] 
[INFO] [stdout] 
[INFO] [stdout] warning: use of deprecated constant `events::types::LOGIN_RESPONSE`
[INFO] [stdout]    --> src/events/types.rs:162:41
[INFO] [stdout]     |
[INFO] [stdout] 162 |             EventKind::LoginResponse => LOGIN_RESPONSE,
[INFO] [stdout]     |                                         ^^^^^^^^^^^^^^
[INFO] [stdout] 
[INFO] [stdout] 
[INFO] [stdout] warning: use of deprecated constant `events::types::LOGIN_RESPONSE`
[INFO] [stdout]    --> src/events/types.rs:129:13
[INFO] [stdout]     |
[INFO] [stdout] 129 |             LOGIN_RESPONSE => EventKind::LoginResponse,
[INFO] [stdout]     |             ^^^^^^^^^^^^^^
[INFO] [stdout]     |
[INFO] [stdout]     = note: `#[warn(deprecated)]` on by default
[INFO] [stdout] 
[INFO] [stdout] 
[INFO] [stdout] warning: use of deprecated constant `events::types::LOGIN_RESPONSE`
[INFO] [stdout]    --> src/events/types.rs:162:41
[INFO] [stdout]     |
[INFO] [stdout] 162 |             EventKind::LoginResponse => LOGIN_RESPONSE,
[INFO] [stdout]     |                                         ^^^^^^^^^^^^^^
[INFO] [stdout] 
[INFO] [stdout] 
[INFO] [stdout] warning: variable does not need to be mutable
[INFO] [stdout]    --> src/events/log/file.rs:439:13
[INFO] [stdout]     |
[INFO] [stdout] 439 |         let mut event_log = EventLogFile::new(temp.path()).await?;
[INFO] [stdout]     |             ----^^^^^^^^^
[INFO] [stdout]     |             |
[INFO] [stdout]     |             help: remove this `mut`
[INFO] [stdout]     |
[INFO] [stdout]     = note: `#[warn(unused_mut)]` on by default
[INFO] [stdout] 
[INFO] [stdout] 
[INFO] [stdout] warning: unused variable: `vault`
[INFO] [stdout]    --> src/events/log/file.rs:514:21
[INFO] [stdout]     |
[INFO] [stdout] 514 |         let (_, mut vault, buffer) = mock_vault_file().await?;
[INFO] [stdout]     |                     ^^^^^ help: if this is intentional, prefix it with an underscore: `_vault`
[INFO] [stdout]     |
[INFO] [stdout]     = note: `#[warn(unused_variables)]` on by default
[INFO] [stdout] 
[INFO] [stdout] 
[INFO] [stdout] warning: variable does not need to be mutable
[INFO] [stdout]    --> src/events/log/file.rs:514:17
[INFO] [stdout]     |
[INFO] [stdout] 514 |         let (_, mut vault, buffer) = mock_vault_file().await?;
[INFO] [stdout]     |                 ----^^^^^
[INFO] [stdout]     |                 |
[INFO] [stdout]     |                 help: remove this `mut`
[INFO] [stdout] 
[INFO] [stdout] 
[INFO] [stdout] warning: struct `NodeTree` is never constructed
[INFO] [stdout]    --> src/commit/tree.rs:276:12
[INFO] [stdout]     |
[INFO] [stdout] 276 | pub struct NodeTree<'a, I, K>
[INFO] [stdout]     |            ^^^^^^^^
[INFO] [stdout]     |
[INFO] [stdout]     = note: `#[warn(dead_code)]` on by default
[INFO] [stdout] 
[INFO] [stdout] 
[INFO] [stdout] warning: associated items `new`, `insert`, and `compute` are never used
[INFO] [stdout]    --> src/commit/tree.rs:295:12
[INFO] [stdout]     |
[INFO] [stdout] 289 | / impl<'a, I, K> NodeTree<'a, I, K>
[INFO] [stdout] 290 | | where
[INFO] [stdout] 291 | |     I: Hash + Eq + PartialEq + Copy,
[INFO] [stdout] 292 | |     K: Hash + Eq + PartialEq + Copy,
[INFO] [stdout]     | |____________________________________- associated items in this implementation
[INFO] [stdout] ...
[INFO] [stdout] 295 |       pub fn new(id: I, tree: &'a MultiTree<'a, K>) -> Self {
[INFO] [stdout]     |              ^^^
[INFO] [stdout] ...
[INFO] [stdout] 304 |       pub fn insert(&mut self, key: I, tree: &'a MultiTree<'a, K>) {
[INFO] [stdout]     |              ^^^^^^
[INFO] [stdout] ...
[INFO] [stdout] 309 |       pub fn compute(
[INFO] [stdout]     |              ^^^^^^^
[INFO] [stdout] 
[INFO] [stdout] 
[INFO] [stdout] warning: variants `Push`, `Pull`, and `Conflict` are never constructed
[INFO] [stdout]    --> src/commit/tree.rs:366:5
[INFO] [stdout]     |
[INFO] [stdout] 360 | pub enum Operation<I, K>
[INFO] [stdout]     |          --------- variants in this enum
[INFO] [stdout] ...
[INFO] [stdout] 366 |     Push {
[INFO] [stdout]     |     ^^^^
[INFO] [stdout] ...
[INFO] [stdout] 379 |     Pull {
[INFO] [stdout]     |     ^^^^
[INFO] [stdout] ...
[INFO] [stdout] 395 |     Conflict {
[INFO] [stdout]     |     ^^^^^^^^
[INFO] [stdout]     |
[INFO] [stdout]     = note: `Operation` has a derived impl for the trait `Debug`, but this is intentionally ignored during dead code analysis
[INFO] [stdout] 
[INFO] [stdout] 
[INFO] [stdout] warning: function `encode_stream` is never used
[INFO] [stdout]   --> src/encoding/mod.rs:40:14
[INFO] [stdout]    |
[INFO] [stdout] 40 | pub async fn encode_stream<S>(
[INFO] [stdout]    |              ^^^^^^^^^^^^^
[INFO] [stdout] 
[INFO] [stdout] 
[INFO] [stdout] warning: function `decode_stream` is never used
[INFO] [stdout]   --> src/encoding/mod.rs:56:14
[INFO] [stdout]    |
[INFO] [stdout] 56 | pub async fn decode_stream<
[INFO] [stdout]    |              ^^^^^^^^^^^^^
[INFO] [stdout] 
[INFO] [stdout] 
[INFO] [stdout] warning: function `encode_stream` is never used
[INFO] [stdout]   --> src/encoding/mod.rs:40:14
[INFO] [stdout]    |
[INFO] [stdout] 40 | pub async fn encode_stream<S>(
[INFO] [stdout]    |              ^^^^^^^^^^^^^
[INFO] [stdout]    |
[INFO] [stdout]    = note: `#[warn(dead_code)]` on by default
[INFO] [stdout] 
[INFO] [stdout] 
[INFO] [stdout] warning: function `decode_stream` is never used
[INFO] [stdout]   --> src/encoding/mod.rs:56:14
[INFO] [stdout]    |
[INFO] [stdout] 56 | pub async fn decode_stream<
[INFO] [stdout]    |              ^^^^^^^^^^^^^
[INFO] [stdout] 
[INFO] [stdout] 
[INFO] [stderr] error: could not compile `sos-sdk` (lib test); 7 warnings emitted
[INFO] [stderr] 
[INFO] [stderr] Caused by:
[INFO] [stderr]   process didn't exit successfully: `/opt/rustwide/rustup-home/toolchains/beta-2023-12-22-x86_64-unknown-linux-gnu/bin/rustc --crate-name sos_sdk --edition=2021 src/lib.rs --error-format=json --json=diagnostic-rendered-ansi,artifacts,future-incompat --emit=dep-info,link -C embed-bitcode=no -C debuginfo=2 --test --cfg 'feature="default"' --cfg 'feature="recovery"' -C metadata=88eab968f309e545 -C extra-filename=-88eab968f309e545 --out-dir /opt/rustwide/target/debug/deps -L dependency=/opt/rustwide/target/debug/deps --extern aes_gcm=/opt/rustwide/target/debug/deps/libaes_gcm-d32d6a3761f6a05f.rlib --extern age=/opt/rustwide/target/debug/deps/libage-d6260a622d073cf3.rlib --extern anyhow=/opt/rustwide/target/debug/deps/libanyhow-5d20277346359413.rlib --extern app_dirs2=/opt/rustwide/target/debug/deps/libapp_dirs2-f8b8f6d1df3bdd4a.rlib --extern argon2=/opt/rustwide/target/debug/deps/libargon2-95062a8f88fa2e5b.rlib --extern async_recursion=/opt/rustwide/target/debug/deps/libasync_recursion-8a746432e83d8734.so --extern async_trait=/opt/rustwide/target/debug/deps/libasync_trait-dbc0c96de77f4adb.so --extern async_zip=/opt/rustwide/target/debug/deps/libasync_zip-10947c822a5e5bf2.rlib --extern balloon_hash=/opt/rustwide/target/debug/deps/libballoon_hash-b693a363c95b83ab.rlib --extern binary_stream=/opt/rustwide/target/debug/deps/libbinary_stream-bb40e2f107b930bb.rlib --extern bitflags=/opt/rustwide/target/debug/deps/libbitflags-85e13ed1e0c6d910.rlib --extern bs58=/opt/rustwide/target/debug/deps/libbs58-5df4082cdc088375.rlib --extern chacha20poly1305=/opt/rustwide/target/debug/deps/libchacha20poly1305-d4600ae37717bb3f.rlib --extern chbs=/opt/rustwide/target/debug/deps/libchbs-589eb0f4b8f85d56.rlib --extern ed25519_dalek=/opt/rustwide/target/debug/deps/libed25519_dalek-e5e7f36220856a77.rlib --extern filetime=/opt/rustwide/target/debug/deps/libfiletime-aaa3eaeaaa188332.rlib --extern futures=/opt/rustwide/target/debug/deps/libfutures-02d3b49ccc382314.rlib --extern futures_util=/opt/rustwide/target/debug/deps/libfutures_util-9bb933fde9740a09.rlib --extern hex=/opt/rustwide/target/debug/deps/libhex-fb111661699809d6.rlib --extern http=/opt/rustwide/target/debug/deps/libhttp-fc2ed756fd650dd3.rlib --extern k256=/opt/rustwide/target/debug/deps/libk256-1781a7cd89474e45.rlib --extern log=/opt/rustwide/target/debug/deps/liblog-8188d82fb061445d.rlib --extern mime_guess=/opt/rustwide/target/debug/deps/libmime_guess-8f52b5360560672e.rlib --extern mpc_protocol=/opt/rustwide/target/debug/deps/libmpc_protocol-dc3ac37c555ae7e2.rlib --extern once_cell=/opt/rustwide/target/debug/deps/libonce_cell-334d739f4e3a4961.rlib --extern parking_lot=/opt/rustwide/target/debug/deps/libparking_lot-5eadde6981010bf4.rlib --extern pem=/opt/rustwide/target/debug/deps/libpem-33495719c2d304f7.rlib --extern probly_search=/opt/rustwide/target/debug/deps/libprobly_search-a48766850e1781a7.rlib --extern rand=/opt/rustwide/target/debug/deps/librand-868db20a6df10241.rlib --extern rs_merkle=/opt/rustwide/target/debug/deps/librs_merkle-7e7f6c8990065023.rlib --extern sanitize_filename=/opt/rustwide/target/debug/deps/libsanitize_filename-1f3010eadc15bb98.rlib --extern secrecy=/opt/rustwide/target/debug/deps/libsecrecy-893deaf541b46679.rlib --extern serde=/opt/rustwide/target/debug/deps/libserde-b8a04f47dfa690bf.rlib --extern serde_json=/opt/rustwide/target/debug/deps/libserde_json-ca01db6c3c9d3334.rlib --extern serde_with=/opt/rustwide/target/debug/deps/libserde_with-39df27b1bbfb7a12.rlib --extern serial_test=/opt/rustwide/target/debug/deps/libserial_test-a97f55529b7e0e6b.rlib --extern sha1=/opt/rustwide/target/debug/deps/libsha1-7f628160f60b25f4.rlib --extern sha2=/opt/rustwide/target/debug/deps/libsha2-3534d8308facf164.rlib --extern sha3=/opt/rustwide/target/debug/deps/libsha3-e3be721f669f1e0f.rlib --extern subtle=/opt/rustwide/target/debug/deps/libsubtle-9661d666e57a3e95.rlib --extern tempfile=/opt/rustwide/target/debug/deps/libtempfile-3c92f0bdabe20a70.rlib --extern thiserror=/opt/rustwide/target/debug/deps/libthiserror-9e92442654f9ad90.rlib --extern time=/opt/rustwide/target/debug/deps/libtime-1ee2df57f9335d28.rlib --extern tokio=/opt/rustwide/target/debug/deps/libtokio-b96807e0cccaf039.rlib --extern tokio_util=/opt/rustwide/target/debug/deps/libtokio_util-254ba89f274ad213.rlib --extern totp_rs=/opt/rustwide/target/debug/deps/libtotp_rs-4d7ab2c4e45dfef6.rlib --extern tracing=/opt/rustwide/target/debug/deps/libtracing-791c217293cef961.rlib --extern unicode_segmentation=/opt/rustwide/target/debug/deps/libunicode_segmentation-1b0bb2e943ab19f2.rlib --extern url=/opt/rustwide/target/debug/deps/liburl-b0f2e905768df115.rlib --extern urn=/opt/rustwide/target/debug/deps/liburn-6d8575e3c9c7de17.rlib --extern uuid=/opt/rustwide/target/debug/deps/libuuid-eba4688cc5c37169.rlib --extern vcard4=/opt/rustwide/target/debug/deps/libvcard4-f8755c838e27d262.rlib --extern vsss_rs=/opt/rustwide/target/debug/deps/libvsss_rs-ce76b1322a89901d.rlib --extern walkdir=/opt/rustwide/target/debug/deps/libwalkdir-55706bb0eac46bcc.rlib --extern web3_address=/opt/rustwide/target/debug/deps/libweb3_address-4668e09e6bbf6c58.rlib --extern web3_signature=/opt/rustwide/target/debug/deps/libweb3_signature-cb0d38ef73f77d85.rlib --extern zeroize=/opt/rustwide/target/debug/deps/libzeroize-8e391aa63b696e1c.rlib --extern zxcvbn=/opt/rustwide/target/debug/deps/libzxcvbn-f734b0d2c9a9bab0.rlib --cap-lints=warn --cfg CHANNEL_BETA` (signal: 9, SIGKILL: kill)
[INFO] [stderr] warning: build failed, waiting for other jobs to finish...
[INFO] [stdout] warning: 7 warnings emitted
[INFO] [stdout] 
[INFO] [stdout] 
[INFO] running `Command { std: "docker" "inspect" "099724a4e08597dd3a2a78ec89a70c1878db67fe0f722ba662ba0daf98cb0bc4", kill_on_drop: false }`
[INFO] running `Command { std: "docker" "rm" "-f" "099724a4e08597dd3a2a78ec89a70c1878db67fe0f722ba662ba0daf98cb0bc4", kill_on_drop: false }`
[INFO] [stdout] 099724a4e08597dd3a2a78ec89a70c1878db67fe0f722ba662ba0daf98cb0bc4
