[INFO] fetching crate quic-p2p 0.7.1...
[INFO] testing quic-p2p-0.7.1 against 1.75.0 for beta-1.76-1
[INFO] extracting crate quic-p2p 0.7.1 into /workspace/builds/worker-0-tc1/source
[INFO] validating manifest of crates.io crate quic-p2p 0.7.1 on toolchain 1.75.0
[INFO] running `Command { std: CARGO_HOME="/workspace/cargo-home" RUSTUP_HOME="/workspace/rustup-home" "/workspace/cargo-home/bin/cargo" "+1.75.0" "metadata" "--manifest-path" "Cargo.toml" "--no-deps", kill_on_drop: false }`
[INFO] started tweaking crates.io crate quic-p2p 0.7.1
[INFO] finished tweaking crates.io crate quic-p2p 0.7.1
[INFO] tweaked toml for crates.io crate quic-p2p 0.7.1 written to /workspace/builds/worker-0-tc1/source/Cargo.toml
[INFO] crate crates.io crate quic-p2p 0.7.1 already has a lockfile, it will not be regenerated
[INFO] running `Command { std: CARGO_HOME="/workspace/cargo-home" RUSTUP_HOME="/workspace/rustup-home" "/workspace/cargo-home/bin/cargo" "+1.75.0" "fetch" "--manifest-path" "Cargo.toml", kill_on_drop: false }`
[INFO] [stderr]     Updating crates.io index
[INFO] [stderr]  Downloading crates ...
[INFO] [stderr]   Downloaded xmltree v0.10.1
[INFO] [stderr]   Downloaded futures-io v0.3.6
[INFO] [stderr]   Downloaded sharded-slab v0.0.9
[INFO] [stderr]   Downloaded unwrap v1.2.1
[INFO] [stderr]   Downloaded futures-executor v0.3.6
[INFO] [stderr]   Downloaded futures-sink v0.3.6
[INFO] [stderr]   Downloaded directories v1.0.2
[INFO] [stderr]   Downloaded rustversion v1.0.3
[INFO] [stderr]   Downloaded futures-task v0.3.6
[INFO] [stderr]   Downloaded futures-macro v0.3.6
[INFO] [stderr]   Downloaded futures v0.3.6
[INFO] [stderr]   Downloaded futures-util v0.3.6
[INFO] [stderr]   Downloaded tokio v0.2.22
[INFO] [stderr]   Downloaded syn v1.0.46
[INFO] [stderr]   Downloaded quinn-proto v0.6.1
[INFO] [stderr]   Downloaded backtrace v0.3.53
[INFO] [stderr]   Downloaded yasna v0.3.2
[INFO] [stderr]   Downloaded rustyline v4.1.0
[INFO] [stderr]   Downloaded tracing-subscriber v0.2.13
[INFO] [stderr]   Downloaded h2 v0.2.6
[INFO] [stderr]   Downloaded hyper v0.13.8
[INFO] [stderr]   Downloaded addr2line v0.13.0
[INFO] [stderr]   Downloaded rcgen v0.7.0
[INFO] [stderr]   Downloaded attohttpc v0.10.1
[INFO] [stderr]   Downloaded proc-macro-hack v0.5.18
[INFO] [stderr]   Downloaded utf8parse v0.1.1
[INFO] [stderr]   Downloaded futures-channel v0.3.6
[INFO] [stderr]   Downloaded pem v0.6.1
[INFO] [stderr]   Downloaded once_cell v1.4.1
[INFO] [stderr]   Downloaded futures-core v0.3.6
[INFO] [stderr]   Downloaded quinn v0.6.1
[INFO] [stderr]   Downloaded igd v0.10.2
[INFO] running `Command { std: "docker" "create" "-v" "/var/lib/crater-agent-workspace/builds/worker-0-tc1/target:/opt/rustwide/target:rw,Z" "-v" "/var/lib/crater-agent-workspace/builds/worker-0-tc1/source:/opt/rustwide/workdir:ro,Z" "-v" "/var/lib/crater-agent-workspace/cargo-home:/opt/rustwide/cargo-home:ro,Z" "-v" "/var/lib/crater-agent-workspace/rustup-home:/opt/rustwide/rustup-home:ro,Z" "-e" "SOURCE_DIR=/opt/rustwide/workdir" "-e" "CARGO_TARGET_DIR=/opt/rustwide/target" "-e" "CARGO_HOME=/opt/rustwide/cargo-home" "-e" "RUSTUP_HOME=/opt/rustwide/rustup-home" "-w" "/opt/rustwide/workdir" "-m" "1610612736" "--user" "0:0" "--network" "none" "ghcr.io/rust-lang/crates-build-env/linux@sha256:2788e3201cd34a07e3172128adcd8b3090168a8e3bcc40d7c032b9dda1df7d1c" "/opt/rustwide/cargo-home/bin/cargo" "+1.75.0" "metadata" "--no-deps" "--format-version=1", kill_on_drop: false }`
[INFO] [stdout] d72416b0f96db5b1aa17b751d68142d1906b673efa2dd3ebb641b31790df63a3
[INFO] running `Command { std: "docker" "start" "-a" "d72416b0f96db5b1aa17b751d68142d1906b673efa2dd3ebb641b31790df63a3", kill_on_drop: false }`
[INFO] running `Command { std: "docker" "inspect" "d72416b0f96db5b1aa17b751d68142d1906b673efa2dd3ebb641b31790df63a3", kill_on_drop: false }`
[INFO] running `Command { std: "docker" "rm" "-f" "d72416b0f96db5b1aa17b751d68142d1906b673efa2dd3ebb641b31790df63a3", kill_on_drop: false }`
[INFO] [stdout] d72416b0f96db5b1aa17b751d68142d1906b673efa2dd3ebb641b31790df63a3
[INFO] running `Command { std: "docker" "create" "-v" "/var/lib/crater-agent-workspace/builds/worker-0-tc1/target:/opt/rustwide/target:rw,Z" "-v" "/var/lib/crater-agent-workspace/builds/worker-0-tc1/source:/opt/rustwide/workdir:ro,Z" "-v" "/var/lib/crater-agent-workspace/cargo-home:/opt/rustwide/cargo-home:ro,Z" "-v" "/var/lib/crater-agent-workspace/rustup-home:/opt/rustwide/rustup-home:ro,Z" "-e" "SOURCE_DIR=/opt/rustwide/workdir" "-e" "CARGO_TARGET_DIR=/opt/rustwide/target" "-e" "CARGO_INCREMENTAL=0" "-e" "RUST_BACKTRACE=full" "-e" "RUSTFLAGS=--cap-lints=warn" "-e" "RUSTDOCFLAGS=--cap-lints=warn" "-e" "CARGO_HOME=/opt/rustwide/cargo-home" "-e" "RUSTUP_HOME=/opt/rustwide/rustup-home" "-w" "/opt/rustwide/workdir" "-m" "1610612736" "--user" "0:0" "--network" "none" "ghcr.io/rust-lang/crates-build-env/linux@sha256:2788e3201cd34a07e3172128adcd8b3090168a8e3bcc40d7c032b9dda1df7d1c" "/opt/rustwide/cargo-home/bin/cargo" "+1.75.0" "build" "--frozen" "--message-format=json", kill_on_drop: false }`
[INFO] [stdout] d36fe7aa8d0a7c6c8760c83a013dbcf944db8b96b4ac9b652e09b659b8eb618f
[INFO] running `Command { std: "docker" "start" "-a" "d36fe7aa8d0a7c6c8760c83a013dbcf944db8b96b4ac9b652e09b659b8eb618f", kill_on_drop: false }`
[INFO] [stderr]    Compiling proc-macro2 v1.0.24
[INFO] [stderr]    Compiling unicode-xid v0.2.1
[INFO] [stderr]    Compiling syn v1.0.46
[INFO] [stderr]    Compiling libc v0.2.79
[INFO] [stderr]    Compiling autocfg v1.0.1
[INFO] [stderr]    Compiling cfg-if v0.1.10
[INFO] [stderr]    Compiling once_cell v1.4.1
[INFO] [stderr]    Compiling memchr v2.3.3
[INFO] [stderr]    Compiling serde_derive v1.0.117
[INFO] [stderr]    Compiling cc v1.0.61
[INFO] [stderr]    Compiling version_check v0.9.2
[INFO] [stderr]    Compiling serde v1.0.117
[INFO] [stderr]    Compiling getrandom v0.1.15
[INFO] [stderr]    Compiling log v0.4.11
[INFO] [stderr]    Compiling pin-project-internal v0.4.27
[INFO] [stderr]    Compiling rustversion v1.0.3
[INFO] [stderr]    Compiling proc-macro-error-attr v1.0.4
[INFO] [stderr]    Compiling miniz_oxide v0.4.3
[INFO] [stderr]    Compiling quote v1.0.7
[INFO] [stderr]    Compiling num-traits v0.2.12
[INFO] [stderr]    Compiling byteorder v1.3.4
[INFO] [stderr]    Compiling proc-macro-nested v0.1.6
[INFO] [stderr]    Compiling proc-macro-error v1.0.4
[INFO] [stderr]    Compiling ring v0.16.15
[INFO] [stderr]    Compiling num-integer v0.1.43
[INFO] [stderr]    Compiling futures-sink v0.3.6
[INFO] [stderr]    Compiling futures-core v0.3.6
[INFO] [stderr]    Compiling proc-macro-hack v0.5.18
[INFO] [stderr]    Compiling failure_derive v0.1.8
[INFO] [stderr]    Compiling adler v0.2.3
[INFO] [stderr]    Compiling gimli v0.22.0
[INFO] [stderr]    Compiling futures-channel v0.3.6
[INFO] [stderr]    Compiling rand_core v0.5.1
[INFO] [stderr]    Compiling futures-task v0.3.6
[INFO] [stderr]    Compiling pin-project-lite v0.1.11
[INFO] [stderr]    Compiling rustc-demangle v0.1.18
[INFO] [stderr]    Compiling bitflags v1.2.1
[INFO] [stderr]    Compiling object v0.21.1
[INFO] [stderr]    Compiling futures-io v0.3.6
[INFO] [stderr]    Compiling syn v0.15.44
[INFO] [stderr]    Compiling ppv-lite86 v0.2.9
[INFO] [stderr]    Compiling quote v0.6.13
[INFO] [stderr]    Compiling net2 v0.2.35
[INFO] [stderr]    Compiling rand_chacha v0.2.2
[INFO] [stderr]    Compiling time v0.1.44
[INFO] [stderr]    Compiling iovec v0.1.4
[INFO] [stderr]    Compiling aho-corasick v0.7.14
[INFO] [stderr]    Compiling crossbeam-utils v0.7.2
[INFO] [stderr]    Compiling addr2line v0.13.0
[INFO] [stderr]    Compiling tracing-core v0.1.17
[INFO] [stderr]    Compiling thread_local v1.0.1
[INFO] [stderr]    Compiling unicode-width v0.1.8
[INFO] [stderr]    Compiling unicode-segmentation v1.6.0
[INFO] [stderr]    Compiling regex-syntax v0.6.20
[INFO] [stderr]    Compiling base64 v0.11.0
[INFO] [stderr]    Compiling maybe-uninit v2.0.0
[INFO] [stderr]    Compiling ryu v1.0.5
[INFO] [stderr]    Compiling backtrace v0.3.53
[INFO] [stderr]    Compiling heck v0.3.1
[INFO] [stderr]    Compiling textwrap v0.11.0
[INFO] [stderr]    Compiling chrono v0.4.19
[INFO] [stderr]    Compiling synstructure v0.12.4
[INFO] [stderr]    Compiling sct v0.6.0
[INFO] [stderr]    Compiling webpki v0.21.3
[INFO] [stderr]    Compiling rustls v0.17.0
[INFO] [stderr]    Compiling regex v1.4.1
[INFO] [stderr]    Compiling rand v0.7.3
[INFO] [stderr]    Compiling mio v0.6.22
[INFO] [stderr]    Compiling base64 v0.10.1
[INFO] [stderr]    Compiling atty v0.2.14
[INFO] [stderr]    Compiling vec_map v0.8.2
[INFO] [stderr]    Compiling strsim v0.8.0
[INFO] [stderr]    Compiling ansi_term v0.11.0
[INFO] [stderr]    Compiling serde_json v1.0.59
[INFO] [stderr]    Compiling clap v2.33.3
[INFO] [stderr]    Compiling yasna v0.3.2
[INFO] [stderr]    Compiling itoa v0.4.6
[INFO] [stderr]    Compiling crossbeam-channel v0.4.4
[INFO] [stderr]    Compiling futures-macro v0.3.6
[INFO] [stderr]    Compiling tracing-attributes v0.1.11
[INFO] [stderr]    Compiling err-derive v0.2.4
[INFO] [stderr]    Compiling structopt-derive v0.2.18
[INFO] [stderr]    Compiling tracing v0.1.21
[INFO] [stderr]    Compiling pin-project v0.4.27
[INFO] [stderr]    Compiling futures-util v0.3.6
[INFO] [stderr]    Compiling failure v0.1.8
[INFO] [stderr]    Compiling derive_more v0.99.11
[INFO] [stderr]    Compiling pem v0.6.1
[INFO] [stderr]    Compiling directories v1.0.2
[INFO] [stderr]    Compiling rcgen v0.7.0
[INFO] [stderr]    Compiling structopt v0.2.18
[INFO] [stderr]    Compiling unwrap v1.2.1
[INFO] [stderr]    Compiling futures-executor v0.3.6
[INFO] [stderr]    Compiling futures v0.3.6
[INFO] [stderr]    Compiling bytes v0.5.6
[INFO] [stderr]    Compiling bincode v1.3.1
[INFO] [stderr]    Compiling quinn-proto v0.6.1
[INFO] [stderr]    Compiling tokio v0.2.22
[INFO] [stderr]    Compiling quinn v0.6.1
[INFO] [stderr]    Compiling quic-p2p v0.7.1 (/opt/rustwide/workdir)
[INFO] [stderr]     Finished dev [unoptimized + debuginfo] target(s) in 22.37s
[INFO] running `Command { std: "docker" "inspect" "d36fe7aa8d0a7c6c8760c83a013dbcf944db8b96b4ac9b652e09b659b8eb618f", kill_on_drop: false }`
[INFO] running `Command { std: "docker" "rm" "-f" "d36fe7aa8d0a7c6c8760c83a013dbcf944db8b96b4ac9b652e09b659b8eb618f", kill_on_drop: false }`
[INFO] [stdout] d36fe7aa8d0a7c6c8760c83a013dbcf944db8b96b4ac9b652e09b659b8eb618f
[INFO] running `Command { std: "docker" "create" "-v" "/var/lib/crater-agent-workspace/builds/worker-0-tc1/target:/opt/rustwide/target:rw,Z" "-v" "/var/lib/crater-agent-workspace/builds/worker-0-tc1/source:/opt/rustwide/workdir:ro,Z" "-v" "/var/lib/crater-agent-workspace/cargo-home:/opt/rustwide/cargo-home:ro,Z" "-v" "/var/lib/crater-agent-workspace/rustup-home:/opt/rustwide/rustup-home:ro,Z" "-e" "SOURCE_DIR=/opt/rustwide/workdir" "-e" "CARGO_TARGET_DIR=/opt/rustwide/target" "-e" "CARGO_INCREMENTAL=0" "-e" "RUST_BACKTRACE=full" "-e" "RUSTFLAGS=--cap-lints=warn" "-e" "RUSTDOCFLAGS=--cap-lints=warn" "-e" "CARGO_HOME=/opt/rustwide/cargo-home" "-e" "RUSTUP_HOME=/opt/rustwide/rustup-home" "-w" "/opt/rustwide/workdir" "-m" "1610612736" "--user" "0:0" "--network" "none" "ghcr.io/rust-lang/crates-build-env/linux@sha256:2788e3201cd34a07e3172128adcd8b3090168a8e3bcc40d7c032b9dda1df7d1c" "/opt/rustwide/cargo-home/bin/cargo" "+1.75.0" "test" "--frozen" "--no-run" "--message-format=json", kill_on_drop: false }`
[INFO] [stdout] cd058969aefa09636ebb12618a31cb933d96c72bb303e9000514cae93de799ce
[INFO] running `Command { std: "docker" "start" "-a" "cd058969aefa09636ebb12618a31cb933d96c72bb303e9000514cae93de799ce", kill_on_drop: false }`
[INFO] [stderr]    Compiling unicode-segmentation v1.6.0
[INFO] [stderr]    Compiling build_const v0.2.1
[INFO] [stderr]    Compiling nix v0.13.1
[INFO] [stderr]    Compiling regex-automata v0.1.9
[INFO] [stderr]    Compiling quick-error v1.2.3
[INFO] [stderr]    Compiling void v1.0.2
[INFO] [stderr]    Compiling tracing-serde v0.1.2
[INFO] [stderr]    Compiling tracing-log v0.1.1
[INFO] [stderr]    Compiling humantime v1.3.0
[INFO] [stderr]    Compiling dirs v1.0.5
[INFO] [stderr]    Compiling crc v1.8.1
[INFO] [stderr]    Compiling sharded-slab v0.0.9
[INFO] [stderr]    Compiling heck v0.3.1
[INFO] [stderr]    Compiling termcolor v1.1.0
[INFO] [stderr]    Compiling utf8parse v0.1.1
[INFO] [stderr]    Compiling ansi_term v0.12.1
[INFO] [stderr]    Compiling smallvec v1.4.2
[INFO] [stderr]    Compiling structopt-derive v0.2.18
[INFO] [stderr]    Compiling env_logger v0.6.2
[INFO] [stderr]    Compiling matchers v0.0.1
[INFO] [stderr]    Compiling tracing-subscriber v0.2.13
[INFO] [stderr]    Compiling structopt v0.2.18
[INFO] [stderr]    Compiling quic-p2p v0.7.1 (/opt/rustwide/workdir)
[INFO] [stderr]    Compiling rustyline v4.1.0
[INFO] [stderr]     Finished test [unoptimized + debuginfo] target(s) in 22.47s
[INFO] running `Command { std: "docker" "inspect" "cd058969aefa09636ebb12618a31cb933d96c72bb303e9000514cae93de799ce", kill_on_drop: false }`
[INFO] running `Command { std: "docker" "rm" "-f" "cd058969aefa09636ebb12618a31cb933d96c72bb303e9000514cae93de799ce", kill_on_drop: false }`
[INFO] [stdout] cd058969aefa09636ebb12618a31cb933d96c72bb303e9000514cae93de799ce
[INFO] running `Command { std: "docker" "create" "-v" "/var/lib/crater-agent-workspace/builds/worker-0-tc1/target:/opt/rustwide/target:rw,Z" "-v" "/var/lib/crater-agent-workspace/builds/worker-0-tc1/source:/opt/rustwide/workdir:ro,Z" "-v" "/var/lib/crater-agent-workspace/cargo-home:/opt/rustwide/cargo-home:ro,Z" "-v" "/var/lib/crater-agent-workspace/rustup-home:/opt/rustwide/rustup-home:ro,Z" "-e" "SOURCE_DIR=/opt/rustwide/workdir" "-e" "CARGO_TARGET_DIR=/opt/rustwide/target" "-e" "CARGO_INCREMENTAL=0" "-e" "RUST_BACKTRACE=full" "-e" "RUSTFLAGS=--cap-lints=warn" "-e" "RUSTDOCFLAGS=--cap-lints=warn" "-e" "CARGO_HOME=/opt/rustwide/cargo-home" "-e" "RUSTUP_HOME=/opt/rustwide/rustup-home" "-w" "/opt/rustwide/workdir" "-m" "1610612736" "--user" "0:0" "--network" "none" "ghcr.io/rust-lang/crates-build-env/linux@sha256:2788e3201cd34a07e3172128adcd8b3090168a8e3bcc40d7c032b9dda1df7d1c" "/opt/rustwide/cargo-home/bin/cargo" "+1.75.0" "test" "--frozen", kill_on_drop: false }`
[INFO] [stdout] 9d11e5a5937cf916227d45606864cc93e6cc932d890d8eea187ea41c00fb0cb2
[INFO] running `Command { std: "docker" "start" "-a" "9d11e5a5937cf916227d45606864cc93e6cc932d890d8eea187ea41c00fb0cb2", kill_on_drop: false }`
[INFO] [stderr]     Finished test [unoptimized + debuginfo] target(s) in 0.27s
[INFO] [stderr]      Running unittests src/lib.rs (/opt/rustwide/target/debug/deps/quic_p2p-95f57838f3734623)
[INFO] [stdout] 
[INFO] [stdout] running 24 tests
[INFO] [stdout] test bootstrap::tests::bootstrap_failure ... ignored
[INFO] [stdout] test bootstrap::tests::bootstrap_to_only_one_node_with_delays ... FAILED
[INFO] [stdout] test bootstrap::tests::node_will_attempt_cached_peers ... FAILED
[INFO] [stdout] test bootstrap::tests::bootstrap_to_only_one_node_without_delays ... FAILED
[INFO] [stdout] test bootstrap_cache::tests::add_peer::when_10_peers_are_added_they_are_synced_to_disk ... ok
[INFO] [stdout] test bootstrap::tests::bootstrap_prioritise_cache ... FAILED
[INFO] [stdout] test bootstrap_cache::tests::add_peer::when_given_peer_is_in_hard_coded_contacts_it_is_not_cached ... ok
[INFO] [stdout] test bootstrap::tests::client_will_attempt_hard_coded_contacts ... FAILED
[INFO] [stdout] test bootstrap::tests::node_will_attempt_hard_coded_contacts ... FAILED
[INFO] [stdout] test config::tests::config_create_read_and_write ... ok
[INFO] [stdout] test bootstrap_cache::tests::move_to_cache_top::it_moves_given_node_to_the_top_of_the_list ... ok
[INFO] [stdout] test communicate::tests::disallow_bidirectional_streams ... FAILED
[INFO] [stdout] test tests::connect_to_marks_that_we_attempted_to_contact_the_peer ... FAILED
[INFO] [stdout] test communicate::tests::handle_user_msg::when_peer_is_node_and_we_contacted_it_before_it_is_moved_to_bootstrap_cache_top ... ok
[INFO] [stdout] test tests::dropping_qp2p_handle_gracefully_shutsdown_event_loop ... ignored
[INFO] [stdout] test tests::echo_service ... FAILED
[INFO] [stdout] test tests::double_handshake_node ... FAILED
[INFO] [stdout] test tests::is_hard_coded_contact ... ok
[INFO] [stdout] test bootstrap_cache::tests::add_peer::it_caps_cache_size ... ok
[INFO] [stdout] test tests::multistreaming_and_no_head_of_queue_blocking ... FAILED
[INFO] [stdout] test tests::double_handshake_client ... FAILED
[INFO] [stdout] test bootstrap::tests::node_will_report_failure_when_bootstrap_cache_and_hard_coded_contacts_are_empty has been running for over 60 seconds
[INFO] [stdout] test bootstrap::tests::node_will_report_failure_when_bootstrap_cache_and_hard_coded_contacts_are_invalid has been running for over 60 seconds
[INFO] [stdout] test tests::connect_to_fails has been running for over 60 seconds
[ERROR] error running command: no output for 300 seconds
[INFO] running `Command { std: "docker" "inspect" "9d11e5a5937cf916227d45606864cc93e6cc932d890d8eea187ea41c00fb0cb2", kill_on_drop: false }`
[INFO] running `Command { std: "docker" "rm" "-f" "9d11e5a5937cf916227d45606864cc93e6cc932d890d8eea187ea41c00fb0cb2", kill_on_drop: false }`
[INFO] [stdout] 9d11e5a5937cf916227d45606864cc93e6cc932d890d8eea187ea41c00fb0cb2
[INFO] testing quic-p2p-0.7.1 against beta-2023-12-22 for beta-1.76-1
[INFO] extracting crate quic-p2p 0.7.1 into /workspace/builds/worker-0-tc2/source
[INFO] validating manifest of crates.io crate quic-p2p 0.7.1 on toolchain beta-2023-12-22
[INFO] running `Command { std: CARGO_HOME="/workspace/cargo-home" RUSTUP_HOME="/workspace/rustup-home" "/workspace/cargo-home/bin/cargo" "+beta-2023-12-22" "metadata" "--manifest-path" "Cargo.toml" "--no-deps", kill_on_drop: false }`
[INFO] started tweaking crates.io crate quic-p2p 0.7.1
[INFO] finished tweaking crates.io crate quic-p2p 0.7.1
[INFO] tweaked toml for crates.io crate quic-p2p 0.7.1 written to /workspace/builds/worker-0-tc2/source/Cargo.toml
[INFO] crate crates.io crate quic-p2p 0.7.1 already has a lockfile, it will not be regenerated
[INFO] running `Command { std: CARGO_HOME="/workspace/cargo-home" RUSTUP_HOME="/workspace/rustup-home" "/workspace/cargo-home/bin/cargo" "+beta-2023-12-22" "fetch" "--manifest-path" "Cargo.toml", kill_on_drop: false }`
[INFO] running `Command { std: "docker" "create" "-v" "/var/lib/crater-agent-workspace/builds/worker-0-tc2/target:/opt/rustwide/target:rw,Z" "-v" "/var/lib/crater-agent-workspace/builds/worker-0-tc2/source:/opt/rustwide/workdir:ro,Z" "-v" "/var/lib/crater-agent-workspace/cargo-home:/opt/rustwide/cargo-home:ro,Z" "-v" "/var/lib/crater-agent-workspace/rustup-home:/opt/rustwide/rustup-home:ro,Z" "-e" "SOURCE_DIR=/opt/rustwide/workdir" "-e" "CARGO_TARGET_DIR=/opt/rustwide/target" "-e" "CARGO_HOME=/opt/rustwide/cargo-home" "-e" "RUSTUP_HOME=/opt/rustwide/rustup-home" "-w" "/opt/rustwide/workdir" "-m" "1610612736" "--user" "0:0" "--network" "none" "ghcr.io/rust-lang/crates-build-env/linux@sha256:2788e3201cd34a07e3172128adcd8b3090168a8e3bcc40d7c032b9dda1df7d1c" "/opt/rustwide/cargo-home/bin/cargo" "+beta-2023-12-22" "metadata" "--no-deps" "--format-version=1", kill_on_drop: false }`
[INFO] [stdout] d2b798d44875b5107a7618f390e1dfc54c35bfefd947aaa37076e7598d3153a8
[INFO] running `Command { std: "docker" "start" "-a" "d2b798d44875b5107a7618f390e1dfc54c35bfefd947aaa37076e7598d3153a8", kill_on_drop: false }`
[INFO] running `Command { std: "docker" "inspect" "d2b798d44875b5107a7618f390e1dfc54c35bfefd947aaa37076e7598d3153a8", kill_on_drop: false }`
[INFO] running `Command { std: "docker" "rm" "-f" "d2b798d44875b5107a7618f390e1dfc54c35bfefd947aaa37076e7598d3153a8", kill_on_drop: false }`
[INFO] [stdout] d2b798d44875b5107a7618f390e1dfc54c35bfefd947aaa37076e7598d3153a8
[INFO] running `Command { std: "docker" "create" "-v" "/var/lib/crater-agent-workspace/builds/worker-0-tc2/target:/opt/rustwide/target:rw,Z" "-v" "/var/lib/crater-agent-workspace/builds/worker-0-tc2/source:/opt/rustwide/workdir:ro,Z" "-v" "/var/lib/crater-agent-workspace/cargo-home:/opt/rustwide/cargo-home:ro,Z" "-v" "/var/lib/crater-agent-workspace/rustup-home:/opt/rustwide/rustup-home:ro,Z" "-e" "SOURCE_DIR=/opt/rustwide/workdir" "-e" "CARGO_TARGET_DIR=/opt/rustwide/target" "-e" "CARGO_INCREMENTAL=0" "-e" "RUST_BACKTRACE=full" "-e" "RUSTFLAGS=--cap-lints=warn" "-e" "RUSTDOCFLAGS=--cap-lints=warn" "-e" "CARGO_HOME=/opt/rustwide/cargo-home" "-e" "RUSTUP_HOME=/opt/rustwide/rustup-home" "-w" "/opt/rustwide/workdir" "-m" "1610612736" "--user" "0:0" "--network" "none" "ghcr.io/rust-lang/crates-build-env/linux@sha256:2788e3201cd34a07e3172128adcd8b3090168a8e3bcc40d7c032b9dda1df7d1c" "/opt/rustwide/cargo-home/bin/cargo" "+beta-2023-12-22" "build" "--frozen" "--message-format=json", kill_on_drop: false }`
[INFO] [stdout] b002dfabdf1f97cbd60778c113ee53c621ebb1a85115956541f2c76694589618
[INFO] running `Command { std: "docker" "start" "-a" "b002dfabdf1f97cbd60778c113ee53c621ebb1a85115956541f2c76694589618", kill_on_drop: false }`
[INFO] [stderr]    Compiling proc-macro2 v1.0.24
[INFO] [stderr]    Compiling unicode-xid v0.2.1
[INFO] [stderr]    Compiling syn v1.0.46
[INFO] [stderr]    Compiling libc v0.2.79
[INFO] [stderr]    Compiling autocfg v1.0.1
[INFO] [stderr]    Compiling cfg-if v0.1.10
[INFO] [stderr]    Compiling once_cell v1.4.1
[INFO] [stderr]    Compiling memchr v2.3.3
[INFO] [stderr]    Compiling version_check v0.9.2
[INFO] [stderr]    Compiling cc v1.0.61
[INFO] [stderr]    Compiling serde_derive v1.0.117
[INFO] [stderr]    Compiling serde v1.0.117
[INFO] [stderr]    Compiling getrandom v0.1.15
[INFO] [stderr]    Compiling pin-project-internal v0.4.27
[INFO] [stderr]    Compiling rustversion v1.0.3
[INFO] [stderr]    Compiling log v0.4.11
[INFO] [stderr]    Compiling proc-macro-error-attr v1.0.4
[INFO] [stderr]    Compiling miniz_oxide v0.4.3
[INFO] [stderr]    Compiling num-traits v0.2.12
[INFO] [stderr]    Compiling quote v1.0.7
[INFO] [stderr]    Compiling byteorder v1.3.4
[INFO] [stderr]    Compiling proc-macro-nested v0.1.6
[INFO] [stderr]    Compiling proc-macro-error v1.0.4
[INFO] [stderr]    Compiling num-integer v0.1.43
[INFO] [stderr]    Compiling futures-core v0.3.6
[INFO] [stderr]    Compiling ring v0.16.15
[INFO] [stderr]    Compiling futures-sink v0.3.6
[INFO] [stderr]    Compiling failure_derive v0.1.8
[INFO] [stderr]    Compiling gimli v0.22.0
[INFO] [stderr]    Compiling adler v0.2.3
[INFO] [stderr]    Compiling proc-macro-hack v0.5.18
[INFO] [stderr]    Compiling futures-channel v0.3.6
[INFO] [stderr]    Compiling rand_core v0.5.1
[INFO] [stderr]    Compiling futures-task v0.3.6
[INFO] [stderr]    Compiling object v0.21.1
[INFO] [stderr]    Compiling futures-io v0.3.6
[INFO] [stderr]    Compiling bitflags v1.2.1
[INFO] [stderr]    Compiling ppv-lite86 v0.2.9
[INFO] [stderr]    Compiling syn v0.15.44
[INFO] [stderr]    Compiling rustc-demangle v0.1.18
[INFO] [stderr]    Compiling pin-project-lite v0.1.11
[INFO] [stderr]    Compiling rand_chacha v0.2.2
[INFO] [stderr]    Compiling quote v0.6.13
[INFO] [stderr]    Compiling time v0.1.44
[INFO] [stderr]    Compiling net2 v0.2.35
[INFO] [stderr]    Compiling addr2line v0.13.0
[INFO] [stderr]    Compiling iovec v0.1.4
[INFO] [stderr]    Compiling aho-corasick v0.7.14
[INFO] [stderr]    Compiling crossbeam-utils v0.7.2
[INFO] [stderr]    Compiling tracing-core v0.1.17
[INFO] [stderr]    Compiling thread_local v1.0.1
[INFO] [stderr]    Compiling unicode-segmentation v1.6.0
[INFO] [stderr]    Compiling ryu v1.0.5
[INFO] [stderr]    Compiling unicode-width v0.1.8
[INFO] [stderr]    Compiling base64 v0.11.0
[INFO] [stderr]    Compiling regex-syntax v0.6.20
[INFO] [stderr]    Compiling maybe-uninit v2.0.0
[INFO] [stderr]    Compiling textwrap v0.11.0
[INFO] [stderr]    Compiling webpki v0.21.3
[INFO] [stderr]    Compiling sct v0.6.0
[INFO] [stderr]    Compiling backtrace v0.3.53
[INFO] [stderr]    Compiling heck v0.3.1
[INFO] [stderr]    Compiling rustls v0.17.0
[INFO] [stderr]    Compiling mio v0.6.22
[INFO] [stderr]    Compiling chrono v0.4.19
[INFO] [stderr]    Compiling synstructure v0.12.4
[INFO] [stderr]    Compiling rand v0.7.3
[INFO] [stderr]    Compiling regex v1.4.1
[INFO] [stderr]    Compiling base64 v0.10.1
[INFO] [stderr]    Compiling atty v0.2.14
[INFO] [stderr]    Compiling vec_map v0.8.2
[INFO] [stderr]    Compiling ansi_term v0.11.0
[INFO] [stderr]    Compiling strsim v0.8.0
[INFO] [stderr]    Compiling serde_json v1.0.59
[INFO] [stderr]    Compiling clap v2.33.3
[INFO] [stderr]    Compiling yasna v0.3.2
[INFO] [stderr]    Compiling itoa v0.4.6
[INFO] [stderr]    Compiling crossbeam-channel v0.4.4
[INFO] [stderr]    Compiling directories v1.0.2
[INFO] [stderr]    Compiling unwrap v1.2.1
[INFO] [stderr]    Compiling futures-macro v0.3.6
[INFO] [stderr]    Compiling tracing-attributes v0.1.11
[INFO] [stderr]    Compiling err-derive v0.2.4
[INFO] [stderr]    Compiling structopt-derive v0.2.18
[INFO] [stderr]    Compiling derive_more v0.99.11
[INFO] [stderr]    Compiling failure v0.1.8
[INFO] [stderr]    Compiling pin-project v0.4.27
[INFO] [stderr]    Compiling futures-util v0.3.6
[INFO] [stderr]    Compiling pem v0.6.1
[INFO] [stderr]    Compiling rcgen v0.7.0
[INFO] [stderr]    Compiling tracing v0.1.21
[INFO] [stderr]    Compiling structopt v0.2.18
[INFO] [stderr]    Compiling futures-executor v0.3.6
[INFO] [stderr]    Compiling futures v0.3.6
[INFO] [stderr]    Compiling bytes v0.5.6
[INFO] [stderr]    Compiling bincode v1.3.1
[INFO] [stderr]    Compiling tokio v0.2.22
[INFO] [stderr]    Compiling quinn-proto v0.6.1
[INFO] [stderr]    Compiling quinn v0.6.1
[INFO] [stderr]    Compiling quic-p2p v0.7.1 (/opt/rustwide/workdir)
[INFO] [stderr]     Finished dev [unoptimized + debuginfo] target(s) in 1m 09s
[INFO] running `Command { std: "docker" "inspect" "b002dfabdf1f97cbd60778c113ee53c621ebb1a85115956541f2c76694589618", kill_on_drop: false }`
[INFO] running `Command { std: "docker" "rm" "-f" "b002dfabdf1f97cbd60778c113ee53c621ebb1a85115956541f2c76694589618", kill_on_drop: false }`
[INFO] [stdout] b002dfabdf1f97cbd60778c113ee53c621ebb1a85115956541f2c76694589618
[INFO] running `Command { std: "docker" "create" "-v" "/var/lib/crater-agent-workspace/builds/worker-0-tc2/target:/opt/rustwide/target:rw,Z" "-v" "/var/lib/crater-agent-workspace/builds/worker-0-tc2/source:/opt/rustwide/workdir:ro,Z" "-v" "/var/lib/crater-agent-workspace/cargo-home:/opt/rustwide/cargo-home:ro,Z" "-v" "/var/lib/crater-agent-workspace/rustup-home:/opt/rustwide/rustup-home:ro,Z" "-e" "SOURCE_DIR=/opt/rustwide/workdir" "-e" "CARGO_TARGET_DIR=/opt/rustwide/target" "-e" "CARGO_INCREMENTAL=0" "-e" "RUST_BACKTRACE=full" "-e" "RUSTFLAGS=--cap-lints=warn" "-e" "RUSTDOCFLAGS=--cap-lints=warn" "-e" "CARGO_HOME=/opt/rustwide/cargo-home" "-e" "RUSTUP_HOME=/opt/rustwide/rustup-home" "-w" "/opt/rustwide/workdir" "-m" "1610612736" "--user" "0:0" "--network" "none" "ghcr.io/rust-lang/crates-build-env/linux@sha256:2788e3201cd34a07e3172128adcd8b3090168a8e3bcc40d7c032b9dda1df7d1c" "/opt/rustwide/cargo-home/bin/cargo" "+beta-2023-12-22" "test" "--frozen" "--no-run" "--message-format=json", kill_on_drop: false }`
[INFO] [stdout] 0691a8d0c84c7d2540b043d5c3a1daa5ce030dfb91552226ac90a4db6e5d0cd4
[INFO] running `Command { std: "docker" "start" "-a" "0691a8d0c84c7d2540b043d5c3a1daa5ce030dfb91552226ac90a4db6e5d0cd4", kill_on_drop: false }`
[INFO] [stderr]    Compiling unicode-segmentation v1.6.0
[INFO] [stderr]    Compiling build_const v0.2.1
[INFO] [stderr]    Compiling nix v0.13.1
[INFO] [stderr]    Compiling regex-automata v0.1.9
[INFO] [stderr]    Compiling quick-error v1.2.3
[INFO] [stderr]    Compiling void v1.0.2
[INFO] [stderr]    Compiling tracing-serde v0.1.2
[INFO] [stderr]    Compiling tracing-log v0.1.1
[INFO] [stderr]    Compiling humantime v1.3.0
[INFO] [stderr]    Compiling dirs v1.0.5
[INFO] [stderr]    Compiling sharded-slab v0.0.9
[INFO] [stderr]    Compiling crc v1.8.1
[INFO] [stderr]    Compiling ansi_term v0.12.1
[INFO] [stderr]    Compiling smallvec v1.4.2
[INFO] [stderr]    Compiling utf8parse v0.1.1
[INFO] [stderr]    Compiling heck v0.3.1
[INFO] [stderr]    Compiling termcolor v1.1.0
[INFO] [stderr]    Compiling structopt-derive v0.2.18
[INFO] [stderr]    Compiling env_logger v0.6.2
[INFO] [stderr]    Compiling matchers v0.0.1
[INFO] [stderr]    Compiling tracing-subscriber v0.2.13
[INFO] [stderr]    Compiling structopt v0.2.18
[INFO] [stderr]    Compiling quic-p2p v0.7.1 (/opt/rustwide/workdir)
[INFO] [stderr]    Compiling rustyline v4.1.0
[INFO] [stdout] error: linking with `cc` failed: exit status: 1
[INFO] [stdout]   |
[INFO] [stdout]   = note: LC_ALL="C" PATH="/opt/rustwide/rustup-home/toolchains/beta-2023-12-22-x86_64-unknown-linux-gnu/lib/rustlib/x86_64-unknown-linux-gnu/bin:/opt/rustwide/cargo-home/bin:/usr/local/sbin:/usr/local/bin:/usr/sbin:/usr/bin:/sbin:/bin" VSLANG="1033" "cc" "-m64" "/tmp/rustcchda92/symbols.o" "/opt/rustwide/target/debug/examples/client_node-d95f41c92fa95ac2.client_node.b8a083216c7aa6bd-cgu.0.rcgu.o" "/opt/rustwide/target/debug/examples/client_node-d95f41c92fa95ac2.client_node.b8a083216c7aa6bd-cgu.1.rcgu.o" "/opt/rustwide/target/debug/examples/client_node-d95f41c92fa95ac2.client_node.b8a083216c7aa6bd-cgu.2.rcgu.o" "/opt/rustwide/target/debug/examples/client_node-d95f41c92fa95ac2.5em0762tck2sl0v8.rcgu.o" "-Wl,--as-needed" "-L" "/opt/rustwide/target/debug/deps" "-L" "/opt/rustwide/target/debug/build/ring-30df4fa9430b6cf0/out" "-L" "/opt/rustwide/rustup-home/toolchains/beta-2023-12-22-x86_64-unknown-linux-gnu/lib/rustlib/x86_64-unknown-linux-gnu/lib" "-Wl,-Bstatic" "/opt/rustwide/target/debug/deps/libtracing_subscriber-267027df4369ed81.rlib" "/opt/rustwide/target/debug/deps/libsmallvec-febf5f06451efca0.rlib" "/opt/rustwide/target/debug/deps/libsharded_slab-27720a8d827b8d6d.rlib" "/opt/rustwide/target/debug/deps/libtracing_serde-05174e1cc1c9b152.rlib" "/opt/rustwide/target/debug/deps/libtracing_log-4b5143d9856afd35.rlib" "/opt/rustwide/target/debug/deps/libansi_term-f435e404af61098a.rlib" "/opt/rustwide/target/debug/deps/libmatchers-0d96713fce1b3807.rlib" "/opt/rustwide/target/debug/deps/libregex_automata-57e780dc1841bda9.rlib" "/opt/rustwide/target/debug/deps/libcrc-9aaaaed38445cdad.rlib" "/opt/rustwide/target/debug/deps/libquic_p2p-0760e8d5f8e5c9db.rlib" "/opt/rustwide/target/debug/deps/libbincode-b731dce1373c436f.rlib" "/opt/rustwide/target/debug/deps/librcgen-05a886ab949edfea.rlib" "/opt/rustwide/target/debug/deps/libpem-6a58f86f385da9e2.rlib" "/opt/rustwide/target/debug/deps/libregex-7bb0b89e61b01016.rlib" "/opt/rustwide/target/debug/deps/libthread_local-495b662d9e7d30ce.rlib" "/opt/rustwide/target/debug/deps/libregex_syntax-f1356572a1b729d1.rlib" "/opt/rustwide/target/debug/deps/libaho_corasick-2aed3daff514a5b1.rlib" "/opt/rustwide/target/debug/deps/libbase64-2de7b3d41b49fad8.rlib" "/opt/rustwide/target/debug/deps/libbyteorder-66043869386c58c8.rlib" "/opt/rustwide/target/debug/deps/libfailure-0a586a5b657a2bf4.rlib" "/opt/rustwide/target/debug/deps/libbacktrace-6c096cd0ac2260f3.rlib" "/opt/rustwide/target/debug/deps/libminiz_oxide-fc28df347b0f0793.rlib" "/opt/rustwide/target/debug/deps/libadler-9086340094c99e83.rlib" "/opt/rustwide/target/debug/deps/libobject-53803ee052b7b0c6.rlib" "/opt/rustwide/target/debug/deps/libaddr2line-e35ac43181183ed3.rlib" "/opt/rustwide/target/debug/deps/libgimli-5ca1f455f37511cc.rlib" "/opt/rustwide/target/debug/deps/libcfg_if-e7002d307f97bc56.rlib" "/opt/rustwide/target/debug/deps/librustc_demangle-df669e16e9e83412.rlib" "/opt/rustwide/target/debug/deps/libyasna-4b74da076acdc178.rlib" "/opt/rustwide/target/debug/deps/libchrono-2edbc9f9bb7c703f.rlib" "/opt/rustwide/target/debug/deps/libnum_integer-4ef6cea3ad26ebf4.rlib" "/opt/rustwide/target/debug/deps/libnum_traits-448a00d52537e016.rlib" "/opt/rustwide/target/debug/deps/libtime-1a50291a5529439c.rlib" "/opt/rustwide/target/debug/deps/libserde_json-5c6ba0a0b03614cf.rlib" "/opt/rustwide/target/debug/deps/libryu-98249992139dd95c.rlib" "/opt/rustwide/target/debug/deps/libitoa-3e143d5a268d1c50.rlib" "/opt/rustwide/target/debug/deps/libquinn-0cc392feeb9ea6a1.rlib" "/opt/rustwide/target/debug/deps/libquinn_proto-ded1f00b04fff08b.rlib" "/opt/rustwide/target/debug/deps/librustls-6ea3ac9c3a92b0e3.rlib" "/opt/rustwide/target/debug/deps/libbase64-137ac1d39a8ade62.rlib" "/opt/rustwide/target/debug/deps/libsct-7d362aa78cff7ce9.rlib" "/opt/rustwide/target/debug/deps/libwebpki-61daedade2da9fae.rlib" "/opt/rustwide/target/debug/deps/libring-d36a04b465081127.rlib" "/opt/rustwide/target/debug/deps/libspin-e858d3468b8e3abd.rlib" "/opt/rustwide/target/debug/deps/libuntrusted-6cf40e3a64622ff0.rlib" "/opt/rustwide/target/debug/deps/libtracing-2b4eef4b025a8b4b.rlib" "/opt/rustwide/target/debug/deps/libtracing_core-d02b30be096ec0d3.rlib" "/opt/rustwide/target/debug/deps/librand-d10d70b71dbcc0d9.rlib" "/opt/rustwide/target/debug/deps/librand_chacha-ef68b3c5623b1902.rlib" "/opt/rustwide/target/debug/deps/libppv_lite86-67d106ee7c406546.rlib" "/opt/rustwide/target/debug/deps/librand_core-2d0cf4273b0c30b7.rlib" "/opt/rustwide/target/debug/deps/libgetrandom-a514cd6b10554d30.rlib" "/opt/rustwide/target/debug/deps/libtokio-566b9903a5ec2234.rlib" "/opt/rustwide/target/debug/deps/libfnv-953831fe314029b4.rlib" "/opt/rustwide/target/debug/deps/libmio-d88f33d0c9006e5d.rlib" "/opt/rustwide/target/debug/deps/libiovec-144817fa05e0cfdd.rlib" "/opt/rustwide/target/debug/deps/libnet2-f2ab13fa0ddd7e3a.rlib" "/opt/rustwide/target/debug/deps/libpin_project_lite-89b405ca391b2150.rlib" "/opt/rustwide/target/debug/deps/libdirectories-da6d3bed2ada4aae.rlib" "/opt/rustwide/target/debug/deps/libstructopt-f702c252083a7c97.rlib" "/opt/rustwide/target/debug/deps/libclap-791e0f18d83f81f0.rlib" "/opt/rustwide/target/debug/deps/libvec_map-5b55b3a0782d93d8.rlib" "/opt/rustwide/target/debug/deps/libtextwrap-5b9ba88ab3e37323.rlib" "/opt/rustwide/target/debug/deps/libunicode_width-4288ea51ef7ac375.rlib" "/opt/rustwide/target/debug/deps/libstrsim-3564df42f0a90568.rlib" "/opt/rustwide/target/debug/deps/libbitflags-53f2c2e16beb276c.rlib" "/opt/rustwide/target/debug/deps/libatty-d5b093cbb0714701.rlib" "/opt/rustwide/target/debug/deps/liblibc-eb30cf2ab42acb9e.rlib" "/opt/rustwide/target/debug/deps/libansi_term-14a6b62054212c8d.rlib" "/opt/rustwide/target/debug/deps/libfutures-01f7d8b499ccf544.rlib" "/opt/rustwide/target/debug/deps/libfutures_executor-ae0006e11f8ee492.rlib" "/opt/rustwide/target/debug/deps/libfutures_util-37d0d085ea8922e1.rlib" "/opt/rustwide/target/debug/deps/libmemchr-453cc2aa0600d4cc.rlib" "/opt/rustwide/target/debug/deps/libproc_macro_nested-3ddcf188a7dd317a.rlib" "/opt/rustwide/target/debug/deps/libfutures_io-1e6943d838f3ab52.rlib" "/opt/rustwide/target/debug/deps/libslab-dd1405d6c4e5d540.rlib" "/opt/rustwide/target/debug/deps/libfutures_channel-78a37ed1cd846f51.rlib" "/opt/rustwide/target/debug/deps/libpin_project-d4aab813384455df.rlib" "/opt/rustwide/target/debug/deps/libfutures_sink-1ce751a0bc782623.rlib" "/opt/rustwide/target/debug/deps/libfutures_task-094958cf53ad70fb.rlib" "/opt/rustwide/target/debug/deps/libonce_cell-8d05e0f69202fd8d.rlib" "/opt/rustwide/target/debug/deps/libpin_utils-9c5dcf17efb91bff.rlib" "/opt/rustwide/target/debug/deps/libfutures_core-885c1f062e7e2dbf.rlib" "/opt/rustwide/target/debug/deps/libunwrap-c259f3f9a1b06f0f.rlib" "/opt/rustwide/target/debug/deps/liblog-88c54b2a351738a6.rlib" "/opt/rustwide/target/debug/deps/libbytes-e0e578fecb203be8.rlib" "/opt/rustwide/target/debug/deps/libserde-7fdbcee802927261.rlib" "/opt/rustwide/target/debug/deps/libcrossbeam_channel-d27436b7e42e1340.rlib" "/opt/rustwide/target/debug/deps/libmaybe_uninit-28ff06c455fb66db.rlib" "/opt/rustwide/target/debug/deps/libcrossbeam_utils-3a592c60638ba66d.rlib" "/opt/rustwide/target/debug/deps/liblazy_static-efa3519517df6cf0.rlib" "/opt/rustwide/target/debug/deps/libcfg_if-e83968822db62928.rlib" "/opt/rustwide/rustup-home/toolchains/beta-2023-12-22-x86_64-unknown-linux-gnu/lib/rustlib/x86_64-unknown-linux-gnu/lib/libstd-0672489a78b613de.rlib" "/opt/rustwide/rustup-home/toolchains/beta-2023-12-22-x86_64-unknown-linux-gnu/lib/rustlib/x86_64-unknown-linux-gnu/lib/libpanic_unwind-7eb3ffc34a49f675.rlib" "/opt/rustwide/rustup-home/toolchains/beta-2023-12-22-x86_64-unknown-linux-gnu/lib/rustlib/x86_64-unknown-linux-gnu/lib/libobject-6478a9daa4bee8e2.rlib" "/opt/rustwide/rustup-home/toolchains/beta-2023-12-22-x86_64-unknown-linux-gnu/lib/rustlib/x86_64-unknown-linux-gnu/lib/libmemchr-0c75d871a5c3923d.rlib" "/opt/rustwide/rustup-home/toolchains/beta-2023-12-22-x86_64-unknown-linux-gnu/lib/rustlib/x86_64-unknown-linux-gnu/lib/libaddr2line-d163ef63ad37bb71.rlib" "/opt/rustwide/rustup-home/toolchains/beta-2023-12-22-x86_64-unknown-linux-gnu/lib/rustlib/x86_64-unknown-linux-gnu/lib/libgimli-8a3fd810a85b9f4c.rlib" "/opt/rustwide/rustup-home/toolchains/beta-2023-12-22-x86_64-unknown-linux-gnu/lib/rustlib/x86_64-unknown-linux-gnu/lib/librustc_demangle-462a2cde8c5dfc10.rlib" "/opt/rustwide/rustup-home/toolchains/beta-2023-12-22-x86_64-unknown-linux-gnu/lib/rustlib/x86_64-unknown-linux-gnu/lib/libstd_detect-cb06ac9f54713f71.rlib" "/opt/rustwide/rustup-home/toolchains/beta-2023-12-22-x86_64-unknown-linux-gnu/lib/rustlib/x86_64-unknown-linux-gnu/lib/libhashbrown-f20bfd1f8e59b393.rlib" "/opt/rustwide/rustup-home/toolchains/beta-2023-12-22-x86_64-unknown-linux-gnu/lib/rustlib/x86_64-unknown-linux-gnu/lib/librustc_std_workspace_alloc-1ef460949b49da4b.rlib" "/opt/rustwide/rustup-home/toolchains/beta-2023-12-22-x86_64-unknown-linux-gnu/lib/rustlib/x86_64-unknown-linux-gnu/lib/libminiz_oxide-2cb0c0ffe4f87514.rlib" "/opt/rustwide/rustup-home/toolchains/beta-2023-12-22-x86_64-unknown-linux-gnu/lib/rustlib/x86_64-unknown-linux-gnu/lib/libadler-58d841eb322a11a2.rlib" "/opt/rustwide/rustup-home/toolchains/beta-2023-12-22-x86_64-unknown-linux-gnu/lib/rustlib/x86_64-unknown-linux-gnu/lib/libunwind-aa2ae0b0a9d11533.rlib" "/opt/rustwide/rustup-home/toolchains/beta-2023-12-22-x86_64-unknown-linux-gnu/lib/rustlib/x86_64-unknown-linux-gnu/lib/libcfg_if-23874e15830ed336.rlib" "/opt/rustwide/rustup-home/toolchains/beta-2023-12-22-x86_64-unknown-linux-gnu/lib/rustlib/x86_64-unknown-linux-gnu/lib/liblibc-e47cddc003bce885.rlib" "/opt/rustwide/rustup-home/toolchains/beta-2023-12-22-x86_64-unknown-linux-gnu/lib/rustlib/x86_64-unknown-linux-gnu/lib/liballoc-c22b13b48a8f128e.rlib" "/opt/rustwide/rustup-home/toolchains/beta-2023-12-22-x86_64-unknown-linux-gnu/lib/rustlib/x86_64-unknown-linux-gnu/lib/librustc_std_workspace_core-e46bc3da6d7c462f.rlib" "/opt/rustwide/rustup-home/toolchains/beta-2023-12-22-x86_64-unknown-linux-gnu/lib/rustlib/x86_64-unknown-linux-gnu/lib/libcore-8d1ac131d3cb2645.rlib" "/opt/rustwide/rustup-home/toolchains/beta-2023-12-22-x86_64-unknown-linux-gnu/lib/rustlib/x86_64-unknown-linux-gnu/lib/libcompiler_builtins-a1b43df8c6899c1f.rlib" "-Wl,-Bdynamic" "-lgcc_s" "-lutil" "-lrt" "-lpthread" "-lm" "-ldl" "-lc" "-Wl,--eh-frame-hdr" "-Wl,-z,noexecstack" "-L" "/opt/rustwide/rustup-home/toolchains/beta-2023-12-22-x86_64-unknown-linux-gnu/lib/rustlib/x86_64-unknown-linux-gnu/lib" "-o" "/opt/rustwide/target/debug/examples/client_node-d95f41c92fa95ac2" "-Wl,--gc-sections" "-pie" "-Wl,-z,relro,-z,now" "-nodefaultlibs"
[INFO] [stdout]   = note: collect2: fatal error: ld terminated with signal 9 [Killed]
[INFO] [stdout]           compilation terminated.
[INFO] [stdout]           
[INFO] [stdout] 
[INFO] [stdout] 
[INFO] [stdout] error: aborting due to 1 previous error
[INFO] [stdout] 
[INFO] [stdout] 
[INFO] [stderr] error: could not compile `quic-p2p` (example "client_node") due to 2 previous errors
[INFO] [stderr] warning: build failed, waiting for other jobs to finish...
[INFO] running `Command { std: "docker" "inspect" "0691a8d0c84c7d2540b043d5c3a1daa5ce030dfb91552226ac90a4db6e5d0cd4", kill_on_drop: false }`
[INFO] running `Command { std: "docker" "rm" "-f" "0691a8d0c84c7d2540b043d5c3a1daa5ce030dfb91552226ac90a4db6e5d0cd4", kill_on_drop: false }`
[INFO] [stdout] 0691a8d0c84c7d2540b043d5c3a1daa5ce030dfb91552226ac90a4db6e5d0cd4
