[INFO] fetching crate pyonear 0.2.0...
[INFO] testing pyonear-0.2.0 against 1.75.0 for beta-1.76-1
[INFO] extracting crate pyonear 0.2.0 into /workspace/builds/worker-1-tc1/source
[INFO] validating manifest of crates.io crate pyonear 0.2.0 on toolchain 1.75.0
[INFO] running `Command { std: CARGO_HOME="/workspace/cargo-home" RUSTUP_HOME="/workspace/rustup-home" "/workspace/cargo-home/bin/cargo" "+1.75.0" "metadata" "--manifest-path" "Cargo.toml" "--no-deps", kill_on_drop: false }`
[INFO] started tweaking crates.io crate pyonear 0.2.0
[INFO] finished tweaking crates.io crate pyonear 0.2.0
[INFO] tweaked toml for crates.io crate pyonear 0.2.0 written to /workspace/builds/worker-1-tc1/source/Cargo.toml
[INFO] running `Command { std: CARGO_HOME="/workspace/cargo-home" RUSTUP_HOME="/workspace/rustup-home" "/workspace/cargo-home/bin/cargo" "+1.75.0" "generate-lockfile" "--manifest-path" "Cargo.toml", kill_on_drop: false }`
[INFO] [stderr]     Updating crates.io index
[INFO] running `Command { std: CARGO_HOME="/workspace/cargo-home" RUSTUP_HOME="/workspace/rustup-home" "/workspace/cargo-home/bin/cargo" "+1.75.0" "fetch" "--manifest-path" "Cargo.toml", kill_on_drop: false }`
[INFO] [stderr]  Downloading crates ...
[INFO] [stderr]   Downloaded easy-ext v0.2.9
[INFO] [stderr]   Downloaded reed-solomon-erasure v4.0.2
[INFO] [stderr]   Downloaded primitive-types v0.10.1
[INFO] [stderr]   Downloaded near-rpc-error-core v0.15.0
[INFO] [stderr]   Downloaded near-crypto v0.15.0
[INFO] [stderr]   Downloaded solders-traits v0.14.4
[INFO] [stderr]   Downloaded smart-default v0.6.0
[INFO] [stderr]   Downloaded near-primitives-core v0.15.0
[INFO] [stderr]   Downloaded near-primitives v0.15.0
[INFO] [stderr]   Downloaded near-vm-errors v0.15.0
[INFO] [stderr]   Downloaded near-rpc-error-macro v0.15.0
[INFO] [stderr]   Downloaded near-account-id v0.15.0
[INFO] [stderr]   Downloaded solders-macros v0.14.4
[INFO] running `Command { std: "docker" "create" "-v" "/var/lib/crater-agent-workspace/builds/worker-1-tc1/target:/opt/rustwide/target:rw,Z" "-v" "/var/lib/crater-agent-workspace/builds/worker-1-tc1/source:/opt/rustwide/workdir:ro,Z" "-v" "/var/lib/crater-agent-workspace/cargo-home:/opt/rustwide/cargo-home:ro,Z" "-v" "/var/lib/crater-agent-workspace/rustup-home:/opt/rustwide/rustup-home:ro,Z" "-e" "SOURCE_DIR=/opt/rustwide/workdir" "-e" "CARGO_TARGET_DIR=/opt/rustwide/target" "-e" "CARGO_HOME=/opt/rustwide/cargo-home" "-e" "RUSTUP_HOME=/opt/rustwide/rustup-home" "-w" "/opt/rustwide/workdir" "-m" "1610612736" "--user" "0:0" "--network" "none" "ghcr.io/rust-lang/crates-build-env/linux@sha256:2788e3201cd34a07e3172128adcd8b3090168a8e3bcc40d7c032b9dda1df7d1c" "/opt/rustwide/cargo-home/bin/cargo" "+1.75.0" "metadata" "--no-deps" "--format-version=1", kill_on_drop: false }`
[INFO] [stdout] bb2e7034b923bd40ede4fb50702b52197ac139ea7364f3ef47a9df40ef912180
[INFO] running `Command { std: "docker" "start" "-a" "bb2e7034b923bd40ede4fb50702b52197ac139ea7364f3ef47a9df40ef912180", kill_on_drop: false }`
[INFO] running `Command { std: "docker" "inspect" "bb2e7034b923bd40ede4fb50702b52197ac139ea7364f3ef47a9df40ef912180", kill_on_drop: false }`
[INFO] running `Command { std: "docker" "rm" "-f" "bb2e7034b923bd40ede4fb50702b52197ac139ea7364f3ef47a9df40ef912180", kill_on_drop: false }`
[INFO] [stdout] bb2e7034b923bd40ede4fb50702b52197ac139ea7364f3ef47a9df40ef912180
[INFO] running `Command { std: "docker" "create" "-v" "/var/lib/crater-agent-workspace/builds/worker-1-tc1/target:/opt/rustwide/target:rw,Z" "-v" "/var/lib/crater-agent-workspace/builds/worker-1-tc1/source:/opt/rustwide/workdir:ro,Z" "-v" "/var/lib/crater-agent-workspace/cargo-home:/opt/rustwide/cargo-home:ro,Z" "-v" "/var/lib/crater-agent-workspace/rustup-home:/opt/rustwide/rustup-home:ro,Z" "-e" "SOURCE_DIR=/opt/rustwide/workdir" "-e" "CARGO_TARGET_DIR=/opt/rustwide/target" "-e" "CARGO_INCREMENTAL=0" "-e" "RUST_BACKTRACE=full" "-e" "RUSTFLAGS=--cap-lints=warn" "-e" "RUSTDOCFLAGS=--cap-lints=warn" "-e" "CARGO_HOME=/opt/rustwide/cargo-home" "-e" "RUSTUP_HOME=/opt/rustwide/rustup-home" "-w" "/opt/rustwide/workdir" "-m" "1610612736" "--user" "0:0" "--network" "none" "ghcr.io/rust-lang/crates-build-env/linux@sha256:2788e3201cd34a07e3172128adcd8b3090168a8e3bcc40d7c032b9dda1df7d1c" "/opt/rustwide/cargo-home/bin/cargo" "+1.75.0" "build" "--frozen" "--message-format=json", kill_on_drop: false }`
[INFO] [stdout] a13cdf53a40a6c45450f91e3497af441b9f387e46f2a16d931a7f0a07889ee09
[INFO] running `Command { std: "docker" "start" "-a" "a13cdf53a40a6c45450f91e3497af441b9f387e46f2a16d931a7f0a07889ee09", kill_on_drop: false }`
[INFO] [stderr]    Compiling serde v1.0.194
[INFO] [stderr]    Compiling typenum v1.17.0
[INFO] [stderr]    Compiling libc v0.2.151
[INFO] [stderr]    Compiling autocfg v1.1.0
[INFO] [stderr]    Compiling generic-array v0.14.7
[INFO] [stderr]    Compiling syn v1.0.109
[INFO] [stderr]    Compiling once_cell v1.19.0
[INFO] [stderr]    Compiling syn v2.0.48
[INFO] [stderr]    Compiling subtle v2.5.0
[INFO] [stderr]    Compiling ppv-lite86 v0.2.17
[INFO] [stderr]    Compiling num-traits v0.2.17
[INFO] [stderr]    Compiling num-integer v0.1.45
[INFO] [stderr]    Compiling crunchy v0.2.2
[INFO] [stderr]    Compiling jobserver v0.1.27
[INFO] [stderr]    Compiling semver v1.0.21
[INFO] [stderr]    Compiling cc v1.0.83
[INFO] [stderr]    Compiling getrandom v0.1.16
[INFO] [stderr]    Compiling getrandom v0.2.11
[INFO] [stderr]    Compiling rand_core v0.6.4
[INFO] [stderr]    Compiling rustc_version v0.4.0
[INFO] [stderr]    Compiling cpufeatures v0.2.12
[INFO] [stderr]    Compiling rand_core v0.5.1
[INFO] [stderr]    Compiling rand_chacha v0.3.1
[INFO] [stderr]    Compiling ahash v0.8.7
[INFO] [stderr]    Compiling rand v0.8.5
[INFO] [stderr]    Compiling ahash v0.7.7
[INFO] [stderr]    Compiling either v1.9.0
[INFO] [stderr]    Compiling target-lexicon v0.12.13
[INFO] [stderr]    Compiling num-bigint v0.4.4
[INFO] [stderr]    Compiling zerocopy v0.7.32
[INFO] [stderr]    Compiling crossbeam-utils v0.8.18
[INFO] [stderr]    Compiling byteorder v1.5.0
[INFO] [stderr]    Compiling rand_chacha v0.2.2
[INFO] [stderr]    Compiling paste v1.0.14
[INFO] [stderr]    Compiling thiserror v1.0.56
[INFO] [stderr]    Compiling pyo3-build-config v0.18.3
[INFO] [stderr]    Compiling rand v0.7.3
[INFO] [stderr]    Compiling digest v0.9.0
[INFO] [stderr]    Compiling hashbrown v0.11.2
[INFO] [stderr]    Compiling borsh-derive-internal v0.9.3
[INFO] [stderr]    Compiling borsh-schema-derive-internal v0.9.3
[INFO] [stderr]    Compiling ark-std v0.4.0
[INFO] [stderr]    Compiling wasm-bindgen-shared v0.2.89
[INFO] [stderr]    Compiling libsecp256k1-core v0.2.2
[INFO] [stderr]    Compiling crossbeam-epoch v0.9.17
[INFO] [stderr]    Compiling hashbrown v0.13.2
[INFO] [stderr]    Compiling itertools v0.10.5
[INFO] [stderr]    Compiling serde_json v1.0.111
[INFO] [stderr]    Compiling arrayref v0.3.7
[INFO] [stderr]    Compiling bs58 v0.4.0
[INFO] [stderr]    Compiling rayon-core v1.12.0
[INFO] [stderr]    Compiling fnv v1.0.7
[INFO] [stderr]    Compiling crossbeam-deque v0.8.4
[INFO] [stderr]    Compiling equivalent v1.0.1
[INFO] [stderr]    Compiling signature v1.6.4
[INFO] [stderr]    Compiling hashbrown v0.14.3
[INFO] [stderr]    Compiling log v0.4.20
[INFO] [stderr]    Compiling itoa v1.0.10
[INFO] [stderr]    Compiling ident_case v1.0.1
[INFO] [stderr]    Compiling ryu v1.0.16
[INFO] [stderr]    Compiling strsim v0.10.0
[INFO] [stderr]    Compiling bumpalo v3.14.0
[INFO] [stderr]    Compiling feature-probe v0.1.1
[INFO] [stderr]    Compiling bv v0.11.1
[INFO] [stderr]    Compiling wasm-bindgen-backend v0.2.89
[INFO] [stderr]    Compiling serde_derive v1.0.194
[INFO] [stderr]    Compiling zeroize_derive v1.4.2
[INFO] [stderr]    Compiling thiserror-impl v1.0.56
[INFO] [stderr]    Compiling indexmap v2.1.0
[INFO] [stderr]    Compiling darling_core v0.20.3
[INFO] [stderr]    Compiling ed25519 v1.5.3
[INFO] [stderr]    Compiling libsecp256k1-gen-ecmult v0.2.1
[INFO] [stderr]    Compiling libsecp256k1-gen-genmult v0.2.1
[INFO] [stderr]    Compiling ark-serialize-derive v0.4.2
[INFO] [stderr]    Compiling ark-ff-asm v0.4.2
[INFO] [stderr]    Compiling zeroize v1.3.0
[INFO] [stderr]    Compiling derivative v2.2.0
[INFO] [stderr]    Compiling ark-ff-macros v0.4.2
[INFO] [stderr]    Compiling blake3 v1.5.0
[INFO] [stderr]    Compiling solana-frozen-abi-macro v1.17.14
[INFO] [stderr]    Compiling bitmaps v2.1.0
[INFO] [stderr]    Compiling im v15.1.0
[INFO] [stderr]    Compiling anyhow v1.0.79
[INFO] [stderr]    Compiling winnow v0.5.32
[INFO] [stderr]    Compiling smallvec v1.11.2
[INFO] [stderr]    Compiling tinyvec_macros v0.1.1
[INFO] [stderr]    Compiling toml_datetime v0.6.5
[INFO] [stderr]    Compiling regex-syntax v0.8.2
[INFO] [stderr]    Compiling tinyvec v1.6.0
[INFO] [stderr]    Compiling sized-chunks v0.6.5
[INFO] [stderr]    Compiling darling_macro v0.20.3
[INFO] [stderr]    Compiling rayon v1.8.0
[INFO] [stderr]    Compiling libsecp256k1 v0.6.0
[INFO] [stderr]    Compiling wasm-bindgen-macro-support v0.2.89
[INFO] [stderr]    Compiling regex-automata v0.4.3
[INFO] [stderr]    Compiling pyo3-ffi v0.18.3
[INFO] [stderr]    Compiling borsh-derive-internal v0.10.3
[INFO] [stderr]    Compiling borsh-schema-derive-internal v0.10.3
[INFO] [stderr]    Compiling toml_edit v0.19.15
[INFO] [stderr]    Compiling secp256k1-sys v0.6.1
[INFO] [stderr]    Compiling solana-frozen-abi v1.17.14
[INFO] [stderr]    Compiling rand_xoshiro v0.6.0
[INFO] [stderr]    Compiling memoffset v0.9.0
[INFO] [stderr]    Compiling lock_api v0.4.11
[INFO] [stderr]    Compiling num-bigint v0.3.3
[INFO] [stderr]    Compiling heck v0.4.1
[INFO] [stderr]    Compiling static_assertions v1.1.0
[INFO] [stderr]    Compiling arrayvec v0.7.4
[INFO] [stderr]    Compiling wasm-bindgen v0.2.89
[INFO] [stderr]    Compiling constant_time_eq v0.3.0
[INFO] [stderr]    Compiling parking_lot_core v0.9.9
[INFO] [stderr]    Compiling strum_macros v0.24.3
[INFO] [stderr]    Compiling proc-macro-crate v1.3.1
[INFO] [stderr]    Compiling regex v1.10.2
[INFO] [stderr]    Compiling wasm-bindgen-macro v0.2.89
[INFO] [stderr]    Compiling toml v0.5.11
[INFO] [stderr]    Compiling darling v0.20.3
[INFO] [stderr]    Compiling unicode-normalization v0.1.22
[INFO] [stderr]    Compiling block-buffer v0.10.4
[INFO] [stderr]    Compiling crypto-common v0.1.6
[INFO] [stderr]    Compiling proc-macro-crate v0.1.5
[INFO] [stderr]    Compiling digest v0.10.7
[INFO] [stderr]    Compiling crypto-mac v0.8.0
[INFO] [stderr]    Compiling block-buffer v0.9.0
[INFO] [stderr]    Compiling sha2 v0.9.9
[INFO] [stderr]    Compiling ark-serialize v0.4.2
[INFO] [stderr]    Compiling sha2 v0.10.8
[INFO] [stderr]    Compiling curve25519-dalek v3.2.1
[INFO] [stderr]    Compiling hmac v0.8.1
[INFO] [stderr]    Compiling pbkdf2 v0.4.0
[INFO] [stderr]    Compiling hmac-drbg v0.3.0
[INFO] [stderr]    Compiling ark-ff v0.4.2
[INFO] [stderr]    Compiling borsh-derive v0.9.3
[INFO] [stderr]    Compiling borsh-derive v0.10.3
[INFO] [stderr]    Compiling serde_bytes v0.11.14
[INFO] [stderr]    Compiling ed25519-dalek v1.0.1
[INFO] [stderr]    Compiling bytemuck_derive v1.5.0
[INFO] [stderr]    Compiling solana-program v1.17.14
[INFO] [stderr]    Compiling borsh v0.9.3
[INFO] [stderr]    Compiling memmap2 v0.5.10
[INFO] [stderr]    Compiling atty v0.2.14
[INFO] [stderr]    Compiling memoffset v0.8.0
[INFO] [stderr]    Compiling num-rational v0.3.2
[INFO] [stderr]    Compiling humantime v2.1.0
[INFO] [stderr]    Compiling scopeguard v1.2.0
[INFO] [stderr]    Compiling rustc-hash v1.1.0
[INFO] [stderr]    Compiling base64 v0.12.3
[INFO] [stderr]    Compiling iana-time-zone v0.1.59
[INFO] [stderr]    Compiling keccak v0.1.4
[INFO] [stderr]    Compiling hex v0.4.3
[INFO] [stderr]    Compiling convert_case v0.4.0
[INFO] [stderr]    Compiling near-account-id v0.15.0
[INFO] [stderr]    Compiling termcolor v1.4.0
[INFO] [stderr]    Compiling uint v0.9.5
[INFO] [stderr]    Compiling bytemuck v1.14.0
[INFO] [stderr]    Compiling derive_more v0.99.17
[INFO] [stderr]    Compiling sha3 v0.10.8
[INFO] [stderr]    Compiling chrono v0.4.31
[INFO] [stderr]    Compiling env_logger v0.9.3
[INFO] [stderr]    Compiling tiny-bip39 v0.8.2
[INFO] [stderr]    Compiling borsh v0.10.3
[INFO] [stderr]    Compiling hmac v0.12.1
[INFO] [stderr]    Compiling strum v0.24.1
[INFO] [stderr]    Compiling cipher v0.2.5
[INFO] [stderr]    Compiling bitflags v2.4.1
[INFO] [stderr]    Compiling bincode v1.3.3
[INFO] [stderr]    Compiling serde_with_macros v2.3.3
[INFO] [stderr]    Compiling num_enum_derive v0.6.1
[INFO] [stderr]    Compiling near-rpc-error-core v0.15.0
[INFO] [stderr]    Compiling fixed-hash v0.7.0
[INFO] [stderr]    Compiling num-derive v0.3.3
[INFO] [stderr]    Compiling pyo3 v0.18.3
[INFO] [stderr]    Compiling solana-sdk-macro v1.17.14
[INFO] [stderr]    Compiling pyo3-macros-backend v0.18.3
[INFO] [stderr]    Compiling solana-sdk v1.17.14
[INFO] [stderr]    Compiling base64 v0.21.5
[INFO] [stderr]    Compiling derivation-path v0.2.0
[INFO] [stderr]    Compiling reed-solomon-erasure v4.0.2
[INFO] [stderr]    Compiling percent-encoding v2.3.1
[INFO] [stderr]    Compiling qstring v0.7.2
[INFO] [stderr]    Compiling ed25519-dalek-bip32 v0.2.0
[INFO] [stderr]    Compiling num_enum v0.6.1
[INFO] [stderr]    Compiling serde_with v2.3.3
[INFO] [stderr]    Compiling primitive-types v0.10.1
[INFO] [stderr]    Compiling parking_lot v0.12.1
[INFO] [stderr]    Compiling near-rpc-error-macro v0.15.0
[INFO] [stderr]    Compiling c2-chacha v0.3.3
[INFO] [stderr]    Compiling solana-logger v1.17.14
[INFO] [stderr]    Compiling pbkdf2 v0.11.0
[INFO] [stderr]    Compiling blake2 v0.9.2
[INFO] [stderr]    Compiling uriparse v0.6.4
[INFO] [stderr]    Compiling qualifier_attr v0.2.2
[INFO] [stderr]    Compiling serde_repr v0.1.18
[INFO] [stderr]    Compiling half v1.8.2
[INFO] [stderr]    Compiling ark-poly v0.4.2
[INFO] [stderr]    Compiling unindent v0.1.11
[INFO] [stderr]    Compiling base64 v0.13.1
[INFO] [stderr]    Compiling assert_matches v1.5.0
[INFO] [stderr]    Compiling serde_cbor v0.11.2
[INFO] [stderr]    Compiling near-vm-errors v0.15.0
[INFO] [stderr]    Compiling near-primitives-core v0.15.0
[INFO] [stderr]    Compiling smart-default v0.6.0
[INFO] [stderr]    Compiling bytesize v1.3.0
[INFO] [stderr]    Compiling ark-ec v0.4.2
[INFO] [stderr]    Compiling easy-ext v0.2.9
[INFO] [stderr]    Compiling solders-macros v0.14.4
[INFO] [stderr]    Compiling pyo3-macros v0.18.3
[INFO] [stderr]    Compiling ark-bn254 v0.4.0
[INFO] [stderr]    Compiling light-poseidon v0.2.0
[INFO] [stderr]    Compiling secp256k1 v0.24.3
[INFO] [stderr]    Compiling near-crypto v0.15.0
[INFO] [stderr]    Compiling near-primitives v0.15.0
[INFO] [stderr]    Compiling solders-traits v0.14.4
[INFO] [stderr]    Compiling pyonear v0.2.0 (/opt/rustwide/workdir)
[INFO] [stderr]     Finished dev [unoptimized + debuginfo] target(s) in 1m 18s
[INFO] running `Command { std: "docker" "inspect" "a13cdf53a40a6c45450f91e3497af441b9f387e46f2a16d931a7f0a07889ee09", kill_on_drop: false }`
[INFO] running `Command { std: "docker" "rm" "-f" "a13cdf53a40a6c45450f91e3497af441b9f387e46f2a16d931a7f0a07889ee09", kill_on_drop: false }`
[INFO] [stdout] a13cdf53a40a6c45450f91e3497af441b9f387e46f2a16d931a7f0a07889ee09
[INFO] running `Command { std: "docker" "create" "-v" "/var/lib/crater-agent-workspace/builds/worker-1-tc1/target:/opt/rustwide/target:rw,Z" "-v" "/var/lib/crater-agent-workspace/builds/worker-1-tc1/source:/opt/rustwide/workdir:ro,Z" "-v" "/var/lib/crater-agent-workspace/cargo-home:/opt/rustwide/cargo-home:ro,Z" "-v" "/var/lib/crater-agent-workspace/rustup-home:/opt/rustwide/rustup-home:ro,Z" "-e" "SOURCE_DIR=/opt/rustwide/workdir" "-e" "CARGO_TARGET_DIR=/opt/rustwide/target" "-e" "CARGO_INCREMENTAL=0" "-e" "RUST_BACKTRACE=full" "-e" "RUSTFLAGS=--cap-lints=warn" "-e" "RUSTDOCFLAGS=--cap-lints=warn" "-e" "CARGO_HOME=/opt/rustwide/cargo-home" "-e" "RUSTUP_HOME=/opt/rustwide/rustup-home" "-w" "/opt/rustwide/workdir" "-m" "1610612736" "--user" "0:0" "--network" "none" "ghcr.io/rust-lang/crates-build-env/linux@sha256:2788e3201cd34a07e3172128adcd8b3090168a8e3bcc40d7c032b9dda1df7d1c" "/opt/rustwide/cargo-home/bin/cargo" "+1.75.0" "test" "--frozen" "--no-run" "--message-format=json", kill_on_drop: false }`
[INFO] [stdout] f87b52c488288aaf11f30b218e0e165fb03f3d2290c5529eb87c67064da976fc
[INFO] running `Command { std: "docker" "start" "-a" "f87b52c488288aaf11f30b218e0e165fb03f3d2290c5529eb87c67064da976fc", kill_on_drop: false }`
[INFO] [stderr]    Compiling pyonear v0.2.0 (/opt/rustwide/workdir)
[INFO] [stderr]     Finished test [unoptimized + debuginfo] target(s) in 11.04s
[INFO] running `Command { std: "docker" "inspect" "f87b52c488288aaf11f30b218e0e165fb03f3d2290c5529eb87c67064da976fc", kill_on_drop: false }`
[INFO] running `Command { std: "docker" "rm" "-f" "f87b52c488288aaf11f30b218e0e165fb03f3d2290c5529eb87c67064da976fc", kill_on_drop: false }`
[INFO] [stdout] f87b52c488288aaf11f30b218e0e165fb03f3d2290c5529eb87c67064da976fc
[INFO] running `Command { std: "docker" "create" "-v" "/var/lib/crater-agent-workspace/builds/worker-1-tc1/target:/opt/rustwide/target:rw,Z" "-v" "/var/lib/crater-agent-workspace/builds/worker-1-tc1/source:/opt/rustwide/workdir:ro,Z" "-v" "/var/lib/crater-agent-workspace/cargo-home:/opt/rustwide/cargo-home:ro,Z" "-v" "/var/lib/crater-agent-workspace/rustup-home:/opt/rustwide/rustup-home:ro,Z" "-e" "SOURCE_DIR=/opt/rustwide/workdir" "-e" "CARGO_TARGET_DIR=/opt/rustwide/target" "-e" "CARGO_INCREMENTAL=0" "-e" "RUST_BACKTRACE=full" "-e" "RUSTFLAGS=--cap-lints=warn" "-e" "RUSTDOCFLAGS=--cap-lints=warn" "-e" "CARGO_HOME=/opt/rustwide/cargo-home" "-e" "RUSTUP_HOME=/opt/rustwide/rustup-home" "-w" "/opt/rustwide/workdir" "-m" "1610612736" "--user" "0:0" "--network" "none" "ghcr.io/rust-lang/crates-build-env/linux@sha256:2788e3201cd34a07e3172128adcd8b3090168a8e3bcc40d7c032b9dda1df7d1c" "/opt/rustwide/cargo-home/bin/cargo" "+1.75.0" "test" "--frozen", kill_on_drop: false }`
[INFO] [stdout] ca412ad82cf64957a212aeb9be37f47b27c31cc8cc5400991be9186e058eee75
[INFO] running `Command { std: "docker" "start" "-a" "ca412ad82cf64957a212aeb9be37f47b27c31cc8cc5400991be9186e058eee75", kill_on_drop: false }`
[INFO] [stderr]     Finished test [unoptimized + debuginfo] target(s) in 0.46s
[INFO] [stderr]      Running unittests src/lib.rs (/opt/rustwide/target/debug/deps/pyonear-9839e878f5308d2c)
[INFO] [stdout] 
[INFO] [stdout] running 0 tests
[INFO] [stdout] 
[INFO] [stdout] test result: ok. 0 passed; 0 failed; 0 ignored; 0 measured; 0 filtered out; finished in 0.00s
[INFO] [stdout] 
[INFO] [stderr]    Doc-tests pyonear
[INFO] [stdout] 
[INFO] [stdout] running 8 tests
[INFO] [stdout] test src/account_id.rs - account_id::AccountId::is_top_level (line 79) ... FAILED
[INFO] [stdout] test src/account_id.rs - account_id::AccountId::validate (line 153) ... FAILED
[INFO] [stdout] test src/transaction.rs - transaction::Transaction (line 62) ... FAILED
[INFO] [stdout] test src/account_id.rs - account_id::AccountId::is_sub_account_of (line 97) ... FAILED
[INFO] [stdout] test src/account_id.rs - account_id::AccountId::is_system (line 137) ... FAILED
[INFO] [stdout] test src/account_id.rs - account_id::AccountId (line 23) ... FAILED
[INFO] [stdout] test src/account_id.rs - account_id::AccountId::is_implicit (line 120) ... FAILED
[INFO] [stdout] test src/crypto_hash.rs - crypto_hash::crypto_hash (line 108) ... FAILED
[INFO] [stdout] 
[INFO] [stdout] failures:
[INFO] [stdout] 
[INFO] [stdout] ---- src/account_id.rs - account_id::AccountId::is_top_level (line 79) stdout ----
[INFO] [stdout] error: expected expression, found `>>`
[INFO] [stdout]  --> src/account_id.rs:81:1
[INFO] [stdout]   |
[INFO] [stdout] 5 | >>> from pyonear.account_id import AccountId
[INFO] [stdout]   | ^^ expected expression
[INFO] [stdout] 
[INFO] [stdout] error: aborting due to previous error
[INFO] [stdout] 
[INFO] [stdout] Couldn't compile the test.
[INFO] [stdout] ---- src/account_id.rs - account_id::AccountId::validate (line 153) stdout ----
[INFO] [stdout] error: expected expression, found `>>`
[INFO] [stdout]  --> src/account_id.rs:155:1
[INFO] [stdout]   |
[INFO] [stdout] 5 | >>> from pyonear.account_id import AccountId
[INFO] [stdout]   | ^^ expected expression
[INFO] [stdout] 
[INFO] [stdout] error: aborting due to previous error
[INFO] [stdout] 
[INFO] [stdout] Couldn't compile the test.
[INFO] [stdout] ---- src/transaction.rs - transaction::Transaction (line 62) stdout ----
[INFO] [stdout] error: unknown start of token: `
[INFO] [stdout]  --> src/transaction.rs:65:101
[INFO] [stdout]   |
[INFO] [stdout] 5 | nonce (int): Used to determine order of transaction in the pool. It increments for a combination of `signer_id` and `public_key`,
[INFO] [stdout]   |                                                                                                     ^
[INFO] [stdout]   |
[INFO] [stdout] help: Unicode character '`' (Grave Accent) looks like ''' (Single Quote), but it is not
[INFO] [stdout]   |
[INFO] [stdout] 5 | nonce (int): Used to determine order of transaction in the pool. It increments for a combination of 'signer_id` and `public_key`,
[INFO] [stdout]   |                                                                                                     ~
[INFO] [stdout] 
[INFO] [stdout] error: unknown start of token: `
[INFO] [stdout]  --> src/transaction.rs:65:111
[INFO] [stdout]   |
[INFO] [stdout] 5 | nonce (int): Used to determine order of transaction in the pool. It increments for a combination of `signer_id` and `public_key`,
[INFO] [stdout]   |                                                                                                               ^
[INFO] [stdout]   |
[INFO] [stdout] help: Unicode character '`' (Grave Accent) looks like ''' (Single Quote), but it is not
[INFO] [stdout]   |
[INFO] [stdout] 5 | nonce (int): Used to determine order of transaction in the pool. It increments for a combination of `signer_id' and `public_key`,
[INFO] [stdout]   |                                                                                                               ~
[INFO] [stdout] 
[INFO] [stdout] error: unknown start of token: `
[INFO] [stdout]  --> src/transaction.rs:65:117
[INFO] [stdout]   |
[INFO] [stdout] 5 | nonce (int): Used to determine order of transaction in the pool. It increments for a combination of `signer_id` and `public_key`,
[INFO] [stdout]   |                                                                                                                     ^
[INFO] [stdout]   |
[INFO] [stdout] help: Unicode character '`' (Grave Accent) looks like ''' (Single Quote), but it is not
[INFO] [stdout]   |
[INFO] [stdout] 5 | nonce (int): Used to determine order of transaction in the pool. It increments for a combination of `signer_id` and 'public_key`,
[INFO] [stdout]   |                                                                                                                     ~
[INFO] [stdout] 
[INFO] [stdout] error: unknown start of token: `
[INFO] [stdout]  --> src/transaction.rs:65:128
[INFO] [stdout]   |
[INFO] [stdout] 5 | nonce (int): Used to determine order of transaction in the pool. It increments for a combination of `signer_id` and `public_key`,
[INFO] [stdout]   |                                                                                                                                ^
[INFO] [stdout]   |
[INFO] [stdout] help: Unicode character '`' (Grave Accent) looks like ''' (Single Quote), but it is not
[INFO] [stdout]   |
[INFO] [stdout] 5 | nonce (int): Used to determine order of transaction in the pool. It increments for a combination of `signer_id` and `public_key',
[INFO] [stdout]   |                                                                                                                                ~
[INFO] [stdout] 
[INFO] [stdout] error: expected one of `.`, `;`, `?`, `}`, or an operator, found `:`
[INFO] [stdout]  --> src/transaction.rs:63:22
[INFO] [stdout]   |
[INFO] [stdout] 3 | signer_id (AccountId): The account on whose behalf the transaciton is signed.
[INFO] [stdout]   |                      ^ expected one of `.`, `;`, `?`, `}`, or an operator
[INFO] [stdout] 
[INFO] [stdout] error: aborting due to 5 previous errors
[INFO] [stdout] 
[INFO] [stdout] Couldn't compile the test.
[INFO] [stdout] ---- src/account_id.rs - account_id::AccountId::is_sub_account_of (line 97) stdout ----
[INFO] [stdout] error: expected expression, found `>>`
[INFO] [stdout]  --> src/account_id.rs:99:1
[INFO] [stdout]   |
[INFO] [stdout] 5 | >>> from pyonear.account_id import AccountId
[INFO] [stdout]   | ^^ expected expression
[INFO] [stdout] 
[INFO] [stdout] error: aborting due to previous error
[INFO] [stdout] 
[INFO] [stdout] Couldn't compile the test.
[INFO] [stdout] ---- src/account_id.rs - account_id::AccountId::is_system (line 137) stdout ----
[INFO] [stdout] error: expected expression, found `>>`
[INFO] [stdout]  --> src/account_id.rs:139:1
[INFO] [stdout]   |
[INFO] [stdout] 5 | >>> from pyonear.account_id import AccountId
[INFO] [stdout]   | ^^ expected expression
[INFO] [stdout] 
[INFO] [stdout] error: aborting due to previous error
[INFO] [stdout] 
[INFO] [stdout] Couldn't compile the test.
[INFO] [stdout] ---- src/account_id.rs - account_id::AccountId (line 23) stdout ----
[INFO] [stdout] error: expected expression, found `>>`
[INFO] [stdout]  --> src/account_id.rs:25:1
[INFO] [stdout]   |
[INFO] [stdout] 5 | >>> from pyonear.account_id import AccountId
[INFO] [stdout]   | ^^ expected expression
[INFO] [stdout] 
[INFO] [stdout] warning: identifier contains uncommon Unicode codepoints
[INFO] [stdout]  --> src/account_id.rs:27:34
[INFO] [stdout]   |
[INFO] [stdout] 7 | >>> AccountId("ƒelicia.near") # (ƒ is not f)
[INFO] [stdout]   |                                  ^
[INFO] [stdout]   |
[INFO] [stdout]   = note: `#[warn(uncommon_codepoints)]` on by default
[INFO] [stdout] 
[INFO] [stdout] error: aborting due to previous error; 1 warning emitted
[INFO] [stdout] 
[INFO] [stdout] Couldn't compile the test.
[INFO] [stdout] ---- src/account_id.rs - account_id::AccountId::is_implicit (line 120) stdout ----
[INFO] [stdout] error: expected expression, found `>>`
[INFO] [stdout]  --> src/account_id.rs:122:1
[INFO] [stdout]   |
[INFO] [stdout] 5 | >>> from pyonear.account_id import AccountId
[INFO] [stdout]   | ^^ expected expression
[INFO] [stdout] 
[INFO] [stdout] error: aborting due to previous error
[INFO] [stdout] 
[INFO] [stdout] Couldn't compile the test.
[INFO] [stdout] ---- src/crypto_hash.rs - crypto_hash::crypto_hash (line 108) stdout ----
[INFO] [stdout] error: unknown start of token: `
[INFO] [stdout]  --> src/crypto_hash.rs:113:5
[INFO] [stdout]   |
[INFO] [stdout] 8 |     `EutHBsdT1YCzHxjCfQHnLPL1vFrkSyLSio4vkphfnEk`,
[INFO] [stdout]   |     ^
[INFO] [stdout]   |
[INFO] [stdout] help: Unicode character '`' (Grave Accent) looks like ''' (Single Quote), but it is not
[INFO] [stdout]   |
[INFO] [stdout] 8 |     'EutHBsdT1YCzHxjCfQHnLPL1vFrkSyLSio4vkphfnEk`,
[INFO] [stdout]   |     ~
[INFO] [stdout] 
[INFO] [stdout] error: unknown start of token: `
[INFO] [stdout]  --> src/crypto_hash.rs:113:49
[INFO] [stdout]   |
[INFO] [stdout] 8 |     `EutHBsdT1YCzHxjCfQHnLPL1vFrkSyLSio4vkphfnEk`,
[INFO] [stdout]   |                                                 ^
[INFO] [stdout]   |
[INFO] [stdout] help: Unicode character '`' (Grave Accent) looks like ''' (Single Quote), but it is not
[INFO] [stdout]   |
[INFO] [stdout] 8 |     `EutHBsdT1YCzHxjCfQHnLPL1vFrkSyLSio4vkphfnEk',
[INFO] [stdout]   |                                                 ~
[INFO] [stdout] 
[INFO] [stdout] error: expected expression, found `>>`
[INFO] [stdout]  --> src/crypto_hash.rs:110:1
[INFO] [stdout]   |
[INFO] [stdout] 5 | >>> from pyonear.crypto_hash import crypto_hash
[INFO] [stdout]   | ^^ expected expression
[INFO] [stdout] 
[INFO] [stdout] error: aborting due to 3 previous errors
[INFO] [stdout] 
[INFO] [stdout] Couldn't compile the test.
[INFO] [stdout] 
[INFO] [stdout] failures:
[INFO] [stdout]     src/account_id.rs - account_id::AccountId (line 23)
[INFO] [stdout]     src/account_id.rs - account_id::AccountId::is_implicit (line 120)
[INFO] [stdout]     src/account_id.rs - account_id::AccountId::is_sub_account_of (line 97)
[INFO] [stdout]     src/account_id.rs - account_id::AccountId::is_system (line 137)
[INFO] [stdout]     src/account_id.rs - account_id::AccountId::is_top_level (line 79)
[INFO] [stdout]     src/account_id.rs - account_id::AccountId::validate (line 153)
[INFO] [stdout]     src/crypto_hash.rs - crypto_hash::crypto_hash (line 108)
[INFO] [stdout]     src/transaction.rs - transaction::Transaction (line 62)
[INFO] [stdout] 
[INFO] [stdout] test result: FAILED. 0 passed; 8 failed; 0 ignored; 0 measured; 0 filtered out; finished in 0.09s
[INFO] [stdout] 
[INFO] [stderr] error: doctest failed, to rerun pass `--doc`
[INFO] running `Command { std: "docker" "inspect" "ca412ad82cf64957a212aeb9be37f47b27c31cc8cc5400991be9186e058eee75", kill_on_drop: false }`
[INFO] running `Command { std: "docker" "rm" "-f" "ca412ad82cf64957a212aeb9be37f47b27c31cc8cc5400991be9186e058eee75", kill_on_drop: false }`
[INFO] [stdout] ca412ad82cf64957a212aeb9be37f47b27c31cc8cc5400991be9186e058eee75
