[INFO] fetching crate micro_games_macros 0.3.0...
[INFO] testing micro_games_macros-0.3.0 against 1.75.0 for beta-1.76-1
[INFO] extracting crate micro_games_macros 0.3.0 into /workspace/builds/worker-4-tc1/source
[INFO] validating manifest of crates.io crate micro_games_macros 0.3.0 on toolchain 1.75.0
[INFO] running `Command { std: CARGO_HOME="/workspace/cargo-home" RUSTUP_HOME="/workspace/rustup-home" "/workspace/cargo-home/bin/cargo" "+1.75.0" "metadata" "--manifest-path" "Cargo.toml" "--no-deps", kill_on_drop: false }`
[INFO] started tweaking crates.io crate micro_games_macros 0.3.0
[INFO] finished tweaking crates.io crate micro_games_macros 0.3.0
[INFO] tweaked toml for crates.io crate micro_games_macros 0.3.0 written to /workspace/builds/worker-4-tc1/source/Cargo.toml
[INFO] running `Command { std: CARGO_HOME="/workspace/cargo-home" RUSTUP_HOME="/workspace/rustup-home" "/workspace/cargo-home/bin/cargo" "+1.75.0" "generate-lockfile" "--manifest-path" "Cargo.toml", kill_on_drop: false }`
[INFO] [stderr]     Updating crates.io index
[INFO] running `Command { std: CARGO_HOME="/workspace/cargo-home" RUSTUP_HOME="/workspace/rustup-home" "/workspace/cargo-home/bin/cargo" "+1.75.0" "fetch" "--manifest-path" "Cargo.toml", kill_on_drop: false }`
[INFO] [stderr]     Blocking waiting for file lock on package cache
[INFO] [stderr]  Downloading crates ...
[INFO] [stderr]   Downloaded test-case-core v3.3.1
[INFO] [stderr]   Downloaded test-case-macros v3.3.1
[INFO] [stderr]   Downloaded test-case v3.3.1
[INFO] running `Command { std: "docker" "create" "-v" "/var/lib/crater-agent-workspace/builds/worker-4-tc1/target:/opt/rustwide/target:rw,Z" "-v" "/var/lib/crater-agent-workspace/builds/worker-4-tc1/source:/opt/rustwide/workdir:ro,Z" "-v" "/var/lib/crater-agent-workspace/cargo-home:/opt/rustwide/cargo-home:ro,Z" "-v" "/var/lib/crater-agent-workspace/rustup-home:/opt/rustwide/rustup-home:ro,Z" "-e" "SOURCE_DIR=/opt/rustwide/workdir" "-e" "CARGO_TARGET_DIR=/opt/rustwide/target" "-e" "CARGO_HOME=/opt/rustwide/cargo-home" "-e" "RUSTUP_HOME=/opt/rustwide/rustup-home" "-w" "/opt/rustwide/workdir" "-m" "1610612736" "--user" "0:0" "--network" "none" "ghcr.io/rust-lang/crates-build-env/linux@sha256:2788e3201cd34a07e3172128adcd8b3090168a8e3bcc40d7c032b9dda1df7d1c" "/opt/rustwide/cargo-home/bin/cargo" "+1.75.0" "metadata" "--no-deps" "--format-version=1", kill_on_drop: false }`
[INFO] [stdout] 0051f1ec2a60e6452e114c74a134ee52bf2919483b9842c36dbb53ea2f6f29ac
[INFO] running `Command { std: "docker" "start" "-a" "0051f1ec2a60e6452e114c74a134ee52bf2919483b9842c36dbb53ea2f6f29ac", kill_on_drop: false }`
[INFO] running `Command { std: "docker" "inspect" "0051f1ec2a60e6452e114c74a134ee52bf2919483b9842c36dbb53ea2f6f29ac", kill_on_drop: false }`
[INFO] running `Command { std: "docker" "rm" "-f" "0051f1ec2a60e6452e114c74a134ee52bf2919483b9842c36dbb53ea2f6f29ac", kill_on_drop: false }`
[INFO] [stdout] 0051f1ec2a60e6452e114c74a134ee52bf2919483b9842c36dbb53ea2f6f29ac
[INFO] running `Command { std: "docker" "create" "-v" "/var/lib/crater-agent-workspace/builds/worker-4-tc1/target:/opt/rustwide/target:rw,Z" "-v" "/var/lib/crater-agent-workspace/builds/worker-4-tc1/source:/opt/rustwide/workdir:ro,Z" "-v" "/var/lib/crater-agent-workspace/cargo-home:/opt/rustwide/cargo-home:ro,Z" "-v" "/var/lib/crater-agent-workspace/rustup-home:/opt/rustwide/rustup-home:ro,Z" "-e" "SOURCE_DIR=/opt/rustwide/workdir" "-e" "CARGO_TARGET_DIR=/opt/rustwide/target" "-e" "CARGO_INCREMENTAL=0" "-e" "RUST_BACKTRACE=full" "-e" "RUSTFLAGS=--cap-lints=warn" "-e" "RUSTDOCFLAGS=--cap-lints=warn" "-e" "CARGO_HOME=/opt/rustwide/cargo-home" "-e" "RUSTUP_HOME=/opt/rustwide/rustup-home" "-w" "/opt/rustwide/workdir" "-m" "1610612736" "--user" "0:0" "--network" "none" "ghcr.io/rust-lang/crates-build-env/linux@sha256:2788e3201cd34a07e3172128adcd8b3090168a8e3bcc40d7c032b9dda1df7d1c" "/opt/rustwide/cargo-home/bin/cargo" "+1.75.0" "build" "--frozen" "--message-format=json", kill_on_drop: false }`
[INFO] [stdout] d50f12b3f915d2dc11faada5879f029cbab8ab70892177b66d571904ed352a55
[INFO] running `Command { std: "docker" "start" "-a" "d50f12b3f915d2dc11faada5879f029cbab8ab70892177b66d571904ed352a55", kill_on_drop: false }`
[INFO] [stderr]    Compiling micro_games_macros v0.3.0 (/opt/rustwide/workdir)
[INFO] [stderr]     Finished dev [unoptimized + debuginfo] target(s) in 1.48s
[INFO] running `Command { std: "docker" "inspect" "d50f12b3f915d2dc11faada5879f029cbab8ab70892177b66d571904ed352a55", kill_on_drop: false }`
[INFO] running `Command { std: "docker" "rm" "-f" "d50f12b3f915d2dc11faada5879f029cbab8ab70892177b66d571904ed352a55", kill_on_drop: false }`
[INFO] [stdout] d50f12b3f915d2dc11faada5879f029cbab8ab70892177b66d571904ed352a55
[INFO] running `Command { std: "docker" "create" "-v" "/var/lib/crater-agent-workspace/builds/worker-4-tc1/target:/opt/rustwide/target:rw,Z" "-v" "/var/lib/crater-agent-workspace/builds/worker-4-tc1/source:/opt/rustwide/workdir:ro,Z" "-v" "/var/lib/crater-agent-workspace/cargo-home:/opt/rustwide/cargo-home:ro,Z" "-v" "/var/lib/crater-agent-workspace/rustup-home:/opt/rustwide/rustup-home:ro,Z" "-e" "SOURCE_DIR=/opt/rustwide/workdir" "-e" "CARGO_TARGET_DIR=/opt/rustwide/target" "-e" "CARGO_INCREMENTAL=0" "-e" "RUST_BACKTRACE=full" "-e" "RUSTFLAGS=--cap-lints=warn" "-e" "RUSTDOCFLAGS=--cap-lints=warn" "-e" "CARGO_HOME=/opt/rustwide/cargo-home" "-e" "RUSTUP_HOME=/opt/rustwide/rustup-home" "-w" "/opt/rustwide/workdir" "-m" "1610612736" "--user" "0:0" "--network" "none" "ghcr.io/rust-lang/crates-build-env/linux@sha256:2788e3201cd34a07e3172128adcd8b3090168a8e3bcc40d7c032b9dda1df7d1c" "/opt/rustwide/cargo-home/bin/cargo" "+1.75.0" "test" "--frozen" "--no-run" "--message-format=json", kill_on_drop: false }`
[INFO] [stdout] 16d7d09b6f5686c274d0b041b0b9bedbf788d93ef36f45299db05fe59a1a000b
[INFO] running `Command { std: "docker" "start" "-a" "16d7d09b6f5686c274d0b041b0b9bedbf788d93ef36f45299db05fe59a1a000b", kill_on_drop: false }`
[INFO] [stderr]    Compiling cfg-if v1.0.0
[INFO] [stderr]    Compiling serde v1.0.194
[INFO] [stderr]    Compiling zerocopy v0.7.32
[INFO] [stderr]    Compiling allocator-api2 v0.2.16
[INFO] [stderr]    Compiling pin-project-lite v0.2.13
[INFO] [stderr]    Compiling crossbeam-utils v0.8.18
[INFO] [stderr]    Compiling rustc-hash v1.1.0
[INFO] [stderr]    Compiling equivalent v1.0.1
[INFO] [stderr]    Compiling parking v2.2.0
[INFO] [stderr]    Compiling libc v0.2.151
[INFO] [stderr]    Compiling ahash v0.8.7
[INFO] [stderr]    Compiling tracing-core v0.1.32
[INFO] [stderr]    Compiling thiserror v1.0.56
[INFO] [stderr]    Compiling winnow v0.5.32
[INFO] [stderr]    Compiling futures-core v0.3.30
[INFO] [stderr]    Compiling toml_datetime v0.6.5
[INFO] [stderr]    Compiling bytemuck_derive v1.5.0
[INFO] [stderr]    Compiling memchr v2.7.1
[INFO] [stderr]    Compiling event-listener v2.5.3
[INFO] [stderr]    Compiling futures-io v0.3.30
[INFO] [stderr]    Compiling fastrand v2.0.1
[INFO] [stderr]    Compiling futures-lite v2.1.0
[INFO] [stderr]    Compiling slab v0.4.9
[INFO] [stderr]    Compiling async-task v4.7.0
[INFO] [stderr]    Compiling fastrand v1.9.0
[INFO] [stderr]    Compiling fixedbitset v0.4.2
[INFO] [stderr]    Compiling waker-fn v1.1.1
[INFO] [stderr]    Compiling tracing v0.1.40
[INFO] [stderr]    Compiling instant v0.1.12
[INFO] [stderr]    Compiling bevy_utils_proc_macros v0.12.1
[INFO] [stderr]    Compiling nonmax v0.5.5
[INFO] [stderr]    Compiling thread_local v1.1.7
[INFO] [stderr]    Compiling num-traits v0.2.17
[INFO] [stderr]    Compiling bevy_ptr v0.12.1
[INFO] [stderr]    Compiling futures-lite v1.13.0
[INFO] [stderr]    Compiling downcast-rs v1.2.0
[INFO] [stderr]    Compiling getrandom v0.2.11
[INFO] [stderr]    Compiling smol_str v0.2.0
[INFO] [stderr]    Compiling log v0.4.20
[INFO] [stderr]    Compiling aho-corasick v1.1.2
[INFO] [stderr]    Compiling regex-syntax v0.8.2
[INFO] [stderr]    Compiling regex-syntax v0.6.29
[INFO] [stderr]    Compiling indexmap v1.9.3
[INFO] [stderr]    Compiling lock_api v0.4.11
[INFO] [stderr]    Compiling parking_lot_core v0.9.9
[INFO] [stderr]    Compiling concurrent-queue v2.4.0
[INFO] [stderr]    Compiling overload v0.1.1
[INFO] [stderr]    Compiling lazy_static v1.4.0
[INFO] [stderr]    Compiling nu-ansi-term v0.46.0
[INFO] [stderr]    Compiling sharded-slab v0.1.7
[INFO] [stderr]    Compiling event-listener v4.0.2
[INFO] [stderr]    Compiling async-channel v1.9.0
[INFO] [stderr]    Compiling tracing-log v0.2.0
[INFO] [stderr]    Compiling bitflags v1.3.2
[INFO] [stderr]    Compiling unicode-width v0.1.11
[INFO] [stderr]    Compiling bit-vec v0.6.3
[INFO] [stderr]    Compiling scopeguard v1.2.0
[INFO] [stderr]    Compiling termcolor v1.4.0
[INFO] [stderr]    Compiling hashbrown v0.12.3
[INFO] [stderr]    Compiling pp-rs v0.2.1
[INFO] [stderr]    Compiling tracing-log v0.1.4
[INFO] [stderr]    Compiling event-listener-strategy v0.4.0
[INFO] [stderr]    Compiling bit-set v0.5.3
[INFO] [stderr]    Compiling libloading v0.7.4
[INFO] [stderr]    Compiling async-lock v3.2.0
[INFO] [stderr]    Compiling codespan-reporting v0.11.1
[INFO] [stderr]    Compiling hexf-parse v0.2.1
[INFO] [stderr]    Compiling ash v0.37.3+1.3.251
[INFO] [stderr]    Compiling khronos-egl v4.1.0
[INFO] [stderr]    Compiling arrayvec v0.7.4
[INFO] [stderr]    Compiling cc v1.0.83
[INFO] [stderr]    Compiling bytemuck v1.14.0
[INFO] [stderr]    Compiling num-integer v0.1.45
[INFO] [stderr]    Compiling atomic-waker v1.1.2
[INFO] [stderr]    Compiling raw-window-handle v0.5.2
[INFO] [stderr]    Compiling spirv v0.2.0+1.5.4
[INFO] [stderr]    Compiling piper v0.2.1
[INFO] [stderr]    Compiling async-executor v1.8.0
[INFO] [stderr]    Compiling async-channel v2.1.1
[INFO] [stderr]    Compiling crossbeam-channel v0.5.10
[INFO] [stderr]    Compiling libloading v0.8.1
[INFO] [stderr]    Compiling encase_derive_impl v0.6.1
[INFO] [stderr]    Compiling async-fs v1.6.0
[INFO] [stderr]    Compiling num-rational v0.4.1
[INFO] [stderr]    Compiling profiling v1.0.13
[INFO] [stderr]    Compiling bevy_tasks v0.12.1
[INFO] [stderr]    Compiling glow v0.12.3
[INFO] [stderr]    Compiling renderdoc-sys v1.0.0
[INFO] [stderr]    Compiling blocking v1.5.1
[INFO] [stderr]    Compiling async-lock v2.8.0
[INFO] [stderr]    Compiling arrayref v0.3.7
[INFO] [stderr]    Compiling regex-automata v0.1.10
[INFO] [stderr]    Compiling regex-automata v0.4.3
[INFO] [stderr]    Compiling const_soft_float v0.1.4
[INFO] [stderr]    Compiling base64 v0.21.5
[INFO] [stderr]    Compiling accesskit v0.12.2
[INFO] [stderr]    Compiling constant_time_eq v0.3.0
[INFO] [stderr]    Compiling encase_derive v0.6.1
[INFO] [stderr]    Compiling async-broadcast v0.5.1
[INFO] [stderr]    Compiling constgebra v0.1.3
[INFO] [stderr]    Compiling color_quant v1.1.0
[INFO] [stderr]    Compiling blake3 v1.5.0
[INFO] [stderr]    Compiling byteorder v1.5.0
[INFO] [stderr]    Compiling data-encoding v2.5.0
[INFO] [stderr]    Compiling const_panic v0.2.8
[INFO] [stderr]    Compiling matchers v0.1.0
[INFO] [stderr]    Compiling static_assertions v1.1.0
[INFO] [stderr]    Compiling regex-syntax v0.7.5
[INFO] [stderr]    Compiling image v0.24.7
[INFO] [stderr]    Compiling hashbrown v0.14.3
[INFO] [stderr]    Compiling smallvec v1.11.2
[INFO] [stderr]    Compiling glam v0.24.2
[INFO] [stderr]    Compiling uuid v1.6.1
[INFO] [stderr]    Compiling erased-serde v0.3.31
[INFO] [stderr]    Compiling bitflags v2.4.1
[INFO] [stderr]    Compiling euclid v0.22.9
[INFO] [stderr]    Compiling naga v0.13.0
[INFO] [stderr]    Compiling gpu-descriptor-types v0.1.2
[INFO] [stderr]    Compiling parking_lot v0.12.1
[INFO] [stderr]    Compiling gpu-alloc-types v0.3.0
[INFO] [stderr]    Compiling wgpu-types v0.17.0
[INFO] [stderr]    Compiling ron v0.8.1
[INFO] [stderr]    Compiling gpu-alloc v0.6.0
[INFO] [stderr]    Compiling indexmap v2.1.0
[INFO] [stderr]    Compiling gpu-descriptor v0.2.4
[INFO] [stderr]    Compiling radsort v0.1.0
[INFO] [stderr]    Compiling svg_fmt v0.4.1
[INFO] [stderr]    Compiling sysinfo v0.29.11
[INFO] [stderr]    Compiling rectangle-pack v0.4.2
[INFO] [stderr]    Compiling test-case-core v3.3.1
[INFO] [stderr]    Compiling serde_json v1.0.111
[INFO] [stderr]    Compiling guillotiere v0.6.2
[INFO] [stderr]    Compiling ryu v1.0.16
[INFO] [stderr]    Compiling itoa v1.0.10
[INFO] [stderr]    Compiling micro_games_macros v0.3.0 (/opt/rustwide/workdir)
[INFO] [stderr]    Compiling toml_edit v0.20.7
[INFO] [stderr]    Compiling petgraph v0.6.4
[INFO] [stderr]    Compiling regex v1.10.2
[INFO] [stderr]    Compiling test-case-macros v3.3.1
[INFO] [stderr]    Compiling tracing-subscriber v0.3.18
[INFO] [stderr]    Compiling test-case v3.3.1
[INFO] [stderr]    Compiling bevy_macro_utils v0.12.1
[INFO] [stderr]    Compiling bevy_math v0.12.1
[INFO] [stderr]    Compiling encase v0.6.1
[INFO] [stderr]    Compiling hexasphere v9.1.0
[INFO] [stderr]    Compiling bevy_mikktspace v0.12.1
[INFO] [stderr]    Compiling bevy_utils v0.12.1
[INFO] [stderr]    Compiling bevy_reflect_derive v0.12.1
[INFO] [stderr]    Compiling bevy_ecs_macros v0.12.1
[INFO] [stderr]    Compiling bevy_derive v0.12.1
[INFO] [stderr]    Compiling bevy_asset_macros v0.12.1
[INFO] [stderr]    Compiling bevy_render_macros v0.12.1
[INFO] [stderr]    Compiling bevy_encase_derive v0.12.1
[INFO] [stderr]    Compiling bevy_reflect v0.12.1
[INFO] [stderr]    Compiling naga_oil v0.10.1
[INFO] [stderr]    Compiling wgpu-hal v0.17.2
[INFO] [stderr]    Compiling bevy_ecs v0.12.1
[INFO] [stderr]    Compiling wgpu-core v0.17.1
[INFO] [stderr]    Compiling bevy_app v0.12.1
[INFO] [stderr]    Compiling wgpu v0.17.2
[INFO] [stderr]    Compiling bevy_log v0.12.1
[INFO] [stderr]    Compiling bevy_core v0.12.1
[INFO] [stderr]    Compiling bevy_input v0.12.1
[INFO] [stderr]    Compiling bevy_a11y v0.12.1
[INFO] [stderr]    Compiling bevy_time v0.12.1
[INFO] [stderr]    Compiling bevy_asset v0.12.1
[INFO] [stderr]    Compiling bevy_hierarchy v0.12.1
[INFO] [stderr]    Compiling bevy_diagnostic v0.12.1
[INFO] [stderr]    Compiling bevy_transform v0.12.1
[INFO] [stderr]    Compiling bevy_window v0.12.1
[INFO] [stderr]    Compiling bevy_render v0.12.1
[INFO] [stderr]    Compiling bevy_core_pipeline v0.12.1
[INFO] [stderr]    Compiling bevy_sprite v0.12.1
[INFO] [stderr]    Compiling bevy_internal v0.12.1
[INFO] [stderr]    Compiling bevy v0.12.1
[INFO] [stderr]     Finished test [unoptimized + debuginfo] target(s) in 33.84s
[INFO] running `Command { std: "docker" "inspect" "16d7d09b6f5686c274d0b041b0b9bedbf788d93ef36f45299db05fe59a1a000b", kill_on_drop: false }`
[INFO] running `Command { std: "docker" "rm" "-f" "16d7d09b6f5686c274d0b041b0b9bedbf788d93ef36f45299db05fe59a1a000b", kill_on_drop: false }`
[INFO] [stdout] 16d7d09b6f5686c274d0b041b0b9bedbf788d93ef36f45299db05fe59a1a000b
[INFO] running `Command { std: "docker" "create" "-v" "/var/lib/crater-agent-workspace/builds/worker-4-tc1/target:/opt/rustwide/target:rw,Z" "-v" "/var/lib/crater-agent-workspace/builds/worker-4-tc1/source:/opt/rustwide/workdir:ro,Z" "-v" "/var/lib/crater-agent-workspace/cargo-home:/opt/rustwide/cargo-home:ro,Z" "-v" "/var/lib/crater-agent-workspace/rustup-home:/opt/rustwide/rustup-home:ro,Z" "-e" "SOURCE_DIR=/opt/rustwide/workdir" "-e" "CARGO_TARGET_DIR=/opt/rustwide/target" "-e" "CARGO_INCREMENTAL=0" "-e" "RUST_BACKTRACE=full" "-e" "RUSTFLAGS=--cap-lints=warn" "-e" "RUSTDOCFLAGS=--cap-lints=warn" "-e" "CARGO_HOME=/opt/rustwide/cargo-home" "-e" "RUSTUP_HOME=/opt/rustwide/rustup-home" "-w" "/opt/rustwide/workdir" "-m" "1610612736" "--user" "0:0" "--network" "none" "ghcr.io/rust-lang/crates-build-env/linux@sha256:2788e3201cd34a07e3172128adcd8b3090168a8e3bcc40d7c032b9dda1df7d1c" "/opt/rustwide/cargo-home/bin/cargo" "+1.75.0" "test" "--frozen", kill_on_drop: false }`
[INFO] [stdout] 146680db1f8ee99a0072ea9f5f44de23387113dcdf4a266675fbd44eacb87298
[INFO] running `Command { std: "docker" "start" "-a" "146680db1f8ee99a0072ea9f5f44de23387113dcdf4a266675fbd44eacb87298", kill_on_drop: false }`
[INFO] [stderr]     Finished test [unoptimized + debuginfo] target(s) in 0.32s
[INFO] [stderr]      Running unittests src/lib.rs (/opt/rustwide/target/debug/deps/micro_games_macros-3617d7825a1ef4f8)
[INFO] [stdout] 
[INFO] [stdout] running 8 tests
[INFO] [stdout] test utils::tests::it_converts_identifiers::_already_snaked_already_snaked_expects ... ok
[INFO] [stdout] test utils::tests::it_removes_quotes::_no_quotes_no_quotes_expects ... ok
[INFO] [stdout] test utils::tests::it_converts_identifiers::_some_identifier_some_identifier_expects ... ok
[INFO] [stdout] test utils::tests::it_converts_identifiers::_myidentifier_my_identifier_expects ... ok
[INFO] [stdout] test utils::tests::it_removes_quotes::r_foo_foo_expects ... ok
[INFO] [stdout] test utils::tests::it_removes_quotes::r_left_only_left_only_expects ... ok
[INFO] [stdout] test utils::tests::it_removes_quotes::r_middle_unaffected_r_middle_unaffected_expects ... ok
[INFO] [stdout] test utils::tests::it_removes_quotes::r_right_only_right_only_expects ... ok
[INFO] [stdout] 
[INFO] [stdout] test result: ok. 8 passed; 0 failed; 0 ignored; 0 measured; 0 filtered out; finished in 0.00s
[INFO] [stdout] 
[INFO] [stderr]    Doc-tests micro_games_macros
[INFO] [stdout] 
[INFO] [stdout] running 8 tests
[INFO] [stdout] test src/lib.rs - derive_from_inner (line 319) ... ok
[INFO] [stdout] test src/lib.rs - derive_from_inner (line 334) ... ok
[INFO] [stdout] test src/lib.rs - asset_system (line 230) ... ok
[INFO] [stdout] test src/lib.rs - asset_system (line 253) ... ok
[INFO] [stdout] test src/lib.rs - asset_system (line 211) ... ok
[INFO] [stdout] test src/lib.rs - (line 7) ... FAILED
[INFO] [stdout] test src/lib.rs - json_loader (line 160) ... ok
[INFO] [stdout] test src/lib.rs - json_loader (line 129) ... ok
[INFO] [stdout] 
[INFO] [stdout] failures:
[INFO] [stdout] 
[INFO] [stdout] ---- src/lib.rs - (line 7) stdout ----
[INFO] [stdout] error: linking with `cc` failed: exit status: 1
[INFO] [stdout]   |
[INFO] [stdout]   = note: LC_ALL="C" PATH="/opt/rustwide/rustup-home/toolchains/1.75.0-x86_64-unknown-linux-gnu/lib/rustlib/x86_64-unknown-linux-gnu/bin:/opt/rustwide/cargo-home/bin:/usr/local/sbin:/usr/local/bin:/usr/sbin:/usr/bin:/sbin:/bin" VSLANG="1033" "cc" "-m64" "/tmp/rustcyHOSse/symbols.o" "/tmp/rustdoctestcdDzfK/rust_out.rust_out.263fb70ac1c95110-cgu.0.rcgu.o" "/tmp/rustdoctestcdDzfK/rust_out.2uel00cfmdh5ufit.rcgu.o" "-Wl,--as-needed" "-L" "/opt/rustwide/target/debug/deps" "-L" "/opt/rustwide/target/debug/deps" "-L" "/opt/rustwide/target/debug/build/blake3-c9f4e64ce702318f/out" "-L" "/opt/rustwide/rustup-home/toolchains/1.75.0-x86_64-unknown-linux-gnu/lib/rustlib/x86_64-unknown-linux-gnu/lib" "-Wl,-Bstatic" "/opt/rustwide/target/debug/deps/libserde_json-1fd0ac5b752d5281.rlib" "/opt/rustwide/target/debug/deps/libryu-44b763dd01399e76.rlib" "/opt/rustwide/target/debug/deps/libitoa-25ef92c4109bf4c3.rlib" "/opt/rustwide/target/debug/deps/libbevy-a203999c78c94de4.rlib" "/opt/rustwide/target/debug/deps/libbevy_internal-a97b1ea98db9395d.rlib" "/opt/rustwide/target/debug/deps/libbevy_sprite-c3dd1696b7dc365c.rlib" "/opt/rustwide/target/debug/deps/librectangle_pack-25b3a828c5003744.rlib" "/opt/rustwide/target/debug/deps/libguillotiere-0ac0d754c6056042.rlib" "/opt/rustwide/target/debug/deps/libsvg_fmt-fa7f74116e26f69d.rlib" "/opt/rustwide/target/debug/deps/libeuclid-afbeb01501fbe71e.rlib" "/opt/rustwide/target/debug/deps/libbevy_core_pipeline-83b178a90e239cac.rlib" "/opt/rustwide/target/debug/deps/libradsort-4dd4333210faaa04.rlib" "/opt/rustwide/target/debug/deps/libbevy_render-0795c53386bb2068.rlib" "/opt/rustwide/target/debug/deps/libnaga_oil-5bf758e34726395b.rlib" "/opt/rustwide/target/debug/deps/libdata_encoding-362796a4126c4cf2.rlib" "/opt/rustwide/target/debug/deps/libregex_syntax-38a4f0a6da67f023.rlib" "/opt/rustwide/target/debug/deps/libunicode_ident-e03ce37406b474da.rlib" "/opt/rustwide/target/debug/deps/libbevy_mikktspace-3c4a5aae70b9bdeb.rlib" "/opt/rustwide/target/debug/deps/libimage-9601537ccf9b8a04.rlib" "/opt/rustwide/target/debug/deps/libcolor_quant-973e07ec7d47cbb9.rlib" "/opt/rustwide/target/debug/deps/libnum_rational-870eaae05b439502.rlib" "/opt/rustwide/target/debug/deps/libnum_integer-ec4fbe017924a44c.rlib" "/opt/rustwide/target/debug/deps/libencase-4d0b752d67731016.rlib" "/opt/rustwide/target/debug/deps/libconst_panic-bf14066b34dad926.rlib" "/opt/rustwide/target/debug/deps/libhexasphere-95325c716153ef2b.rlib" "/opt/rustwide/target/debug/deps/libconstgebra-08c409f5bd78948e.rlib" "/opt/rustwide/target/debug/deps/libconst_soft_float-7643cb89c6b03b32.rlib" "/opt/rustwide/target/debug/deps/libwgpu-80e8909366d61afc.rlib" "/opt/rustwide/target/debug/deps/libstatic_assertions-a58dcbc86816068a.rlib" "/opt/rustwide/target/debug/deps/libwgpu_core-c9c65ad3eabc924b.rlib" "/opt/rustwide/target/debug/deps/libwgpu_hal-249a0626f7356b8f.rlib" "/opt/rustwide/target/debug/deps/librenderdoc_sys-30db9f1ea858f891.rlib" "/opt/rustwide/target/debug/deps/libgpu_descriptor-c7b925ca0423b1a5.rlib" "/opt/rustwide/target/debug/deps/libgpu_descriptor_types-6472a1f0e0240e72.rlib" "/opt/rustwide/target/debug/deps/liblibloading-9ba55e9eff8dbcc1.rlib" "/opt/rustwide/target/debug/deps/libkhronos_egl-2d4d26d10e5979d9.rlib" "/opt/rustwide/target/debug/deps/libprofiling-05020dccc393dd92.rlib" "/opt/rustwide/target/debug/deps/libgpu_alloc-540713ad13588973.rlib" "/opt/rustwide/target/debug/deps/libgpu_alloc_types-5426484a922f107b.rlib" "/opt/rustwide/target/debug/deps/libash-2b02bed5867ae43f.rlib" "/opt/rustwide/target/debug/deps/liblibloading-bb6c516fb1177911.rlib" "/opt/rustwide/target/debug/deps/libnaga-456f3684de8f3ab7.rlib" "/opt/rustwide/target/debug/deps/libhexf_parse-3e20e61d56893136.rlib" "/opt/rustwide/target/debug/deps/libbit_set-2be180c236006917.rlib" "/opt/rustwide/target/debug/deps/libbit_vec-5e6a005988fb2b19.rlib" "/opt/rustwide/target/debug/deps/libcodespan_reporting-bdecaa4f124e8ce5.rlib" "/opt/rustwide/target/debug/deps/libunicode_width-ac70d6dfe0413be8.rlib" "/opt/rustwide/target/debug/deps/libtermcolor-34b3d8b2bebde6de.rlib" "/opt/rustwide/target/debug/deps/libpp_rs-1e5a9d83be63e746.rlib" "/opt/rustwide/target/debug/deps/libunicode_xid-390f31081ba5e421.rlib" "/opt/rustwide/target/debug/deps/libspirv-e53c18d8f253a080.rlib" "/opt/rustwide/target/debug/deps/libnum_traits-5a84e5d93f01c4f4.rlib" "/opt/rustwide/target/debug/deps/libbitflags-cd592fddf52733c1.rlib" "/opt/rustwide/target/debug/deps/libindexmap-c8e4e966aeadb902.rlib" "/opt/rustwide/target/debug/deps/libhashbrown-d5ba4da73d27deb8.rlib" "/opt/rustwide/target/debug/deps/libwgpu_types-d705642b2882f72f.rlib" "/opt/rustwide/target/debug/deps/libglow-0b93905e39d560bd.rlib" "/opt/rustwide/target/debug/deps/libbevy_window-b9ff5dde34c1fb0b.rlib" "/opt/rustwide/target/debug/deps/libraw_window_handle-374de7ffb2de87df.rlib" "/opt/rustwide/target/debug/deps/libbevy_transform-747a10cdaec6ce04.rlib" "/opt/rustwide/target/debug/deps/libbevy_hierarchy-117af07b8396ab40.rlib" "/opt/rustwide/target/debug/deps/libbevy_input-c805d05b9acbc2f0.rlib" "/opt/rustwide/target/debug/deps/libbevy_diagnostic-9812e63783713711.rlib" "/opt/rustwide/target/debug/deps/libsysinfo-69294fe538626ddc.rlib" "/opt/rustwide/target/debug/deps/libbevy_time-3a8a7992696e433b.rlib" "/opt/rustwide/target/debug/deps/libbevy_core-5d24d8b52841affd.rlib" "/opt/rustwide/target/debug/deps/libbevy_asset-7463bae79e84a78a.rlib" "/opt/rustwide/target/debug/deps/libasync_broadcast-8e6014e1a27ad9ed.rlib" "/opt/rustwide/target/debug/deps/libblake3-a54f72a3f030683b.rlib" "/opt/rustwide/target/debug/deps/libconstant_time_eq-6280f7681c630bc8.rlib" "/opt/rustwide/target/debug/deps/libarrayvec-a4af9b57269c7979.rlib" "/opt/rustwide/target/debug/deps/libarrayref-a3a29be60de4454f.rlib" "/opt/rustwide/target/debug/deps/libasync_fs-44d6a03dd6cf8dfb.rlib" "/opt/rustwide/target/debug/deps/libblocking-7b89f6bfc508b09c.rlib" "/opt/rustwide/target/debug/deps/libpiper-77e540023501b9dc.rlib" "/opt/rustwide/target/debug/deps/libatomic_waker-8777a32f9286085e.rlib" "/opt/rustwide/target/debug/deps/libasync_channel-02f1c4f23651a2cc.rlib" "/opt/rustwide/target/debug/deps/libron-e354b82905a61aeb.rlib" "/opt/rustwide/target/debug/deps/libbitflags-316dcef5f96062d1.rlib" "/opt/rustwide/target/debug/deps/libbase64-866e2ba70fbfb1dd.rlib" "/opt/rustwide/target/debug/deps/libasync_lock-53f63c4c1283c685.rlib" "/opt/rustwide/target/debug/deps/libparking_lot-1594e3ec79095aa4.rlib" "/opt/rustwide/target/debug/deps/libparking_lot_core-4d1afacfe4d1ac84.rlib" "/opt/rustwide/target/debug/deps/liblock_api-78e24e84e577c098.rlib" "/opt/rustwide/target/debug/deps/libscopeguard-32eeeef57de776bf.rlib" "/opt/rustwide/target/debug/deps/libcrossbeam_channel-2d93836de6909bd9.rlib" "/opt/rustwide/target/debug/deps/libbevy_log-83c2316b6aec1e56.rlib" "/opt/rustwide/target/debug/deps/libtracing_subscriber-5e36640b51109989.rlib" "/opt/rustwide/target/debug/deps/libnu_ansi_term-01ccbab2b968954c.rlib" "/opt/rustwide/target/debug/deps/liboverload-c47145982e12fb36.rlib" "/opt/rustwide/target/debug/deps/libsharded_slab-6b2cbe5ea406bb93.rlib" "/opt/rustwide/target/debug/deps/liblazy_static-bdb25509dc1b5910.rlib" "/opt/rustwide/target/debug/deps/libmatchers-8ce36429aaa32327.rlib" "/opt/rustwide/target/debug/deps/libregex_automata-b012e1be3a95d432.rlib" "/opt/rustwide/target/debug/deps/libregex_syntax-4f3d70e4a6532453.rlib" "/opt/rustwide/target/debug/deps/libregex-8f642869bd125574.rlib" "/opt/rustwide/target/debug/deps/libregex_automata-399a0d6c257bccdd.rlib" "/opt/rustwide/target/debug/deps/libaho_corasick-205709c2258b25eb.rlib" "/opt/rustwide/target/debug/deps/libregex_syntax-21e62f03d0094a94.rlib" "/opt/rustwide/target/debug/deps/libtracing_log-808218e2041b470a.rlib" "/opt/rustwide/target/debug/deps/libtracing_log-c1512388ed1280c5.rlib" "/opt/rustwide/target/debug/deps/liblog-f9138cb7f3a21047.rlib" "/opt/rustwide/target/debug/deps/libbevy_a11y-5fbea0ec73b32183.rlib" "/opt/rustwide/target/debug/deps/libaccesskit-8c8fea5994c92f8f.rlib" "/opt/rustwide/target/debug/deps/libbevy_app-cf07f7e0ad144887.rlib" "/opt/rustwide/target/debug/deps/libbevy_ecs-b20d98cc4ce2f546.rlib" "/opt/rustwide/target/debug/deps/librustc_hash-28673b8b0e6f7dad.rlib" "/opt/rustwide/target/debug/deps/libthread_local-b8230e50f5028ab4.rlib" "/opt/rustwide/target/debug/deps/libasync_channel-afd6f4990268a398.rlib" "/opt/rustwide/target/debug/deps/libevent_listener-c3d768ab58dfe399.rlib" "/opt/rustwide/target/debug/deps/libbevy_tasks-cf0cb98643cdae29.rlib" "/opt/rustwide/target/debug/deps/libasync_executor-842b09c8119719e2.rlib" "/opt/rustwide/target/debug/deps/libfastrand-d14580139855fca8.rlib" "/opt/rustwide/target/debug/deps/libslab-d42ce6d1a3f08e73.rlib" "/opt/rustwide/target/debug/deps/libfutures_lite-328483b2102b29e4.rlib" "/opt/rustwide/target/debug/deps/libconcurrent_queue-39e7483180d098c3.rlib" "/opt/rustwide/target/debug/deps/libcrossbeam_utils-1beef17c5f41ec8c.rlib" "/opt/rustwide/target/debug/deps/libasync_task-d1edd3f0786c0f05.rlib" "/opt/rustwide/target/debug/deps/libasync_lock-8a6e5dab54edadaa.rlib" "/opt/rustwide/target/debug/deps/libevent_listener_strategy-7ec2d36c46fb749a.rlib" "/opt/rustwide/target/debug/deps/libevent_listener-0b1048726e8a8cc5.rlib" "/opt/rustwide/target/debug/deps/libfutures_lite-9a6ba9eabf99a2b4.rlib" "/opt/rustwide/target/debug/deps/libmemchr-f80d6d1d8d09cd37.rlib" "/opt/rustwide/target/debug/deps/libfastrand-041667b2ff207180.rlib" "/opt/rustwide/target/debug/deps/libfutures_io-6fa7c1273c12a376.rlib" "/opt/rustwide/target/debug/deps/libfutures_core-6cb651264dfe5b60.rlib" "/opt/rustwide/target/debug/deps/libwaker_fn-1eec26c586192a1a.rlib" "/opt/rustwide/target/debug/deps/libparking-7877fc60db8a6b9c.rlib" "/opt/rustwide/target/debug/deps/libbevy_reflect-d6a606c4b86cf02e.rlib" "/opt/rustwide/target/debug/deps/libsmol_str-6c572a5fa583363c.rlib" "/opt/rustwide/target/debug/deps/liberased_serde-77874fe1169424a9.rlib" "/opt/rustwide/target/debug/deps/libbevy_math-05f82ca1c35a78e0.rlib" "/opt/rustwide/target/debug/deps/libglam-21e3298c4179a44e.rlib" "/opt/rustwide/target/debug/deps/libbytemuck-5fd0ae44ab007a11.rlib" "/opt/rustwide/target/debug/deps/libsmallvec-9d08b4556a3a0503.rlib" "/opt/rustwide/target/debug/deps/libdowncast_rs-434f410692f9ebe2.rlib" "/opt/rustwide/target/debug/deps/libbevy_ptr-06a246270e7fc468.rlib" "/opt/rustwide/target/debug/deps/libbevy_utils-3a792b0147c65be7.rlib" "/opt/rustwide/target/debug/deps/libnonmax-9370d027e0fe8774.rlib" "/opt/rustwide/target/debug/deps/libuuid-7b7ad675054eb0e0.rlib" "/opt/rustwide/target/debug/deps/libtracing-bf18a2a285b7f6b0.rlib" "/opt/rustwide/target/debug/deps/libpin_project_lite-75cd6808f69f5a62.rlib" "/opt/rustwide/target/debug/deps/libtracing_core-0cf472067255dd78.rlib" "/opt/rustwide/target/debug/deps/libthiserror-046d33c009809a33.rlib" "/opt/rustwide/target/debug/deps/libpetgraph-6218c7e857a70ddc.rlib" "/opt/rustwide/target/debug/deps/libindexmap-0983522f2a330df9.rlib" "/opt/rustwide/target/debug/deps/libequivalent-3bca8c070785e04d.rlib" "/opt/rustwide/target/debug/deps/libfixedbitset-6e6408d3746745e4.rlib" "/opt/rustwide/target/debug/deps/libinstant-a869149072dafffe.rlib" "/opt/rustwide/target/debug/deps/libhashbrown-2a727a9b3367b075.rlib" "/opt/rustwide/target/debug/deps/libserde-9c36317b3b4f911f.rlib" "/opt/rustwide/target/debug/deps/liballocator_api2-c6255178f22aef8d.rlib" "/opt/rustwide/target/debug/deps/libahash-0d5cdcfe32514708.rlib" "/opt/rustwide/target/debug/deps/libgetrandom-9f68efbcee1c6a15.rlib" "/opt/rustwide/target/debug/deps/liblibc-52c826a21a5ceeaf.rlib" "/opt/rustwide/target/debug/deps/libonce_cell-3a24c1fb45a7de1f.rlib" "/opt/rustwide/target/debug/deps/libcfg_if-08698067e303b42b.rlib" "/opt/rustwide/target/debug/deps/libzerocopy-9bf4a0ccee0a1863.rlib" "/opt/rustwide/rustup-home/toolchains/1.75.0-x86_64-unknown-linux-gnu/lib/rustlib/x86_64-unknown-linux-gnu/lib/libstd-90f6ddbf82de36ec.rlib" "/opt/rustwide/rustup-home/toolchains/1.75.0-x86_64-unknown-linux-gnu/lib/rustlib/x86_64-unknown-linux-gnu/lib/libpanic_unwind-480c41e9d4e1f677.rlib" "/opt/rustwide/rustup-home/toolchains/1.75.0-x86_64-unknown-linux-gnu/lib/rustlib/x86_64-unknown-linux-gnu/lib/libobject-db744c0ca03eed1d.rlib" "/opt/rustwide/rustup-home/toolchains/1.75.0-x86_64-unknown-linux-gnu/lib/rustlib/x86_64-unknown-linux-gnu/lib/libmemchr-8ba652dc7d4b285a.rlib" "/opt/rustwide/rustup-home/toolchains/1.75.0-x86_64-unknown-linux-gnu/lib/rustlib/x86_64-unknown-linux-gnu/lib/libaddr2line-d5f4520a9ebc0d58.rlib" "/opt/rustwide/rustup-home/toolchains/1.75.0-x86_64-unknown-linux-gnu/lib/rustlib/x86_64-unknown-linux-gnu/lib/libgimli-4ad84de58f0cb463.rlib" "/opt/rustwide/rustup-home/toolchains/1.75.0-x86_64-unknown-linux-gnu/lib/rustlib/x86_64-unknown-linux-gnu/lib/librustc_demangle-0d10aae2e0f38735.rlib" "/opt/rustwide/rustup-home/toolchains/1.75.0-x86_64-unknown-linux-gnu/lib/rustlib/x86_64-unknown-linux-gnu/lib/libstd_detect-0c17cff739e6745b.rlib" "/opt/rustwide/rustup-home/toolchains/1.75.0-x86_64-unknown-linux-gnu/lib/rustlib/x86_64-unknown-linux-gnu/lib/libhashbrown-b29e17139dde1aa8.rlib" "/opt/rustwide/rustup-home/toolchains/1.75.0-x86_64-unknown-linux-gnu/lib/rustlib/x86_64-unknown-linux-gnu/lib/librustc_std_workspace_alloc-1f975299829cc7bd.rlib" "/opt/rustwide/rustup-home/toolchains/1.75.0-x86_64-unknown-linux-gnu/lib/rustlib/x86_64-unknown-linux-gnu/lib/libminiz_oxide-86bae3bc3079f89b.rlib" "/opt/rustwide/rustup-home/toolchains/1.75.0-x86_64-unknown-linux-gnu/lib/rustlib/x86_64-unknown-linux-gnu/lib/libadler-321b82c30dffdf5f.rlib" "/opt/rustwide/rustup-home/toolchains/1.75.0-x86_64-unknown-linux-gnu/lib/rustlib/x86_64-unknown-linux-gnu/lib/libunwind-3dd8a6810a0bdfef.rlib" "/opt/rustwide/rustup-home/toolchains/1.75.0-x86_64-unknown-linux-gnu/lib/rustlib/x86_64-unknown-linux-gnu/lib/libcfg_if-eb39a61c0c879984.rlib" "/opt/rustwide/rustup-home/toolchains/1.75.0-x86_64-unknown-linux-gnu/lib/rustlib/x86_64-unknown-linux-gnu/lib/liblibc-aa769569f91c3548.rlib" "/opt/rustwide/rustup-home/toolchains/1.75.0-x86_64-unknown-linux-gnu/lib/rustlib/x86_64-unknown-linux-gnu/lib/liballoc-510a192a50a983ed.rlib" "/opt/rustwide/rustup-home/toolchains/1.75.0-x86_64-unknown-linux-gnu/lib/rustlib/x86_64-unknown-linux-gnu/lib/librustc_std_workspace_core-0577018320f99037.rlib" "/opt/rustwide/rustup-home/toolchains/1.75.0-x86_64-unknown-linux-gnu/lib/rustlib/x86_64-unknown-linux-gnu/lib/libcore-193cf992125ccd4c.rlib" "/opt/rustwide/rustup-home/toolchains/1.75.0-x86_64-unknown-linux-gnu/lib/rustlib/x86_64-unknown-linux-gnu/lib/libcompiler_builtins-8e138eaf26ebb4a8.rlib" "-Wl,-Bdynamic" "-ldl" "-ldl" "-lgcc_s" "-lutil" "-lrt" "-lpthread" "-lm" "-ldl" "-lc" "-Wl,--eh-frame-hdr" "-Wl,-z,noexecstack" "-L" "/opt/rustwide/rustup-home/toolchains/1.75.0-x86_64-unknown-linux-gnu/lib/rustlib/x86_64-unknown-linux-gnu/lib" "-o" "/tmp/rustdoctestcdDzfK/rust_out" "-Wl,--gc-sections" "-pie" "-Wl,-z,relro,-z,now" "-nodefaultlibs"
[INFO] [stdout]   = note: collect2: fatal error: ld terminated with signal 9 [Killed]
[INFO] [stdout]           compilation terminated.
[INFO] [stdout]           
[INFO] [stdout] 
[INFO] [stdout] error: aborting due to previous error
[INFO] [stdout] 
[INFO] [stdout] Couldn't compile the test.
[INFO] [stdout] 
[INFO] [stdout] failures:
[INFO] [stdout]     src/lib.rs - (line 7)
[INFO] [stdout] 
[INFO] [stdout] test result: FAILED. 7 passed; 1 failed; 0 ignored; 0 measured; 0 filtered out; finished in 11.74s
[INFO] [stdout] 
[INFO] [stderr] error: doctest failed, to rerun pass `--doc`
[INFO] running `Command { std: "docker" "inspect" "146680db1f8ee99a0072ea9f5f44de23387113dcdf4a266675fbd44eacb87298", kill_on_drop: false }`
[INFO] running `Command { std: "docker" "rm" "-f" "146680db1f8ee99a0072ea9f5f44de23387113dcdf4a266675fbd44eacb87298", kill_on_drop: false }`
[INFO] [stdout] 146680db1f8ee99a0072ea9f5f44de23387113dcdf4a266675fbd44eacb87298
[INFO] testing micro_games_macros-0.3.0 against beta-2023-12-22 for beta-1.76-1
[INFO] extracting crate micro_games_macros 0.3.0 into /workspace/builds/worker-4-tc2/source
[INFO] validating manifest of crates.io crate micro_games_macros 0.3.0 on toolchain beta-2023-12-22
[INFO] running `Command { std: CARGO_HOME="/workspace/cargo-home" RUSTUP_HOME="/workspace/rustup-home" "/workspace/cargo-home/bin/cargo" "+beta-2023-12-22" "metadata" "--manifest-path" "Cargo.toml" "--no-deps", kill_on_drop: false }`
[INFO] started tweaking crates.io crate micro_games_macros 0.3.0
[INFO] finished tweaking crates.io crate micro_games_macros 0.3.0
[INFO] tweaked toml for crates.io crate micro_games_macros 0.3.0 written to /workspace/builds/worker-4-tc2/source/Cargo.toml
[INFO] running `Command { std: CARGO_HOME="/workspace/cargo-home" RUSTUP_HOME="/workspace/rustup-home" "/workspace/cargo-home/bin/cargo" "+beta-2023-12-22" "generate-lockfile" "--manifest-path" "Cargo.toml", kill_on_drop: false }`
[INFO] [stderr]     Updating crates.io index
[INFO] running `Command { std: CARGO_HOME="/workspace/cargo-home" RUSTUP_HOME="/workspace/rustup-home" "/workspace/cargo-home/bin/cargo" "+beta-2023-12-22" "fetch" "--manifest-path" "Cargo.toml", kill_on_drop: false }`
[INFO] running `Command { std: "docker" "create" "-v" "/var/lib/crater-agent-workspace/builds/worker-4-tc2/target:/opt/rustwide/target:rw,Z" "-v" "/var/lib/crater-agent-workspace/builds/worker-4-tc2/source:/opt/rustwide/workdir:ro,Z" "-v" "/var/lib/crater-agent-workspace/cargo-home:/opt/rustwide/cargo-home:ro,Z" "-v" "/var/lib/crater-agent-workspace/rustup-home:/opt/rustwide/rustup-home:ro,Z" "-e" "SOURCE_DIR=/opt/rustwide/workdir" "-e" "CARGO_TARGET_DIR=/opt/rustwide/target" "-e" "CARGO_HOME=/opt/rustwide/cargo-home" "-e" "RUSTUP_HOME=/opt/rustwide/rustup-home" "-w" "/opt/rustwide/workdir" "-m" "1610612736" "--user" "0:0" "--network" "none" "ghcr.io/rust-lang/crates-build-env/linux@sha256:2788e3201cd34a07e3172128adcd8b3090168a8e3bcc40d7c032b9dda1df7d1c" "/opt/rustwide/cargo-home/bin/cargo" "+beta-2023-12-22" "metadata" "--no-deps" "--format-version=1", kill_on_drop: false }`
[INFO] [stdout] c5fe985a22404e4b73012601e346a51cd70309d4bd0f8616b531bd908f17cb77
[INFO] running `Command { std: "docker" "start" "-a" "c5fe985a22404e4b73012601e346a51cd70309d4bd0f8616b531bd908f17cb77", kill_on_drop: false }`
[INFO] running `Command { std: "docker" "inspect" "c5fe985a22404e4b73012601e346a51cd70309d4bd0f8616b531bd908f17cb77", kill_on_drop: false }`
[INFO] running `Command { std: "docker" "rm" "-f" "c5fe985a22404e4b73012601e346a51cd70309d4bd0f8616b531bd908f17cb77", kill_on_drop: false }`
[INFO] [stdout] c5fe985a22404e4b73012601e346a51cd70309d4bd0f8616b531bd908f17cb77
[INFO] running `Command { std: "docker" "create" "-v" "/var/lib/crater-agent-workspace/builds/worker-4-tc2/target:/opt/rustwide/target:rw,Z" "-v" "/var/lib/crater-agent-workspace/builds/worker-4-tc2/source:/opt/rustwide/workdir:ro,Z" "-v" "/var/lib/crater-agent-workspace/cargo-home:/opt/rustwide/cargo-home:ro,Z" "-v" "/var/lib/crater-agent-workspace/rustup-home:/opt/rustwide/rustup-home:ro,Z" "-e" "SOURCE_DIR=/opt/rustwide/workdir" "-e" "CARGO_TARGET_DIR=/opt/rustwide/target" "-e" "CARGO_INCREMENTAL=0" "-e" "RUST_BACKTRACE=full" "-e" "RUSTFLAGS=--cap-lints=warn" "-e" "RUSTDOCFLAGS=--cap-lints=warn" "-e" "CARGO_HOME=/opt/rustwide/cargo-home" "-e" "RUSTUP_HOME=/opt/rustwide/rustup-home" "-w" "/opt/rustwide/workdir" "-m" "1610612736" "--user" "0:0" "--network" "none" "ghcr.io/rust-lang/crates-build-env/linux@sha256:2788e3201cd34a07e3172128adcd8b3090168a8e3bcc40d7c032b9dda1df7d1c" "/opt/rustwide/cargo-home/bin/cargo" "+beta-2023-12-22" "build" "--frozen" "--message-format=json", kill_on_drop: false }`
[INFO] [stdout] 46103c968943d73c4cb5010ec1ed4fcce8c01e278318e21ac2993958116d8f3e
[INFO] running `Command { std: "docker" "start" "-a" "46103c968943d73c4cb5010ec1ed4fcce8c01e278318e21ac2993958116d8f3e", kill_on_drop: false }`
[INFO] [stderr]    Compiling micro_games_macros v0.3.0 (/opt/rustwide/workdir)
[INFO] [stderr]     Finished dev [unoptimized + debuginfo] target(s) in 0.98s
[INFO] running `Command { std: "docker" "inspect" "46103c968943d73c4cb5010ec1ed4fcce8c01e278318e21ac2993958116d8f3e", kill_on_drop: false }`
[INFO] running `Command { std: "docker" "rm" "-f" "46103c968943d73c4cb5010ec1ed4fcce8c01e278318e21ac2993958116d8f3e", kill_on_drop: false }`
[INFO] [stdout] 46103c968943d73c4cb5010ec1ed4fcce8c01e278318e21ac2993958116d8f3e
[INFO] running `Command { std: "docker" "create" "-v" "/var/lib/crater-agent-workspace/builds/worker-4-tc2/target:/opt/rustwide/target:rw,Z" "-v" "/var/lib/crater-agent-workspace/builds/worker-4-tc2/source:/opt/rustwide/workdir:ro,Z" "-v" "/var/lib/crater-agent-workspace/cargo-home:/opt/rustwide/cargo-home:ro,Z" "-v" "/var/lib/crater-agent-workspace/rustup-home:/opt/rustwide/rustup-home:ro,Z" "-e" "SOURCE_DIR=/opt/rustwide/workdir" "-e" "CARGO_TARGET_DIR=/opt/rustwide/target" "-e" "CARGO_INCREMENTAL=0" "-e" "RUST_BACKTRACE=full" "-e" "RUSTFLAGS=--cap-lints=warn" "-e" "RUSTDOCFLAGS=--cap-lints=warn" "-e" "CARGO_HOME=/opt/rustwide/cargo-home" "-e" "RUSTUP_HOME=/opt/rustwide/rustup-home" "-w" "/opt/rustwide/workdir" "-m" "1610612736" "--user" "0:0" "--network" "none" "ghcr.io/rust-lang/crates-build-env/linux@sha256:2788e3201cd34a07e3172128adcd8b3090168a8e3bcc40d7c032b9dda1df7d1c" "/opt/rustwide/cargo-home/bin/cargo" "+beta-2023-12-22" "test" "--frozen" "--no-run" "--message-format=json", kill_on_drop: false }`
[INFO] [stdout] 461df7152d9e5d707afa314e288906cf48fb71e2be42b9bb7ff9af92d6030b42
[INFO] running `Command { std: "docker" "start" "-a" "461df7152d9e5d707afa314e288906cf48fb71e2be42b9bb7ff9af92d6030b42", kill_on_drop: false }`
[INFO] [stderr]    Compiling cfg-if v1.0.0
[INFO] [stderr]    Compiling serde v1.0.194
[INFO] [stderr]    Compiling zerocopy v0.7.32
[INFO] [stderr]    Compiling allocator-api2 v0.2.16
[INFO] [stderr]    Compiling pin-project-lite v0.2.13
[INFO] [stderr]    Compiling rustc-hash v1.1.0
[INFO] [stderr]    Compiling crossbeam-utils v0.8.18
[INFO] [stderr]    Compiling equivalent v1.0.1
[INFO] [stderr]    Compiling toml_datetime v0.6.5
[INFO] [stderr]    Compiling libc v0.2.151
[INFO] [stderr]    Compiling ahash v0.8.7
[INFO] [stderr]    Compiling thiserror v1.0.56
[INFO] [stderr]    Compiling tracing-core v0.1.32
[INFO] [stderr]    Compiling futures-core v0.3.30
[INFO] [stderr]    Compiling winnow v0.5.32
[INFO] [stderr]    Compiling parking v2.2.0
[INFO] [stderr]    Compiling bytemuck_derive v1.5.0
[INFO] [stderr]    Compiling memchr v2.7.1
[INFO] [stderr]    Compiling event-listener v2.5.3
[INFO] [stderr]    Compiling futures-io v0.3.30
[INFO] [stderr]    Compiling fastrand v2.0.1
[INFO] [stderr]    Compiling futures-lite v2.1.0
[INFO] [stderr]    Compiling slab v0.4.9
[INFO] [stderr]    Compiling async-task v4.7.0
[INFO] [stderr]    Compiling waker-fn v1.1.1
[INFO] [stderr]    Compiling fixedbitset v0.4.2
[INFO] [stderr]    Compiling fastrand v1.9.0
[INFO] [stderr]    Compiling instant v0.1.12
[INFO] [stderr]    Compiling bevy_utils_proc_macros v0.12.1
[INFO] [stderr]    Compiling tracing v0.1.40
[INFO] [stderr]    Compiling nonmax v0.5.5
[INFO] [stderr]    Compiling thread_local v1.1.7
[INFO] [stderr]    Compiling num-traits v0.2.17
[INFO] [stderr]    Compiling bevy_ptr v0.12.1
[INFO] [stderr]    Compiling downcast-rs v1.2.0
[INFO] [stderr]    Compiling log v0.4.20
[INFO] [stderr]    Compiling smol_str v0.2.0
[INFO] [stderr]    Compiling regex-syntax v0.8.2
[INFO] [stderr]    Compiling regex-syntax v0.6.29
[INFO] [stderr]    Compiling futures-lite v1.13.0
[INFO] [stderr]    Compiling aho-corasick v1.1.2
[INFO] [stderr]    Compiling indexmap v1.9.3
[INFO] [stderr]    Compiling lock_api v0.4.11
[INFO] [stderr]    Compiling lazy_static v1.4.0
[INFO] [stderr]    Compiling parking_lot_core v0.9.9
[INFO] [stderr]    Compiling getrandom v0.2.11
[INFO] [stderr]    Compiling overload v0.1.1
[INFO] [stderr]    Compiling concurrent-queue v2.4.0
[INFO] [stderr]    Compiling nu-ansi-term v0.46.0
[INFO] [stderr]    Compiling sharded-slab v0.1.7
[INFO] [stderr]    Compiling tracing-log v0.2.0
[INFO] [stderr]    Compiling bit-vec v0.6.3
[INFO] [stderr]    Compiling event-listener v4.0.2
[INFO] [stderr]    Compiling async-channel v1.9.0
[INFO] [stderr]    Compiling termcolor v1.4.0
[INFO] [stderr]    Compiling bitflags v1.3.2
[INFO] [stderr]    Compiling scopeguard v1.2.0
[INFO] [stderr]    Compiling hashbrown v0.12.3
[INFO] [stderr]    Compiling unicode-width v0.1.11
[INFO] [stderr]    Compiling event-listener-strategy v0.4.0
[INFO] [stderr]    Compiling bit-set v0.5.3
[INFO] [stderr]    Compiling codespan-reporting v0.11.1
[INFO] [stderr]    Compiling pp-rs v0.2.1
[INFO] [stderr]    Compiling async-lock v3.2.0
[INFO] [stderr]    Compiling tracing-log v0.1.4
[INFO] [stderr]    Compiling libloading v0.7.4
[INFO] [stderr]    Compiling bytemuck v1.14.0
[INFO] [stderr]    Compiling ash v0.37.3+1.3.251
[INFO] [stderr]    Compiling khronos-egl v4.1.0
[INFO] [stderr]    Compiling hexf-parse v0.2.1
[INFO] [stderr]    Compiling arrayvec v0.7.4
[INFO] [stderr]    Compiling cc v1.0.83
[INFO] [stderr]    Compiling num-integer v0.1.45
[INFO] [stderr]    Compiling raw-window-handle v0.5.2
[INFO] [stderr]    Compiling async-executor v1.8.0
[INFO] [stderr]    Compiling atomic-waker v1.1.2
[INFO] [stderr]    Compiling async-channel v2.1.1
[INFO] [stderr]    Compiling spirv v0.2.0+1.5.4
[INFO] [stderr]    Compiling piper v0.2.1
[INFO] [stderr]    Compiling crossbeam-channel v0.5.10
[INFO] [stderr]    Compiling libloading v0.8.1
[INFO] [stderr]    Compiling bevy_tasks v0.12.1
[INFO] [stderr]    Compiling encase_derive_impl v0.6.1
[INFO] [stderr]    Compiling async-fs v1.6.0
[INFO] [stderr]    Compiling num-rational v0.4.1
[INFO] [stderr]    Compiling renderdoc-sys v1.0.0
[INFO] [stderr]    Compiling glow v0.12.3
[INFO] [stderr]    Compiling profiling v1.0.13
[INFO] [stderr]    Compiling blocking v1.5.1
[INFO] [stderr]    Compiling regex-automata v0.1.10
[INFO] [stderr]    Compiling async-lock v2.8.0
[INFO] [stderr]    Compiling const_soft_float v0.1.4
[INFO] [stderr]    Compiling constant_time_eq v0.3.0
[INFO] [stderr]    Compiling regex-automata v0.4.3
[INFO] [stderr]    Compiling base64 v0.21.5
[INFO] [stderr]    Compiling accesskit v0.12.2
[INFO] [stderr]    Compiling arrayref v0.3.7
[INFO] [stderr]    Compiling encase_derive v0.6.1
[INFO] [stderr]    Compiling constgebra v0.1.3
[INFO] [stderr]    Compiling async-broadcast v0.5.1
[INFO] [stderr]    Compiling byteorder v1.5.0
[INFO] [stderr]    Compiling data-encoding v2.5.0
[INFO] [stderr]    Compiling matchers v0.1.0
[INFO] [stderr]    Compiling hashbrown v0.14.3
[INFO] [stderr]    Compiling smallvec v1.11.2
[INFO] [stderr]    Compiling glam v0.24.2
[INFO] [stderr]    Compiling uuid v1.6.1
[INFO] [stderr]    Compiling erased-serde v0.3.31
[INFO] [stderr]    Compiling bitflags v2.4.1
[INFO] [stderr]    Compiling blake3 v1.5.0
[INFO] [stderr]    Compiling color_quant v1.1.0
[INFO] [stderr]    Compiling gpu-descriptor-types v0.1.2
[INFO] [stderr]    Compiling naga v0.13.0
[INFO] [stderr]    Compiling gpu-alloc-types v0.3.0
[INFO] [stderr]    Compiling wgpu-types v0.17.0
[INFO] [stderr]    Compiling ron v0.8.1
[INFO] [stderr]    Compiling parking_lot v0.12.1
[INFO] [stderr]    Compiling gpu-alloc v0.6.0
[INFO] [stderr]    Compiling const_panic v0.2.8
[INFO] [stderr]    Compiling regex-syntax v0.7.5
[INFO] [stderr]    Compiling indexmap v2.1.0
[INFO] [stderr]    Compiling gpu-descriptor v0.2.4
[INFO] [stderr]    Compiling static_assertions v1.1.0
[INFO] [stderr]    Compiling image v0.24.7
[INFO] [stderr]    Compiling euclid v0.22.9
[INFO] [stderr]    Compiling radsort v0.1.0
[INFO] [stderr]    Compiling svg_fmt v0.4.1
[INFO] [stderr]    Compiling sysinfo v0.29.11
[INFO] [stderr]    Compiling rectangle-pack v0.4.2
[INFO] [stderr]    Compiling test-case-core v3.3.1
[INFO] [stderr]    Compiling serde_json v1.0.111
[INFO] [stderr]    Compiling ryu v1.0.16
[INFO] [stderr]    Compiling toml_edit v0.20.7
[INFO] [stderr]    Compiling petgraph v0.6.4
[INFO] [stderr]    Compiling itoa v1.0.10
[INFO] [stderr]    Compiling micro_games_macros v0.3.0 (/opt/rustwide/workdir)
[INFO] [stderr]    Compiling guillotiere v0.6.2
[INFO] [stderr]    Compiling test-case-macros v3.3.1
[INFO] [stderr]    Compiling regex v1.10.2
[INFO] [stderr] error: could not compile `ash` (lib)
[INFO] [stderr] 
[INFO] [stderr] Caused by:
[INFO] [stderr]   process didn't exit successfully: `/opt/rustwide/rustup-home/toolchains/beta-2023-12-22-x86_64-unknown-linux-gnu/bin/rustc --crate-name ash --edition=2021 /opt/rustwide/cargo-home/registry/src/index.crates.io-6f17d22bba15001f/ash-0.37.3+1.3.251/src/lib.rs --error-format=json --json=diagnostic-rendered-ansi,artifacts,future-incompat --crate-type lib --emit=dep-info,metadata,link -C embed-bitcode=no --cfg 'feature="debug"' --cfg 'feature="default"' --cfg 'feature="libloading"' --cfg 'feature="loaded"' -C metadata=5645c5bb51542f22 -C extra-filename=-5645c5bb51542f22 --out-dir /opt/rustwide/target/debug/deps -L dependency=/opt/rustwide/target/debug/deps --extern libloading=/opt/rustwide/target/debug/deps/liblibloading-9eff043bfe448c69.rmeta --cap-lints allow --cap-lints=warn` (signal: 9, SIGKILL: kill)
[INFO] [stderr] warning: build failed, waiting for other jobs to finish...
[INFO] running `Command { std: "docker" "inspect" "461df7152d9e5d707afa314e288906cf48fb71e2be42b9bb7ff9af92d6030b42", kill_on_drop: false }`
[INFO] running `Command { std: "docker" "rm" "-f" "461df7152d9e5d707afa314e288906cf48fb71e2be42b9bb7ff9af92d6030b42", kill_on_drop: false }`
[INFO] [stdout] 461df7152d9e5d707afa314e288906cf48fb71e2be42b9bb7ff9af92d6030b42
