[INFO] fetching crate gosh-runner 0.2.0...
[INFO] testing gosh-runner-0.2.0 against 1.75.0 for beta-1.76-1
[INFO] extracting crate gosh-runner 0.2.0 into /workspace/builds/worker-7-tc1/source
[INFO] validating manifest of crates.io crate gosh-runner 0.2.0 on toolchain 1.75.0
[INFO] running `Command { std: CARGO_HOME="/workspace/cargo-home" RUSTUP_HOME="/workspace/rustup-home" "/workspace/cargo-home/bin/cargo" "+1.75.0" "metadata" "--manifest-path" "Cargo.toml" "--no-deps", kill_on_drop: false }`
[INFO] started tweaking crates.io crate gosh-runner 0.2.0
[INFO] finished tweaking crates.io crate gosh-runner 0.2.0
[INFO] tweaked toml for crates.io crate gosh-runner 0.2.0 written to /workspace/builds/worker-7-tc1/source/Cargo.toml
[INFO] crate crates.io crate gosh-runner 0.2.0 already has a lockfile, it will not be regenerated
[INFO] running `Command { std: CARGO_HOME="/workspace/cargo-home" RUSTUP_HOME="/workspace/rustup-home" "/workspace/cargo-home/bin/cargo" "+1.75.0" "fetch" "--manifest-path" "Cargo.toml", kill_on_drop: false }`
[INFO] [stderr]  Downloading crates ...
[INFO] [stderr]   Downloaded grep-matcher v0.1.6
[INFO] [stderr]   Downloaded vecfx v0.1.5
[INFO] [stderr]   Downloaded chrono-tz-build v0.0.3
[INFO] [stderr]   Downloaded grep v0.2.11
[INFO] [stderr]   Downloaded scratch v1.0.3
[INFO] [stderr]   Downloaded gosh-core v0.2.0
[INFO] [stderr]   Downloaded str_indices v0.4.1
[INFO] [stderr]   Downloaded grep-cli v0.1.7
[INFO] [stderr]   Downloaded pest_generator v2.5.4
[INFO] [stderr]   Downloaded hermit-abi v0.3.0
[INFO] [stderr]   Downloaded is-terminal v0.4.3
[INFO] [stderr]   Downloaded pest_meta v2.5.4
[INFO] [stderr]   Downloaded grep-searcher v0.1.11
[INFO] [stderr]   Downloaded procfs v0.9.1
[INFO] [stderr]   Downloaded uom v0.33.0
[INFO] [stderr]   Downloaded bstr v1.2.0
[INFO] [stderr]   Downloaded cxx v1.0.89
[INFO] [stderr]   Downloaded gchemol-lattice v0.1.1
[INFO] [stderr]   Downloaded ropey v1.6.0
[INFO] [stderr]   Downloaded chrono-tz v0.6.3
[INFO] [stderr]   Downloaded pest v2.5.4
[INFO] [stderr]   Downloaded clap v4.1.4
[INFO] [stderr]   Downloaded nalgebra v0.30.1
[INFO] [stderr]   Downloaded cxxbridge-flags v1.0.89
[INFO] [stderr]   Downloaded gchemol-gut v0.4.2
[INFO] [stderr]   Downloaded tera v1.17.1
[INFO] [stderr]   Downloaded cxx-build v1.0.89
[INFO] [stderr]   Downloaded bimap v0.6.2
[INFO] [stderr]   Downloaded gchemol-geometry v0.1.1
[INFO] [stderr]   Downloaded gchemol-core v0.1.1
[INFO] [stderr]   Downloaded pest_derive v2.5.4
[INFO] [stderr]   Downloaded clap_derive v4.1.0
[INFO] [stderr]   Downloaded clap_lex v0.3.1
[INFO] [stderr]   Downloaded os_pipe v1.1.3
[INFO] [stderr]   Downloaded grep-regex v0.1.11
[INFO] [stderr]   Downloaded cxxbridge-macro v1.0.89
[INFO] [stderr]   Downloaded gchemol-graph v0.1.2
[INFO] [stderr]   Downloaded gchemol v0.1.3
[INFO] [stderr]   Downloaded gchemol-readwrite v0.1.2
[INFO] [stderr]   Downloaded gchemol-neighbors v0.1.2
[INFO] [stderr]   Downloaded gchemol-parser v0.4.2
[INFO] running `Command { std: "docker" "create" "-v" "/var/lib/crater-agent-workspace/builds/worker-7-tc1/target:/opt/rustwide/target:rw,Z" "-v" "/var/lib/crater-agent-workspace/builds/worker-7-tc1/source:/opt/rustwide/workdir:ro,Z" "-v" "/var/lib/crater-agent-workspace/cargo-home:/opt/rustwide/cargo-home:ro,Z" "-v" "/var/lib/crater-agent-workspace/rustup-home:/opt/rustwide/rustup-home:ro,Z" "-e" "SOURCE_DIR=/opt/rustwide/workdir" "-e" "CARGO_TARGET_DIR=/opt/rustwide/target" "-e" "CARGO_HOME=/opt/rustwide/cargo-home" "-e" "RUSTUP_HOME=/opt/rustwide/rustup-home" "-w" "/opt/rustwide/workdir" "-m" "1610612736" "--user" "0:0" "--network" "none" "ghcr.io/rust-lang/crates-build-env/linux@sha256:2788e3201cd34a07e3172128adcd8b3090168a8e3bcc40d7c032b9dda1df7d1c" "/opt/rustwide/cargo-home/bin/cargo" "+1.75.0" "metadata" "--no-deps" "--format-version=1", kill_on_drop: false }`
[INFO] [stdout] 074b3c8bf06ffea61113dbc54f984a92c27702f86576247380c42b4d21d9beea
[INFO] running `Command { std: "docker" "start" "-a" "074b3c8bf06ffea61113dbc54f984a92c27702f86576247380c42b4d21d9beea", kill_on_drop: false }`
[INFO] running `Command { std: "docker" "inspect" "074b3c8bf06ffea61113dbc54f984a92c27702f86576247380c42b4d21d9beea", kill_on_drop: false }`
[INFO] running `Command { std: "docker" "rm" "-f" "074b3c8bf06ffea61113dbc54f984a92c27702f86576247380c42b4d21d9beea", kill_on_drop: false }`
[INFO] [stdout] 074b3c8bf06ffea61113dbc54f984a92c27702f86576247380c42b4d21d9beea
[INFO] running `Command { std: "docker" "create" "-v" "/var/lib/crater-agent-workspace/builds/worker-7-tc1/target:/opt/rustwide/target:rw,Z" "-v" "/var/lib/crater-agent-workspace/builds/worker-7-tc1/source:/opt/rustwide/workdir:ro,Z" "-v" "/var/lib/crater-agent-workspace/cargo-home:/opt/rustwide/cargo-home:ro,Z" "-v" "/var/lib/crater-agent-workspace/rustup-home:/opt/rustwide/rustup-home:ro,Z" "-e" "SOURCE_DIR=/opt/rustwide/workdir" "-e" "CARGO_TARGET_DIR=/opt/rustwide/target" "-e" "CARGO_INCREMENTAL=0" "-e" "RUST_BACKTRACE=full" "-e" "RUSTFLAGS=--cap-lints=warn" "-e" "RUSTDOCFLAGS=--cap-lints=warn" "-e" "CARGO_HOME=/opt/rustwide/cargo-home" "-e" "RUSTUP_HOME=/opt/rustwide/rustup-home" "-w" "/opt/rustwide/workdir" "-m" "1610612736" "--user" "0:0" "--network" "none" "ghcr.io/rust-lang/crates-build-env/linux@sha256:2788e3201cd34a07e3172128adcd8b3090168a8e3bcc40d7c032b9dda1df7d1c" "/opt/rustwide/cargo-home/bin/cargo" "+1.75.0" "build" "--frozen" "--message-format=json", kill_on_drop: false }`
[INFO] [stdout] 68358b2c04b685f7dbf0d174e6c084b7188cd2edd266f02153b747093b235e35
[INFO] running `Command { std: "docker" "start" "-a" "68358b2c04b685f7dbf0d174e6c084b7188cd2edd266f02153b747093b235e35", kill_on_drop: false }`
[INFO] [stderr]    Compiling proc-macro2 v1.0.51
[INFO] [stderr]    Compiling quote v1.0.23
[INFO] [stderr]    Compiling unicode-ident v1.0.6
[INFO] [stderr]    Compiling syn v1.0.107
[INFO] [stderr]    Compiling serde_derive v1.0.152
[INFO] [stderr]    Compiling once_cell v1.17.0
[INFO] [stderr]    Compiling serde v1.0.152
[INFO] [stderr]    Compiling libm v0.2.6
[INFO] [stderr]    Compiling num-traits v0.2.15
[INFO] [stderr]    Compiling bitflags v1.2.1
[INFO] [stderr]    Compiling aho-corasick v0.7.20
[INFO] [stderr]    Compiling getrandom v0.2.8
[INFO] [stderr]    Compiling termcolor v1.2.0
[INFO] [stderr]    Compiling serde_json v1.0.92
[INFO] [stderr]    Compiling ryu v1.0.12
[INFO] [stderr]    Compiling itoa v1.0.5
[INFO] [stderr]    Compiling atty v0.2.14
[INFO] [stderr]    Compiling uncased v0.9.7
[INFO] [stderr]    Compiling regex-automata v0.1.10
[INFO] [stderr]    Compiling num_cpus v1.15.0
[INFO] [stderr]    Compiling rand_core v0.6.4
[INFO] [stderr]    Compiling paste v1.0.11
[INFO] [stderr]    Compiling rayon-core v1.10.2
[INFO] [stderr]    Compiling either v1.8.1
[INFO] [stderr]    Compiling bytemuck v1.13.0
[INFO] [stderr]    Compiling io-lifetimes v1.0.5
[INFO] [stderr]    Compiling anyhow v1.0.69
[INFO] [stderr]    Compiling bstr v1.2.0
[INFO] [stderr]    Compiling os_pipe v1.1.3
[INFO] [stderr]    Compiling rand_chacha v0.3.1
[INFO] [stderr]    Compiling safe_arch v0.6.0
[INFO] [stderr]    Compiling shared_child v1.0.0
[INFO] [stderr]    Compiling thiserror v1.0.38
[INFO] [stderr]    Compiling itertools v0.10.5
[INFO] [stderr]    Compiling phf_shared v0.11.1
[INFO] [stderr]    Compiling rustix v0.36.8
[INFO] [stderr]    Compiling rand v0.8.5
[INFO] [stderr]    Compiling fastrand v1.8.0
[INFO] [stderr]    Compiling remove_dir_all v0.5.3
[INFO] [stderr]    Compiling wide v0.7.6
[INFO] [stderr]    Compiling tempfile v3.3.0
[INFO] [stderr]    Compiling regex v1.7.1
[INFO] [stderr]    Compiling rayon v1.6.1
[INFO] [stderr]    Compiling duct v0.13.6
[INFO] [stderr]    Compiling proc-macro-error-attr v1.0.4
[INFO] [stderr]    Compiling matrixmultiply v0.3.2
[INFO] [stderr]    Compiling linux-raw-sys v0.1.4
[INFO] [stderr]    Compiling same-file v1.0.6
[INFO] [stderr]    Compiling shell-escape v0.1.5
[INFO] [stderr]    Compiling thread_local v1.1.4
[INFO] [stderr]    Compiling phf_generator v0.11.1
[INFO] [stderr]    Compiling ucd-trie v0.1.5
[INFO] [stderr]    Compiling phf_codegen v0.11.1
[INFO] [stderr]    Compiling phf v0.11.1
[INFO] [stderr]    Compiling clap_lex v0.2.4
[INFO] [stderr]    Compiling clap_lex v0.3.1
[INFO] [stderr]    Compiling grep-matcher v0.1.6
[INFO] [stderr]    Compiling num-integer v0.1.45
[INFO] [stderr]    Compiling approx v0.5.1
[INFO] [stderr]    Compiling ordered-float v2.10.0
[INFO] [stderr]    Compiling encoding_rs v0.8.32
[INFO] [stderr]    Compiling textwrap v0.16.0
[INFO] [stderr]    Compiling time-core v0.1.0
[INFO] [stderr]    Compiling num-rational v0.4.1
[INFO] [stderr]    Compiling env_logger v0.9.3
[INFO] [stderr]    Compiling globset v0.4.10
[INFO] [stderr]    Compiling parse-zoneinfo v0.3.0
[INFO] [stderr]    Compiling time v0.3.17
[INFO] [stderr]    Compiling time v0.1.45
[INFO] [stderr]    Compiling memmap2 v0.5.8
[INFO] [stderr]    Compiling bytecount v0.6.3
[INFO] [stderr]    Compiling unic-common v0.9.0
[INFO] [stderr]    Compiling unic-char-range v0.9.0
[INFO] [stderr]    Compiling iana-time-zone v0.1.53
[INFO] [stderr]    Compiling chrono-tz-build v0.0.3
[INFO] [stderr]    Compiling unic-char-property v0.9.0
[INFO] [stderr]    Compiling chrono v0.4.23
[INFO] [stderr]    Compiling unic-ucd-version v0.9.0
[INFO] [stderr]    Compiling walkdir v2.3.2
[INFO] [stderr]    Compiling fixedbitset v0.4.2
[INFO] [stderr]    Compiling base64 v0.20.0
[INFO] [stderr]    Compiling ignore v0.4.20
[INFO] [stderr]    Compiling unic-ucd-segment v0.9.0
[INFO] [stderr]    Compiling grep-cli v0.1.7
[INFO] [stderr]    Compiling grep-regex v0.1.11
[INFO] [stderr]    Compiling rand_distr v0.4.3
[INFO] [stderr]    Compiling deunicode v0.4.3
[INFO] [stderr]    Compiling is-terminal v0.4.3
[INFO] [stderr]    Compiling str_indices v0.4.1
[INFO] [stderr]    Compiling minimal-lexical v0.2.1
[INFO] [stderr]    Compiling crc32fast v1.3.2
[INFO] [stderr]    Compiling encoding_rs_io v0.1.7
[INFO] [stderr]    Compiling unic-segment v0.9.0
[INFO] [stderr]    Compiling nom v7.1.3
[INFO] [stderr]    Compiling ropey v1.6.0
[INFO] [stderr]    Compiling slug v0.1.4
[INFO] [stderr]    Compiling quick-error v2.0.1
[INFO] [stderr]    Compiling humansize v1.1.1
[INFO] [stderr]    Compiling grep-searcher v0.1.11
[INFO] [stderr]    Compiling globwalk v0.8.1
[INFO] [stderr]    Compiling miniz_oxide v0.6.2
[INFO] [stderr]    Compiling parking_lot_core v0.9.7
[INFO] [stderr]    Compiling uom v0.33.0
[INFO] [stderr]    Compiling slotmap v1.0.6
[INFO] [stderr]    Compiling tokio v1.25.0
[INFO] [stderr]    Compiling signal-hook-registry v1.4.0
[INFO] [stderr]    Compiling parking_lot v0.12.1
[INFO] [stderr]    Compiling proc-macro-error v1.0.4
[INFO] [stderr]    Compiling socket2 v0.4.7
[INFO] [stderr]    Compiling flate2 v1.0.25
[INFO] [stderr]    Compiling mio v0.8.5
[INFO] [stderr]    Compiling byteorder v1.4.3
[INFO] [stderr]    Compiling hex v0.4.3
[INFO] [stderr]    Compiling nix v0.21.2
[INFO] [stderr]    Compiling shared_child v0.3.5
[INFO] [stderr]    Compiling procfs v0.9.1
[INFO] [stderr]    Compiling chrono-tz v0.6.3
[INFO] [stderr]    Compiling nalgebra-macros v0.1.0
[INFO] [stderr]    Compiling thiserror-impl v1.0.38
[INFO] [stderr]    Compiling clap_derive v4.1.0
[INFO] [stderr]    Compiling clap_derive v3.2.18
[INFO] [stderr]    Compiling tokio-macros v1.8.2
[INFO] [stderr]    Compiling pest v2.5.4
[INFO] [stderr]    Compiling clap v4.1.4
[INFO] [stderr]    Compiling clap v3.2.23
[INFO] [stderr]    Compiling pest_meta v2.5.4
[INFO] [stderr]    Compiling pest_generator v2.5.4
[INFO] [stderr]    Compiling pest_derive v2.5.4
[INFO] [stderr]    Compiling num-complex v0.4.3
[INFO] [stderr]    Compiling toml v0.5.11
[INFO] [stderr]    Compiling petgraph v0.6.3
[INFO] [stderr]    Compiling envy v0.4.2
[INFO] [stderr]    Compiling bimap v0.6.2
[INFO] [stderr]    Compiling simba v0.7.3
[INFO] [stderr]    Compiling gchemol-gut v0.2.0
[INFO] [stderr]    Compiling gchemol-gut v0.4.2
[INFO] [stderr]    Compiling grep-printer v0.1.7
[INFO] [stderr]    Compiling handlebars v4.0.1
[INFO] [stderr]    Compiling tera v1.17.1
[INFO] [stderr]    Compiling grep v0.2.11
[INFO] [stderr]    Compiling gchemol-parser v0.4.2
[INFO] [stderr]    Compiling gchemol-graph v0.1.2
[INFO] [stderr]    Compiling nalgebra v0.30.1
[INFO] [stderr]    Compiling vecfx v0.1.5
[INFO] [stderr]    Compiling gchemol-lattice v0.1.1
[INFO] [stderr]    Compiling octree v0.1.0
[INFO] [stderr]    Compiling gchemol-geometry v0.1.1
[INFO] [stderr]    Compiling gchemol-neighbors v0.1.2
[INFO] [stderr]    Compiling gchemol-core v0.1.1
[INFO] [stderr]    Compiling gchemol-readwrite v0.1.2
[INFO] [stderr]    Compiling gchemol v0.1.3
[INFO] [stderr]    Compiling gosh-core v0.2.0
[INFO] [stderr]    Compiling gosh-runner v0.2.0 (/opt/rustwide/workdir)
[INFO] [stdout] warning: unused import: `gut::prelude::*`
[INFO] [stdout]  --> src/cli.rs:5:5
[INFO] [stdout]   |
[INFO] [stdout] 5 | use gut::prelude::*;
[INFO] [stdout]   |     ^^^^^^^^^^^^^^^
[INFO] [stdout]   |
[INFO] [stdout]   = note: `#[warn(unused_imports)]` on by default
[INFO] [stdout] 
[INFO] [stdout] 
[INFO] [stdout] warning: unused import: `gut::cli::*`
[INFO] [stdout]    --> src/cli/apps.rs:147:5
[INFO] [stdout]     |
[INFO] [stdout] 147 | use gut::cli::*;
[INFO] [stdout]     |     ^^^^^^^^^^^
[INFO] [stdout] 
[INFO] [stdout] 
[INFO] [stdout] warning: unused import: `gut::cli::*`
[INFO] [stdout]  --> src/cli/local.rs:7:5
[INFO] [stdout]   |
[INFO] [stdout] 7 | use gut::cli::*;
[INFO] [stdout]   |     ^^^^^^^^^^^
[INFO] [stdout] 
[INFO] [stdout] 
[INFO] [stdout] warning: unused import: `gut::prelude::*`
[INFO] [stdout]   --> src/cli/local.rs:82:5
[INFO] [stdout]    |
[INFO] [stdout] 82 | use gut::prelude::*;
[INFO] [stdout]    |     ^^^^^^^^^^^^^^^
[INFO] [stdout] 
[INFO] [stdout] 
[INFO] [stdout] warning: unused imports: `tempdir_in`, `tempdir`
[INFO] [stdout]  --> src/job.rs:6:16
[INFO] [stdout]   |
[INFO] [stdout] 6 | use tempfile::{tempdir, tempdir_in, TempDir};
[INFO] [stdout]   |                ^^^^^^^  ^^^^^^^^^^
[INFO] [stdout] 
[INFO] [stdout] 
[INFO] [stdout] warning: unused import: `super::impl_jobs_slotmap::JobKey`
[INFO] [stdout]    --> src/job.rs:273:9
[INFO] [stdout]     |
[INFO] [stdout] 273 |     use super::impl_jobs_slotmap::JobKey;
[INFO] [stdout]     |         ^^^^^^^^^^^^^^^^^^^^^^^^^^^^^^^^
[INFO] [stdout] 
[INFO] [stdout] 
[INFO] [stdout] warning: unused import: `slotmap::Key`
[INFO] [stdout]    --> src/job.rs:408:9
[INFO] [stdout]     |
[INFO] [stdout] 408 |     use slotmap::Key;
[INFO] [stdout]     |         ^^^^^^^^^^^^
[INFO] [stdout] 
[INFO] [stdout] 
[INFO] [stdout] warning: unused import: `super::*`
[INFO] [stdout]   --> src/process.rs:24:9
[INFO] [stdout]    |
[INFO] [stdout] 24 |     use super::*;
[INFO] [stdout]    |         ^^^^^^^^
[INFO] [stdout] 
[INFO] [stdout] 
[INFO] [stdout] warning: unused import: `std::process::Child`
[INFO] [stdout]    --> src/process.rs:181:9
[INFO] [stdout]     |
[INFO] [stdout] 181 |     use std::process::Child;
[INFO] [stdout]     |         ^^^^^^^^^^^^^^^^^^^
[INFO] [stdout] 
[INFO] [stdout] 
[INFO] [stdout] warning: unused import: `std::process::ExitStatus`
[INFO] [stdout]    --> src/process.rs:182:9
[INFO] [stdout]     |
[INFO] [stdout] 182 |     use std::process::ExitStatus;
[INFO] [stdout]     |         ^^^^^^^^^^^^^^^^^^^^^^^^
[INFO] [stdout] 
[INFO] [stdout] 
[INFO] [stdout] warning: unused import: `tokio::io::AsyncWriteExt`
[INFO] [stdout]  --> src/session.rs:5:5
[INFO] [stdout]   |
[INFO] [stdout] 5 | use tokio::io::AsyncWriteExt;
[INFO] [stdout]   |     ^^^^^^^^^^^^^^^^^^^^^^^^
[INFO] [stdout] 
[INFO] [stdout] 
[INFO] [stdout] warning: unused import: `tokio::signal::ctrl_c`
[INFO] [stdout]  --> src/session.rs:7:5
[INFO] [stdout]   |
[INFO] [stdout] 7 | use tokio::signal::ctrl_c;
[INFO] [stdout]   |     ^^^^^^^^^^^^^^^^^^^^^
[INFO] [stdout] 
[INFO] [stdout] 
[INFO] [stdout] warning: unused import: `sleep as delay_for`
[INFO] [stdout]  --> src/session.rs:8:19
[INFO] [stdout]   |
[INFO] [stdout] 8 | use tokio::time::{sleep as delay_for, Duration};
[INFO] [stdout]   |                   ^^^^^^^^^^^^^^^^^^
[INFO] [stdout] 
[INFO] [stdout] 
[INFO] [stdout] warning: the item `SpawnSessionExt` is imported redundantly
[INFO] [stdout]   --> src/session.rs:81:13
[INFO] [stdout]    |
[INFO] [stdout] 12 | use crate::process::SpawnSessionExt;
[INFO] [stdout]    |     ------------------------------- the item `SpawnSessionExt` is already imported here
[INFO] [stdout] ...
[INFO] [stdout] 81 |         use crate::process::SpawnSessionExt;
[INFO] [stdout]    |             ^^^^^^^^^^^^^^^^^^^^^^^^^^^^^^^
[INFO] [stdout] 
[INFO] [stdout] 
[INFO] [stdout] warning: variable does not need to be mutable
[INFO] [stdout]    --> src/job.rs:382:44
[INFO] [stdout]     |
[INFO] [stdout] 382 |         pub async fn insert_job(&mut self, mut job: Job) -> JobId {
[INFO] [stdout]     |                                            ----^^^
[INFO] [stdout]     |                                            |
[INFO] [stdout]     |                                            help: remove this `mut`
[INFO] [stdout]     |
[INFO] [stdout]     = note: `#[warn(unused_mut)]` on by default
[INFO] [stdout] 
[INFO] [stdout] 
[INFO] [stdout] warning: use of deprecated method `chrono::TimeZone::timestamp`: use `timestamp_opt()` instead
[INFO] [stdout]   --> src/process.rs:69:9
[INFO] [stdout]    |
[INFO] [stdout] 69 |     Utc.timestamp(t.trunc() as i64, nano.round() as u32)
[INFO] [stdout]    |         ^^^^^^^^^
[INFO] [stdout]    |
[INFO] [stdout]    = note: `#[warn(deprecated)]` on by default
[INFO] [stdout] 
[INFO] [stdout] 
[INFO] [stdout] warning: unused import: `crate::process::SpawnSessionExt`
[INFO] [stdout]   --> src/session.rs:12:5
[INFO] [stdout]    |
[INFO] [stdout] 12 | use crate::process::SpawnSessionExt;
[INFO] [stdout]    |     ^^^^^^^^^^^^^^^^^^^^^^^^^^^^^^^
[INFO] [stdout] 
[INFO] [stdout] 
[INFO] [stdout] warning: unused import: `Write`
[INFO] [stdout]   --> src/interactive.rs:46:34
[INFO] [stdout]    |
[INFO] [stdout] 46 |     use std::io::{self, BufRead, Write};
[INFO] [stdout]    |                                  ^^^^^
[INFO] [stdout] 
[INFO] [stdout] 
[INFO] [stdout] warning: unused variable: `errfile`
[INFO] [stdout]    --> src/job.rs:240:13
[INFO] [stdout]     |
[INFO] [stdout] 240 |         let errfile = self.err_file();
[INFO] [stdout]     |             ^^^^^^^ help: if this is intentional, prefix it with an underscore: `_errfile`
[INFO] [stdout]     |
[INFO] [stdout]     = note: `#[warn(unused_variables)]` on by default
[INFO] [stdout] 
[INFO] [stdout] 
[INFO] [stdout] warning: variable does not need to be mutable
[INFO] [stdout]   --> src/session.rs:29:13
[INFO] [stdout]    |
[INFO] [stdout] 29 |         let mut command = Command::new(program);
[INFO] [stdout]    |             ----^^^^^^^
[INFO] [stdout]    |             |
[INFO] [stdout]    |             help: remove this `mut`
[INFO] [stdout] 
[INFO] [stdout] 
[INFO] [stdout] warning: variable does not need to be mutable
[INFO] [stdout]    --> src/session.rs:133:13
[INFO] [stdout]     |
[INFO] [stdout] 133 |         let mut rt = tokio::runtime::Runtime::new().context("tokio runtime failure")?;
[INFO] [stdout]     |             ----^^
[INFO] [stdout]     |             |
[INFO] [stdout]     |             help: remove this `mut`
[INFO] [stdout] 
[INFO] [stdout] 
[INFO] [stdout] warning: function `timestamp_now` is never used
[INFO] [stdout]  --> src/lib.rs:8:4
[INFO] [stdout]   |
[INFO] [stdout] 8 | fn timestamp_now() -> String {
[INFO] [stdout]   |    ^^^^^^^^^^^^^
[INFO] [stdout]   |
[INFO] [stdout]   = note: `#[warn(dead_code)]` on by default
[INFO] [stdout] 
[INFO] [stdout] 
[INFO] [stdout] warning: function `float_unix_timestamp_to_date_time` is never used
[INFO] [stdout]   --> src/process.rs:67:4
[INFO] [stdout]    |
[INFO] [stdout] 67 | fn float_unix_timestamp_to_date_time(t: f64) -> DateTime<Utc> {
[INFO] [stdout]    |    ^^^^^^^^^^^^^^^^^^^^^^^^^^^^^^^^^
[INFO] [stdout] 
[INFO] [stdout] 
[INFO] [stdout] warning: field `rest` is never read
[INFO] [stdout]   --> src/session.rs:17:5
[INFO] [stdout]    |
[INFO] [stdout] 15 | pub struct Session {
[INFO] [stdout]    |            ------- field in this struct
[INFO] [stdout] 16 |     /// Arguments that will be passed to `program`
[INFO] [stdout] 17 |     rest: Vec<String>,
[INFO] [stdout]    |     ^^^^
[INFO] [stdout] 
[INFO] [stdout] 
[INFO] [stdout] warning: methods `arg`, `dir`, and `env` are never used
[INFO] [stdout]   --> src/session.rs:48:12
[INFO] [stdout]    |
[INFO] [stdout] 26 | impl Session {
[INFO] [stdout]    | ------------ methods in this implementation
[INFO] [stdout] ...
[INFO] [stdout] 48 |     pub fn arg<S: AsRef<str>>(mut self, arg: S) -> Self {
[INFO] [stdout]    |            ^^^
[INFO] [stdout] ...
[INFO] [stdout] 54 |     pub fn dir<P: AsRef<std::path::Path>>(mut self, dir: P) -> Self {
[INFO] [stdout]    |            ^^^
[INFO] [stdout] ...
[INFO] [stdout] 61 |     pub fn env<K, V>(mut self, key: K, val: V) -> Self
[INFO] [stdout]    |            ^^^
[INFO] [stdout] 
[INFO] [stdout] 
[INFO] [stdout] warning: unused `std::result::Result` that must be used
[INFO] [stdout]    --> src/cli/local.rs:103:13
[INFO] [stdout]     |
[INFO] [stdout] 103 |             result?;
[INFO] [stdout]     |             ^^^^^^^
[INFO] [stdout]     |
[INFO] [stdout]     = note: this `Result` may be an `Err` variant, which should be handled
[INFO] [stdout]     = note: `#[warn(unused_must_use)]` on by default
[INFO] [stdout] help: use `let _ = ...` to ignore the resulting value
[INFO] [stdout]     |
[INFO] [stdout] 103 |             let _ = result?;
[INFO] [stdout]     |             +++++++
[INFO] [stdout] 
[INFO] [stdout] 
[INFO] [stdout] warning: unused `std::result::Result` that must be used
[INFO] [stdout]    --> src/job.rs:207:9
[INFO] [stdout]     |
[INFO] [stdout] 207 |         stdin.write_all(self.job.input.as_bytes()).await;
[INFO] [stdout]     |         ^^^^^^^^^^^^^^^^^^^^^^^^^^^^^^^^^^^^^^^^^^^^^^^^
[INFO] [stdout]     |
[INFO] [stdout]     = note: this `Result` may be an `Err` variant, which should be handled
[INFO] [stdout] help: use `let _ = ...` to ignore the resulting value
[INFO] [stdout]     |
[INFO] [stdout] 207 |         let _ = stdin.write_all(self.job.input.as_bytes()).await;
[INFO] [stdout]     |         +++++++
[INFO] [stdout] 
[INFO] [stdout] 
[INFO] [stdout] warning: 27 warnings emitted
[INFO] [stdout] 
[INFO] [stdout] 
[INFO] [stderr]     Finished dev [unoptimized + debuginfo] target(s) in 1m 04s
[INFO] running `Command { std: "docker" "inspect" "68358b2c04b685f7dbf0d174e6c084b7188cd2edd266f02153b747093b235e35", kill_on_drop: false }`
[INFO] running `Command { std: "docker" "rm" "-f" "68358b2c04b685f7dbf0d174e6c084b7188cd2edd266f02153b747093b235e35", kill_on_drop: false }`
[INFO] [stdout] 68358b2c04b685f7dbf0d174e6c084b7188cd2edd266f02153b747093b235e35
[INFO] running `Command { std: "docker" "create" "-v" "/var/lib/crater-agent-workspace/builds/worker-7-tc1/target:/opt/rustwide/target:rw,Z" "-v" "/var/lib/crater-agent-workspace/builds/worker-7-tc1/source:/opt/rustwide/workdir:ro,Z" "-v" "/var/lib/crater-agent-workspace/cargo-home:/opt/rustwide/cargo-home:ro,Z" "-v" "/var/lib/crater-agent-workspace/rustup-home:/opt/rustwide/rustup-home:ro,Z" "-e" "SOURCE_DIR=/opt/rustwide/workdir" "-e" "CARGO_TARGET_DIR=/opt/rustwide/target" "-e" "CARGO_INCREMENTAL=0" "-e" "RUST_BACKTRACE=full" "-e" "RUSTFLAGS=--cap-lints=warn" "-e" "RUSTDOCFLAGS=--cap-lints=warn" "-e" "CARGO_HOME=/opt/rustwide/cargo-home" "-e" "RUSTUP_HOME=/opt/rustwide/rustup-home" "-w" "/opt/rustwide/workdir" "-m" "1610612736" "--user" "0:0" "--network" "none" "ghcr.io/rust-lang/crates-build-env/linux@sha256:2788e3201cd34a07e3172128adcd8b3090168a8e3bcc40d7c032b9dda1df7d1c" "/opt/rustwide/cargo-home/bin/cargo" "+1.75.0" "test" "--frozen" "--no-run" "--message-format=json", kill_on_drop: false }`
[INFO] [stdout] c07813b2fb1380a54fe3f33f57953809c458b0c0c35d127586d798824e2ca42b
[INFO] running `Command { std: "docker" "start" "-a" "c07813b2fb1380a54fe3f33f57953809c458b0c0c35d127586d798824e2ca42b", kill_on_drop: false }`
[INFO] [stdout] warning: unused import: `gut::prelude::*`
[INFO] [stdout]  --> src/cli.rs:5:5
[INFO] [stdout]   |
[INFO] [stdout] 5 | use gut::prelude::*;
[INFO] [stdout]   |     ^^^^^^^^^^^^^^^
[INFO] [stdout]   |
[INFO] [stdout]   = note: `#[warn(unused_imports)]` on by default
[INFO] [stdout] 
[INFO] [stdout] 
[INFO] [stdout] warning: unused import: `gut::cli::*`
[INFO] [stdout]    --> src/cli/apps.rs:147:5
[INFO] [stdout]     |
[INFO] [stdout] 147 | use gut::cli::*;
[INFO] [stdout]     |     ^^^^^^^^^^^
[INFO] [stdout] 
[INFO] [stdout] 
[INFO] [stdout] warning: unused import: `gut::cli::*`
[INFO] [stdout]  --> src/cli/local.rs:7:5
[INFO] [stdout]   |
[INFO] [stdout] 7 | use gut::cli::*;
[INFO] [stdout]   |     ^^^^^^^^^^^
[INFO] [stdout] 
[INFO] [stdout] 
[INFO] [stdout] warning: unused import: `gut::prelude::*`
[INFO] [stdout]   --> src/cli/local.rs:82:5
[INFO] [stdout]    |
[INFO] [stdout] 82 | use gut::prelude::*;
[INFO] [stdout]    |     ^^^^^^^^^^^^^^^
[INFO] [stdout] 
[INFO] [stdout] 
[INFO] [stdout] warning: unused imports: `tempdir_in`, `tempdir`
[INFO] [stdout]  --> src/job.rs:6:16
[INFO] [stdout]   |
[INFO] [stdout] 6 | use tempfile::{tempdir, tempdir_in, TempDir};
[INFO] [stdout]   |                ^^^^^^^  ^^^^^^^^^^
[INFO] [stdout] 
[INFO] [stdout] 
[INFO] [stdout] warning: unused import: `super::impl_jobs_slotmap::JobKey`
[INFO] [stdout]    --> src/job.rs:273:9
[INFO] [stdout]     |
[INFO] [stdout] 273 |     use super::impl_jobs_slotmap::JobKey;
[INFO] [stdout]     |         ^^^^^^^^^^^^^^^^^^^^^^^^^^^^^^^^
[INFO] [stdout] 
[INFO] [stdout] 
[INFO] [stdout] warning: unused import: `slotmap::Key`
[INFO] [stdout]    --> src/job.rs:408:9
[INFO] [stdout]     |
[INFO] [stdout] 408 |     use slotmap::Key;
[INFO] [stdout]     |         ^^^^^^^^^^^^
[INFO] [stdout] 
[INFO] [stdout] 
[INFO] [stdout] warning: unused import: `super::*`
[INFO] [stdout]   --> src/process.rs:24:9
[INFO] [stdout]    |
[INFO] [stdout] 24 |     use super::*;
[INFO] [stdout]    |         ^^^^^^^^
[INFO] [stdout] 
[INFO] [stdout] 
[INFO] [stdout] warning: unused import: `std::process::Child`
[INFO] [stdout]    --> src/process.rs:181:9
[INFO] [stdout]     |
[INFO] [stdout] 181 |     use std::process::Child;
[INFO] [stdout]     |         ^^^^^^^^^^^^^^^^^^^
[INFO] [stdout] 
[INFO] [stdout] 
[INFO] [stdout] warning: unused import: `std::process::ExitStatus`
[INFO] [stdout]    --> src/process.rs:182:9
[INFO] [stdout]     |
[INFO] [stdout] 182 |     use std::process::ExitStatus;
[INFO] [stdout]     |         ^^^^^^^^^^^^^^^^^^^^^^^^
[INFO] [stdout] 
[INFO] [stdout] 
[INFO] [stdout] warning: unused import: `tokio::io::AsyncWriteExt`
[INFO] [stdout]  --> src/session.rs:5:5
[INFO] [stdout]   |
[INFO] [stdout] 5 | use tokio::io::AsyncWriteExt;
[INFO] [stdout]   |     ^^^^^^^^^^^^^^^^^^^^^^^^
[INFO] [stdout] 
[INFO] [stdout] 
[INFO] [stdout] warning: unused import: `tokio::signal::ctrl_c`
[INFO] [stdout]  --> src/session.rs:7:5
[INFO] [stdout]   |
[INFO] [stdout] 7 | use tokio::signal::ctrl_c;
[INFO] [stdout]   |     ^^^^^^^^^^^^^^^^^^^^^
[INFO] [stdout] 
[INFO] [stdout] 
[INFO] [stdout] warning: unused import: `sleep as delay_for`
[INFO] [stdout]  --> src/session.rs:8:19
[INFO] [stdout]   |
[INFO] [stdout] 8 | use tokio::time::{sleep as delay_for, Duration};
[INFO] [stdout]   |                   ^^^^^^^^^^^^^^^^^^
[INFO] [stdout] 
[INFO] [stdout] 
[INFO] [stdout] warning: the item `SpawnSessionExt` is imported redundantly
[INFO] [stdout]   --> src/session.rs:81:13
[INFO] [stdout]    |
[INFO] [stdout] 12 | use crate::process::SpawnSessionExt;
[INFO] [stdout]    |     ------------------------------- the item `SpawnSessionExt` is already imported here
[INFO] [stdout] ...
[INFO] [stdout] 81 |         use crate::process::SpawnSessionExt;
[INFO] [stdout]    |             ^^^^^^^^^^^^^^^^^^^^^^^^^^^^^^^
[INFO] [stdout] 
[INFO] [stdout] 
[INFO] [stdout] warning: variable does not need to be mutable
[INFO] [stdout]    --> src/job.rs:382:44
[INFO] [stdout]     |
[INFO] [stdout] 382 |         pub async fn insert_job(&mut self, mut job: Job) -> JobId {
[INFO] [stdout]     |                                            ----^^^
[INFO] [stdout]     |                                            |
[INFO] [stdout]     |                                            help: remove this `mut`
[INFO] [stdout]     |
[INFO] [stdout]     = note: `#[warn(unused_mut)]` on by default
[INFO] [stdout] 
[INFO] [stdout] 
[INFO] [stdout] warning: use of deprecated method `chrono::TimeZone::timestamp`: use `timestamp_opt()` instead
[INFO] [stdout]   --> src/process.rs:69:9
[INFO] [stdout]    |
[INFO] [stdout] 69 |     Utc.timestamp(t.trunc() as i64, nano.round() as u32)
[INFO] [stdout]    |         ^^^^^^^^^
[INFO] [stdout]    |
[INFO] [stdout]    = note: `#[warn(deprecated)]` on by default
[INFO] [stdout] 
[INFO] [stdout] 
[INFO] [stdout] warning: unused import: `crate::process::SpawnSessionExt`
[INFO] [stdout]   --> src/session.rs:12:5
[INFO] [stdout]    |
[INFO] [stdout] 12 | use crate::process::SpawnSessionExt;
[INFO] [stdout]    |     ^^^^^^^^^^^^^^^^^^^^^^^^^^^^^^^
[INFO] [stdout] 
[INFO] [stdout] 
[INFO] [stdout] warning: unused import: `Write`
[INFO] [stdout]   --> src/interactive.rs:46:34
[INFO] [stdout]    |
[INFO] [stdout] 46 |     use std::io::{self, BufRead, Write};
[INFO] [stdout]    |                                  ^^^^^
[INFO] [stdout] 
[INFO] [stdout] 
[INFO] [stdout] warning: unused variable: `errfile`
[INFO] [stdout]    --> src/job.rs:240:13
[INFO] [stdout]     |
[INFO] [stdout] 240 |         let errfile = self.err_file();
[INFO] [stdout]     |             ^^^^^^^ help: if this is intentional, prefix it with an underscore: `_errfile`
[INFO] [stdout]     |
[INFO] [stdout]     = note: `#[warn(unused_variables)]` on by default
[INFO] [stdout] 
[INFO] [stdout] 
[INFO] [stdout] warning: variable does not need to be mutable
[INFO] [stdout]   --> src/session.rs:29:13
[INFO] [stdout]    |
[INFO] [stdout] 29 |         let mut command = Command::new(program);
[INFO] [stdout]    |             ----^^^^^^^
[INFO] [stdout]    |             |
[INFO] [stdout]    |             help: remove this `mut`
[INFO] [stdout] 
[INFO] [stdout] 
[INFO] [stdout] warning: variable does not need to be mutable
[INFO] [stdout]    --> src/session.rs:133:13
[INFO] [stdout]     |
[INFO] [stdout] 133 |         let mut rt = tokio::runtime::Runtime::new().context("tokio runtime failure")?;
[INFO] [stdout]     |             ----^^
[INFO] [stdout]     |             |
[INFO] [stdout]     |             help: remove this `mut`
[INFO] [stdout] 
[INFO] [stdout] 
[INFO] [stdout] warning: function `timestamp_now` is never used
[INFO] [stdout]  --> src/lib.rs:8:4
[INFO] [stdout]   |
[INFO] [stdout] 8 | fn timestamp_now() -> String {
[INFO] [stdout]   |    ^^^^^^^^^^^^^
[INFO] [stdout]   |
[INFO] [stdout]   = note: `#[warn(dead_code)]` on by default
[INFO] [stdout] 
[INFO] [stdout] 
[INFO] [stdout] warning: function `float_unix_timestamp_to_date_time` is never used
[INFO] [stdout]   --> src/process.rs:67:4
[INFO] [stdout]    |
[INFO] [stdout] 67 | fn float_unix_timestamp_to_date_time(t: f64) -> DateTime<Utc> {
[INFO] [stdout]    |    ^^^^^^^^^^^^^^^^^^^^^^^^^^^^^^^^^
[INFO] [stdout] 
[INFO] [stdout] 
[INFO] [stdout] warning: field `rest` is never read
[INFO] [stdout]   --> src/session.rs:17:5
[INFO] [stdout]    |
[INFO] [stdout] 15 | pub struct Session {
[INFO] [stdout]    |            ------- field in this struct
[INFO] [stdout] 16 |     /// Arguments that will be passed to `program`
[INFO] [stdout] 17 |     rest: Vec<String>,
[INFO] [stdout]    |     ^^^^
[INFO] [stdout] 
[INFO] [stdout] 
[INFO] [stdout] warning: methods `arg`, `dir`, and `env` are never used
[INFO] [stdout]   --> src/session.rs:48:12
[INFO] [stdout]    |
[INFO] [stdout] 26 | impl Session {
[INFO] [stdout]    | ------------ methods in this implementation
[INFO] [stdout] ...
[INFO] [stdout] 48 |     pub fn arg<S: AsRef<str>>(mut self, arg: S) -> Self {
[INFO] [stdout]    |            ^^^
[INFO] [stdout] ...
[INFO] [stdout] 54 |     pub fn dir<P: AsRef<std::path::Path>>(mut self, dir: P) -> Self {
[INFO] [stdout]    |            ^^^
[INFO] [stdout] ...
[INFO] [stdout] 61 |     pub fn env<K, V>(mut self, key: K, val: V) -> Self
[INFO] [stdout]    |            ^^^
[INFO] [stdout] 
[INFO] [stdout] 
[INFO] [stdout] warning: unused `std::result::Result` that must be used
[INFO] [stdout]    --> src/cli/local.rs:103:13
[INFO] [stdout]     |
[INFO] [stdout] 103 |             result?;
[INFO] [stdout]     |             ^^^^^^^
[INFO] [stdout]     |
[INFO] [stdout]     = note: this `Result` may be an `Err` variant, which should be handled
[INFO] [stdout]     = note: `#[warn(unused_must_use)]` on by default
[INFO] [stdout] help: use `let _ = ...` to ignore the resulting value
[INFO] [stdout]     |
[INFO] [stdout] 103 |             let _ = result?;
[INFO] [stdout]     |             +++++++
[INFO] [stdout] 
[INFO] [stdout] 
[INFO] [stderr]    Compiling gosh-runner v0.2.0 (/opt/rustwide/workdir)
[INFO] [stdout] warning: unused `std::result::Result` that must be used
[INFO] [stdout]    --> src/job.rs:207:9
[INFO] [stdout]     |
[INFO] [stdout] 207 |         stdin.write_all(self.job.input.as_bytes()).await;
[INFO] [stdout]     |         ^^^^^^^^^^^^^^^^^^^^^^^^^^^^^^^^^^^^^^^^^^^^^^^^
[INFO] [stdout]     |
[INFO] [stdout]     = note: this `Result` may be an `Err` variant, which should be handled
[INFO] [stdout] help: use `let _ = ...` to ignore the resulting value
[INFO] [stdout]     |
[INFO] [stdout] 207 |         let _ = stdin.write_all(self.job.input.as_bytes()).await;
[INFO] [stdout]     |         +++++++
[INFO] [stdout] 
[INFO] [stdout] 
[INFO] [stdout] warning: 27 warnings emitted
[INFO] [stdout] 
[INFO] [stdout] 
[INFO] [stdout] warning: unused import: `gut::prelude::*`
[INFO] [stdout]  --> src/cli.rs:5:5
[INFO] [stdout]   |
[INFO] [stdout] 5 | use gut::prelude::*;
[INFO] [stdout]   |     ^^^^^^^^^^^^^^^
[INFO] [stdout]   |
[INFO] [stdout]   = note: `#[warn(unused_imports)]` on by default
[INFO] [stdout] 
[INFO] [stdout] 
[INFO] [stdout] warning: unused import: `gut::cli::*`
[INFO] [stdout]    --> src/cli/apps.rs:147:5
[INFO] [stdout]     |
[INFO] [stdout] 147 | use gut::cli::*;
[INFO] [stdout]     |     ^^^^^^^^^^^
[INFO] [stdout] 
[INFO] [stdout] 
[INFO] [stdout] warning: unused import: `gut::cli::*`
[INFO] [stdout]  --> src/cli/local.rs:7:5
[INFO] [stdout]   |
[INFO] [stdout] 7 | use gut::cli::*;
[INFO] [stdout]   |     ^^^^^^^^^^^
[INFO] [stdout] 
[INFO] [stdout] 
[INFO] [stdout] warning: unused import: `gut::prelude::*`
[INFO] [stdout]   --> src/cli/local.rs:82:5
[INFO] [stdout]    |
[INFO] [stdout] 82 | use gut::prelude::*;
[INFO] [stdout]    |     ^^^^^^^^^^^^^^^
[INFO] [stdout] 
[INFO] [stdout] 
[INFO] [stdout] warning: unused imports: `tempdir_in`, `tempdir`
[INFO] [stdout]  --> src/job.rs:6:16
[INFO] [stdout]   |
[INFO] [stdout] 6 | use tempfile::{tempdir, tempdir_in, TempDir};
[INFO] [stdout]   |                ^^^^^^^  ^^^^^^^^^^
[INFO] [stdout] 
[INFO] [stdout] 
[INFO] [stdout] warning: unused import: `super::impl_jobs_slotmap::JobKey`
[INFO] [stdout]    --> src/job.rs:273:9
[INFO] [stdout]     |
[INFO] [stdout] 273 |     use super::impl_jobs_slotmap::JobKey;
[INFO] [stdout]     |         ^^^^^^^^^^^^^^^^^^^^^^^^^^^^^^^^
[INFO] [stdout] 
[INFO] [stdout] 
[INFO] [stdout] warning: unused import: `slotmap::Key`
[INFO] [stdout]    --> src/job.rs:408:9
[INFO] [stdout]     |
[INFO] [stdout] 408 |     use slotmap::Key;
[INFO] [stdout]     |         ^^^^^^^^^^^^
[INFO] [stdout] 
[INFO] [stdout] 
[INFO] [stdout] warning: unused import: `super::*`
[INFO] [stdout]   --> src/process.rs:24:9
[INFO] [stdout]    |
[INFO] [stdout] 24 |     use super::*;
[INFO] [stdout]    |         ^^^^^^^^
[INFO] [stdout] 
[INFO] [stdout] 
[INFO] [stdout] warning: unused import: `std::process::Child`
[INFO] [stdout]    --> src/process.rs:181:9
[INFO] [stdout]     |
[INFO] [stdout] 181 |     use std::process::Child;
[INFO] [stdout]     |         ^^^^^^^^^^^^^^^^^^^
[INFO] [stdout] 
[INFO] [stdout] 
[INFO] [stdout] warning: unused import: `std::process::ExitStatus`
[INFO] [stdout]    --> src/process.rs:182:9
[INFO] [stdout]     |
[INFO] [stdout] 182 |     use std::process::ExitStatus;
[INFO] [stdout]     |         ^^^^^^^^^^^^^^^^^^^^^^^^
[INFO] [stdout] 
[INFO] [stdout] 
[INFO] [stdout] warning: unused import: `tokio::io::AsyncWriteExt`
[INFO] [stdout]  --> src/session.rs:5:5
[INFO] [stdout]   |
[INFO] [stdout] 5 | use tokio::io::AsyncWriteExt;
[INFO] [stdout]   |     ^^^^^^^^^^^^^^^^^^^^^^^^
[INFO] [stdout] 
[INFO] [stdout] 
[INFO] [stdout] warning: unused import: `tokio::signal::ctrl_c`
[INFO] [stdout]  --> src/session.rs:7:5
[INFO] [stdout]   |
[INFO] [stdout] 7 | use tokio::signal::ctrl_c;
[INFO] [stdout]   |     ^^^^^^^^^^^^^^^^^^^^^
[INFO] [stdout] 
[INFO] [stdout] 
[INFO] [stdout] warning: unused import: `sleep as delay_for`
[INFO] [stdout]  --> src/session.rs:8:19
[INFO] [stdout]   |
[INFO] [stdout] 8 | use tokio::time::{sleep as delay_for, Duration};
[INFO] [stdout]   |                   ^^^^^^^^^^^^^^^^^^
[INFO] [stdout] 
[INFO] [stdout] 
[INFO] [stdout] warning: the item `SpawnSessionExt` is imported redundantly
[INFO] [stdout]   --> src/session.rs:81:13
[INFO] [stdout]    |
[INFO] [stdout] 12 | use crate::process::SpawnSessionExt;
[INFO] [stdout]    |     ------------------------------- the item `SpawnSessionExt` is already imported here
[INFO] [stdout] ...
[INFO] [stdout] 81 |         use crate::process::SpawnSessionExt;
[INFO] [stdout]    |             ^^^^^^^^^^^^^^^^^^^^^^^^^^^^^^^
[INFO] [stdout] 
[INFO] [stdout] 
[INFO] [stdout] warning: variable does not need to be mutable
[INFO] [stdout]    --> src/job.rs:382:44
[INFO] [stdout]     |
[INFO] [stdout] 382 |         pub async fn insert_job(&mut self, mut job: Job) -> JobId {
[INFO] [stdout]     |                                            ----^^^
[INFO] [stdout]     |                                            |
[INFO] [stdout]     |                                            help: remove this `mut`
[INFO] [stdout]     |
[INFO] [stdout]     = note: `#[warn(unused_mut)]` on by default
[INFO] [stdout] 
[INFO] [stdout] 
[INFO] [stdout] warning: use of deprecated method `chrono::TimeZone::timestamp`: use `timestamp_opt()` instead
[INFO] [stdout]   --> src/process.rs:69:9
[INFO] [stdout]    |
[INFO] [stdout] 69 |     Utc.timestamp(t.trunc() as i64, nano.round() as u32)
[INFO] [stdout]    |         ^^^^^^^^^
[INFO] [stdout]    |
[INFO] [stdout]    = note: `#[warn(deprecated)]` on by default
[INFO] [stdout] 
[INFO] [stdout] 
[INFO] [stdout] warning: unused import: `crate::process::SpawnSessionExt`
[INFO] [stdout]   --> src/session.rs:12:5
[INFO] [stdout]    |
[INFO] [stdout] 12 | use crate::process::SpawnSessionExt;
[INFO] [stdout]    |     ^^^^^^^^^^^^^^^^^^^^^^^^^^^^^^^
[INFO] [stdout] 
[INFO] [stdout] 
[INFO] [stdout] warning: unused import: `Write`
[INFO] [stdout]   --> src/interactive.rs:46:34
[INFO] [stdout]    |
[INFO] [stdout] 46 |     use std::io::{self, BufRead, Write};
[INFO] [stdout]    |                                  ^^^^^
[INFO] [stdout] 
[INFO] [stdout] 
[INFO] [stdout] warning: unused variable: `h`
[INFO] [stdout]    --> src/interactive.rs:165:9
[INFO] [stdout]     |
[INFO] [stdout] 165 |     let h = s.spawn()?;
[INFO] [stdout]     |         ^ help: if this is intentional, prefix it with an underscore: `_h`
[INFO] [stdout]     |
[INFO] [stdout]     = note: `#[warn(unused_variables)]` on by default
[INFO] [stdout] 
[INFO] [stdout] 
[INFO] [stdout] warning: unused variable: `errfile`
[INFO] [stdout]    --> src/job.rs:240:13
[INFO] [stdout]     |
[INFO] [stdout] 240 |         let errfile = self.err_file();
[INFO] [stdout]     |             ^^^^^^^ help: if this is intentional, prefix it with an underscore: `_errfile`
[INFO] [stdout] 
[INFO] [stdout] 
[INFO] [stdout] warning: variable does not need to be mutable
[INFO] [stdout]   --> src/session.rs:29:13
[INFO] [stdout]    |
[INFO] [stdout] 29 |         let mut command = Command::new(program);
[INFO] [stdout]    |             ----^^^^^^^
[INFO] [stdout]    |             |
[INFO] [stdout]    |             help: remove this `mut`
[INFO] [stdout] 
[INFO] [stdout] 
[INFO] [stdout] warning: variable does not need to be mutable
[INFO] [stdout]    --> src/session.rs:133:13
[INFO] [stdout]     |
[INFO] [stdout] 133 |         let mut rt = tokio::runtime::Runtime::new().context("tokio runtime failure")?;
[INFO] [stdout]     |             ----^^
[INFO] [stdout]     |             |
[INFO] [stdout]     |             help: remove this `mut`
[INFO] [stdout] 
[INFO] [stdout] 
[INFO] [stdout] warning: variable does not need to be mutable
[INFO] [stdout]    --> src/session.rs:144:9
[INFO] [stdout]     |
[INFO] [stdout] 144 |     let mut session = Session::new("sleep").arg("10").timeout(1);
[INFO] [stdout]     |         ----^^^^^^^
[INFO] [stdout]     |         |
[INFO] [stdout]     |         help: remove this `mut`
[INFO] [stdout] 
[INFO] [stdout] 
[INFO] [stdout] warning: function `timestamp_now` is never used
[INFO] [stdout]  --> src/lib.rs:8:4
[INFO] [stdout]   |
[INFO] [stdout] 8 | fn timestamp_now() -> String {
[INFO] [stdout]   |    ^^^^^^^^^^^^^
[INFO] [stdout]   |
[INFO] [stdout]   = note: `#[warn(dead_code)]` on by default
[INFO] [stdout] 
[INFO] [stdout] 
[INFO] [stdout] warning: function `float_unix_timestamp_to_date_time` is never used
[INFO] [stdout]   --> src/process.rs:67:4
[INFO] [stdout]    |
[INFO] [stdout] 67 | fn float_unix_timestamp_to_date_time(t: f64) -> DateTime<Utc> {
[INFO] [stdout]    |    ^^^^^^^^^^^^^^^^^^^^^^^^^^^^^^^^^
[INFO] [stdout] 
[INFO] [stdout] 
[INFO] [stdout] warning: field `rest` is never read
[INFO] [stdout]   --> src/session.rs:17:5
[INFO] [stdout]    |
[INFO] [stdout] 15 | pub struct Session {
[INFO] [stdout]    |            ------- field in this struct
[INFO] [stdout] 16 |     /// Arguments that will be passed to `program`
[INFO] [stdout] 17 |     rest: Vec<String>,
[INFO] [stdout]    |     ^^^^
[INFO] [stdout] 
[INFO] [stdout] 
[INFO] [stdout] warning: methods `dir` and `env` are never used
[INFO] [stdout]   --> src/session.rs:54:12
[INFO] [stdout]    |
[INFO] [stdout] 26 | impl Session {
[INFO] [stdout]    | ------------ methods in this implementation
[INFO] [stdout] ...
[INFO] [stdout] 54 |     pub fn dir<P: AsRef<std::path::Path>>(mut self, dir: P) -> Self {
[INFO] [stdout]    |            ^^^
[INFO] [stdout] ...
[INFO] [stdout] 61 |     pub fn env<K, V>(mut self, key: K, val: V) -> Self
[INFO] [stdout]    |            ^^^
[INFO] [stdout] 
[INFO] [stdout] 
[INFO] [stdout] warning: unused `std::result::Result` that must be used
[INFO] [stdout]    --> src/cli/local.rs:103:13
[INFO] [stdout]     |
[INFO] [stdout] 103 |             result?;
[INFO] [stdout]     |             ^^^^^^^
[INFO] [stdout]     |
[INFO] [stdout]     = note: this `Result` may be an `Err` variant, which should be handled
[INFO] [stdout]     = note: `#[warn(unused_must_use)]` on by default
[INFO] [stdout] help: use `let _ = ...` to ignore the resulting value
[INFO] [stdout]     |
[INFO] [stdout] 103 |             let _ = result?;
[INFO] [stdout]     |             +++++++
[INFO] [stdout] 
[INFO] [stdout] 
[INFO] [stdout] warning: unused `std::result::Result` that must be used
[INFO] [stdout]    --> src/job.rs:207:9
[INFO] [stdout]     |
[INFO] [stdout] 207 |         stdin.write_all(self.job.input.as_bytes()).await;
[INFO] [stdout]     |         ^^^^^^^^^^^^^^^^^^^^^^^^^^^^^^^^^^^^^^^^^^^^^^^^
[INFO] [stdout]     |
[INFO] [stdout]     = note: this `Result` may be an `Err` variant, which should be handled
[INFO] [stdout] help: use `let _ = ...` to ignore the resulting value
[INFO] [stdout]     |
[INFO] [stdout] 207 |         let _ = stdin.write_all(self.job.input.as_bytes()).await;
[INFO] [stdout]     |         +++++++
[INFO] [stdout] 
[INFO] [stdout] 
[INFO] [stdout] warning: 29 warnings emitted
[INFO] [stdout] 
[INFO] [stdout] 
[INFO] [stderr]     Finished test [unoptimized + debuginfo] target(s) in 8.66s
[INFO] running `Command { std: "docker" "inspect" "c07813b2fb1380a54fe3f33f57953809c458b0c0c35d127586d798824e2ca42b", kill_on_drop: false }`
[INFO] running `Command { std: "docker" "rm" "-f" "c07813b2fb1380a54fe3f33f57953809c458b0c0c35d127586d798824e2ca42b", kill_on_drop: false }`
[INFO] [stdout] c07813b2fb1380a54fe3f33f57953809c458b0c0c35d127586d798824e2ca42b
[INFO] running `Command { std: "docker" "create" "-v" "/var/lib/crater-agent-workspace/builds/worker-7-tc1/target:/opt/rustwide/target:rw,Z" "-v" "/var/lib/crater-agent-workspace/builds/worker-7-tc1/source:/opt/rustwide/workdir:ro,Z" "-v" "/var/lib/crater-agent-workspace/cargo-home:/opt/rustwide/cargo-home:ro,Z" "-v" "/var/lib/crater-agent-workspace/rustup-home:/opt/rustwide/rustup-home:ro,Z" "-e" "SOURCE_DIR=/opt/rustwide/workdir" "-e" "CARGO_TARGET_DIR=/opt/rustwide/target" "-e" "CARGO_INCREMENTAL=0" "-e" "RUST_BACKTRACE=full" "-e" "RUSTFLAGS=--cap-lints=warn" "-e" "RUSTDOCFLAGS=--cap-lints=warn" "-e" "CARGO_HOME=/opt/rustwide/cargo-home" "-e" "RUSTUP_HOME=/opt/rustwide/rustup-home" "-w" "/opt/rustwide/workdir" "-m" "1610612736" "--user" "0:0" "--network" "none" "ghcr.io/rust-lang/crates-build-env/linux@sha256:2788e3201cd34a07e3172128adcd8b3090168a8e3bcc40d7c032b9dda1df7d1c" "/opt/rustwide/cargo-home/bin/cargo" "+1.75.0" "test" "--frozen", kill_on_drop: false }`
[INFO] [stdout] 7860b11aa750bdd3ee601576de1739ad8234717ad2cf0a856b9b0b08222d6553
[INFO] running `Command { std: "docker" "start" "-a" "7860b11aa750bdd3ee601576de1739ad8234717ad2cf0a856b9b0b08222d6553", kill_on_drop: false }`
[INFO] [stderr] warning: unused import: `gut::prelude::*`
[INFO] [stderr]  --> src/cli.rs:5:5
[INFO] [stderr]   |
[INFO] [stderr] 5 | use gut::prelude::*;
[INFO] [stderr]   |     ^^^^^^^^^^^^^^^
[INFO] [stderr]   |
[INFO] [stderr]   = note: `#[warn(unused_imports)]` on by default
[INFO] [stderr] 
[INFO] [stderr] warning: unused import: `gut::cli::*`
[INFO] [stderr]    --> src/cli/apps.rs:147:5
[INFO] [stderr]     |
[INFO] [stderr] 147 | use gut::cli::*;
[INFO] [stderr]     |     ^^^^^^^^^^^
[INFO] [stderr] 
[INFO] [stderr] warning: unused import: `gut::cli::*`
[INFO] [stderr]  --> src/cli/local.rs:7:5
[INFO] [stderr]   |
[INFO] [stderr] 7 | use gut::cli::*;
[INFO] [stderr]   |     ^^^^^^^^^^^
[INFO] [stderr] 
[INFO] [stderr] warning: unused import: `gut::prelude::*`
[INFO] [stderr]   --> src/cli/local.rs:82:5
[INFO] [stderr]    |
[INFO] [stderr] 82 | use gut::prelude::*;
[INFO] [stderr]    |     ^^^^^^^^^^^^^^^
[INFO] [stderr] 
[INFO] [stderr] warning: unused imports: `tempdir_in`, `tempdir`
[INFO] [stderr]  --> src/job.rs:6:16
[INFO] [stderr]   |
[INFO] [stderr] 6 | use tempfile::{tempdir, tempdir_in, TempDir};
[INFO] [stderr]   |                ^^^^^^^  ^^^^^^^^^^
[INFO] [stderr] 
[INFO] [stderr] warning: unused import: `super::impl_jobs_slotmap::JobKey`
[INFO] [stderr]    --> src/job.rs:273:9
[INFO] [stderr]     |
[INFO] [stderr] 273 |     use super::impl_jobs_slotmap::JobKey;
[INFO] [stderr]     |         ^^^^^^^^^^^^^^^^^^^^^^^^^^^^^^^^
[INFO] [stderr] 
[INFO] [stderr] warning: unused import: `slotmap::Key`
[INFO] [stderr]    --> src/job.rs:408:9
[INFO] [stderr]     |
[INFO] [stderr] 408 |     use slotmap::Key;
[INFO] [stderr]     |         ^^^^^^^^^^^^
[INFO] [stderr] 
[INFO] [stderr] warning: unused import: `super::*`
[INFO] [stderr]   --> src/process.rs:24:9
[INFO] [stderr]    |
[INFO] [stderr] 24 |     use super::*;
[INFO] [stderr]    |         ^^^^^^^^
[INFO] [stderr] 
[INFO] [stderr] warning: unused import: `std::process::Child`
[INFO] [stderr]    --> src/process.rs:181:9
[INFO] [stderr]     |
[INFO] [stderr] 181 |     use std::process::Child;
[INFO] [stderr]     |         ^^^^^^^^^^^^^^^^^^^
[INFO] [stderr] 
[INFO] [stderr] warning: unused import: `std::process::ExitStatus`
[INFO] [stderr]    --> src/process.rs:182:9
[INFO] [stderr]     |
[INFO] [stderr] 182 |     use std::process::ExitStatus;
[INFO] [stderr]     |         ^^^^^^^^^^^^^^^^^^^^^^^^
[INFO] [stderr] 
[INFO] [stderr] warning: unused import: `tokio::io::AsyncWriteExt`
[INFO] [stderr]  --> src/session.rs:5:5
[INFO] [stderr]   |
[INFO] [stderr] 5 | use tokio::io::AsyncWriteExt;
[INFO] [stderr]   |     ^^^^^^^^^^^^^^^^^^^^^^^^
[INFO] [stderr] 
[INFO] [stderr] warning: unused import: `tokio::signal::ctrl_c`
[INFO] [stderr]  --> src/session.rs:7:5
[INFO] [stderr]   |
[INFO] [stderr] 7 | use tokio::signal::ctrl_c;
[INFO] [stderr]   |     ^^^^^^^^^^^^^^^^^^^^^
[INFO] [stderr] 
[INFO] [stderr] warning: unused import: `sleep as delay_for`
[INFO] [stderr]  --> src/session.rs:8:19
[INFO] [stderr]   |
[INFO] [stderr] 8 | use tokio::time::{sleep as delay_for, Duration};
[INFO] [stderr]   |                   ^^^^^^^^^^^^^^^^^^
[INFO] [stderr] 
[INFO] [stderr] warning: the item `SpawnSessionExt` is imported redundantly
[INFO] [stderr]   --> src/session.rs:81:13
[INFO] [stderr]    |
[INFO] [stderr] 12 | use crate::process::SpawnSessionExt;
[INFO] [stderr]    |     ------------------------------- the item `SpawnSessionExt` is already imported here
[INFO] [stderr] ...
[INFO] [stderr] 81 |         use crate::process::SpawnSessionExt;
[INFO] [stderr]    |             ^^^^^^^^^^^^^^^^^^^^^^^^^^^^^^^
[INFO] [stderr] 
[INFO] [stderr] warning: variable does not need to be mutable
[INFO] [stderr]    --> src/job.rs:382:44
[INFO] [stderr]     |
[INFO] [stderr] 382 |         pub async fn insert_job(&mut self, mut job: Job) -> JobId {
[INFO] [stderr]     |                                            ----^^^
[INFO] [stderr]     |                                            |
[INFO] [stderr]     |                                            help: remove this `mut`
[INFO] [stderr]     |
[INFO] [stderr]     = note: `#[warn(unused_mut)]` on by default
[INFO] [stderr] 
[INFO] [stderr] warning: use of deprecated method `chrono::TimeZone::timestamp`: use `timestamp_opt()` instead
[INFO] [stderr]   --> src/process.rs:69:9
[INFO] [stderr]    |
[INFO] [stderr] 69 |     Utc.timestamp(t.trunc() as i64, nano.round() as u32)
[INFO] [stderr]    |         ^^^^^^^^^
[INFO] [stderr]    |
[INFO] [stderr]    = note: `#[warn(deprecated)]` on by default
[INFO] [stderr] 
[INFO] [stderr] warning: unused import: `crate::process::SpawnSessionExt`
[INFO] [stderr]   --> src/session.rs:12:5
[INFO] [stderr]    |
[INFO] [stderr] 12 | use crate::process::SpawnSessionExt;
[INFO] [stderr]    |     ^^^^^^^^^^^^^^^^^^^^^^^^^^^^^^^
[INFO] [stderr] 
[INFO] [stderr] warning: unused import: `Write`
[INFO] [stderr]   --> src/interactive.rs:46:34
[INFO] [stderr]    |
[INFO] [stderr] 46 |     use std::io::{self, BufRead, Write};
[INFO] [stderr]    |                                  ^^^^^
[INFO] [stderr] 
[INFO] [stderr] warning: unused variable: `errfile`
[INFO] [stderr]    --> src/job.rs:240:13
[INFO] [stderr]     |
[INFO] [stderr] 240 |         let errfile = self.err_file();
[INFO] [stderr]     |             ^^^^^^^ help: if this is intentional, prefix it with an underscore: `_errfile`
[INFO] [stderr]     |
[INFO] [stderr]     = note: `#[warn(unused_variables)]` on by default
[INFO] [stderr] 
[INFO] [stderr] warning: variable does not need to be mutable
[INFO] [stderr]   --> src/session.rs:29:13
[INFO] [stderr]    |
[INFO] [stderr] 29 |         let mut command = Command::new(program);
[INFO] [stderr]    |             ----^^^^^^^
[INFO] [stderr]    |             |
[INFO] [stderr]    |             help: remove this `mut`
[INFO] [stderr] 
[INFO] [stderr] warning: variable does not need to be mutable
[INFO] [stderr]    --> src/session.rs:133:13
[INFO] [stderr]     |
[INFO] [stderr] 133 |         let mut rt = tokio::runtime::Runtime::new().context("tokio runtime failure")?;
[INFO] [stderr]     |             ----^^
[INFO] [stderr]     |             |
[INFO] [stderr]     |             help: remove this `mut`
[INFO] [stderr] 
[INFO] [stderr] warning: function `timestamp_now` is never used
[INFO] [stderr]  --> src/lib.rs:8:4
[INFO] [stderr]   |
[INFO] [stderr] 8 | fn timestamp_now() -> String {
[INFO] [stderr]   |    ^^^^^^^^^^^^^
[INFO] [stderr]   |
[INFO] [stderr]   = note: `#[warn(dead_code)]` on by default
[INFO] [stderr] 
[INFO] [stderr] warning: function `float_unix_timestamp_to_date_time` is never used
[INFO] [stderr]   --> src/process.rs:67:4
[INFO] [stderr]    |
[INFO] [stderr] 67 | fn float_unix_timestamp_to_date_time(t: f64) -> DateTime<Utc> {
[INFO] [stderr]    |    ^^^^^^^^^^^^^^^^^^^^^^^^^^^^^^^^^
[INFO] [stderr] 
[INFO] [stderr] warning: field `rest` is never read
[INFO] [stderr]   --> src/session.rs:17:5
[INFO] [stderr]    |
[INFO] [stderr] 15 | pub struct Session {
[INFO] [stderr]    |            ------- field in this struct
[INFO] [stderr] 16 |     /// Arguments that will be passed to `program`
[INFO] [stderr] 17 |     rest: Vec<String>,
[INFO] [stderr]    |     ^^^^
[INFO] [stderr] 
[INFO] [stderr] warning: methods `arg`, `dir`, and `env` are never used
[INFO] [stderr]   --> src/session.rs:48:12
[INFO] [stderr]    |
[INFO] [stderr] 26 | impl Session {
[INFO] [stderr]    | ------------ methods in this implementation
[INFO] [stderr] ...
[INFO] [stderr] 48 |     pub fn arg<S: AsRef<str>>(mut self, arg: S) -> Self {
[INFO] [stderr]    |            ^^^
[INFO] [stderr] ...
[INFO] [stderr] 54 |     pub fn dir<P: AsRef<std::path::Path>>(mut self, dir: P) -> Self {
[INFO] [stderr]    |            ^^^
[INFO] [stderr] ...
[INFO] [stderr] 61 |     pub fn env<K, V>(mut self, key: K, val: V) -> Self
[INFO] [stderr]    |            ^^^
[INFO] [stderr] 
[INFO] [stderr] warning: unused `std::result::Result` that must be used
[INFO] [stderr]    --> src/cli/local.rs:103:13
[INFO] [stderr]     |
[INFO] [stderr] 103 |             result?;
[INFO] [stderr]     |             ^^^^^^^
[INFO] [stderr]     |
[INFO] [stderr]     = note: this `Result` may be an `Err` variant, which should be handled
[INFO] [stderr]     = note: `#[warn(unused_must_use)]` on by default
[INFO] [stderr] help: use `let _ = ...` to ignore the resulting value
[INFO] [stderr]     |
[INFO] [stderr] 103 |             let _ = result?;
[INFO] [stderr]     |             +++++++
[INFO] [stderr] 
[INFO] [stderr] warning: unused `std::result::Result` that must be used
[INFO] [stderr]    --> src/job.rs:207:9
[INFO] [stderr]     |
[INFO] [stderr] 207 |         stdin.write_all(self.job.input.as_bytes()).await;
[INFO] [stderr]     |         ^^^^^^^^^^^^^^^^^^^^^^^^^^^^^^^^^^^^^^^^^^^^^^^^
[INFO] [stderr]     |
[INFO] [stderr]     = note: this `Result` may be an `Err` variant, which should be handled
[INFO] [stderr] help: use `let _ = ...` to ignore the resulting value
[INFO] [stderr]     |
[INFO] [stderr] 207 |         let _ = stdin.write_all(self.job.input.as_bytes()).await;
[INFO] [stderr]     |         +++++++
[INFO] [stderr] 
[INFO] [stderr] warning: unused variable: `h`
[INFO] [stderr]    --> src/interactive.rs:165:9
[INFO] [stderr]     |
[INFO] [stderr] 165 |     let h = s.spawn()?;
[INFO] [stderr]     |         ^ help: if this is intentional, prefix it with an underscore: `_h`
[INFO] [stderr]     |
[INFO] [stderr]     = note: `#[warn(unused_variables)]` on by default
[INFO] [stderr] 
[INFO] [stderr] warning: unused variable: `errfile`
[INFO] [stderr]    --> src/job.rs:240:13
[INFO] [stderr]     |
[INFO] [stderr] 240 |         let errfile = self.err_file();
[INFO] [stderr]     |             ^^^^^^^ help: if this is intentional, prefix it with an underscore: `_errfile`
[INFO] [stderr] 
[INFO] [stderr] warning: variable does not need to be mutable
[INFO] [stderr]    --> src/session.rs:144:9
[INFO] [stderr]     |
[INFO] [stderr] 144 |     let mut session = Session::new("sleep").arg("10").timeout(1);
[INFO] [stderr]     |         ----^^^^^^^
[INFO] [stderr]     |         |
[INFO] [stderr]     |         help: remove this `mut`
[INFO] [stderr] 
[INFO] [stderr] warning: methods `dir` and `env` are never used
[INFO] [stderr]   --> src/session.rs:54:12
[INFO] [stderr]    |
[INFO] [stderr] 26 | impl Session {
[INFO] [stderr]    | ------------ methods in this implementation
[INFO] [stderr] ...
[INFO] [stderr] 54 |     pub fn dir<P: AsRef<std::path::Path>>(mut self, dir: P) -> Self {
[INFO] [stderr]    |            ^^^
[INFO] [stderr] ...
[INFO] [stderr] 61 |     pub fn env<K, V>(mut self, key: K, val: V) -> Self
[INFO] [stderr]    |            ^^^
[INFO] [stderr] 
[INFO] [stderr] warning: `gosh-runner` (lib) generated 27 warnings (run `cargo fix --lib -p gosh-runner` to apply 17 suggestions)
[INFO] [stderr] warning: `gosh-runner` (lib test) generated 29 warnings (25 duplicates) (run `cargo fix --lib -p gosh-runner --tests` to apply 3 suggestions)
[INFO] [stderr]     Finished test [unoptimized + debuginfo] target(s) in 0.24s
[INFO] [stderr]      Running unittests src/lib.rs (/opt/rustwide/target/debug/deps/gosh_runner-90b9da3ab49e7cba)
[INFO] [stdout] 
[INFO] [stdout] running 5 tests
[INFO] [stdout] test cli::apps::test_environ ... ok
[INFO] [stderr] + pstree -p 27
[INFO] [stderr] + sleep 10
[INFO] [stderr] + sleep 50
[INFO] [stderr] + sleep 20
[INFO] [stderr] + pstree -p 23
[INFO] [stderr] + sleep 50
[INFO] [stderr] + sleep 20
[INFO] [stderr] + sleep 10
[INFO] [stdout] test_runner.sh(23)-+-pstree(41)
[INFO] [stdout]                    |-sleep(38)
[INFO] [stdout]                    |-sleep(39)
[INFO] [stdout]                    `-sleep(40)
[INFO] [stdout] test_runner.sh(27)-+-pstree(37)
[INFO] [stdout]                    |-sleep(34)
[INFO] [stdout]                    |-sleep(35)
[INFO] [stdout]                    `-sleep(36)
[INFO] [stderr] + pgrep -s 23
[INFO] [stderr] + pgrep -s 27
[INFO] [stdout] 27
[INFO] [stdout] 34
[INFO] [stdout] 35
[INFO] [stdout] 36
[INFO] [stdout] 23
[INFO] [stdout] 38
[INFO] [stdout] 39
[INFO] [stdout] 40
[INFO] [stderr] + wait
[INFO] [stderr] + wait
[INFO] [stdout] test process::test_spawn_session_std ... FAILED
[INFO] [stdout] test process::test_spawn_session_tokio ... ok
[INFO] [stdout] test session::test_tokio ... ok
[INFO] [stdout] test interactive::test_interactive_session ... ok
[INFO] [stdout] 
[INFO] [stdout] failures:
[INFO] [stdout] 
[INFO] [stdout] ---- process::test_spawn_session_std stdout ----
[INFO] [stdout] thread 'process::test_spawn_session_std' panicked at src/process.rs:350:9:
[INFO] [stdout] assertion failed: p.is_paused()
[INFO] [stdout] stack backtrace:
[INFO] [stdout]    0:     0x55a789db8fdc - std::backtrace_rs::backtrace::libunwind::trace::ha637c64ce894333a
[INFO] [stdout]                                at /rustc/82e1608dfa6e0b5569232559e3d385fea5a93112/library/std/src/../../backtrace/src/backtrace/libunwind.rs:104:5
[INFO] [stdout]    1:     0x55a789db8fdc - std::backtrace_rs::backtrace::trace_unsynchronized::h47f62dea28e0c88d
[INFO] [stdout]                                at /rustc/82e1608dfa6e0b5569232559e3d385fea5a93112/library/std/src/../../backtrace/src/backtrace/mod.rs:66:5
[INFO] [stdout]    2:     0x55a789db8fdc - std::sys_common::backtrace::_print_fmt::h9eef0abe20ede486
[INFO] [stdout]                                at /rustc/82e1608dfa6e0b5569232559e3d385fea5a93112/library/std/src/sys_common/backtrace.rs:67:5
[INFO] [stdout]    3:     0x55a789db8fdc - <std::sys_common::backtrace::_print::DisplayBacktrace as core::fmt::Display>::fmt::hed7f999df88cc644
[INFO] [stdout]                                at /rustc/82e1608dfa6e0b5569232559e3d385fea5a93112/library/std/src/sys_common/backtrace.rs:44:22
[INFO] [stdout]    4:     0x55a789de3c90 - core::fmt::rt::Argument::fmt::h1539a9308b8d058d
[INFO] [stdout]                                at /rustc/82e1608dfa6e0b5569232559e3d385fea5a93112/library/core/src/fmt/rt.rs:142:9
[INFO] [stdout]    5:     0x55a789de3c90 - core::fmt::write::h3a39390d8560d9c9
[INFO] [stdout]                                at /rustc/82e1608dfa6e0b5569232559e3d385fea5a93112/library/core/src/fmt/mod.rs:1120:17
[INFO] [stdout]    6:     0x55a789db645f - std::io::Write::write_fmt::h040b369f3a0f9cbc
[INFO] [stdout]                                at /rustc/82e1608dfa6e0b5569232559e3d385fea5a93112/library/std/src/io/mod.rs:1762:15
[INFO] [stdout]    7:     0x55a789db8dc4 - std::sys_common::backtrace::_print::h894006fb5c6f3d45
[INFO] [stdout]                                at /rustc/82e1608dfa6e0b5569232559e3d385fea5a93112/library/std/src/sys_common/backtrace.rs:47:5
[INFO] [stdout]    8:     0x55a789db8dc4 - std::sys_common::backtrace::print::h23a2d212c6fff936
[INFO] [stdout]                                at /rustc/82e1608dfa6e0b5569232559e3d385fea5a93112/library/std/src/sys_common/backtrace.rs:34:9
[INFO] [stdout]    9:     0x55a789dbaa87 - std::panicking::default_hook::{{closure}}::h8a1d2ee00185001a
[INFO] [stdout]   10:     0x55a789dba773 - std::panicking::default_hook::h6038f2eba384e475
[INFO] [stdout]                                at /rustc/82e1608dfa6e0b5569232559e3d385fea5a93112/library/std/src/panicking.rs:289:9
[INFO] [stdout]   11:     0x55a789b1fd27 - <alloc::boxed::Box<F,A> as core::ops::function::Fn<Args>>::call::h0ad024c9bdc6d768
[INFO] [stdout]                                at /rustc/82e1608dfa6e0b5569232559e3d385fea5a93112/library/alloc/src/boxed.rs:2021:9
[INFO] [stdout]   12:     0x55a789b1fd27 - test::test_main::{{closure}}::h7500b54257359db6
[INFO] [stdout]                                at /rustc/82e1608dfa6e0b5569232559e3d385fea5a93112/library/test/src/lib.rs:138:21
[INFO] [stdout]   13:     0x55a789dbb098 - <alloc::boxed::Box<F,A> as core::ops::function::Fn<Args>>::call::h1f8f335eaa9cfaee
[INFO] [stdout]                                at /rustc/82e1608dfa6e0b5569232559e3d385fea5a93112/library/alloc/src/boxed.rs:2021:9
[INFO] [stdout]   14:     0x55a789dbb098 - std::panicking::rust_panic_with_hook::h2b5517d590cab22e
[INFO] [stdout]                                at /rustc/82e1608dfa6e0b5569232559e3d385fea5a93112/library/std/src/panicking.rs:783:13
[INFO] [stdout]   15:     0x55a789dbadb9 - std::panicking::begin_panic_handler::{{closure}}::h233112c06e0ef43e
[INFO] [stdout]                                at /rustc/82e1608dfa6e0b5569232559e3d385fea5a93112/library/std/src/panicking.rs:649:13
[INFO] [stdout]   16:     0x55a789db94a6 - std::sys_common::backtrace::__rust_end_short_backtrace::h6e893f24d7ebbff8
[INFO] [stdout]                                at /rustc/82e1608dfa6e0b5569232559e3d385fea5a93112/library/std/src/sys_common/backtrace.rs:170:18
[INFO] [stdout]   17:     0x55a789dbab52 - rust_begin_unwind
[INFO] [stdout]                                at /rustc/82e1608dfa6e0b5569232559e3d385fea5a93112/library/std/src/panicking.rs:645:5
[INFO] [stdout]   18:     0x55a789aca505 - core::panicking::panic_fmt::hbf0e066aabfa482c
[INFO] [stdout]                                at /rustc/82e1608dfa6e0b5569232559e3d385fea5a93112/library/core/src/panicking.rs:72:14
[INFO] [stdout]   19:     0x55a789aca5a3 - core::panicking::panic::h195fc2a96298d4c3
[INFO] [stdout]                                at /rustc/82e1608dfa6e0b5569232559e3d385fea5a93112/library/core/src/panicking.rs:127:5
[INFO] [stdout]   20:     0x55a789ae0f7b - gosh_runner::process::test_spawn_session_std::h95f9ea668f904687
[INFO] [stdout]                                at /opt/rustwide/workdir/src/process.rs:350:9
[INFO] [stdout]   21:     0x55a789ae0717 - gosh_runner::process::test_spawn_session_std::{{closure}}::h9cedae1797c3a47c
[INFO] [stdout]                                at /opt/rustwide/workdir/src/process.rs:339:32
[INFO] [stdout]   22:     0x55a789acbb86 - core::ops::function::FnOnce::call_once::h8b865f82475aadf3
[INFO] [stdout]                                at /rustc/82e1608dfa6e0b5569232559e3d385fea5a93112/library/core/src/ops/function.rs:250:5
[INFO] [stdout]   23:     0x55a789b2537f - core::ops::function::FnOnce::call_once::h2b5d431d5046312d
[INFO] [stdout]                                at /rustc/82e1608dfa6e0b5569232559e3d385fea5a93112/library/core/src/ops/function.rs:250:5
[INFO] [stdout]   24:     0x55a789b2537f - test::__rust_begin_short_backtrace::h7714669af176e207
[INFO] [stdout]                                at /rustc/82e1608dfa6e0b5569232559e3d385fea5a93112/library/test/src/lib.rs:628:18
[INFO] [stdout]   25:     0x55a789b24395 - test::run_test_in_process::{{closure}}::h85218797dcbcec12
[INFO] [stdout]                                at /rustc/82e1608dfa6e0b5569232559e3d385fea5a93112/library/test/src/lib.rs:651:60
[INFO] [stdout]   26:     0x55a789b24395 - <core::panic::unwind_safe::AssertUnwindSafe<F> as core::ops::function::FnOnce<()>>::call_once::h76c106ea31c14d7b
[INFO] [stdout]                                at /rustc/82e1608dfa6e0b5569232559e3d385fea5a93112/library/core/src/panic/unwind_safe.rs:272:9
[INFO] [stdout]   27:     0x55a789b24395 - std::panicking::try::do_call::h3bd5d0f6620ee946
[INFO] [stdout]                                at /rustc/82e1608dfa6e0b5569232559e3d385fea5a93112/library/std/src/panicking.rs:552:40
[INFO] [stdout]   28:     0x55a789b24395 - std::panicking::try::h232e535e4744fe31
[INFO] [stdout]                                at /rustc/82e1608dfa6e0b5569232559e3d385fea5a93112/library/std/src/panicking.rs:516:19
[INFO] [stdout]   29:     0x55a789b24395 - std::panic::catch_unwind::h3ce3bd6ca8dbac68
[INFO] [stdout]                                at /rustc/82e1608dfa6e0b5569232559e3d385fea5a93112/library/std/src/panic.rs:142:14
[INFO] [stdout]   30:     0x55a789b24395 - test::run_test_in_process::hc97b257c9621286a
[INFO] [stdout]                                at /rustc/82e1608dfa6e0b5569232559e3d385fea5a93112/library/test/src/lib.rs:651:27
[INFO] [stdout]   31:     0x55a789b24395 - test::run_test::{{closure}}::h2aa798823a438d38
[INFO] [stdout]                                at /rustc/82e1608dfa6e0b5569232559e3d385fea5a93112/library/test/src/lib.rs:574:43
[INFO] [stdout]   32:     0x55a789aec656 - test::run_test::{{closure}}::h87d231c78fb59832
[INFO] [stdout]                                at /rustc/82e1608dfa6e0b5569232559e3d385fea5a93112/library/test/src/lib.rs:602:41
[INFO] [stdout]   33:     0x55a789aec656 - std::sys_common::backtrace::__rust_begin_short_backtrace::he6df152596625789
[INFO] [stdout]                                at /rustc/82e1608dfa6e0b5569232559e3d385fea5a93112/library/std/src/sys_common/backtrace.rs:154:18
[INFO] [stdout]   34:     0x55a789af1707 - std::thread::Builder::spawn_unchecked_::{{closure}}::{{closure}}::ha94be15d1e0acf36
[INFO] [stdout]                                at /rustc/82e1608dfa6e0b5569232559e3d385fea5a93112/library/std/src/thread/mod.rs:529:17
[INFO] [stdout]   35:     0x55a789af1707 - <core::panic::unwind_safe::AssertUnwindSafe<F> as core::ops::function::FnOnce<()>>::call_once::h9dc6bd6372f16606
[INFO] [stdout]                                at /rustc/82e1608dfa6e0b5569232559e3d385fea5a93112/library/core/src/panic/unwind_safe.rs:272:9
[INFO] [stdout]   36:     0x55a789af1707 - std::panicking::try::do_call::h9057517f80303cd4
[INFO] [stdout]                                at /rustc/82e1608dfa6e0b5569232559e3d385fea5a93112/library/std/src/panicking.rs:552:40
[INFO] [stdout]   37:     0x55a789af1707 - std::panicking::try::he3a30b11ee45340c
[INFO] [stdout]                                at /rustc/82e1608dfa6e0b5569232559e3d385fea5a93112/library/std/src/panicking.rs:516:19
[INFO] [stdout]   38:     0x55a789af1707 - std::panic::catch_unwind::h410458cfd3528b8b
[INFO] [stdout]                                at /rustc/82e1608dfa6e0b5569232559e3d385fea5a93112/library/std/src/panic.rs:142:14
[INFO] [stdout]   39:     0x55a789af1707 - std::thread::Builder::spawn_unchecked_::{{closure}}::h72ac3bdb567b737b
[INFO] [stdout]                                at /rustc/82e1608dfa6e0b5569232559e3d385fea5a93112/library/std/src/thread/mod.rs:528:30
[INFO] [stdout]   40:     0x55a789af1707 - core::ops::function::FnOnce::call_once{{vtable.shim}}::h38f34da3654a8344
[INFO] [stdout]                                at /rustc/82e1608dfa6e0b5569232559e3d385fea5a93112/library/core/src/ops/function.rs:250:5
[INFO] [stdout]   41:     0x55a789dc0485 - <alloc::boxed::Box<F,A> as core::ops::function::FnOnce<Args>>::call_once::hc7eafaff61e32df9
[INFO] [stdout]                                at /rustc/82e1608dfa6e0b5569232559e3d385fea5a93112/library/alloc/src/boxed.rs:2007:9
[INFO] [stdout]   42:     0x55a789dc0485 - <alloc::boxed::Box<F,A> as core::ops::function::FnOnce<Args>>::call_once::h6ba4a5de48dd2304
[INFO] [stdout]                                at /rustc/82e1608dfa6e0b5569232559e3d385fea5a93112/library/alloc/src/boxed.rs:2007:9
[INFO] [stdout]   43:     0x55a789dc0485 - std::sys::unix::thread::Thread::new::thread_start::he469335aef763e45
[INFO] [stdout]                                at /rustc/82e1608dfa6e0b5569232559e3d385fea5a93112/library/std/src/sys/unix/thread.rs:108:17
[INFO] [stdout]   44:     0x7f33e7b67ac3 - <unknown>
[INFO] [stdout]   45:     0x7f33e7bf8bf4 - __clone
[INFO] [stdout]   46:                0x0 - <unknown>
[INFO] [stdout] 
[INFO] [stdout] 
[INFO] [stdout] failures:
[INFO] [stdout]     process::test_spawn_session_std
[INFO] [stdout] 
[INFO] [stdout] test result: FAILED. 4 passed; 1 failed; 0 ignored; 0 measured; 0 filtered out; finished in 1.29s
[INFO] [stdout] 
[INFO] [stderr] error: test failed, to rerun pass `--lib`
[INFO] running `Command { std: "docker" "inspect" "7860b11aa750bdd3ee601576de1739ad8234717ad2cf0a856b9b0b08222d6553", kill_on_drop: false }`
[INFO] running `Command { std: "docker" "rm" "-f" "7860b11aa750bdd3ee601576de1739ad8234717ad2cf0a856b9b0b08222d6553", kill_on_drop: false }`
[INFO] [stdout] 7860b11aa750bdd3ee601576de1739ad8234717ad2cf0a856b9b0b08222d6553
[INFO] testing gosh-runner-0.2.0 against beta-2023-12-22 for beta-1.76-1
[INFO] extracting crate gosh-runner 0.2.0 into /workspace/builds/worker-7-tc2/source
[INFO] validating manifest of crates.io crate gosh-runner 0.2.0 on toolchain beta-2023-12-22
[INFO] running `Command { std: CARGO_HOME="/workspace/cargo-home" RUSTUP_HOME="/workspace/rustup-home" "/workspace/cargo-home/bin/cargo" "+beta-2023-12-22" "metadata" "--manifest-path" "Cargo.toml" "--no-deps", kill_on_drop: false }`
[INFO] started tweaking crates.io crate gosh-runner 0.2.0
[INFO] finished tweaking crates.io crate gosh-runner 0.2.0
[INFO] tweaked toml for crates.io crate gosh-runner 0.2.0 written to /workspace/builds/worker-7-tc2/source/Cargo.toml
[INFO] crate crates.io crate gosh-runner 0.2.0 already has a lockfile, it will not be regenerated
[INFO] running `Command { std: CARGO_HOME="/workspace/cargo-home" RUSTUP_HOME="/workspace/rustup-home" "/workspace/cargo-home/bin/cargo" "+beta-2023-12-22" "fetch" "--manifest-path" "Cargo.toml", kill_on_drop: false }`
[INFO] running `Command { std: "docker" "create" "-v" "/var/lib/crater-agent-workspace/builds/worker-7-tc2/target:/opt/rustwide/target:rw,Z" "-v" "/var/lib/crater-agent-workspace/builds/worker-7-tc2/source:/opt/rustwide/workdir:ro,Z" "-v" "/var/lib/crater-agent-workspace/cargo-home:/opt/rustwide/cargo-home:ro,Z" "-v" "/var/lib/crater-agent-workspace/rustup-home:/opt/rustwide/rustup-home:ro,Z" "-e" "SOURCE_DIR=/opt/rustwide/workdir" "-e" "CARGO_TARGET_DIR=/opt/rustwide/target" "-e" "CARGO_HOME=/opt/rustwide/cargo-home" "-e" "RUSTUP_HOME=/opt/rustwide/rustup-home" "-w" "/opt/rustwide/workdir" "-m" "1610612736" "--user" "0:0" "--network" "none" "ghcr.io/rust-lang/crates-build-env/linux@sha256:2788e3201cd34a07e3172128adcd8b3090168a8e3bcc40d7c032b9dda1df7d1c" "/opt/rustwide/cargo-home/bin/cargo" "+beta-2023-12-22" "metadata" "--no-deps" "--format-version=1", kill_on_drop: false }`
[INFO] [stdout] b648c5a5d079da3fecbb813aa50ce3a817b2b1d73595ee292636acc36dffdb47
[INFO] running `Command { std: "docker" "start" "-a" "b648c5a5d079da3fecbb813aa50ce3a817b2b1d73595ee292636acc36dffdb47", kill_on_drop: false }`
[INFO] running `Command { std: "docker" "inspect" "b648c5a5d079da3fecbb813aa50ce3a817b2b1d73595ee292636acc36dffdb47", kill_on_drop: false }`
[INFO] running `Command { std: "docker" "rm" "-f" "b648c5a5d079da3fecbb813aa50ce3a817b2b1d73595ee292636acc36dffdb47", kill_on_drop: false }`
[INFO] [stdout] b648c5a5d079da3fecbb813aa50ce3a817b2b1d73595ee292636acc36dffdb47
[INFO] running `Command { std: "docker" "create" "-v" "/var/lib/crater-agent-workspace/builds/worker-7-tc2/target:/opt/rustwide/target:rw,Z" "-v" "/var/lib/crater-agent-workspace/builds/worker-7-tc2/source:/opt/rustwide/workdir:ro,Z" "-v" "/var/lib/crater-agent-workspace/cargo-home:/opt/rustwide/cargo-home:ro,Z" "-v" "/var/lib/crater-agent-workspace/rustup-home:/opt/rustwide/rustup-home:ro,Z" "-e" "SOURCE_DIR=/opt/rustwide/workdir" "-e" "CARGO_TARGET_DIR=/opt/rustwide/target" "-e" "CARGO_INCREMENTAL=0" "-e" "RUST_BACKTRACE=full" "-e" "RUSTFLAGS=--cap-lints=warn" "-e" "RUSTDOCFLAGS=--cap-lints=warn" "-e" "CARGO_HOME=/opt/rustwide/cargo-home" "-e" "RUSTUP_HOME=/opt/rustwide/rustup-home" "-w" "/opt/rustwide/workdir" "-m" "1610612736" "--user" "0:0" "--network" "none" "ghcr.io/rust-lang/crates-build-env/linux@sha256:2788e3201cd34a07e3172128adcd8b3090168a8e3bcc40d7c032b9dda1df7d1c" "/opt/rustwide/cargo-home/bin/cargo" "+beta-2023-12-22" "build" "--frozen" "--message-format=json", kill_on_drop: false }`
[INFO] [stdout] 54c7f0d546201b620d1d123a305c3569b156c1fc5f7afb95a10d8acb3144f789
[INFO] running `Command { std: "docker" "start" "-a" "54c7f0d546201b620d1d123a305c3569b156c1fc5f7afb95a10d8acb3144f789", kill_on_drop: false }`
[INFO] [stderr]    Compiling proc-macro2 v1.0.51
[INFO] [stderr]    Compiling unicode-ident v1.0.6
[INFO] [stderr]    Compiling quote v1.0.23
[INFO] [stderr]    Compiling syn v1.0.107
[INFO] [stderr]    Compiling serde_derive v1.0.152
[INFO] [stderr]    Compiling once_cell v1.17.0
[INFO] [stderr]    Compiling serde v1.0.152
[INFO] [stderr]    Compiling libm v0.2.6
[INFO] [stderr]    Compiling num-traits v0.2.15
[INFO] [stderr]    Compiling bitflags v1.2.1
[INFO] [stderr]    Compiling getrandom v0.2.8
[INFO] [stderr]    Compiling aho-corasick v0.7.20
[INFO] [stderr]    Compiling serde_json v1.0.92
[INFO] [stderr]    Compiling termcolor v1.2.0
[INFO] [stderr]    Compiling ryu v1.0.12
[INFO] [stderr]    Compiling itoa v1.0.5
[INFO] [stderr]    Compiling uncased v0.9.7
[INFO] [stderr]    Compiling atty v0.2.14
[INFO] [stderr]    Compiling regex-automata v0.1.10
[INFO] [stderr]    Compiling num_cpus v1.15.0
[INFO] [stderr]    Compiling rayon-core v1.10.2
[INFO] [stderr]    Compiling paste v1.0.11
[INFO] [stderr]    Compiling either v1.8.1
[INFO] [stderr]    Compiling rand_core v0.6.4
[INFO] [stderr]    Compiling bytemuck v1.13.0
[INFO] [stderr]    Compiling anyhow v1.0.69
[INFO] [stderr]    Compiling io-lifetimes v1.0.5
[INFO] [stderr]    Compiling os_pipe v1.1.3
[INFO] [stderr]    Compiling bstr v1.2.0
[INFO] [stderr]    Compiling itertools v0.10.5
[INFO] [stderr]    Compiling shared_child v1.0.0
[INFO] [stderr]    Compiling rand_chacha v0.3.1
[INFO] [stderr]    Compiling safe_arch v0.6.0
[INFO] [stderr]    Compiling phf_shared v0.11.1
[INFO] [stderr]    Compiling rustix v0.36.8
[INFO] [stderr]    Compiling fastrand v1.8.0
[INFO] [stderr]    Compiling remove_dir_all v0.5.3
[INFO] [stderr]    Compiling thiserror v1.0.38
[INFO] [stderr]    Compiling rand v0.8.5
[INFO] [stderr]    Compiling wide v0.7.6
[INFO] [stderr]    Compiling regex v1.7.1
[INFO] [stderr]    Compiling tempfile v3.3.0
[INFO] [stderr]    Compiling matrixmultiply v0.3.2
[INFO] [stderr]    Compiling duct v0.13.6
[INFO] [stderr]    Compiling proc-macro-error-attr v1.0.4
[INFO] [stderr]    Compiling linux-raw-sys v0.1.4
[INFO] [stderr]    Compiling rayon v1.6.1
[INFO] [stderr]    Compiling shell-escape v0.1.5
[INFO] [stderr]    Compiling same-file v1.0.6
[INFO] [stderr]    Compiling thread_local v1.1.4
[INFO] [stderr]    Compiling phf_generator v0.11.1
[INFO] [stderr]    Compiling ucd-trie v0.1.5
[INFO] [stderr]    Compiling phf_codegen v0.11.1
[INFO] [stderr]    Compiling phf v0.11.1
[INFO] [stderr]    Compiling clap_lex v0.3.1
[INFO] [stderr]    Compiling clap_lex v0.2.4
[INFO] [stderr]    Compiling grep-matcher v0.1.6
[INFO] [stderr]    Compiling encoding_rs v0.8.32
[INFO] [stderr]    Compiling num-integer v0.1.45
[INFO] [stderr]    Compiling approx v0.5.1
[INFO] [stderr]    Compiling ordered-float v2.10.0
[INFO] [stderr]    Compiling textwrap v0.16.0
[INFO] [stderr]    Compiling time-core v0.1.0
[INFO] [stderr]    Compiling time v0.3.17
[INFO] [stderr]    Compiling time v0.1.45
[INFO] [stderr]    Compiling memmap2 v0.5.8
[INFO] [stderr]    Compiling num-rational v0.4.1
[INFO] [stderr]    Compiling bytecount v0.6.3
[INFO] [stderr]    Compiling env_logger v0.9.3
[INFO] [stderr]    Compiling globset v0.4.10
[INFO] [stderr]    Compiling parse-zoneinfo v0.3.0
[INFO] [stderr]    Compiling unic-common v0.9.0
[INFO] [stderr]    Compiling unic-char-range v0.9.0
[INFO] [stderr]    Compiling iana-time-zone v0.1.53
[INFO] [stderr]    Compiling unic-char-property v0.9.0
[INFO] [stderr]    Compiling unic-ucd-version v0.9.0
[INFO] [stderr]    Compiling chrono v0.4.23
[INFO] [stderr]    Compiling walkdir v2.3.2
[INFO] [stderr]    Compiling fixedbitset v0.4.2
[INFO] [stderr]    Compiling is-terminal v0.4.3
[INFO] [stderr]    Compiling base64 v0.20.0
[INFO] [stderr]    Compiling unic-ucd-segment v0.9.0
[INFO] [stderr]    Compiling grep-regex v0.1.11
[INFO] [stderr]    Compiling chrono-tz-build v0.0.3
[INFO] [stderr]    Compiling grep-cli v0.1.7
[INFO] [stderr]    Compiling ignore v0.4.20
[INFO] [stderr]    Compiling rand_distr v0.4.3
[INFO] [stderr]    Compiling deunicode v0.4.3
[INFO] [stderr]    Compiling minimal-lexical v0.2.1
[INFO] [stderr]    Compiling str_indices v0.4.1
[INFO] [stderr]    Compiling slug v0.1.4
[INFO] [stderr]    Compiling unic-segment v0.9.0
[INFO] [stderr]    Compiling nom v7.1.3
[INFO] [stderr]    Compiling crc32fast v1.3.2
[INFO] [stderr]    Compiling encoding_rs_io v0.1.7
[INFO] [stderr]    Compiling ropey v1.6.0
[INFO] [stderr]    Compiling humansize v1.1.1
[INFO] [stderr]    Compiling quick-error v2.0.1
[INFO] [stderr]    Compiling grep-searcher v0.1.11
[INFO] [stderr]    Compiling miniz_oxide v0.6.2
[INFO] [stderr]    Compiling parking_lot_core v0.9.7
[INFO] [stderr]    Compiling globwalk v0.8.1
[INFO] [stderr]    Compiling uom v0.33.0
[INFO] [stderr]    Compiling slotmap v1.0.6
[INFO] [stderr]    Compiling tokio v1.25.0
[INFO] [stderr]    Compiling flate2 v1.0.25
[INFO] [stderr]    Compiling parking_lot v0.12.1
[INFO] [stderr]    Compiling mio v0.8.5
[INFO] [stderr]    Compiling signal-hook-registry v1.4.0
[INFO] [stderr]    Compiling proc-macro-error v1.0.4
[INFO] [stderr]    Compiling socket2 v0.4.7
[INFO] [stderr]    Compiling byteorder v1.4.3
[INFO] [stderr]    Compiling hex v0.4.3
[INFO] [stderr]    Compiling nix v0.21.2
[INFO] [stderr]    Compiling shared_child v0.3.5
[INFO] [stderr]    Compiling procfs v0.9.1
[INFO] [stderr]    Compiling chrono-tz v0.6.3
[INFO] [stderr]    Compiling nalgebra-macros v0.1.0
[INFO] [stderr]    Compiling thiserror-impl v1.0.38
[INFO] [stderr]    Compiling clap_derive v3.2.18
[INFO] [stderr]    Compiling clap_derive v4.1.0
[INFO] [stderr]    Compiling tokio-macros v1.8.2
[INFO] [stderr]    Compiling pest v2.5.4
[INFO] [stderr]    Compiling clap v4.1.4
[INFO] [stderr]    Compiling clap v3.2.23
[INFO] [stderr]    Compiling pest_meta v2.5.4
[INFO] [stderr]    Compiling pest_generator v2.5.4
[INFO] [stderr]    Compiling pest_derive v2.5.4
[INFO] [stderr] error: could not compile `uom` (lib)
[INFO] [stderr] 
[INFO] [stderr] Caused by:
[INFO] [stderr]   process didn't exit successfully: `/opt/rustwide/rustup-home/toolchains/beta-2023-12-22-x86_64-unknown-linux-gnu/bin/rustc --crate-name uom --edition=2018 /opt/rustwide/cargo-home/registry/src/index.crates.io-6f17d22bba15001f/uom-0.33.0/src/lib.rs --error-format=json --json=diagnostic-rendered-ansi,artifacts,future-incompat --crate-type lib --emit=dep-info,metadata,link -C embed-bitcode=no -C debuginfo=2 --cfg 'feature="autoconvert"' --cfg 'feature="default"' --cfg 'feature="f32"' --cfg 'feature="f64"' --cfg 'feature="si"' --cfg 'feature="std"' -C metadata=263ee17a5212d0dc -C extra-filename=-263ee17a5212d0dc --out-dir /opt/rustwide/target/debug/deps -L dependency=/opt/rustwide/target/debug/deps --extern num_traits=/opt/rustwide/target/debug/deps/libnum_traits-4b2a9d2ccc49b975.rmeta --extern typenum=/opt/rustwide/target/debug/deps/libtypenum-486446c5d1f61c48.rmeta --cap-lints allow --cap-lints=warn` (signal: 9, SIGKILL: kill)
[INFO] [stderr] warning: build failed, waiting for other jobs to finish...
[INFO] running `Command { std: "docker" "inspect" "54c7f0d546201b620d1d123a305c3569b156c1fc5f7afb95a10d8acb3144f789", kill_on_drop: false }`
[INFO] running `Command { std: "docker" "rm" "-f" "54c7f0d546201b620d1d123a305c3569b156c1fc5f7afb95a10d8acb3144f789", kill_on_drop: false }`
[INFO] [stdout] 54c7f0d546201b620d1d123a305c3569b156c1fc5f7afb95a10d8acb3144f789
