[INFO] fetching crate distant-net 0.20.0...
[INFO] testing distant-net-0.20.0 against 1.75.0 for beta-1.76-1
[INFO] extracting crate distant-net 0.20.0 into /workspace/builds/worker-1-tc1/source
[INFO] validating manifest of crates.io crate distant-net 0.20.0 on toolchain 1.75.0
[INFO] running `Command { std: CARGO_HOME="/workspace/cargo-home" RUSTUP_HOME="/workspace/rustup-home" "/workspace/cargo-home/bin/cargo" "+1.75.0" "metadata" "--manifest-path" "Cargo.toml" "--no-deps", kill_on_drop: false }`
[INFO] started tweaking crates.io crate distant-net 0.20.0
[INFO] finished tweaking crates.io crate distant-net 0.20.0
[INFO] tweaked toml for crates.io crate distant-net 0.20.0 written to /workspace/builds/worker-1-tc1/source/Cargo.toml
[INFO] running `Command { std: CARGO_HOME="/workspace/cargo-home" RUSTUP_HOME="/workspace/rustup-home" "/workspace/cargo-home/bin/cargo" "+1.75.0" "generate-lockfile" "--manifest-path" "Cargo.toml", kill_on_drop: false }`
[INFO] [stderr]     Updating crates.io index
[INFO] running `Command { std: CARGO_HOME="/workspace/cargo-home" RUSTUP_HOME="/workspace/rustup-home" "/workspace/cargo-home/bin/cargo" "+1.75.0" "fetch" "--manifest-path" "Cargo.toml", kill_on_drop: false }`
[INFO] [stderr]  Downloading crates ...
[INFO] [stderr]   Downloaded const-str v0.5.6
[INFO] [stderr]   Downloaded distant-auth v0.20.0
[INFO] running `Command { std: "docker" "create" "-v" "/var/lib/crater-agent-workspace/builds/worker-1-tc1/target:/opt/rustwide/target:rw,Z" "-v" "/var/lib/crater-agent-workspace/builds/worker-1-tc1/source:/opt/rustwide/workdir:ro,Z" "-v" "/var/lib/crater-agent-workspace/cargo-home:/opt/rustwide/cargo-home:ro,Z" "-v" "/var/lib/crater-agent-workspace/rustup-home:/opt/rustwide/rustup-home:ro,Z" "-e" "SOURCE_DIR=/opt/rustwide/workdir" "-e" "CARGO_TARGET_DIR=/opt/rustwide/target" "-e" "CARGO_HOME=/opt/rustwide/cargo-home" "-e" "RUSTUP_HOME=/opt/rustwide/rustup-home" "-w" "/opt/rustwide/workdir" "-m" "1610612736" "--user" "0:0" "--network" "none" "ghcr.io/rust-lang/crates-build-env/linux@sha256:2788e3201cd34a07e3172128adcd8b3090168a8e3bcc40d7c032b9dda1df7d1c" "/opt/rustwide/cargo-home/bin/cargo" "+1.75.0" "metadata" "--no-deps" "--format-version=1", kill_on_drop: false }`
[INFO] [stdout] a1375b6ca79ed29686a18804b6575e7119b639cae7f607009766dc8ecce85b27
[INFO] running `Command { std: "docker" "start" "-a" "a1375b6ca79ed29686a18804b6575e7119b639cae7f607009766dc8ecce85b27", kill_on_drop: false }`
[INFO] running `Command { std: "docker" "inspect" "a1375b6ca79ed29686a18804b6575e7119b639cae7f607009766dc8ecce85b27", kill_on_drop: false }`
[INFO] running `Command { std: "docker" "rm" "-f" "a1375b6ca79ed29686a18804b6575e7119b639cae7f607009766dc8ecce85b27", kill_on_drop: false }`
[INFO] [stdout] a1375b6ca79ed29686a18804b6575e7119b639cae7f607009766dc8ecce85b27
[INFO] running `Command { std: "docker" "create" "-v" "/var/lib/crater-agent-workspace/builds/worker-1-tc1/target:/opt/rustwide/target:rw,Z" "-v" "/var/lib/crater-agent-workspace/builds/worker-1-tc1/source:/opt/rustwide/workdir:ro,Z" "-v" "/var/lib/crater-agent-workspace/cargo-home:/opt/rustwide/cargo-home:ro,Z" "-v" "/var/lib/crater-agent-workspace/rustup-home:/opt/rustwide/rustup-home:ro,Z" "-e" "SOURCE_DIR=/opt/rustwide/workdir" "-e" "CARGO_TARGET_DIR=/opt/rustwide/target" "-e" "CARGO_INCREMENTAL=0" "-e" "RUST_BACKTRACE=full" "-e" "RUSTFLAGS=--cap-lints=warn" "-e" "RUSTDOCFLAGS=--cap-lints=warn" "-e" "CARGO_HOME=/opt/rustwide/cargo-home" "-e" "RUSTUP_HOME=/opt/rustwide/rustup-home" "-w" "/opt/rustwide/workdir" "-m" "1610612736" "--user" "0:0" "--network" "none" "ghcr.io/rust-lang/crates-build-env/linux@sha256:2788e3201cd34a07e3172128adcd8b3090168a8e3bcc40d7c032b9dda1df7d1c" "/opt/rustwide/cargo-home/bin/cargo" "+1.75.0" "build" "--frozen" "--message-format=json", kill_on_drop: false }`
[INFO] [stdout] 8ebc40ca6f851c57e004ade4246cc2f41b510ff0d700a1880dcad9aace4cf671
[INFO] running `Command { std: "docker" "start" "-a" "8ebc40ca6f851c57e004ade4246cc2f41b510ff0d700a1880dcad9aace4cf671", kill_on_drop: false }`
[INFO] [stderr]    Compiling zeroize v1.7.0
[INFO] [stderr]    Compiling subtle v2.5.0
[INFO] [stderr]    Compiling generic-array v0.14.7
[INFO] [stderr]    Compiling const-oid v0.9.6
[INFO] [stderr]    Compiling base64ct v1.6.0
[INFO] [stderr]    Compiling serde v1.0.194
[INFO] [stderr]    Compiling syn v2.0.48
[INFO] [stderr]    Compiling syn v1.0.109
[INFO] [stderr]    Compiling base16ct v0.2.0
[INFO] [stderr]    Compiling ff v0.13.0
[INFO] [stderr]    Compiling cpufeatures v0.2.12
[INFO] [stderr]    Compiling num-traits v0.2.17
[INFO] [stderr]    Compiling rustversion v1.0.14
[INFO] [stderr]    Compiling pem-rfc7468 v0.7.0
[INFO] [stderr]    Compiling group v0.13.0
[INFO] [stderr]    Compiling paste v1.0.14
[INFO] [stderr]    Compiling der v0.7.8
[INFO] [stderr]    Compiling crc32fast v1.3.2
[INFO] [stderr]    Compiling async-trait v0.1.77
[INFO] [stderr]    Compiling crypto-common v0.1.6
[INFO] [stderr]    Compiling block-buffer v0.10.4
[INFO] [stderr]    Compiling crypto-bigint v0.5.5
[INFO] [stderr]    Compiling inout v0.1.3
[INFO] [stderr]    Compiling digest v0.10.7
[INFO] [stderr]    Compiling cipher v0.4.4
[INFO] [stderr]    Compiling hmac v0.12.1
[INFO] [stderr]    Compiling signature v2.2.0
[INFO] [stderr]    Compiling spki v0.7.3
[INFO] [stderr]    Compiling hkdf v0.12.4
[INFO] [stderr]    Compiling rfc6979 v0.4.0
[INFO] [stderr]    Compiling universal-hash v0.5.1
[INFO] [stderr]    Compiling pkcs8 v0.10.2
[INFO] [stderr]    Compiling convert_case v0.4.0
[INFO] [stderr]    Compiling sec1 v0.7.3
[INFO] [stderr]    Compiling semver v1.0.21
[INFO] [stderr]    Compiling poly1305 v0.8.0
[INFO] [stderr]    Compiling rmp v0.8.12
[INFO] [stderr]    Compiling miniz_oxide v0.7.1
[INFO] [stderr]    Compiling sha2 v0.10.8
[INFO] [stderr]    Compiling elliptic-curve v0.13.8
[INFO] [stderr]    Compiling chacha20 v0.9.1
[INFO] [stderr]    Compiling aead v0.5.2
[INFO] [stderr]    Compiling mio v0.8.10
[INFO] [stderr]    Compiling primeorder v0.13.6
[INFO] [stderr]    Compiling ecdsa v0.16.9
[INFO] [stderr]    Compiling signal-hook-registry v1.4.1
[INFO] [stderr]    Compiling socket2 v0.5.5
[INFO] [stderr]    Compiling pin-project-lite v0.2.13
[INFO] [stderr]    Compiling bytes v1.5.0
[INFO] [stderr]    Compiling p256 v0.13.2
[INFO] [stderr]    Compiling chacha20poly1305 v0.10.1
[INFO] [stderr]    Compiling flate2 v1.0.28
[INFO] [stderr]    Compiling dyn-clone v1.0.16
[INFO] [stderr]    Compiling const-str v0.5.6
[INFO] [stderr]    Compiling derive_more v0.99.17
[INFO] [stderr]    Compiling strum_macros v0.24.3
[INFO] [stderr]    Compiling serde_derive v1.0.194
[INFO] [stderr]    Compiling tokio-macros v2.2.0
[INFO] [stderr]    Compiling tokio v1.35.1
[INFO] [stderr]    Compiling strum v0.24.1
[INFO] [stderr]    Compiling serde_bytes v0.11.14
[INFO] [stderr]    Compiling serde_json v1.0.111
[INFO] [stderr]    Compiling distant-auth v0.20.0
[INFO] [stderr]    Compiling rmp-serde v1.1.2
[INFO] [stderr]    Compiling distant-net v0.20.0 (/opt/rustwide/workdir)
[INFO] [stderr]     Finished dev [unoptimized + debuginfo] target(s) in 31.64s
[INFO] running `Command { std: "docker" "inspect" "8ebc40ca6f851c57e004ade4246cc2f41b510ff0d700a1880dcad9aace4cf671", kill_on_drop: false }`
[INFO] running `Command { std: "docker" "rm" "-f" "8ebc40ca6f851c57e004ade4246cc2f41b510ff0d700a1880dcad9aace4cf671", kill_on_drop: false }`
[INFO] [stdout] 8ebc40ca6f851c57e004ade4246cc2f41b510ff0d700a1880dcad9aace4cf671
[INFO] running `Command { std: "docker" "create" "-v" "/var/lib/crater-agent-workspace/builds/worker-1-tc1/target:/opt/rustwide/target:rw,Z" "-v" "/var/lib/crater-agent-workspace/builds/worker-1-tc1/source:/opt/rustwide/workdir:ro,Z" "-v" "/var/lib/crater-agent-workspace/cargo-home:/opt/rustwide/cargo-home:ro,Z" "-v" "/var/lib/crater-agent-workspace/rustup-home:/opt/rustwide/rustup-home:ro,Z" "-e" "SOURCE_DIR=/opt/rustwide/workdir" "-e" "CARGO_TARGET_DIR=/opt/rustwide/target" "-e" "CARGO_INCREMENTAL=0" "-e" "RUST_BACKTRACE=full" "-e" "RUSTFLAGS=--cap-lints=warn" "-e" "RUSTDOCFLAGS=--cap-lints=warn" "-e" "CARGO_HOME=/opt/rustwide/cargo-home" "-e" "RUSTUP_HOME=/opt/rustwide/rustup-home" "-w" "/opt/rustwide/workdir" "-m" "1610612736" "--user" "0:0" "--network" "none" "ghcr.io/rust-lang/crates-build-env/linux@sha256:2788e3201cd34a07e3172128adcd8b3090168a8e3bcc40d7c032b9dda1df7d1c" "/opt/rustwide/cargo-home/bin/cargo" "+1.75.0" "test" "--frozen" "--no-run" "--message-format=json", kill_on_drop: false }`
[INFO] [stdout] cb2da83ce44a5eb09995db2d9a0d7cb3c7ef36dcf68987b0a0b08515bf581430
[INFO] running `Command { std: "docker" "start" "-a" "cb2da83ce44a5eb09995db2d9a0d7cb3c7ef36dcf68987b0a0b08515bf581430", kill_on_drop: false }`
[INFO] [stderr]    Compiling rustix v0.38.28
[INFO] [stderr]    Compiling linux-raw-sys v0.4.12
[INFO] [stderr]    Compiling bitflags v2.4.1
[INFO] [stderr]    Compiling regex-syntax v0.8.2
[INFO] [stderr]    Compiling log v0.4.20
[INFO] [stderr]    Compiling humantime v2.1.0
[INFO] [stderr]    Compiling test-log-macros v0.2.14
[INFO] [stderr]    Compiling fastrand v2.0.1
[INFO] [stderr]    Compiling distant-auth v0.20.0
[INFO] [stderr]    Compiling distant-net v0.20.0 (/opt/rustwide/workdir)
[INFO] [stderr]    Compiling regex-automata v0.4.3
[INFO] [stderr]    Compiling is-terminal v0.4.10
[INFO] [stderr]    Compiling tempfile v3.9.0
[INFO] [stderr]    Compiling regex v1.10.2
[INFO] [stderr]    Compiling env_logger v0.10.1
[INFO] [stderr]    Compiling test-log v0.2.14
[INFO] [stderr]     Finished test [unoptimized + debuginfo] target(s) in 1m 18s
[INFO] running `Command { std: "docker" "inspect" "cb2da83ce44a5eb09995db2d9a0d7cb3c7ef36dcf68987b0a0b08515bf581430", kill_on_drop: false }`
[INFO] running `Command { std: "docker" "rm" "-f" "cb2da83ce44a5eb09995db2d9a0d7cb3c7ef36dcf68987b0a0b08515bf581430", kill_on_drop: false }`
[INFO] [stdout] cb2da83ce44a5eb09995db2d9a0d7cb3c7ef36dcf68987b0a0b08515bf581430
[INFO] running `Command { std: "docker" "create" "-v" "/var/lib/crater-agent-workspace/builds/worker-1-tc1/target:/opt/rustwide/target:rw,Z" "-v" "/var/lib/crater-agent-workspace/builds/worker-1-tc1/source:/opt/rustwide/workdir:ro,Z" "-v" "/var/lib/crater-agent-workspace/cargo-home:/opt/rustwide/cargo-home:ro,Z" "-v" "/var/lib/crater-agent-workspace/rustup-home:/opt/rustwide/rustup-home:ro,Z" "-e" "SOURCE_DIR=/opt/rustwide/workdir" "-e" "CARGO_TARGET_DIR=/opt/rustwide/target" "-e" "CARGO_INCREMENTAL=0" "-e" "RUST_BACKTRACE=full" "-e" "RUSTFLAGS=--cap-lints=warn" "-e" "RUSTDOCFLAGS=--cap-lints=warn" "-e" "CARGO_HOME=/opt/rustwide/cargo-home" "-e" "RUSTUP_HOME=/opt/rustwide/rustup-home" "-w" "/opt/rustwide/workdir" "-m" "1610612736" "--user" "0:0" "--network" "none" "ghcr.io/rust-lang/crates-build-env/linux@sha256:2788e3201cd34a07e3172128adcd8b3090168a8e3bcc40d7c032b9dda1df7d1c" "/opt/rustwide/cargo-home/bin/cargo" "+1.75.0" "test" "--frozen", kill_on_drop: false }`
[INFO] [stdout] 4b3b461d728db10dae4208b18320f3632a8e56abaae68369eced854bbf7c4d66
[INFO] running `Command { std: "docker" "start" "-a" "4b3b461d728db10dae4208b18320f3632a8e56abaae68369eced854bbf7c4d66", kill_on_drop: false }`
[INFO] [stderr]     Finished test [unoptimized + debuginfo] target(s) in 0.26s
[INFO] [stderr]      Running unittests src/lib.rs (/opt/rustwide/target/debug/deps/distant_net-85cfc01c34fdb6fb)
[INFO] [stdout] 
[INFO] [stdout] running 369 tests
[INFO] [stdout] test authentication::tests::authenticator_finished_should_be_able_to_be_sent_to_auth_handler ... ok
[INFO] [stdout] test authentication::tests::authenticator_start_method_should_be_able_to_be_sent_to_auth_handler ... ok
[INFO] [stdout] test client::channel::tests::typed::fire_should_send_request_and_not_wait_for_response ... ok
[INFO] [stdout] test authentication::tests::authenticator_info_should_be_able_to_be_sent_to_auth_handler ... ok
[INFO] [stdout] test client::channel::tests::typed::mail_should_return_mailbox_that_receives_responses_until_post_office_drops_it ... ok
[INFO] [stdout] test client::channel::tests::typed::send_should_wait_until_response_received ... ok
[INFO] [stdout] test client::channel::tests::untyped::fire_should_send_request_and_not_wait_for_response ... ok
[INFO] [stdout] test client::channel::tests::untyped::send_should_wait_until_response_received ... ok
[INFO] [stdout] test client::channel::tests::untyped::mail_should_return_mailbox_that_receives_responses_until_post_office_drops_it ... ok
[INFO] [stdout] test client::tests::typed::should_attempt_to_reconnect_if_connection_closed_by_server ... ok
[INFO] [stdout] test client::tests::typed::should_attempt_to_reconnect_if_connection_errors_while_reading_data ... ok
[INFO] [stdout] test client::tests::typed::should_attempt_to_reconnect_if_connection_fails_to_determine_state ... ok
[INFO] [stdout] test client::tests::typed::should_attempt_to_reconnect_if_connection_unable_to_flush_an_existing_request ... ok
[INFO] [stdout] test authentication::tests::authenticator_verification_should_be_able_to_successfully_complete_round_trip ... ok
[INFO] [stdout] test authentication::tests::authenticator_error_should_be_able_to_be_sent_to_auth_handler ... ok
[INFO] [stdout] test client::tests::typed::should_attempt_to_reconnect_if_connection_unable_to_send_new_request ... ok
[INFO] [stdout] test client::tests::typed::should_exit_if_reconnect_strategy_has_failed_to_connect ... ok
[INFO] [stdout] test authentication::tests::authenticator_challenge_should_be_able_to_successfully_complete_round_trip ... ok
[INFO] [stdout] test client::channel::tests::untyped::send_timeout_should_fail_if_response_not_received_in_time ... ok
[INFO] [stdout] test client::tests::untyped::should_attempt_to_reconnect_if_connection_closed_by_server ... ok
[INFO] [stdout] test authentication::tests::authenticator_initialization_should_be_able_to_successfully_complete_round_trip ... ok
[INFO] [stdout] test client::tests::untyped::should_attempt_to_reconnect_if_connection_fails_to_determine_state ... ok
[INFO] [stdout] test client::tests::typed::should_write_queued_requests_as_outgoing_frames ... ok
[INFO] [stdout] test client::tests::typed::should_read_incoming_frames_as_responses_and_deliver_them_to_waiting_mailboxes ... ok
[INFO] [stdout] test client::tests::untyped::should_attempt_to_reconnect_if_connection_unable_to_flush_an_existing_request ... ok
[INFO] [stdout] test client::channel::tests::typed::send_timeout_should_fail_if_response_not_received_in_time ... ok
[INFO] [stdout] test client::tests::untyped::should_attempt_to_reconnect_if_connection_errors_while_reading_data ... ok
[INFO] [stdout] test client::tests::typed::should_not_exit_if_shutdown_channel_is_closed ... ok
[INFO] [stdout] test client::tests::typed::should_exit_if_shutdown_signal_detected ... ok
[INFO] [stdout] test client::tests::untyped::should_exit_if_reconnect_strategy_has_failed_to_connect ... ok
[INFO] [stdout] test client::tests::untyped::should_attempt_to_reconnect_if_connection_unable_to_send_new_request ... ok
[INFO] [stdout] test client::tests::untyped::should_exit_if_shutdown_signal_detected ... ok
[INFO] [stdout] test client::tests::untyped::should_write_queued_requests_as_outgoing_frames ... ok
[INFO] [stdout] test client::tests::untyped::should_read_incoming_frames_as_responses_and_deliver_them_to_waiting_mailboxes ... ok
[INFO] [stdout] test client::tests::untyped::should_not_exit_if_shutdown_channel_is_closed ... ok
[INFO] [stdout] test common::connection::tests::client_server_new_connection_e2e_should_establish_connection ... ok
[INFO] [stdout] test client::tests::untyped::should_attempt_to_reconnect_if_no_activity_from_server_within_silence_duration ... ok
[INFO] [stdout] test common::connection::tests::client_should_succeed_if_establishes_connection_with_server ... ok
[INFO] [stdout] test common::connection::tests::client_server_returning_connection_e2e_should_reestablish_connection ... ok
[INFO] [stdout] test authentication::tests::auth_handler_received_error_should_fail_auth_handler_if_fatal ... ok
[INFO] [stdout] test common::connection::tests::client_should_fail_if_codec_handshake_fails ... ok
[INFO] [stdout] test common::connection::tests::client_should_fail_if_authentication_fails ... ok
[INFO] [stdout] test common::connection::tests::reconnect_should_fail_if_connection_is_server_side ... ok
[INFO] [stdout] test common::connection::tests::client_should_fail_if_unable_to_exchange_otp_for_reauthentication ... ok
[INFO] [stdout] test common::connection::tests::client_should_fail_if_unable_to_receive_connection_id_from_server ... ok
[INFO] [stdout] test common::connection::tests::client_should_fail_when_server_sends_incompatible_version ... ok
[INFO] [stdout] test common::connection::tests::reconnect_should_fail_if_client_side_connection_handshake_fails ... ok
[INFO] [stdout] test common::connection::tests::reconnect_should_fail_if_client_side_connection_unable_to_exchange_otp_with_server ... ok
[INFO] [stdout] test common::connection::tests::server_should_fail_if_codec_handshake_fails ... ok
[INFO] [stdout] test common::connection::tests::server_should_fail_if_client_drops_due_to_version ... ok
[INFO] [stdout] test common::connection::tests::server_should_fail_if_existing_client_id_is_invalid ... ok
[INFO] [stdout] test common::connection::tests::server_should_fail_if_existing_client_otp_is_invalid ... ok
[INFO] [stdout] test common::connection::tests::server_should_fail_if_unable_to_exchange_otp_for_reauthentication_with_existing_client ... ok
[INFO] [stdout] test common::connection::tests::reconnect_should_fail_if_client_side_connection_unable_to_receive_new_connection_id ... ok
[INFO] [stdout] test common::connection::tests::server_should_fail_if_unable_to_exchange_otp_for_reauthentication_with_new_client ... ok
[INFO] [stdout] test common::destination::host::tests::display_should_output_hostname_verbatim ... ok
[INFO] [stdout] test common::destination::host::tests::display_should_output_ipv4_correctly ... ok
[INFO] [stdout] test common::destination::host::tests::display_should_output_ipv6_correctly ... ok
[INFO] [stdout] test common::destination::host::tests::from_str_should_fail_if_str_ends_with_hyphen ... ok
[INFO] [stdout] test common::destination::host::tests::from_str_should_fail_if_str_ends_with_period ... ok
[INFO] [stdout] test common::destination::host::tests::from_str_should_fail_if_str_has_a_label_larger_than_63_characters ... ok
[INFO] [stdout] test common::destination::host::tests::from_str_should_fail_if_str_has_empty_label ... ok
[INFO] [stdout] test common::connection::tests::reconnect_should_fail_if_client_side_connection_unable_to_synchronize_with_server ... ok
[INFO] [stdout] test common::destination::host::tests::from_str_should_fail_if_str_has_invalid_label ... ok
[INFO] [stdout] test common::connection::tests::server_should_succeed_if_establishes_connection_with_existing_client ... ok
[INFO] [stdout] test common::destination::host::tests::from_str_should_fail_if_str_is_empty ... ok
[INFO] [stdout] test common::destination::host::tests::from_str_should_fail_if_str_starts_with_hyphen ... ok
[INFO] [stdout] test common::connection::tests::server_should_fail_if_unable_to_receive_connect_type ... ok
[INFO] [stdout] test common::destination::host::tests::from_str_should_succeed_if_valid_hostname ... ok
[INFO] [stdout] test common::destination::host::tests::from_str_should_fail_if_str_starts_with_period ... ok
[INFO] [stdout] test common::destination::host::tests::from_str_should_fail_if_str_is_larger_than_253_characters ... ok
[INFO] [stdout] test common::destination::parser::tests::examples::parse_should_succeed_if_given_host_and_port ... ok
[INFO] [stdout] test common::destination::host::tests::from_str_should_succeed_if_valid_ipv4_address ... ok
[INFO] [stdout] test common::destination::host::tests::from_str_should_succeed_if_valid_ipv6_address ... ok
[INFO] [stdout] test common::connection::tests::server_should_succeed_if_establishes_connection_with_new_client ... ok
[INFO] [stdout] test common::destination::parser::tests::examples::parse_should_succeed_if_given_ipv6_host_and_port ... ok
[INFO] [stdout] test common::destination::parser::tests::examples::parse_should_succeed_if_given_ipv6_host ... ok
[INFO] [stdout] test common::destination::parser::tests::examples::parse_should_succeed_if_given_ipv4_host_and_port ... ok
[INFO] [stdout] test common::destination::parser::tests::examples::parse_should_succeed_if_given_just_host ... ok
[INFO] [stdout] test common::destination::parser::tests::examples::parse_should_succeed_if_given_scheme_and_host ... ok
[INFO] [stdout] test common::destination::parser::tests::examples::parse_should_succeed_if_given_scheme_host_and_port ... ok
[INFO] [stdout] test common::destination::parser::tests::examples::parse_should_succeed_if_given_scheme_password_host_and_port ... ok
[INFO] [stdout] test common::destination::parser::tests::examples::parse_should_succeed_if_given_scheme_username_and_host ... ok
[INFO] [stdout] test common::destination::parser::tests::examples::parse_should_succeed_if_given_scheme_username_host_and_port ... ok
[INFO] [stdout] test common::destination::parser::tests::examples::parse_should_succeed_if_given_scheme_username_password_and_host ... ok
[INFO] [stdout] test common::destination::parser::tests::examples::parse_should_succeed_if_given_scheme_username_password_host_and_port ... ok
[INFO] [stdout] test common::destination::parser::tests::examples::parse_should_succeed_if_given_username_and_host ... ok
[INFO] [stdout] test common::destination::parser::tests::examples::parse_should_succeed_if_given_username_has_hyphen ... ok
[INFO] [stdout] test common::destination::parser::tests::examples::parse_should_succeed_if_given_username_host_and_port ... ok
[INFO] [stdout] test common::destination::parser::tests::examples::parse_should_succeed_if_given_username_password_and_host ... ok
[INFO] [stdout] test common::destination::parser::tests::examples::parse_should_succeed_if_given_username_password_host_and_port ... ok
[INFO] [stdout] test common::destination::parser::tests::examples::parse_should_succeed_with_distant_server_output ... ok
[INFO] [stdout] test common::destination::parser::tests::parse_should_fail_if_given_path ... ok
[INFO] [stdout] test common::destination::parser::tests::parse_should_fail_if_string_is_only_whitespace ... ok
[INFO] [stdout] test common::destination::parser::tests::parse_should_succeed_when_parsing_valid_destination ... ok
[INFO] [stdout] test common::destination::parser::tests::parsers::maybe::should_return_none_if_wrapped_parser_fails ... ok
[INFO] [stdout] test common::destination::parser::tests::parsers::maybe::should_return_some_value_if_wrapped_parser_succeeds ... ok
[INFO] [stdout] test common::destination::parser::tests::parsers::parse_and_then::should_consume_with_first_parser_and_then_return_results_of_feeding_into_second_parser ... ok
[INFO] [stdout] test common::destination::parser::tests::parsers::parse_and_then::should_fail_if_first_parser_fails ... ok
[INFO] [stdout] test common::destination::parser::tests::parsers::parse_and_then::should_fail_if_second_parser_does_not_fully_consume_first_parser_output ... ok
[INFO] [stdout] test common::destination::parser::tests::parsers::parse_and_then::should_fail_if_second_parser_fails ... ok
[INFO] [stdout] test common::destination::parser::tests::parsers::parse_char::should_fail_if_input_is_empty ... ok
[INFO] [stdout] test common::destination::parser::tests::examples::parse_should_succeed_if_given_password_host_and_port ... ok
[INFO] [stdout] test common::destination::parser::tests::parsers::parse_char::should_fail_if_next_char_does_not_match ... ok
[INFO] [stdout] test common::destination::parser::tests::parsers::parse_host::should_fail_if_domain_name_is_invalid ... ok
[INFO] [stdout] test common::destination::parser::tests::parsers::parse_host::should_succeed_if_domain_name_is_valid ... ok
[INFO] [stdout] test common::destination::parser::tests::parsers::parse_host::should_succeed_if_ipv4_address ... ok
[INFO] [stdout] test common::destination::parser::tests::parsers::parse_host::should_succeed_if_ipv6_address ... ok
[INFO] [stdout] test common::destination::parser::tests::parsers::parse_port::should_fail_if_input_cannot_be_parsed_as_a_u16 ... ok
[INFO] [stdout] test common::destination::parser::tests::parsers::parse_port::should_succeed_if_input_can_be_parsed_as_a_u16 ... ok
[INFO] [stdout] test common::destination::parser::tests::parsers::parse_char::should_succeed_if_next_char_matches ... ok
[INFO] [stdout] test common::destination::parser::tests::parsers::parse_scheme::should_consume_up_to_the_ending_sequence ... ok
[INFO] [stdout] test common::destination::parser::tests::parsers::parse_scheme::should_fail_if_not_ending_properly ... ok
[INFO] [stdout] test common::destination::parser::tests::examples::parse_should_succeed_if_given_ipv4_host ... ok
[INFO] [stdout] test common::destination::parser::tests::examples::parse_should_succeed_if_given_password_and_host ... ok
[INFO] [stdout] test common::destination::parser::tests::parsers::parse_scheme::should_fail_if_scheme_has_invalid_character ... ok
[INFO] [stdout] test common::destination::parser::tests::parsers::parse_scheme::should_return_scheme_if_valid ... ok
[INFO] [stdout] test common::connection::tests::reconnect_should_succeed_if_client_side_connection_fully_connects_and_synchronizes_with_server ... ok
[INFO] [stdout] test common::destination::parser::tests::examples::parse_should_succeed_if_given_scheme_password_and_host ... ok
[INFO] [stdout] test common::destination::parser::tests::parsers::parse_until::should_consume_completely_if_predicate_never_matches ... ok
[INFO] [stdout] test common::connection::tests::server_should_fail_if_unable_to_synchronize_with_existing_client ... ok
[INFO] [stdout] test common::connection::tests::server_should_fail_if_unable_to_verify_new_client ... ok
[INFO] [stdout] test common::destination::parser::tests::parsers::parse_username_password::should_return_username_and_password_if_available ... ok
[INFO] [stdout] test common::destination::parser::tests::parsers::parse_until::should_fail_if_input_is_empty ... ok
[INFO] [stdout] test common::destination::parser::tests::parsers::parse_username_password::should_consume_up_to_the_ending_sequence ... ok
[INFO] [stdout] test common::destination::parser::tests::parsers::parse_username_password::should_fail_if_not_ending_properly ... ok
[INFO] [stdout] test common::destination::parser::tests::parsers::parse_username_password::should_return_password_if_available ... ok
[INFO] [stdout] test common::destination::parser::tests::parsers::parse_username_password::should_return_username_password_if_username_starts_or_ends_with_hyphen ... ok
[INFO] [stdout] test common::destination::parser::tests::parsers::parse_until::should_consume_until_predicate_matches ... ok
[INFO] [stdout] test common::destination::parser::tests::parsers::parse_until::should_fail_if_nothing_consumed ... ok
[INFO] [stdout] test common::destination::parser::tests::parsers::parse_username_password::should_support_colons_in_password ... ok
[INFO] [stdout] test common::destination::parser::tests::parsers::parse_username_password::should_return_username_with_hyphen_and_password ... ok
[INFO] [stdout] test common::destination::parser::tests::parsers::parse_username_password::should_support_username_and_password_with_arbitrary_characters ... ok
[INFO] [stdout] test common::destination::parser::tests::parsers::parse_username_password::should_return_username_if_available ... ok
[INFO] [stdout] test common::destination::parser::tests::parsers::prefixed::should_fail_if_main_parser_fails ... ok
[INFO] [stdout] test common::destination::parser::tests::parsers::parse_username_password::should_support_username_with_backslash ... ok
[INFO] [stdout] test common::destination::parser::tests::parsers::prefixed::should_fail_if_prefix_parser_fails ... ok
[INFO] [stdout] test common::destination::parser::tests::parsers::prefixed::should_return_value_of_main_parser_when_succeeds ... ok
[INFO] [stdout] test common::key::tests::heap_secret_key_should_be_able_to_be_generated ... ok
[INFO] [stdout] test common::destination::tests::display_should_output_using_available_components ... ok
[INFO] [stdout] test common::destination::tests::display_should_not_wrap_ipv6_in_square_brackets_if_has_no_port ... ok
[INFO] [stdout] test common::destination::tests::display_should_wrap_ipv6_in_square_brackets_if_has_port ... ok
[INFO] [stdout] test common::listener::oneshot::tests::from_value_should_return_value_on_first_call_to_accept ... ok
[INFO] [stdout] test common::key::tests::secret_key_should_be_able_to_be_generated ... ok
[INFO] [stdout] test common::listener::oneshot::tests::channel_should_return_a_oneshot_sender_to_feed_first_call_to_accept ... ok
[INFO] [stdout] test common::packet::request::tests::untyped_request_should_fail_to_parse_if_given_bytes_not_representing_a_request ... ok
[INFO] [stdout] test common::map::tests::should_support_being_parsed_from_str ... ok
[INFO] [stdout] test common::map::tests::should_support_being_displayed_as_a_string ... ok
[INFO] [stdout] test common::packet::request::tests::untyped_request_should_support_converting_to_bytes ... ok
[INFO] [stdout] test common::listener::unix::tests::should_fail_to_bind_if_socket_already_bound ... ok
[INFO] [stdout] test common::listener::unix::tests::should_be_able_to_receive_connections_and_read_and_write_data_with_them ... ok
[INFO] [stdout] test common::packet::request::tests::untyped_request_should_support_converting_to_bytes_with_header ... ok
[INFO] [stdout] test common::listener::tcp::tests::should_be_able_to_receive_connections_and_read_and_write_data_with_them ... FAILED
[INFO] [stdout] test common::listener::unix::tests::should_succeed_to_bind_if_file_exists_at_path_but_nothing_listening ... ok
[INFO] [stdout] test common::listener::tcp::tests::should_fail_to_bind_if_port_already_bound ... FAILED
[INFO] [stdout] test common::packet::request::tests::untyped_request_should_support_parsing_from_request_bytes_with_header ... ok
[INFO] [stdout] test common::packet::response::tests::untyped_response_should_support_converting_to_bytes ... ok
[INFO] [stdout] test common::packet::request::tests::untyped_request_should_support_parsing_full_request ... ok
[INFO] [stdout] test common::packet::request::tests::untyped_request_should_support_parsing_from_request_bytes_with_invalid_payload ... ok
[INFO] [stdout] test common::packet::response::tests::untyped_response_should_support_converting_to_bytes_with_header ... ok
[INFO] [stdout] test common::packet::response::tests::untyped_response_should_support_parsing_from_response_bytes_with_header ... ok
[INFO] [stdout] test common::packet::response::tests::untyped_response_should_fail_to_parse_if_given_bytes_not_representing_a_response ... ok
[INFO] [stdout] test common::packet::response::tests::untyped_response_should_support_parsing_from_response_bytes_with_invalid_payload ... ok
[INFO] [stdout] test common::packet::response::tests::untyped_response_should_support_parsing_full_request ... ok
[INFO] [stdout] test common::packet::response::tests::untyped_response_should_support_parsing_from_response_bytes_with_valid_payload ... ok
[INFO] [stdout] test common::packet::tests::find_msgpack_byte_len::should_return_1_if_input_is_a_boolean ... ok
[INFO] [stdout] test common::packet::tests::find_msgpack_byte_len::should_return_1_if_input_is_nil ... ok
[INFO] [stdout] test common::packet::tests::find_msgpack_byte_len::should_return_appropriate_len_if_input_is_some_ext ... ok
[INFO] [stdout] test common::packet::tests::find_msgpack_byte_len::should_return_appropriate_len_if_input_is_some_array ... ok
[INFO] [stdout] test common::packet::tests::find_msgpack_byte_len::should_return_appropriate_len_if_input_is_some_float ... ok
[INFO] [stdout] test common::packet::tests::find_msgpack_byte_len::should_return_appropriate_len_if_input_is_some_bin ... ok
[INFO] [stdout] test common::packet::tests::find_msgpack_byte_len::should_return_none_if_input_has_reserved_marker ... ok
[INFO] [stdout] test common::packet::tests::read_header_bytes::should_fail_if_input_is_empty ... ok
[INFO] [stdout] test common::packet::tests::read_header_bytes::should_fail_if_cannot_read_str_key_length ... ok
[INFO] [stdout] test common::packet::tests::find_msgpack_byte_len::should_return_none_if_input_is_empty ... ok
[INFO] [stdout] test common::packet::tests::read_header_bytes::should_fail_if_missing_value_for_key ... ok
[INFO] [stdout] test common::packet::request::tests::untyped_request_should_support_parsing_from_request_bytes_with_valid_payload ... ok
[INFO] [stdout] test common::packet::tests::read_header_bytes::should_fail_if_key_length_exceeds_remaining_bytes ... ok
[INFO] [stdout] test common::packet::tests::find_msgpack_byte_len::should_return_appropriate_len_if_input_is_some_map ... ok
[INFO] [stdout] test common::packet::tests::find_msgpack_byte_len::should_return_appropriate_len_if_input_is_some_str ... ok
[INFO] [stdout] test common::packet::tests::read_header_bytes::should_fail_if_not_a_map ... ok
[INFO] [stdout] test common::packet::tests::read_header_bytes::should_fail_if_unable_to_read_value_length ... ok
[INFO] [stdout] test common::packet::tests::read_header_bytes::should_succeed_with_nested_map ... ok
[INFO] [stdout] test common::packet::tests::read_header_bytes::should_succeed_with_empty_map ... ok
[INFO] [stdout] test common::packet::tests::read_header_bytes::should_succeed_with_multiple_key_value_map ... ok
[INFO] [stdout] test common::packet::tests::read_header_bytes::should_succeed_with_single_key_value_map ... ok
[INFO] [stdout] test common::packet::tests::find_msgpack_byte_len::should_return_appropriate_len_if_input_is_some_integer ... ok
[INFO] [stdout] test common::packet::tests::read_header_bytes::should_fail_if_value_length_exceeds_remaining_bytes ... ok
[INFO] [stdout] test common::packet::tests::read_key_eq::should_fail_if_input_does_not_start_with_str ... ok
[INFO] [stdout] test common::packet::tests::read_key_eq::should_fail_if_input_is_empty ... ok
[INFO] [stdout] test common::packet::tests::read_key_eq::should_succeed_if_read_key_matches_specified_key ... ok
[INFO] [stdout] test common::packet::tests::read_key_eq::should_fail_if_read_key_does_not_match_specified_key ... ok
[INFO] [stdout] test common::packet::tests::read_str_bytes::should_fail_if_input_does_not_start_with_str ... ok
[INFO] [stdout] test common::packet::tests::read_header_bytes::should_only_consume_map_from_input ... ok
[INFO] [stdout] test common::packet::tests::read_str_bytes::should_fail_if_input_is_empty ... ok
[INFO] [stdout] test common::port::tests::deserialize_should_use_single_number_as_start ... ok
[INFO] [stdout] test common::packet::tests::read_str_bytes::should_succeed_if_input_starts_with_str ... ok
[INFO] [stdout] test common::port::tests::display_should_properly_reflect_port_range ... ok
[INFO] [stdout] test common::port::tests::into_iterator_should_support_port_range ... ok
[INFO] [stdout] test common::port::tests::make_socket_addrs_should_produce_a_socket_addr_per_port ... ok
[INFO] [stdout] test common::port::tests::deserialize_should_leverage_fromstr_for_strings ... ok
[INFO] [stdout] test common::port::tests::from_range_inclusive_should_map_to_port_range ... ok
[INFO] [stdout] test common::port::tests::parse_should_fail_if_not_starting_with_number ... ok
[INFO] [stdout] test common::transport::framed::codec::chain::tests::decode_should_fail_if_right_codec_fails_to_decode ... ok
[INFO] [stdout] test common::transport::framed::codec::chain::tests::encode_should_fail_if_left_codec_fails_to_encode ... ok
[INFO] [stdout] test common::transport::framed::codec::chain::tests::encode_should_invoke_left_codec_followed_by_right_codec ... ok
[INFO] [stdout] test common::transport::framed::codec::compression::tests::decode_should_apply_appropriate_decompression_algorithm ... ok
[INFO] [stdout] test common::transport::framed::codec::chain::tests::decode_should_fail_if_left_codec_fails_to_decode ... ok
[INFO] [stdout] test common::port::tests::parse_should_be_able_to_properly_read_in_port_range ... ok
[INFO] [stdout] test common::transport::framed::codec::chain::tests::decode_should_invoke_right_codec_followed_by_left_codec ... ok
[INFO] [stdout] test common::transport::framed::codec::chain::tests::encode_should_fail_if_right_codec_fails_to_encode ... ok
[INFO] [stdout] test common::port::tests::serialize_should_leverage_tostring ... ok
[INFO] [stdout] test common::transport::framed::codec::predicate::tests::decode_should_invoke_right_codec_if_predicate_returns_false ... ok
[INFO] [stdout] test common::transport::framed::codec::encryption::tests::decode_should_fail_if_frame_length_is_smaller_than_nonce_plus_data ... ok
[INFO] [stdout] test common::port::tests::parse_should_fail_if_provided_end_port_that_is_not_a_number ... ok
[INFO] [stdout] test common::transport::framed::codec::predicate::tests::encode_should_invoke_right_codec_if_predicate_returns_false ... ok
[INFO] [stdout] test common::transport::framed::codec::compression::tests::encode_should_apply_appropriate_compression_algorithm ... ok
[INFO] [stdout] test common::transport::framed::codec::predicate::tests::encode_should_invoke_left_codec_if_predicate_returns_true ... ok
[INFO] [stdout] test common::transport::framed::codec::encryption::tests::decode_should_return_decrypted_frame_when_successful ... ok
[INFO] [stdout] test common::transport::framed::codec::encryption::tests::decode_should_fail_if_unable_to_decrypt_frame_item ... ok
[INFO] [stdout] test common::transport::framed::codec::predicate::tests::decode_should_invoke_left_codec_if_predicate_returns_true ... ok
[INFO] [stdout] test common::transport::framed::codec::encryption::tests::encode_should_build_a_frame_containing_a_length_nonce_and_ciphertext ... ok
[INFO] [stdout] test common::transport::framed::frame::tests::read_should_advance_src_by_frame_size_even_if_item_length_is_zero ... ok
[INFO] [stdout] test common::transport::framed::frame::tests::read_should_return_none_if_data_smaller_than_or_equal_to_item_length_field ... ok
[INFO] [stdout] test common::transport::framed::frame::tests::read_should_return_none_if_not_enough_data_for_frame ... ok
[INFO] [stdout] test common::transport::framed::frame::tests::read_should_return_some_byte_vec_when_successful ... ok
[INFO] [stdout] test common::transport::framed::frame::tests::read_should_succeed_if_written_item_length_is_zero ... ok
[INFO] [stdout] test common::transport::framed::frame::tests::write_should_build_a_frame_containing_a_length_and_item ... ok
[INFO] [stdout] test common::transport::framed::tests::handshake_failing_should_ensure_existing_codec_remains ... ok
[INFO] [stdout] test common::transport::framed::tests::exchange_keys_should_fail_if_received_invalid_exchange_data ... ok
[INFO] [stdout] test common::transport::framed::tests::exchange_keys_should_fail_if_unable_to_send_exchange_data_to_other_side ... ok
[INFO] [stdout] test common::transport::framed::frame::tests::read_should_advance_src_by_frame_size_when_successful ... ok
[INFO] [stdout] test common::transport::framed::frame::tests::write_should_succeed_when_item_is_zero_bytes ... ok
[INFO] [stdout] test common::transport::framed::tests::handshake_for_client_should_fail_if_receives_unexpected_frame_instead_of_options ... ok
[INFO] [stdout] test common::transport::framed::tests::handshake_for_client_should_fail_if_unable_to_receive_key_exchange_data_from_other_side ... ok
[INFO] [stdout] test common::transport::framed::tests::handshake_for_server_should_fail_if_selected_codec_choice_uses_an_unknown_compression_type ... ok
[INFO] [stdout] test common::transport::framed::tests::handshake_for_client_should_fail_unable_to_send_codec_choice_to_other_side ... ok
[INFO] [stdout] test common::transport::framed::tests::handshake_for_server_should_fail_if_receives_unexpected_frame_instead_of_choice ... ok
[INFO] [stdout] test common::transport::framed::tests::handshake_for_server_should_fail_if_selected_codec_choice_uses_an_unknown_encryption_type ... ok
[INFO] [stdout] test common::transport::framed::tests::handshake_for_server_should_fail_unable_to_send_codec_options_to_other_side ... ok
[INFO] [stdout] test common::transport::framed::tests::handshake_should_clear_any_intermittent_buffer_contents_prior_to_handshake_failing ... ok
[INFO] [stdout] test common::transport::framed::tests::exchange_keys_should_return_shared_secret_key_if_successful ... ok
[INFO] [stdout] test common::transport::framed::tests::synchronize_should_clear_any_prexisting_incoming_and_outgoing_data ... ok
[INFO] [stdout] test common::transport::framed::tests::handshake_for_server_should_fail_if_unable_to_receive_key_exchange_data_from_other_side ... ok
[INFO] [stdout] test common::transport::framed::tests::synchronize_should_receive_all_frames_if_more_than_all_missing_from_other_side ... ok
[INFO] [stdout] test common::transport::framed::tests::synchronize_should_receive_all_frames_if_all_missing_from_other_side ... ok
[INFO] [stdout] test common::transport::framed::tests::synchronize_should_fail_if_connection_terminated_before_receiving_missing_frames ... ok
[INFO] [stdout] test common::transport::framed::tests::synchronize_should_fail_if_connection_terminated_while_waiting_for_frame_stats ... ok
[INFO] [stdout] test common::transport::framed::tests::synchronize_should_receive_no_frames_if_other_side_claims_it_has_more_than_us ... ok
[INFO] [stdout] test common::transport::framed::tests::synchronize_should_receive_no_frames_if_none_missing_from_other_side ... ok
[INFO] [stdout] test common::transport::framed::tests::synchronize_should_not_increment_the_sent_frames_or_store_replayed_frames_in_the_backup ... ok
[INFO] [stdout] test common::transport::framed::tests::synchronize_should_receive_some_frames_if_some_missing_from_other_side ... ok
[INFO] [stdout] test common::transport::framed::tests::handshake_should_configure_transports_with_matching_codec ... ok
[INFO] [stdout] test common::transport::framed::tests::handshake_should_clear_any_intermittent_buffer_contents_prior_to_handshake_succeeding ... ok
[INFO] [stdout] test common::transport::framed::tests::try_flush_should_be_noop_if_nothing_to_flush ... ok
[INFO] [stdout] test common::transport::framed::tests::synchronize_should_resend_available_frames_if_more_than_available_missing_on_other_side ... ok
[INFO] [stdout] test common::transport::framed::tests::synchronize_should_resend_no_frames_if_other_side_claims_it_has_more_than_us ... ok
[INFO] [stdout] test common::transport::framed::tests::synchronize_should_update_the_backup_received_cnt_to_match_other_side_sent ... ok
[INFO] [stdout] test common::transport::framed::tests::synchronize_should_resend_no_frames_if_none_missing_on_other_side ... ok
[INFO] [stdout] test common::transport::framed::tests::synchronize_should_resend_some_frames_if_some_missing_on_other_side ... ok
[INFO] [stdout] test common::transport::framed::tests::try_flush_should_continually_call_try_write_until_outgoing_buffer_is_empty ... ok
[INFO] [stdout] test common::transport::framed::tests::try_flush_should_return_error_if_try_write_fails ... ok
[INFO] [stdout] test common::transport::framed::tests::synchronize_should_work_even_if_codec_changes_between_attempts ... ok
[INFO] [stdout] test common::transport::framed::tests::try_read_frame_should_return_error_if_encountered_error_during_decode ... ok
[INFO] [stdout] test common::transport::framed::tests::try_read_frame_should_keep_reading_until_a_frame_is_found ... ok
[INFO] [stdout] test common::transport::framed::tests::synchronize_should_resend_all_frames_if_all_missing_on_other_side ... ok
[INFO] [stdout] test common::transport::framed::tests::try_write_frame_should_return_error_if_encountered_error_during_encode ... ok
[INFO] [stdout] test common::transport::framed::tests::try_read_frame_should_return_next_available_frame_if_already_in_incoming_buffer ... ok
[INFO] [stdout] test common::transport::framed::tests::try_write_frame_should_return_error_if_encountered_error_with_writing_bytes ... ok
[INFO] [stdout] test common::transport::framed::tests::try_write_frame_should_return_would_block_if_fails_to_write_frame_before_blocking ... ok
[INFO] [stdout] test common::transport::framed::tests::try_flush_should_return_error_if_try_write_returns_0_bytes_written ... ok
[INFO] [stdout] test common::transport::framed::tests::try_read_frame_should_return_would_block_if_fails_to_read_frame_before_blocking ... ok
[INFO] [stdout] test common::transport::framed::tests::try_read_frame_should_return_error_if_encountered_error_with_reading_bytes ... ok
[INFO] [stdout] test common::transport::framed::tests::try_read_frame_should_return_next_available_frame ... ok
[INFO] [stdout] test common::transport::framed::tests::try_write_frame_should_write_any_prior_queued_bytes_before_writing_next_frame ... ok
[INFO] [stdout] test common::transport::inmemory::tests::ready_should_report_readable_if_channel_not_closed ... ok
[INFO] [stdout] test common::transport::inmemory::tests::ready_should_report_writable_if_channel_not_closed ... ok
[INFO] [stdout] test common::transport::inmemory::tests::ready_should_report_write_closed_if_channel_closed ... ok
[INFO] [stdout] test common::transport::inmemory::tests::reconnect_should_fail_if_read_channel_closed ... ok
[INFO] [stdout] test common::transport::inmemory::tests::reconnect_should_fail_if_write_channel_closed ... ok
[INFO] [stdout] test common::transport::inmemory::tests::reconnect_should_succeed_if_both_channels_open ... ok
[INFO] [stdout] test common::transport::inmemory::tests::try_read_should_fail_with_would_block_if_channel_is_empty ... ok
[INFO] [stdout] test common::transport::inmemory::tests::try_read_should_succeed_if_able_to_read_entire_data_through_channel ... ok
[INFO] [stdout] test common::transport::inmemory::tests::try_read_should_succeed_if_reading_cached_data_from_previous_read ... ok
[INFO] [stdout] test common::transport::inmemory::tests::try_read_should_succeed_with_zero_bytes_read_if_channel_closed ... ok
[INFO] [stdout] test common::transport::inmemory::tests::try_write_should_fail_with_would_block_if_channel_capacity_has_been_reached ... ok
[INFO] [stdout] test common::transport::inmemory::tests::try_write_should_succeed_if_able_to_send_data_through_channel ... ok
[INFO] [stdout] test common::transport::inmemory::tests::try_write_should_succeed_with_zero_bytes_written_if_channel_closed ... ok
[INFO] [stdout] test common::transport::inmemory::tests::ready_should_report_read_closed_if_channel_closed_and_internal_buf_empty ... ok
[INFO] [stdout] test common::transport::inmemory::tests::ready_should_report_readable_if_internal_buf_not_empty ... ok
[INFO] [stdout] test common::transport::inmemory::tests::make_should_return_receiver_that_receives_data_from_transport ... ok
[INFO] [stdout] test common::transport::framed::tests::try_write_frame_should_write_entire_frame_if_possible ... ok
[INFO] [stdout] test common::transport::inmemory::tests::make_should_return_sender_that_sends_data_to_transport ... ok
[INFO] [stdout] test common::transport::inmemory::tests::is_rx_closed_should_properly_reflect_if_internal_rx_channel_is_closed ... ok
[INFO] [stdout] test common::transport::tests::read_exact_should_continue_to_call_try_read_until_buffer_is_filled ... ok
[INFO] [stdout] test common::transport::tests::read_exact_should_fail_if_try_read_encounters_error_other_than_would_block ... ok
[INFO] [stdout] test common::transport::tests::read_exact_should_fail_if_try_read_returns_0_before_necessary_bytes_read ... ok
[INFO] [stdout] test common::transport::tests::read_exact_should_return_0_if_given_a_buffer_of_0_len ... ok
[INFO] [stdout] test common::transport::tcp::tests::should_be_able_to_read_and_write_data ... FAILED
[INFO] [stdout] test common::transport::tests::read_to_end_should_read_until_0_bytes_returned_from_try_read ... ok
[INFO] [stdout] test common::transport::tcp::tests::should_fail_to_connect_if_nothing_listening ... FAILED
[INFO] [stdout] test common::transport::tcp::tests::should_be_able_to_reconnect ... FAILED
[INFO] [stdout] test common::transport::tests::read_to_string_should_read_until_0_bytes_returned_from_try_read ... ok
[INFO] [stdout] test common::transport::tests::write_all_should_continue_to_call_try_write_until_all_bytes_written ... ok
[INFO] [stdout] test common::transport::tests::write_all_should_fail_if_try_write_encounters_error_other_than_would_block ... ok
[INFO] [stdout] test common::transport::tests::write_all_should_fail_if_try_write_returns_0_before_all_bytes_written ... ok
[INFO] [stdout] test common::transport::tests::write_all_should_return_immediately_if_given_buffer_of_0_len ... ok
[INFO] [stdout] test common::transport::unix::tests::should_be_able_to_read_and_write_data ... ok
[INFO] [stdout] test common::transport::tests::read_to_end_should_fail_if_try_read_encounters_error_other_than_would_block_and_interrupt ... ok
[INFO] [stdout] test common::transport::tests::read_to_string_should_fail_if_non_utf8_characters_read ... ok
[INFO] [stdout] test common::transport::tests::read_to_string_should_fail_if_try_read_encounters_error_other_than_would_block_and_interrupt ... ok
[INFO] [stdout] test common::transport::tests::read_to_end_should_continue_reading_when_interrupt_or_would_block_encountered ... ok
[INFO] [stdout] test common::transport::unix::tests::should_fail_to_connect_if_path_is_not_a_socket ... ok
[INFO] [stdout] test common::transport::unix::tests::should_be_able_to_reconnect ... ok
[INFO] [stdout] test common::transport::unix::tests::should_fail_to_connect_if_socket_does_not_exist ... ok
[INFO] [stdout] test common::transport::tests::read_to_string_should_continue_reading_when_interrupt_or_would_block_encountered ... ok
[INFO] [stdout] test common::transport::tests::read_exact_should_continue_to_call_try_read_while_it_returns_would_block ... ok
[INFO] [stdout] test common::transport::tests::write_all_should_continue_to_call_try_write_while_it_returns_would_block ... ok
[INFO] [stdout] test manager::client::tests::connect_should_report_error_if_receives_error_response ... ok
[INFO] [stdout] test manager::client::tests::connect_should_report_error_if_receives_unexpected_response ... ok
[INFO] [stdout] test manager::client::tests::info_should_report_error_if_receives_error_response ... ok
[INFO] [stdout] test manager::client::tests::connect_should_return_id_from_successful_response ... ok
[INFO] [stdout] test manager::client::tests::info_should_report_error_if_receives_unexpected_response ... ok
[INFO] [stdout] test manager::client::tests::info_should_return_connection_info_from_successful_response ... ok
[INFO] [stdout] test manager::client::tests::kill_should_report_error_if_receives_error_response ... ok
[INFO] [stdout] test manager::client::tests::kill_should_return_success_from_successful_response ... ok
[INFO] [stdout] test manager::client::tests::kill_should_report_error_if_receives_unexpected_response ... ok
[INFO] [stdout] test manager::client::tests::list_should_report_error_if_receives_error_response ... ok
[INFO] [stdout] test manager::server::handler::tests::boxed_connect_handler_should_generate_valid_boxed_connect_handler ... ok
[INFO] [stdout] test manager::server::handler::tests::boxed_launch_handler_should_generate_valid_boxed_launch_handler ... ok
[INFO] [stdout] test manager::server::tests::connect_should_fail_if_destination_scheme_is_unsupported ... ok
[INFO] [stdout] test manager::client::tests::list_should_return_connection_list_from_successful_response ... ok
[INFO] [stdout] test manager::server::tests::connect_should_fail_if_handler_tied_to_scheme_fails ... ok
[INFO] [stdout] test manager::client::tests::list_should_report_error_if_receives_unexpected_response ... ok
[INFO] [stdout] test manager::server::tests::connect_should_return_id_of_new_connection_on_success ... ok
[INFO] [stdout] test manager::server::tests::info_should_return_information_about_established_connection ... ok
[INFO] [stdout] test manager::server::tests::info_should_fail_if_no_connection_found_for_specified_id ... ok
[INFO] [stdout] test manager::server::tests::kill_should_fail_if_no_connection_found_for_specified_id ... ok
[INFO] [stdout] test manager::server::tests::kill_should_terminate_established_connection_and_remove_it_from_the_list ... ok
[INFO] [stdout] test manager::server::tests::launch_should_return_new_destination_on_success ... ok
[INFO] [stdout] test manager::server::tests::launch_should_fail_if_handler_tied_to_scheme_fails ... ok
[INFO] [stdout] test manager::server::tests::launch_should_fail_if_destination_scheme_is_unsupported ... ok
[INFO] [stdout] test manager::server::tests::list_should_return_a_list_of_established_connections ... ok
[INFO] [stdout] test manager::server::tests::list_should_return_empty_connection_list_if_no_established_connections ... ok
[INFO] [stdout] test server::builder::tcp::tests::should_invoke_handler_upon_receiving_a_request ... FAILED
[INFO] [stdout] test server::connection::tests::should_be_able_to_shutdown_while_accepting_connection ... ok
[INFO] [stdout] test server::connection::tests::should_be_able_to_shutdown_while_establishing_connection ... ok
[INFO] [stdout] test server::builder::unix::tests::should_invoke_handler_upon_receiving_a_request ... ok
[INFO] [stdout] test server::connection::tests::should_invoke_server_handler_to_process_request_in_new_task_and_forward_responses ... ok
[INFO] [stdout] test server::connection::tests::should_be_able_to_shutdown_while_waiting_for_connection_to_be_ready ... ok
[INFO] [stdout] test server::connection::tests::should_terminate_if_connection_closes ... ok
[INFO] [stdout] test server::connection::tests::should_terminate_if_accepting_connection_fails_on_server_handler ... ok
[INFO] [stdout] test common::utils::tests::timer::should_finish_callback_but_not_trigger_it_if_abort_called ... ok
[INFO] [stdout] test common::utils::tests::timer::should_not_invoke_callback_if_only_stop_called ... ok
[INFO] [stdout] test common::utils::tests::timer::should_trigger_callback_after_time_elapses_once_started ... ok
[INFO] [stdout] test server::connection::tests::should_terminate_if_fails_access_server_handler ... ok
[INFO] [stdout] test common::utils::tests::timer::should_not_invoke_callback_regardless_of_time_if_not_started ... ok
[INFO] [stdout] test common::utils::tests::timer::should_trigger_callback_even_if_timer_dropped ... ok
[INFO] [stdout] test server::connection::tests::should_terminate_if_connection_fails_to_become_ready ... ok
[INFO] [stdout] test server::connection::tests::should_terminate_if_fails_access_verifier ... ok
[INFO] [stdout] test server::tests::should_invoke_handler_upon_receiving_a_request ... ok
[INFO] [stdout] test server::connection::tests::should_terminate_if_fails_to_setup_server_connection ... ok
[INFO] [stdout] test server::tests::should_lonely_shutdown_if_last_connection_terminated_and_then_no_connections_after_n_secs ... ok
[INFO] [stdout] test server::tests::should_lonely_shutdown_if_no_connections_received_after_n_secs_when_config_set ... ok
[INFO] [stdout] test server::tests::should_never_shutdown_if_config_set_to_never ... ok
[INFO] [stdout] test server::tests::should_not_lonely_shutdown_as_long_as_a_connection_exists ... ok
[INFO] [stdout] test server::tests::should_shutdown_after_n_seconds_even_with_connections_if_config_set_to_after ... ok
[INFO] [stdout] test server::connection::tests::should_send_heartbeat_via_empty_frame_every_minimum_duration ... ok
[INFO] [stdout] test server::tests::should_shutdown_after_n_seconds_if_config_set_to_after ... ok
[INFO] [stdout] 
[INFO] [stdout] failures:
[INFO] [stdout] 
[INFO] [stdout] ---- common::listener::tcp::tests::should_be_able_to_receive_connections_and_read_and_write_data_with_them stdout ----
[INFO] [stdout] thread 'common::listener::tcp::tests::should_be_able_to_receive_connections_and_read_and_write_data_with_them' panicked at src/common/listener/tcp.rs:142:32:
[INFO] [stdout] Failed to get server address: RecvError(())
[INFO] [stdout] stack backtrace:
[INFO] [stdout]    0:     0x5617225ecd9c - std::backtrace_rs::backtrace::libunwind::trace::ha637c64ce894333a
[INFO] [stdout]                                at /rustc/82e1608dfa6e0b5569232559e3d385fea5a93112/library/std/src/../../backtrace/src/backtrace/libunwind.rs:104:5
[INFO] [stdout]    1:     0x5617225ecd9c - std::backtrace_rs::backtrace::trace_unsynchronized::h47f62dea28e0c88d
[INFO] [stdout]                                at /rustc/82e1608dfa6e0b5569232559e3d385fea5a93112/library/std/src/../../backtrace/src/backtrace/mod.rs:66:5
[INFO] [stdout]    2:     0x5617225ecd9c - std::sys_common::backtrace::_print_fmt::h9eef0abe20ede486
[INFO] [stdout]                                at /rustc/82e1608dfa6e0b5569232559e3d385fea5a93112/library/std/src/sys_common/backtrace.rs:67:5
[INFO] [stdout]    3:     0x5617225ecd9c - <std::sys_common::backtrace::_print::DisplayBacktrace as core::fmt::Display>::fmt::hed7f999df88cc644
[INFO] [stdout]                                at /rustc/82e1608dfa6e0b5569232559e3d385fea5a93112/library/std/src/sys_common/backtrace.rs:44:22
[INFO] [stdout]    4:     0x56172261ad90 - core::fmt::rt::Argument::fmt::h1539a9308b8d058d
[INFO] [stdout]                                at /rustc/82e1608dfa6e0b5569232559e3d385fea5a93112/library/core/src/fmt/rt.rs:142:9
[INFO] [stdout]    5:     0x56172261ad90 - core::fmt::write::h3a39390d8560d9c9
[INFO] [stdout]                                at /rustc/82e1608dfa6e0b5569232559e3d385fea5a93112/library/core/src/fmt/mod.rs:1120:17
[INFO] [stdout]    6:     0x5617225ea33f - std::io::Write::write_fmt::h040b369f3a0f9cbc
[INFO] [stdout]                                at /rustc/82e1608dfa6e0b5569232559e3d385fea5a93112/library/std/src/io/mod.rs:1762:15
[INFO] [stdout]    7:     0x5617225ecb84 - std::sys_common::backtrace::_print::h894006fb5c6f3d45
[INFO] [stdout]                                at /rustc/82e1608dfa6e0b5569232559e3d385fea5a93112/library/std/src/sys_common/backtrace.rs:47:5
[INFO] [stdout]    8:     0x5617225ecb84 - std::sys_common::backtrace::print::h23a2d212c6fff936
[INFO] [stdout]                                at /rustc/82e1608dfa6e0b5569232559e3d385fea5a93112/library/std/src/sys_common/backtrace.rs:34:9
[INFO] [stdout]    9:     0x5617225ee847 - std::panicking::default_hook::{{closure}}::h8a1d2ee00185001a
[INFO] [stdout]   10:     0x5617225ee533 - std::panicking::default_hook::h6038f2eba384e475
[INFO] [stdout]                                at /rustc/82e1608dfa6e0b5569232559e3d385fea5a93112/library/std/src/panicking.rs:289:9
[INFO] [stdout]   11:     0x561722132837 - <alloc::boxed::Box<F,A> as core::ops::function::Fn<Args>>::call::h0ad024c9bdc6d768
[INFO] [stdout]                                at /rustc/82e1608dfa6e0b5569232559e3d385fea5a93112/library/alloc/src/boxed.rs:2021:9
[INFO] [stdout]   12:     0x561722132837 - test::test_main::{{closure}}::h7500b54257359db6
[INFO] [stdout]                                at /rustc/82e1608dfa6e0b5569232559e3d385fea5a93112/library/test/src/lib.rs:138:21
[INFO] [stdout]   13:     0x5617225eee58 - <alloc::boxed::Box<F,A> as core::ops::function::Fn<Args>>::call::h1f8f335eaa9cfaee
[INFO] [stdout]                                at /rustc/82e1608dfa6e0b5569232559e3d385fea5a93112/library/alloc/src/boxed.rs:2021:9
[INFO] [stdout]   14:     0x5617225eee58 - std::panicking::rust_panic_with_hook::h2b5517d590cab22e
[INFO] [stdout]                                at /rustc/82e1608dfa6e0b5569232559e3d385fea5a93112/library/std/src/panicking.rs:783:13
[INFO] [stdout]   15:     0x5617225eebae - std::panicking::begin_panic_handler::{{closure}}::h233112c06e0ef43e
[INFO] [stdout]                                at /rustc/82e1608dfa6e0b5569232559e3d385fea5a93112/library/std/src/panicking.rs:657:13
[INFO] [stdout]   16:     0x5617225ed266 - std::sys_common::backtrace::__rust_end_short_backtrace::h6e893f24d7ebbff8
[INFO] [stdout]                                at /rustc/82e1608dfa6e0b5569232559e3d385fea5a93112/library/std/src/sys_common/backtrace.rs:170:18
[INFO] [stdout]   17:     0x5617225ee912 - rust_begin_unwind
[INFO] [stdout]                                at /rustc/82e1608dfa6e0b5569232559e3d385fea5a93112/library/std/src/panicking.rs:645:5
[INFO] [stdout]   18:     0x5617214c94e5 - core::panicking::panic_fmt::hbf0e066aabfa482c
[INFO] [stdout]                                at /rustc/82e1608dfa6e0b5569232559e3d385fea5a93112/library/core/src/panicking.rs:72:14
[INFO] [stdout]   19:     0x5617214c9b13 - core::result::unwrap_failed::hddb4fea594200c52
[INFO] [stdout]                                at /rustc/82e1608dfa6e0b5569232559e3d385fea5a93112/library/core/src/result.rs:1653:5
[INFO] [stdout]   20:     0x561721d03a95 - core::result::Result<T,E>::expect::h426dd14e9186c6a8
[INFO] [stdout]                                at /rustc/82e1608dfa6e0b5569232559e3d385fea5a93112/library/core/src/result.rs:1034:23
[INFO] [stdout]   21:     0x561721c4b5ef - distant_net::common::listener::tcp::tests::should_be_able_to_receive_connections_and_read_and_write_data_with_them::{{closure}}::hdb7953ed9e2a2646
[INFO] [stdout]                                at /opt/rustwide/workdir/src/common/listener/tcp.rs:142:23
[INFO] [stdout]   22:     0x561721ce8818 - <core::pin::Pin<P> as core::future::future::Future>::poll::hb1c68714a2162c3e
[INFO] [stdout]                                at /rustc/82e1608dfa6e0b5569232559e3d385fea5a93112/library/core/src/future/future.rs:125:9
[INFO] [stdout]   23:     0x561721ce82fb - <core::pin::Pin<P> as core::future::future::Future>::poll::h92abe25f5a5e90f8
[INFO] [stdout]                                at /rustc/82e1608dfa6e0b5569232559e3d385fea5a93112/library/core/src/future/future.rs:125:9
[INFO] [stdout]   24:     0x561721d6b464 - tokio::runtime::scheduler::current_thread::CoreGuard::block_on::{{closure}}::{{closure}}::{{closure}}::h12d7bbcbbd17d9c6
[INFO] [stdout]                                at /opt/rustwide/cargo-home/registry/src/index.crates.io-6f17d22bba15001f/tokio-1.35.1/src/runtime/scheduler/current_thread/mod.rs:665:57
[INFO] [stdout]   25:     0x561721d6b38a - tokio::runtime::coop::with_budget::h9aca6ad74f1cf948
[INFO] [stdout]                                at /opt/rustwide/cargo-home/registry/src/index.crates.io-6f17d22bba15001f/tokio-1.35.1/src/runtime/coop.rs:107:5
[INFO] [stdout]   26:     0x561721d6b38a - tokio::runtime::coop::budget::h9c3ac98c3b768744
[INFO] [stdout]                                at /opt/rustwide/cargo-home/registry/src/index.crates.io-6f17d22bba15001f/tokio-1.35.1/src/runtime/coop.rs:73:5
[INFO] [stdout]   27:     0x561721d6b38a - tokio::runtime::scheduler::current_thread::CoreGuard::block_on::{{closure}}::{{closure}}::h1b06c3c7711c4ab6
[INFO] [stdout]                                at /opt/rustwide/cargo-home/registry/src/index.crates.io-6f17d22bba15001f/tokio-1.35.1/src/runtime/scheduler/current_thread/mod.rs:665:25
[INFO] [stdout]   28:     0x561721d69d1c - tokio::runtime::scheduler::current_thread::Context::enter::h558db743628a716c
[INFO] [stdout]                                at /opt/rustwide/cargo-home/registry/src/index.crates.io-6f17d22bba15001f/tokio-1.35.1/src/runtime/scheduler/current_thread/mod.rs:410:19
[INFO] [stdout]   29:     0x561721d6ab8e - tokio::runtime::scheduler::current_thread::CoreGuard::block_on::{{closure}}::h2e160a59a8a4a45f
[INFO] [stdout]                                at /opt/rustwide/cargo-home/registry/src/index.crates.io-6f17d22bba15001f/tokio-1.35.1/src/runtime/scheduler/current_thread/mod.rs:664:36
[INFO] [stdout]   30:     0x561721d6a89b - tokio::runtime::scheduler::current_thread::CoreGuard::enter::{{closure}}::h54bee766e1c95ba6
[INFO] [stdout]                                at /opt/rustwide/cargo-home/registry/src/index.crates.io-6f17d22bba15001f/tokio-1.35.1/src/runtime/scheduler/current_thread/mod.rs:743:68
[INFO] [stdout]   31:     0x561721dd8a6b - tokio::runtime::context::scoped::Scoped<T>::set::h93130f4d8843b5db
[INFO] [stdout]                                at /opt/rustwide/cargo-home/registry/src/index.crates.io-6f17d22bba15001f/tokio-1.35.1/src/runtime/context/scoped.rs:40:9
[INFO] [stdout]   32:     0x561721abff69 - tokio::runtime::context::set_scheduler::{{closure}}::h15d86663eb727ab3
[INFO] [stdout]                                at /opt/rustwide/cargo-home/registry/src/index.crates.io-6f17d22bba15001f/tokio-1.35.1/src/runtime/context.rs:176:26
[INFO] [stdout]   33:     0x561721c9be86 - std::thread::local::LocalKey<T>::try_with::hcd66ae735368e21d
[INFO] [stdout]                                at /rustc/82e1608dfa6e0b5569232559e3d385fea5a93112/library/std/src/thread/local.rs:270:16
[INFO] [stdout]   34:     0x561721c8746a - std::thread::local::LocalKey<T>::with::h16501f0058e621a8
[INFO] [stdout]                                at /rustc/82e1608dfa6e0b5569232559e3d385fea5a93112/library/std/src/thread/local.rs:246:9
[INFO] [stdout]   35:     0x561721abff1d - tokio::runtime::context::set_scheduler::h4c27d31f9dce3b0f
[INFO] [stdout]                                at /opt/rustwide/cargo-home/registry/src/index.crates.io-6f17d22bba15001f/tokio-1.35.1/src/runtime/context.rs:176:9
[INFO] [stdout]   36:     0x561721d6a630 - tokio::runtime::scheduler::current_thread::CoreGuard::enter::h25245f18fa2e0c0c
[INFO] [stdout]                                at /opt/rustwide/cargo-home/registry/src/index.crates.io-6f17d22bba15001f/tokio-1.35.1/src/runtime/scheduler/current_thread/mod.rs:743:27
[INFO] [stdout]   37:     0x561721d6a8cd - tokio::runtime::scheduler::current_thread::CoreGuard::block_on::h1017dd17a085beb7
[INFO] [stdout]                                at /opt/rustwide/cargo-home/registry/src/index.crates.io-6f17d22bba15001f/tokio-1.35.1/src/runtime/scheduler/current_thread/mod.rs:652:19
[INFO] [stdout]   38:     0x561721d40bcd - tokio::runtime::scheduler::current_thread::CurrentThread::block_on::{{closure}}::hfeb7701f263cc476
[INFO] [stdout]                                at /opt/rustwide/cargo-home/registry/src/index.crates.io-6f17d22bba15001f/tokio-1.35.1/src/runtime/scheduler/current_thread/mod.rs:175:28
[INFO] [stdout]   39:     0x561721e415da - tokio::runtime::context::runtime::enter_runtime::h72a2ac5594f44708
[INFO] [stdout]                                at /opt/rustwide/cargo-home/registry/src/index.crates.io-6f17d22bba15001f/tokio-1.35.1/src/runtime/context/runtime.rs:65:16
[INFO] [stdout]   40:     0x561721d40ae0 - tokio::runtime::scheduler::current_thread::CurrentThread::block_on::hd47b473421769d64
[INFO] [stdout]                                at /opt/rustwide/cargo-home/registry/src/index.crates.io-6f17d22bba15001f/tokio-1.35.1/src/runtime/scheduler/current_thread/mod.rs:167:9
[INFO] [stdout]   41:     0x561721ef61dd - tokio::runtime::runtime::Runtime::block_on::hd285d17e80ffed71
[INFO] [stdout]                                at /opt/rustwide/cargo-home/registry/src/index.crates.io-6f17d22bba15001f/tokio-1.35.1/src/runtime/runtime.rs:348:47
[INFO] [stdout]   42:     0x561721c4b0f8 - distant_net::common::listener::tcp::tests::should_be_able_to_receive_connections_and_read_and_write_data_with_them::hbfe0ca0e4e821c18
[INFO] [stdout]                                at /opt/rustwide/workdir/src/common/listener/tcp.rs:100:88
[INFO] [stdout]   43:     0x561721c4af87 - distant_net::common::listener::tcp::tests::should_be_able_to_receive_connections_and_read_and_write_data_with_them::{{closure}}::h7d9c11e2bc944538
[INFO] [stdout]                                at /opt/rustwide/workdir/src/common/listener/tcp.rs:100:87
[INFO] [stdout]   44:     0x561721724d76 - core::ops::function::FnOnce::call_once::h1b2ffea6fa0d14a3
[INFO] [stdout]                                at /rustc/82e1608dfa6e0b5569232559e3d385fea5a93112/library/core/src/ops/function.rs:250:5
[INFO] [stdout]   45:     0x561722137e8f - core::ops::function::FnOnce::call_once::h2b5d431d5046312d
[INFO] [stdout]                                at /rustc/82e1608dfa6e0b5569232559e3d385fea5a93112/library/core/src/ops/function.rs:250:5
[INFO] [stdout]   46:     0x561722137e8f - test::__rust_begin_short_backtrace::h7714669af176e207
[INFO] [stdout]                                at /rustc/82e1608dfa6e0b5569232559e3d385fea5a93112/library/test/src/lib.rs:628:18
[INFO] [stdout]   47:     0x561722136ea5 - test::run_test_in_process::{{closure}}::h85218797dcbcec12
[INFO] [stdout]                                at /rustc/82e1608dfa6e0b5569232559e3d385fea5a93112/library/test/src/lib.rs:651:60
[INFO] [stdout]   48:     0x561722136ea5 - <core::panic::unwind_safe::AssertUnwindSafe<F> as core::ops::function::FnOnce<()>>::call_once::h76c106ea31c14d7b
[INFO] [stdout]                                at /rustc/82e1608dfa6e0b5569232559e3d385fea5a93112/library/core/src/panic/unwind_safe.rs:272:9
[INFO] [stdout]   49:     0x561722136ea5 - std::panicking::try::do_call::h3bd5d0f6620ee946
[INFO] [stdout]                                at /rustc/82e1608dfa6e0b5569232559e3d385fea5a93112/library/std/src/panicking.rs:552:40
[INFO] [stdout]   50:     0x561722136ea5 - std::panicking::try::h232e535e4744fe31
[INFO] [stdout]                                at /rustc/82e1608dfa6e0b5569232559e3d385fea5a93112/library/std/src/panicking.rs:516:19
[INFO] [stdout]   51:     0x561722136ea5 - std::panic::catch_unwind::h3ce3bd6ca8dbac68
[INFO] [stdout]                                at /rustc/82e1608dfa6e0b5569232559e3d385fea5a93112/library/std/src/panic.rs:142:14
[INFO] [stdout]   52:     0x561722136ea5 - test::run_test_in_process::hc97b257c9621286a
[INFO] [stdout]                                at /rustc/82e1608dfa6e0b5569232559e3d385fea5a93112/library/test/src/lib.rs:651:27
[INFO] [stdout]   53:     0x561722136ea5 - test::run_test::{{closure}}::h2aa798823a438d38
[INFO] [stdout]                                at /rustc/82e1608dfa6e0b5569232559e3d385fea5a93112/library/test/src/lib.rs:574:43
[INFO] [stdout]   54:     0x5617220ff166 - test::run_test::{{closure}}::h87d231c78fb59832
[INFO] [stdout]                                at /rustc/82e1608dfa6e0b5569232559e3d385fea5a93112/library/test/src/lib.rs:602:41
[INFO] [stdout]   55:     0x5617220ff166 - std::sys_common::backtrace::__rust_begin_short_backtrace::he6df152596625789
[INFO] [stdout]                                at /rustc/82e1608dfa6e0b5569232559e3d385fea5a93112/library/std/src/sys_common/backtrace.rs:154:18
[INFO] [stdout]   56:     0x561722104217 - std::thread::Builder::spawn_unchecked_::{{closure}}::{{closure}}::ha94be15d1e0acf36
[INFO] [stdout]                                at /rustc/82e1608dfa6e0b5569232559e3d385fea5a93112/library/std/src/thread/mod.rs:529:17
[INFO] [stdout]   57:     0x561722104217 - <core::panic::unwind_safe::AssertUnwindSafe<F> as core::ops::function::FnOnce<()>>::call_once::h9dc6bd6372f16606
[INFO] [stdout]                                at /rustc/82e1608dfa6e0b5569232559e3d385fea5a93112/library/core/src/panic/unwind_safe.rs:272:9
[INFO] [stdout]   58:     0x561722104217 - std::panicking::try::do_call::h9057517f80303cd4
[INFO] [stdout]                                at /rustc/82e1608dfa6e0b5569232559e3d385fea5a93112/library/std/src/panicking.rs:552:40
[INFO] [stdout]   59:     0x561722104217 - std::panicking::try::he3a30b11ee45340c
[INFO] [stdout]                                at /rustc/82e1608dfa6e0b5569232559e3d385fea5a93112/library/std/src/panicking.rs:516:19
[INFO] [stdout]   60:     0x561722104217 - std::panic::catch_unwind::h410458cfd3528b8b
[INFO] [stdout]                                at /rustc/82e1608dfa6e0b5569232559e3d385fea5a93112/library/std/src/panic.rs:142:14
[INFO] [stdout]   61:     0x561722104217 - std::thread::Builder::spawn_unchecked_::{{closure}}::h72ac3bdb567b737b
[INFO] [stdout]                                at /rustc/82e1608dfa6e0b5569232559e3d385fea5a93112/library/std/src/thread/mod.rs:528:30
[INFO] [stdout]   62:     0x561722104217 - core::ops::function::FnOnce::call_once{{vtable.shim}}::h38f34da3654a8344
[INFO] [stdout]                                at /rustc/82e1608dfa6e0b5569232559e3d385fea5a93112/library/core/src/ops/function.rs:250:5
[INFO] [stdout]   63:     0x5617225f3cf5 - <alloc::boxed::Box<F,A> as core::ops::function::FnOnce<Args>>::call_once::hc7eafaff61e32df9
[INFO] [stdout]                                at /rustc/82e1608dfa6e0b5569232559e3d385fea5a93112/library/alloc/src/boxed.rs:2007:9
[INFO] [stdout]   64:     0x5617225f3cf5 - <alloc::boxed::Box<F,A> as core::ops::function::FnOnce<Args>>::call_once::h6ba4a5de48dd2304
[INFO] [stdout]                                at /rustc/82e1608dfa6e0b5569232559e3d385fea5a93112/library/alloc/src/boxed.rs:2007:9
[INFO] [stdout]   65:     0x5617225f3cf5 - std::sys::unix::thread::Thread::new::thread_start::he469335aef763e45
[INFO] [stdout]                                at /rustc/82e1608dfa6e0b5569232559e3d385fea5a93112/library/std/src/sys/unix/thread.rs:108:17
[INFO] [stdout]   66:     0x7fa02da59ac3 - <unknown>
[INFO] [stdout]   67:     0x7fa02daeabf4 - __clone
[INFO] [stdout]   68:                0x0 - <unknown>
[INFO] [stdout] 
[INFO] [stdout] ---- common::listener::tcp::tests::should_fail_to_bind_if_port_already_bound stdout ----
[INFO] [stdout] thread 'common::listener::tcp::tests::should_fail_to_bind_if_port_already_bound' panicked at src/common/listener/tcp.rs:87:14:
[INFO] [stdout] Unexpectedly failed to bind first time: Os { code: 99, kind: AddrNotAvailable, message: "Cannot assign requested address" }
[INFO] [stdout] stack backtrace:
[INFO] [stdout]    0:     0x5617225ecd9c - std::backtrace_rs::backtrace::libunwind::trace::ha637c64ce894333a
[INFO] [stdout]                                at /rustc/82e1608dfa6e0b5569232559e3d385fea5a93112/library/std/src/../../backtrace/src/backtrace/libunwind.rs:104:5
[INFO] [stdout]    1:     0x5617225ecd9c - std::backtrace_rs::backtrace::trace_unsynchronized::h47f62dea28e0c88d
[INFO] [stdout]                                at /rustc/82e1608dfa6e0b5569232559e3d385fea5a93112/library/std/src/../../backtrace/src/backtrace/mod.rs:66:5
[INFO] [stdout]    2:     0x5617225ecd9c - std::sys_common::backtrace::_print_fmt::h9eef0abe20ede486
[INFO] [stdout]                                at /rustc/82e1608dfa6e0b5569232559e3d385fea5a93112/library/std/src/sys_common/backtrace.rs:67:5
[INFO] [stdout]    3:     0x5617225ecd9c - <std::sys_common::backtrace::_print::DisplayBacktrace as core::fmt::Display>::fmt::hed7f999df88cc644
[INFO] [stdout]                                at /rustc/82e1608dfa6e0b5569232559e3d385fea5a93112/library/std/src/sys_common/backtrace.rs:44:22
[INFO] [stdout]    4:     0x56172261ad90 - core::fmt::rt::Argument::fmt::h1539a9308b8d058d
[INFO] [stdout]                                at /rustc/82e1608dfa6e0b5569232559e3d385fea5a93112/library/core/src/fmt/rt.rs:142:9
[INFO] [stdout]    5:     0x56172261ad90 - core::fmt::write::h3a39390d8560d9c9
[INFO] [stdout]                                at /rustc/82e1608dfa6e0b5569232559e3d385fea5a93112/library/core/src/fmt/mod.rs:1120:17
[INFO] [stdout]    6:     0x5617225ea33f - std::io::Write::write_fmt::h040b369f3a0f9cbc
[INFO] [stdout]                                at /rustc/82e1608dfa6e0b5569232559e3d385fea5a93112/library/std/src/io/mod.rs:1762:15
[INFO] [stdout]    7:     0x5617225ecb84 - std::sys_common::backtrace::_print::h894006fb5c6f3d45
[INFO] [stdout]                                at /rustc/82e1608dfa6e0b5569232559e3d385fea5a93112/library/std/src/sys_common/backtrace.rs:47:5
[INFO] [stdout]    8:     0x5617225ecb84 - std::sys_common::backtrace::print::h23a2d212c6fff936
[INFO] [stdout]                                at /rustc/82e1608dfa6e0b5569232559e3d385fea5a93112/library/std/src/sys_common/backtrace.rs:34:9
[INFO] [stdout]    9:     0x5617225ee847 - std::panicking::default_hook::{{closure}}::h8a1d2ee00185001a
[INFO] [stdout]   10:     0x5617225ee533 - std::panicking::default_hook::h6038f2eba384e475
[INFO] [stdout]                                at /rustc/82e1608dfa6e0b5569232559e3d385fea5a93112/library/std/src/panicking.rs:289:9
[INFO] [stdout]   11:     0x561722132837 - <alloc::boxed::Box<F,A> as core::ops::function::Fn<Args>>::call::h0ad024c9bdc6d768
[INFO] [stdout]                                at /rustc/82e1608dfa6e0b5569232559e3d385fea5a93112/library/alloc/src/boxed.rs:2021:9
[INFO] [stdout]   12:     0x561722132837 - test::test_main::{{closure}}::h7500b54257359db6
[INFO] [stdout]                                at /rustc/82e1608dfa6e0b5569232559e3d385fea5a93112/library/test/src/lib.rs:138:21
[INFO] [stdout]   13:     0x5617225eee58 - <alloc::boxed::Box<F,A> as core::ops::function::Fn<Args>>::call::h1f8f335eaa9cfaee
[INFO] [stdout]                                at /rustc/82e1608dfa6e0b5569232559e3d385fea5a93112/library/alloc/src/boxed.rs:2021:9
[INFO] [stdout]   14:     0x5617225eee58 - std::panicking::rust_panic_with_hook::h2b5517d590cab22e
[INFO] [stdout]                                at /rustc/82e1608dfa6e0b5569232559e3d385fea5a93112/library/std/src/panicking.rs:783:13
[INFO] [stdout]   15:     0x5617225eebae - std::panicking::begin_panic_handler::{{closure}}::h233112c06e0ef43e
[INFO] [stdout]                                at /rustc/82e1608dfa6e0b5569232559e3d385fea5a93112/library/std/src/panicking.rs:657:13
[INFO] [stdout]   16:     0x5617225ed266 - std::sys_common::backtrace::__rust_end_short_backtrace::h6e893f24d7ebbff8
[INFO] [stdout]                                at /rustc/82e1608dfa6e0b5569232559e3d385fea5a93112/library/std/src/sys_common/backtrace.rs:170:18
[INFO] [stdout]   17:     0x5617225ee912 - rust_begin_unwind
[INFO] [stdout]                                at /rustc/82e1608dfa6e0b5569232559e3d385fea5a93112/library/std/src/panicking.rs:645:5
[INFO] [stdout]   18:     0x5617214c94e5 - core::panicking::panic_fmt::hbf0e066aabfa482c
[INFO] [stdout]                                at /rustc/82e1608dfa6e0b5569232559e3d385fea5a93112/library/core/src/panicking.rs:72:14
[INFO] [stdout]   19:     0x5617214c9b13 - core::result::unwrap_failed::hddb4fea594200c52
[INFO] [stdout]                                at /rustc/82e1608dfa6e0b5569232559e3d385fea5a93112/library/core/src/result.rs:1653:5
[INFO] [stdout]   20:     0x561721d04a3f - core::result::Result<T,E>::expect::he871f0faad9d7d1a
[INFO] [stdout]                                at /rustc/82e1608dfa6e0b5569232559e3d385fea5a93112/library/core/src/result.rs:1034:23
[INFO] [stdout]   21:     0x561721c4a9a5 - distant_net::common::listener::tcp::tests::should_fail_to_bind_if_port_already_bound::{{closure}}::hd3c15354a3b3f364
[INFO] [stdout]                                at /opt/rustwide/workdir/src/common/listener/tcp.rs:85:24
[INFO] [stdout]   22:     0x561721ce8818 - <core::pin::Pin<P> as core::future::future::Future>::poll::hb1c68714a2162c3e
[INFO] [stdout]                                at /rustc/82e1608dfa6e0b5569232559e3d385fea5a93112/library/core/src/future/future.rs:125:9
[INFO] [stdout]   23:     0x561721ce82fb - <core::pin::Pin<P> as core::future::future::Future>::poll::h92abe25f5a5e90f8
[INFO] [stdout]                                at /rustc/82e1608dfa6e0b5569232559e3d385fea5a93112/library/core/src/future/future.rs:125:9
[INFO] [stdout]   24:     0x561721d6b464 - tokio::runtime::scheduler::current_thread::CoreGuard::block_on::{{closure}}::{{closure}}::{{closure}}::h12d7bbcbbd17d9c6
[INFO] [stdout]                                at /opt/rustwide/cargo-home/registry/src/index.crates.io-6f17d22bba15001f/tokio-1.35.1/src/runtime/scheduler/current_thread/mod.rs:665:57
[INFO] [stdout]   25:     0x561721d6b38a - tokio::runtime::coop::with_budget::h9aca6ad74f1cf948
[INFO] [stdout]                                at /opt/rustwide/cargo-home/registry/src/index.crates.io-6f17d22bba15001f/tokio-1.35.1/src/runtime/coop.rs:107:5
[INFO] [stdout]   26:     0x561721d6b38a - tokio::runtime::coop::budget::h9c3ac98c3b768744
[INFO] [stdout]                                at /opt/rustwide/cargo-home/registry/src/index.crates.io-6f17d22bba15001f/tokio-1.35.1/src/runtime/coop.rs:73:5
[INFO] [stdout]   27:     0x561721d6b38a - tokio::runtime::scheduler::current_thread::CoreGuard::block_on::{{closure}}::{{closure}}::h1b06c3c7711c4ab6
[INFO] [stdout]                                at /opt/rustwide/cargo-home/registry/src/index.crates.io-6f17d22bba15001f/tokio-1.35.1/src/runtime/scheduler/current_thread/mod.rs:665:25
[INFO] [stdout]   28:     0x561721d69d1c - tokio::runtime::scheduler::current_thread::Context::enter::h558db743628a716c
[INFO] [stdout]                                at /opt/rustwide/cargo-home/registry/src/index.crates.io-6f17d22bba15001f/tokio-1.35.1/src/runtime/scheduler/current_thread/mod.rs:410:19
[INFO] [stdout]   29:     0x561721d6ab8e - tokio::runtime::scheduler::current_thread::CoreGuard::block_on::{{closure}}::h2e160a59a8a4a45f
[INFO] [stdout]                                at /opt/rustwide/cargo-home/registry/src/index.crates.io-6f17d22bba15001f/tokio-1.35.1/src/runtime/scheduler/current_thread/mod.rs:664:36
[INFO] [stdout]   30:     0x561721d6a89b - tokio::runtime::scheduler::current_thread::CoreGuard::enter::{{closure}}::h54bee766e1c95ba6
[INFO] [stdout]                                at /opt/rustwide/cargo-home/registry/src/index.crates.io-6f17d22bba15001f/tokio-1.35.1/src/runtime/scheduler/current_thread/mod.rs:743:68
[INFO] [stdout]   31:     0x561721dd8a6b - tokio::runtime::context::scoped::Scoped<T>::set::h93130f4d8843b5db
[INFO] [stdout]                                at /opt/rustwide/cargo-home/registry/src/index.crates.io-6f17d22bba15001f/tokio-1.35.1/src/runtime/context/scoped.rs:40:9
[INFO] [stdout]   32:     0x561721abff69 - tokio::runtime::context::set_scheduler::{{closure}}::h15d86663eb727ab3
[INFO] [stdout]                                at /opt/rustwide/cargo-home/registry/src/index.crates.io-6f17d22bba15001f/tokio-1.35.1/src/runtime/context.rs:176:26
[INFO] [stdout]   33:     0x561721c9be86 - std::thread::local::LocalKey<T>::try_with::hcd66ae735368e21d
[INFO] [stdout]                                at /rustc/82e1608dfa6e0b5569232559e3d385fea5a93112/library/std/src/thread/local.rs:270:16
[INFO] [stdout]   34:     0x561721c8746a - std::thread::local::LocalKey<T>::with::h16501f0058e621a8
[INFO] [stdout]                                at /rustc/82e1608dfa6e0b5569232559e3d385fea5a93112/library/std/src/thread/local.rs:246:9
[INFO] [stdout]   35:     0x561721abff1d - tokio::runtime::context::set_scheduler::h4c27d31f9dce3b0f
[INFO] [stdout]                                at /opt/rustwide/cargo-home/registry/src/index.crates.io-6f17d22bba15001f/tokio-1.35.1/src/runtime/context.rs:176:9
[INFO] [stdout]   36:     0x561721d6a630 - tokio::runtime::scheduler::current_thread::CoreGuard::enter::h25245f18fa2e0c0c
[INFO] [stdout]                                at /opt/rustwide/cargo-home/registry/src/index.crates.io-6f17d22bba15001f/tokio-1.35.1/src/runtime/scheduler/current_thread/mod.rs:743:27
[INFO] [stdout]   37:     0x561721d6a8cd - tokio::runtime::scheduler::current_thread::CoreGuard::block_on::h1017dd17a085beb7
[INFO] [stdout]                                at /opt/rustwide/cargo-home/registry/src/index.crates.io-6f17d22bba15001f/tokio-1.35.1/src/runtime/scheduler/current_thread/mod.rs:652:19
[INFO] [stdout]   38:     0x561721d40bcd - tokio::runtime::scheduler::current_thread::CurrentThread::block_on::{{closure}}::hfeb7701f263cc476
[INFO] [stdout]                                at /opt/rustwide/cargo-home/registry/src/index.crates.io-6f17d22bba15001f/tokio-1.35.1/src/runtime/scheduler/current_thread/mod.rs:175:28
[INFO] [stdout]   39:     0x561721e415da - tokio::runtime::context::runtime::enter_runtime::h72a2ac5594f44708
[INFO] [stdout]                                at /opt/rustwide/cargo-home/registry/src/index.crates.io-6f17d22bba15001f/tokio-1.35.1/src/runtime/context/runtime.rs:65:16
[INFO] [stdout]   40:     0x561721d40ae0 - tokio::runtime::scheduler::current_thread::CurrentThread::block_on::hd47b473421769d64
[INFO] [stdout]                                at /opt/rustwide/cargo-home/registry/src/index.crates.io-6f17d22bba15001f/tokio-1.35.1/src/runtime/scheduler/current_thread/mod.rs:167:9
[INFO] [stdout]   41:     0x561721ef61dd - tokio::runtime::runtime::Runtime::block_on::hd285d17e80ffed71
[INFO] [stdout]                                at /opt/rustwide/cargo-home/registry/src/index.crates.io-6f17d22bba15001f/tokio-1.35.1/src/runtime/runtime.rs:348:47
[INFO] [stdout]   42:     0x561721c4a655 - distant_net::common::listener::tcp::tests::should_fail_to_bind_if_port_already_bound::hf7e1e50eefc47df1
[INFO] [stdout]                                at /opt/rustwide/workdir/src/common/listener/tcp.rs:80:58
[INFO] [stdout]   43:     0x561721c4a4e7 - distant_net::common::listener::tcp::tests::should_fail_to_bind_if_port_already_bound::{{closure}}::he8a9dc2ac6fb5749
[INFO] [stdout]                                at /opt/rustwide/workdir/src/common/listener/tcp.rs:80:57
[INFO] [stdout]   44:     0x561721725cd6 - core::ops::function::FnOnce::call_once::h226bcfafa5fb8eb4
[INFO] [stdout]                                at /rustc/82e1608dfa6e0b5569232559e3d385fea5a93112/library/core/src/ops/function.rs:250:5
[INFO] [stdout]   45:     0x561722137e8f - core::ops::function::FnOnce::call_once::h2b5d431d5046312d
[INFO] [stdout]                                at /rustc/82e1608dfa6e0b5569232559e3d385fea5a93112/library/core/src/ops/function.rs:250:5
[INFO] [stdout]   46:     0x561722137e8f - test::__rust_begin_short_backtrace::h7714669af176e207
[INFO] [stdout]                                at /rustc/82e1608dfa6e0b5569232559e3d385fea5a93112/library/test/src/lib.rs:628:18
[INFO] [stdout]   47:     0x561722136ea5 - test::run_test_in_process::{{closure}}::h85218797dcbcec12
[INFO] [stdout]                                at /rustc/82e1608dfa6e0b5569232559e3d385fea5a93112/library/test/src/lib.rs:651:60
[INFO] [stdout]   48:     0x561722136ea5 - <core::panic::unwind_safe::AssertUnwindSafe<F> as core::ops::function::FnOnce<()>>::call_once::h76c106ea31c14d7b
[INFO] [stdout]                                at /rustc/82e1608dfa6e0b5569232559e3d385fea5a93112/library/core/src/panic/unwind_safe.rs:272:9
[INFO] [stdout]   49:     0x561722136ea5 - std::panicking::try::do_call::h3bd5d0f6620ee946
[INFO] [stdout]                                at /rustc/82e1608dfa6e0b5569232559e3d385fea5a93112/library/std/src/panicking.rs:552:40
[INFO] [stdout]   50:     0x561722136ea5 - std::panicking::try::h232e535e4744fe31
[INFO] [stdout]                                at /rustc/82e1608dfa6e0b5569232559e3d385fea5a93112/library/std/src/panicking.rs:516:19
[INFO] [stdout]   51:     0x561722136ea5 - std::panic::catch_unwind::h3ce3bd6ca8dbac68
[INFO] [stdout]                                at /rustc/82e1608dfa6e0b5569232559e3d385fea5a93112/library/std/src/panic.rs:142:14
[INFO] [stdout]   52:     0x561722136ea5 - test::run_test_in_process::hc97b257c9621286a
[INFO] [stdout]                                at /rustc/82e1608dfa6e0b5569232559e3d385fea5a93112/library/test/src/lib.rs:651:27
[INFO] [stdout]   53:     0x561722136ea5 - test::run_test::{{closure}}::h2aa798823a438d38
[INFO] [stdout]                                at /rustc/82e1608dfa6e0b5569232559e3d385fea5a93112/library/test/src/lib.rs:574:43
[INFO] [stdout]   54:     0x5617220ff166 - test::run_test::{{closure}}::h87d231c78fb59832
[INFO] [stdout]                                at /rustc/82e1608dfa6e0b5569232559e3d385fea5a93112/library/test/src/lib.rs:602:41
[INFO] [stdout]   55:     0x5617220ff166 - std::sys_common::backtrace::__rust_begin_short_backtrace::he6df152596625789
[INFO] [stdout]                                at /rustc/82e1608dfa6e0b5569232559e3d385fea5a93112/library/std/src/sys_common/backtrace.rs:154:18
[INFO] [stdout]   56:     0x561722104217 - std::thread::Builder::spawn_unchecked_::{{closure}}::{{closure}}::ha94be15d1e0acf36
[INFO] [stdout]                                at /rustc/82e1608dfa6e0b5569232559e3d385fea5a93112/library/std/src/thread/mod.rs:529:17
[INFO] [stdout]   57:     0x561722104217 - <core::panic::unwind_safe::AssertUnwindSafe<F> as core::ops::function::FnOnce<()>>::call_once::h9dc6bd6372f16606
[INFO] [stdout]                                at /rustc/82e1608dfa6e0b5569232559e3d385fea5a93112/library/core/src/panic/unwind_safe.rs:272:9
[INFO] [stdout]   58:     0x561722104217 - std::panicking::try::do_call::h9057517f80303cd4
[INFO] [stdout]                                at /rustc/82e1608dfa6e0b5569232559e3d385fea5a93112/library/std/src/panicking.rs:552:40
[INFO] [stdout]   59:     0x561722104217 - std::panicking::try::he3a30b11ee45340c
[INFO] [stdout]                                at /rustc/82e1608dfa6e0b5569232559e3d385fea5a93112/library/std/src/panicking.rs:516:19
[INFO] [stdout]   60:     0x561722104217 - std::panic::catch_unwind::h410458cfd3528b8b
[INFO] [stdout]                                at /rustc/82e1608dfa6e0b5569232559e3d385fea5a93112/library/std/src/panic.rs:142:14
[INFO] [stdout]   61:     0x561722104217 - std::thread::Builder::spawn_unchecked_::{{closure}}::h72ac3bdb567b737b
[INFO] [stdout]                                at /rustc/82e1608dfa6e0b5569232559e3d385fea5a93112/library/std/src/thread/mod.rs:528:30
[INFO] [stdout]   62:     0x561722104217 - core::ops::function::FnOnce::call_once{{vtable.shim}}::h38f34da3654a8344
[INFO] [stdout]                                at /rustc/82e1608dfa6e0b5569232559e3d385fea5a93112/library/core/src/ops/function.rs:250:5
[INFO] [stdout]   63:     0x5617225f3cf5 - <alloc::boxed::Box<F,A> as core::ops::function::FnOnce<Args>>::call_once::hc7eafaff61e32df9
[INFO] [stdout]                                at /rustc/82e1608dfa6e0b5569232559e3d385fea5a93112/library/alloc/src/boxed.rs:2007:9
[INFO] [stdout]   64:     0x5617225f3cf5 - <alloc::boxed::Box<F,A> as core::ops::function::FnOnce<Args>>::call_once::h6ba4a5de48dd2304
[INFO] [stdout]                                at /rustc/82e1608dfa6e0b5569232559e3d385fea5a93112/library/alloc/src/boxed.rs:2007:9
[INFO] [stdout]   65:     0x5617225f3cf5 - std::sys::unix::thread::Thread::new::thread_start::he469335aef763e45
[INFO] [stdout]                                at /rustc/82e1608dfa6e0b5569232559e3d385fea5a93112/library/std/src/sys/unix/thread.rs:108:17
[INFO] [stdout]   66:     0x7fa02da59ac3 - <unknown>
[INFO] [stdout]   67:     0x7fa02daeabf4 - __clone
[INFO] [stdout]   68:                0x0 - <unknown>
[INFO] [stdout] 
[INFO] [stdout] ---- common::transport::tcp::tests::should_be_able_to_read_and_write_data stdout ----
[INFO] [stdout] thread 'common::transport::tcp::tests::should_be_able_to_read_and_write_data' panicked at src/common/transport/tcp.rs:93:14:
[INFO] [stdout] Failed to bind on an ephemeral port: Os { code: 99, kind: AddrNotAvailable, message: "Cannot assign requested address" }
[INFO] [stdout] stack backtrace:
[INFO] [stdout]    0:     0x5617225ecd9c - std::backtrace_rs::backtrace::libunwind::trace::ha637c64ce894333a
[INFO] [stdout]                                at /rustc/82e1608dfa6e0b5569232559e3d385fea5a93112/library/std/src/../../backtrace/src/backtrace/libunwind.rs:104:5
[INFO] [stdout]    1:     0x5617225ecd9c - std::backtrace_rs::backtrace::trace_unsynchronized::h47f62dea28e0c88d
[INFO] [stdout]                                at /rustc/82e1608dfa6e0b5569232559e3d385fea5a93112/library/std/src/../../backtrace/src/backtrace/mod.rs:66:5
[INFO] [stdout]    2:     0x5617225ecd9c - std::sys_common::backtrace::_print_fmt::h9eef0abe20ede486
[INFO] [stdout]                                at /rustc/82e1608dfa6e0b5569232559e3d385fea5a93112/library/std/src/sys_common/backtrace.rs:67:5
[INFO] [stdout]    3:     0x5617225ecd9c - <std::sys_common::backtrace::_print::DisplayBacktrace as core::fmt::Display>::fmt::hed7f999df88cc644
[INFO] [stdout]                                at /rustc/82e1608dfa6e0b5569232559e3d385fea5a93112/library/std/src/sys_common/backtrace.rs:44:22
[INFO] [stdout]    4:     0x56172261ad90 - core::fmt::rt::Argument::fmt::h1539a9308b8d058d
[INFO] [stdout]                                at /rustc/82e1608dfa6e0b5569232559e3d385fea5a93112/library/core/src/fmt/rt.rs:142:9
[INFO] [stdout]    5:     0x56172261ad90 - core::fmt::write::h3a39390d8560d9c9
[INFO] [stdout]                                at /rustc/82e1608dfa6e0b5569232559e3d385fea5a93112/library/core/src/fmt/mod.rs:1120:17
[INFO] [stdout]    6:     0x5617225ea33f - std::io::Write::write_fmt::h040b369f3a0f9cbc
[INFO] [stdout]                                at /rustc/82e1608dfa6e0b5569232559e3d385fea5a93112/library/std/src/io/mod.rs:1762:15
[INFO] [stdout]    7:     0x5617225ecb84 - std::sys_common::backtrace::_print::h894006fb5c6f3d45
[INFO] [stdout]                                at /rustc/82e1608dfa6e0b5569232559e3d385fea5a93112/library/std/src/sys_common/backtrace.rs:47:5
[INFO] [stdout]    8:     0x5617225ecb84 - std::sys_common::backtrace::print::h23a2d212c6fff936
[INFO] [stdout]                                at /rustc/82e1608dfa6e0b5569232559e3d385fea5a93112/library/std/src/sys_common/backtrace.rs:34:9
[INFO] [stdout]    9:     0x5617225ee847 - std::panicking::default_hook::{{closure}}::h8a1d2ee00185001a
[INFO] [stdout]   10:     0x5617225ee533 - std::panicking::default_hook::h6038f2eba384e475
[INFO] [stdout]                                at /rustc/82e1608dfa6e0b5569232559e3d385fea5a93112/library/std/src/panicking.rs:289:9
[INFO] [stdout]   11:     0x561722132837 - <alloc::boxed::Box<F,A> as core::ops::function::Fn<Args>>::call::h0ad024c9bdc6d768
[INFO] [stdout]                                at /rustc/82e1608dfa6e0b5569232559e3d385fea5a93112/library/alloc/src/boxed.rs:2021:9
[INFO] [stdout]   12:     0x561722132837 - test::test_main::{{closure}}::h7500b54257359db6
[INFO] [stdout]                                at /rustc/82e1608dfa6e0b5569232559e3d385fea5a93112/library/test/src/lib.rs:138:21
[INFO] [stdout]   13:     0x5617225eee58 - <alloc::boxed::Box<F,A> as core::ops::function::Fn<Args>>::call::h1f8f335eaa9cfaee
[INFO] [stdout]                                at /rustc/82e1608dfa6e0b5569232559e3d385fea5a93112/library/alloc/src/boxed.rs:2021:9
[INFO] [stdout]   14:     0x5617225eee58 - std::panicking::rust_panic_with_hook::h2b5517d590cab22e
[INFO] [stdout]                                at /rustc/82e1608dfa6e0b5569232559e3d385fea5a93112/library/std/src/panicking.rs:783:13
[INFO] [stdout]   15:     0x5617225eebae - std::panicking::begin_panic_handler::{{closure}}::h233112c06e0ef43e
[INFO] [stdout]                                at /rustc/82e1608dfa6e0b5569232559e3d385fea5a93112/library/std/src/panicking.rs:657:13
[INFO] [stdout]   16:     0x5617225ed266 - std::sys_common::backtrace::__rust_end_short_backtrace::h6e893f24d7ebbff8
[INFO] [stdout]                                at /rustc/82e1608dfa6e0b5569232559e3d385fea5a93112/library/std/src/sys_common/backtrace.rs:170:18
[INFO] [stdout]   17:     0x5617225ee912 - rust_begin_unwind
[INFO] [stdout]                                at /rustc/82e1608dfa6e0b5569232559e3d385fea5a93112/library/std/src/panicking.rs:645:5
[INFO] [stdout]   18:     0x5617214c94e5 - core::panicking::panic_fmt::hbf0e066aabfa482c
[INFO] [stdout]                                at /rustc/82e1608dfa6e0b5569232559e3d385fea5a93112/library/core/src/panicking.rs:72:14
[INFO] [stdout]   19:     0x5617214c9b13 - core::result::unwrap_failed::hddb4fea594200c52
[INFO] [stdout]                                at /rustc/82e1608dfa6e0b5569232559e3d385fea5a93112/library/core/src/result.rs:1653:5
[INFO] [stdout]   20:     0x561721d0477f - core::result::Result<T,E>::expect::hb9e8995c1a7338f6
[INFO] [stdout]                                at /rustc/82e1608dfa6e0b5569232559e3d385fea5a93112/library/core/src/result.rs:1034:23
[INFO] [stdout]   21:     0x561721c3325a - distant_net::common::transport::tcp::tests::find_ephemeral_addr::{{closure}}::hd7104efd3c48e2a6
[INFO] [stdout]                                at /opt/rustwide/workdir/src/common/transport/tcp.rs:91:24
[INFO] [stdout]   22:     0x561721c3358f - distant_net::common::transport::tcp::tests::start_and_run_server::{{closure}}::h6fb42aba974a3602
[INFO] [stdout]                                at /opt/rustwide/workdir/src/common/transport/tcp.rs:104:42
[INFO] [stdout]   23:     0x5617218ec2f9 - tokio::runtime::task::core::Core<T,S>::poll::{{closure}}::h675a1f443a6b8a87
[INFO] [stdout]                                at /opt/rustwide/cargo-home/registry/src/index.crates.io-6f17d22bba15001f/tokio-1.35.1/src/runtime/task/core.rs:328:17
[INFO] [stdout]   24:     0x5617218c51b1 - tokio::loom::std::unsafe_cell::UnsafeCell<T>::with_mut::hcc1b3bd0159fdfa6
[INFO] [stdout]                                at /opt/rustwide/cargo-home/registry/src/index.crates.io-6f17d22bba15001f/tokio-1.35.1/src/loom/std/unsafe_cell.rs:16:9
[INFO] [stdout]   25:     0x5617218c51b1 - tokio::runtime::task::core::Core<T,S>::poll::h73271d8a1f66065c
[INFO] [stdout]                                at /opt/rustwide/cargo-home/registry/src/index.crates.io-6f17d22bba15001f/tokio-1.35.1/src/runtime/task/core.rs:317:13
[INFO] [stdout]   26:     0x5617215511f1 - tokio::runtime::task::harness::poll_future::{{closure}}::hffaa1869d155b341
[INFO] [stdout]                                at /opt/rustwide/cargo-home/registry/src/index.crates.io-6f17d22bba15001f/tokio-1.35.1/src/runtime/task/harness.rs:485:19
[INFO] [stdout]   27:     0x561721d9fcc3 - <core::panic::unwind_safe::AssertUnwindSafe<F> as core::ops::function::FnOnce<()>>::call_once::hac81e18763293fcb
[INFO] [stdout]                                at /rustc/82e1608dfa6e0b5569232559e3d385fea5a93112/library/core/src/panic/unwind_safe.rs:272:9
[INFO] [stdout]   28:     0x5617216b1445 - std::panicking::try::do_call::h59b42466141fdf8f
[INFO] [stdout]                                at /rustc/82e1608dfa6e0b5569232559e3d385fea5a93112/library/std/src/panicking.rs:552:40
[INFO] [stdout]   29:     0x56172171e93b - __rust_try
[INFO] [stdout]   30:     0x561721657588 - std::panicking::try::h3a606fa5780f87ff
[INFO] [stdout]                                at /rustc/82e1608dfa6e0b5569232559e3d385fea5a93112/library/std/src/panicking.rs:516:19
[INFO] [stdout]   31:     0x561721e282fa - std::panic::catch_unwind::ha0b5278dbd358ad4
[INFO] [stdout]                                at /rustc/82e1608dfa6e0b5569232559e3d385fea5a93112/library/std/src/panic.rs:142:14
[INFO] [stdout]   32:     0x5617214ed7ee - tokio::runtime::task::harness::poll_future::h2bb11c1ca8c708db
[INFO] [stdout]                                at /opt/rustwide/cargo-home/registry/src/index.crates.io-6f17d22bba15001f/tokio-1.35.1/src/runtime/task/harness.rs:473:18
[INFO] [stdout]   33:     0x561721553cfa - tokio::runtime::task::harness::Harness<T,S>::poll_inner::h040b71e413701b4d
[INFO] [stdout]                                at /opt/rustwide/cargo-home/registry/src/index.crates.io-6f17d22bba15001f/tokio-1.35.1/src/runtime/task/harness.rs:208:27
[INFO] [stdout]   34:     0x5617215c1df3 - tokio::runtime::task::harness::Harness<T,S>::poll::h2a5fbf11f6dfea24
[INFO] [stdout]                                at /opt/rustwide/cargo-home/registry/src/index.crates.io-6f17d22bba15001f/tokio-1.35.1/src/runtime/task/harness.rs:153:15
[INFO] [stdout]   35:     0x561721b2725b - tokio::runtime::task::raw::poll::hda89c6313531955a
[INFO] [stdout]                                at /opt/rustwide/cargo-home/registry/src/index.crates.io-6f17d22bba15001f/tokio-1.35.1/src/runtime/task/raw.rs:271:5
[INFO] [stdout]   36:     0x5617222071e7 - tokio::runtime::task::raw::RawTask::poll::h2b877bf6ec51cf59
[INFO] [stdout]                                at /opt/rustwide/cargo-home/registry/src/index.crates.io-6f17d22bba15001f/tokio-1.35.1/src/runtime/task/raw.rs:201:18
[INFO] [stdout]   37:     0x561721db9961 - tokio::runtime::task::LocalNotified<S>::run::hb5b9fdcdb9240e0c
[INFO] [stdout]                                at /opt/rustwide/cargo-home/registry/src/index.crates.io-6f17d22bba15001f/tokio-1.35.1/src/runtime/task/mod.rs:416:9
[INFO] [stdout]   38:     0x561721d6b42a - tokio::runtime::scheduler::current_thread::CoreGuard::block_on::{{closure}}::{{closure}}::he5c01de2530ad0a1
[INFO] [stdout]                                at /opt/rustwide/cargo-home/registry/src/index.crates.io-6f17d22bba15001f/tokio-1.35.1/src/runtime/scheduler/current_thread/mod.rs:706:25
[INFO] [stdout]   39:     0x561721d6a3c3 - tokio::runtime::coop::with_budget::h7f2e84046883a6bd
[INFO] [stdout]                                at /opt/rustwide/cargo-home/registry/src/index.crates.io-6f17d22bba15001f/tokio-1.35.1/src/runtime/coop.rs:107:5
[INFO] [stdout]   40:     0x561721d6a3c3 - tokio::runtime::coop::budget::h9ecba4bc3cac8167
[INFO] [stdout]                                at /opt/rustwide/cargo-home/registry/src/index.crates.io-6f17d22bba15001f/tokio-1.35.1/src/runtime/coop.rs:73:5
[INFO] [stdout]   41:     0x561721d6a3c3 - tokio::runtime::scheduler::current_thread::Context::run_task::{{closure}}::h5715639191179074
[INFO] [stdout]                                at /opt/rustwide/cargo-home/registry/src/index.crates.io-6f17d22bba15001f/tokio-1.35.1/src/runtime/scheduler/current_thread/mod.rs:343:43
[INFO] [stdout]   42:     0x561721d6a046 - tokio::runtime::scheduler::current_thread::Context::enter::hbbe5c31bb342f915
[INFO] [stdout]                                at /opt/rustwide/cargo-home/registry/src/index.crates.io-6f17d22bba15001f/tokio-1.35.1/src/runtime/scheduler/current_thread/mod.rs:410:19
[INFO] [stdout]   43:     0x561721d6a24b - tokio::runtime::scheduler::current_thread::Context::run_task::h66ff9dd951c159ac
[INFO] [stdout]                                at /opt/rustwide/cargo-home/registry/src/index.crates.io-6f17d22bba15001f/tokio-1.35.1/src/runtime/scheduler/current_thread/mod.rs:343:23
[INFO] [stdout]   44:     0x561721d6b1a0 - tokio::runtime::scheduler::current_thread::CoreGuard::block_on::{{closure}}::h2e160a59a8a4a45f
[INFO] [stdout]                                at /opt/rustwide/cargo-home/registry/src/index.crates.io-6f17d22bba15001f/tokio-1.35.1/src/runtime/scheduler/current_thread/mod.rs:705:35
[INFO] [stdout]   45:     0x561721d6a89b - tokio::runtime::scheduler::current_thread::CoreGuard::enter::{{closure}}::h54bee766e1c95ba6
[INFO] [stdout]                                at /opt/rustwide/cargo-home/registry/src/index.crates.io-6f17d22bba15001f/tokio-1.35.1/src/runtime/scheduler/current_thread/mod.rs:743:68
[INFO] [stdout]   46:     0x561721dd8a6b - tokio::runtime::context::scoped::Scoped<T>::set::h93130f4d8843b5db
[INFO] [stdout]                                at /opt/rustwide/cargo-home/registry/src/index.crates.io-6f17d22bba15001f/tokio-1.35.1/src/runtime/context/scoped.rs:40:9
[INFO] [stdout]   47:     0x561721abff69 - tokio::runtime::context::set_scheduler::{{closure}}::h15d86663eb727ab3
[INFO] [stdout]                                at /opt/rustwide/cargo-home/registry/src/index.crates.io-6f17d22bba15001f/tokio-1.35.1/src/runtime/context.rs:176:26
[INFO] [stdout]   48:     0x561721c9be86 - std::thread::local::LocalKey<T>::try_with::hcd66ae735368e21d
[INFO] [stdout]                                at /rustc/82e1608dfa6e0b5569232559e3d385fea5a93112/library/std/src/thread/local.rs:270:16
[INFO] [stdout]   49:     0x561721c8746a - std::thread::local::LocalKey<T>::with::h16501f0058e621a8
[INFO] [stdout]                                at /rustc/82e1608dfa6e0b5569232559e3d385fea5a93112/library/std/src/thread/local.rs:246:9
[INFO] [stdout]   50:     0x561721abff1d - tokio::runtime::context::set_scheduler::h4c27d31f9dce3b0f
[INFO] [stdout]                                at /opt/rustwide/cargo-home/registry/src/index.crates.io-6f17d22bba15001f/tokio-1.35.1/src/runtime/context.rs:176:9
[INFO] [stdout]   51:     0x561721d6a630 - tokio::runtime::scheduler::current_thread::CoreGuard::enter::h25245f18fa2e0c0c
[INFO] [stdout]                                at /opt/rustwide/cargo-home/registry/src/index.crates.io-6f17d22bba15001f/tokio-1.35.1/src/runtime/scheduler/current_thread/mod.rs:743:27
[INFO] [stdout]   52:     0x561721d6a8cd - tokio::runtime::scheduler::current_thread::CoreGuard::block_on::h1017dd17a085beb7
[INFO] [stdout]                                at /opt/rustwide/cargo-home/registry/src/index.crates.io-6f17d22bba15001f/tokio-1.35.1/src/runtime/scheduler/current_thread/mod.rs:652:19
[INFO] [stdout]   53:     0x561721d40bcd - tokio::runtime::scheduler::current_thread::CurrentThread::block_on::{{closure}}::hfeb7701f263cc476
[INFO] [stdout]                                at /opt/rustwide/cargo-home/registry/src/index.crates.io-6f17d22bba15001f/tokio-1.35.1/src/runtime/scheduler/current_thread/mod.rs:175:28
[INFO] [stdout]   54:     0x561721e415da - tokio::runtime::context::runtime::enter_runtime::h72a2ac5594f44708
[INFO] [stdout]                                at /opt/rustwide/cargo-home/registry/src/index.crates.io-6f17d22bba15001f/tokio-1.35.1/src/runtime/context/runtime.rs:65:16
[INFO] [stdout]   55:     0x561721d40ae0 - tokio::runtime::scheduler::current_thread::CurrentThread::block_on::hd47b473421769d64
[INFO] [stdout]                                at /opt/rustwide/cargo-home/registry/src/index.crates.io-6f17d22bba15001f/tokio-1.35.1/src/runtime/scheduler/current_thread/mod.rs:167:9
[INFO] [stdout]   56:     0x561721ef61dd - tokio::runtime::runtime::Runtime::block_on::hd285d17e80ffed71
[INFO] [stdout]                                at /opt/rustwide/cargo-home/registry/src/index.crates.io-6f17d22bba15001f/tokio-1.35.1/src/runtime/runtime.rs:348:47
[INFO] [stdout]   57:     0x561721c680f8 - distant_net::common::transport::tcp::tests::should_be_able_to_read_and_write_data::h9593cfe9a9100838
[INFO] [stdout]                                at /opt/rustwide/workdir/src/common/transport/tcp.rs:145:54
[INFO] [stdout]   58:     0x561721c67f87 - distant_net::common::transport::tcp::tests::should_be_able_to_read_and_write_data::{{closure}}::h720eed62e68500e4
[INFO] [stdout]                                at /opt/rustwide/workdir/src/common/transport/tcp.rs:145:53
[INFO] [stdout]   59:     0x56172172a396 - core::ops::function::FnOnce::call_once::h4003ed73531aa4ba
[INFO] [stdout]                                at /rustc/82e1608dfa6e0b5569232559e3d385fea5a93112/library/core/src/ops/function.rs:250:5
[INFO] [stdout]   60:     0x561722137e8f - core::ops::function::FnOnce::call_once::h2b5d431d5046312d
[INFO] [stdout]                                at /rustc/82e1608dfa6e0b5569232559e3d385fea5a93112/library/core/src/ops/function.rs:250:5
[INFO] [stdout]   61:     0x561722137e8f - test::__rust_begin_short_backtrace::h7714669af176e207
[INFO] [stdout]                                at /rustc/82e1608dfa6e0b5569232559e3d385fea5a93112/library/test/src/lib.rs:628:18
[INFO] [stdout]   62:     0x561722136ea5 - test::run_test_in_process::{{closure}}::h85218797dcbcec12
[INFO] [stdout]                                at /rustc/82e1608dfa6e0b5569232559e3d385fea5a93112/library/test/src/lib.rs:651:60
[INFO] [stdout]   63:     0x561722136ea5 - <core::panic::unwind_safe::AssertUnwindSafe<F> as core::ops::function::FnOnce<()>>::call_once::h76c106ea31c14d7b
[INFO] [stdout]                                at /rustc/82e1608dfa6e0b5569232559e3d385fea5a93112/library/core/src/panic/unwind_safe.rs:272:9
[INFO] [stdout]   64:     0x561722136ea5 - std::panicking::try::do_call::h3bd5d0f6620ee946
[INFO] [stdout]                                at /rustc/82e1608dfa6e0b5569232559e3d385fea5a93112/library/std/src/panicking.rs:552:40
[INFO] [stdout]   65:     0x561722136ea5 - std::panicking::try::h232e535e4744fe31
[INFO] [stdout]                                at /rustc/82e1608dfa6e0b5569232559e3d385fea5a93112/library/std/src/panicking.rs:516:19
[INFO] [stdout]   66:     0x561722136ea5 - std::panic::catch_unwind::h3ce3bd6ca8dbac68
[INFO] [stdout]                                at /rustc/82e1608dfa6e0b5569232559e3d385fea5a93112/library/std/src/panic.rs:142:14
[INFO] [stdout]   67:     0x561722136ea5 - test::run_test_in_process::hc97b257c9621286a
[INFO] [stdout]                                at /rustc/82e1608dfa6e0b5569232559e3d385fea5a93112/library/test/src/lib.rs:651:27
[INFO] [stdout]   68:     0x561722136ea5 - test::run_test::{{closure}}::h2aa798823a438d38
[INFO] [stdout]                                at /rustc/82e1608dfa6e0b5569232559e3d385fea5a93112/library/test/src/lib.rs:574:43
[INFO] [stdout]   69:     0x5617220ff166 - test::run_test::{{closure}}::h87d231c78fb59832
[INFO] [stdout]                                at /rustc/82e1608dfa6e0b5569232559e3d385fea5a93112/library/test/src/lib.rs:602:41
[INFO] [stdout]   70:     0x5617220ff166 - std::sys_common::backtrace::__rust_begin_short_backtrace::he6df152596625789
[INFO] [stdout]                                at /rustc/82e1608dfa6e0b5569232559e3d385fea5a93112/library/std/src/sys_common/backtrace.rs:154:18
[INFO] [stdout]   71:     0x561722104217 - std::thread::Builder::spawn_unchecked_::{{closure}}::{{closure}}::ha94be15d1e0acf36
[INFO] [stdout]                                at /rustc/82e1608dfa6e0b5569232559e3d385fea5a93112/library/std/src/thread/mod.rs:529:17
[INFO] [stdout]   72:     0x561722104217 - <core::panic::unwind_safe::AssertUnwindSafe<F> as core::ops::function::FnOnce<()>>::call_once::h9dc6bd6372f16606
[INFO] [stdout]                                at /rustc/82e1608dfa6e0b5569232559e3d385fea5a93112/library/core/src/panic/unwind_safe.rs:272:9
[INFO] [stdout]   73:     0x561722104217 - std::panicking::try::do_call::h9057517f80303cd4
[INFO] [stdout]                                at /rustc/82e1608dfa6e0b5569232559e3d385fea5a93112/library/std/src/panicking.rs:552:40
[INFO] [stdout]   74:     0x561722104217 - std::panicking::try::he3a30b11ee45340c
[INFO] [stdout]                                at /rustc/82e1608dfa6e0b5569232559e3d385fea5a93112/library/std/src/panicking.rs:516:19
[INFO] [stdout]   75:     0x561722104217 - std::panic::catch_unwind::h410458cfd3528b8b
[INFO] [stdout]                                at /rustc/82e1608dfa6e0b5569232559e3d385fea5a93112/library/std/src/panic.rs:142:14
[INFO] [stdout]   76:     0x561722104217 - std::thread::Builder::spawn_unchecked_::{{closure}}::h72ac3bdb567b737b
[INFO] [stdout]                                at /rustc/82e1608dfa6e0b5569232559e3d385fea5a93112/library/std/src/thread/mod.rs:528:30
[INFO] [stdout]   77:     0x561722104217 - core::ops::function::FnOnce::call_once{{vtable.shim}}::h38f34da3654a8344
[INFO] [stdout]                                at /rustc/82e1608dfa6e0b5569232559e3d385fea5a93112/library/core/src/ops/function.rs:250:5
[INFO] [stdout]   78:     0x5617225f3cf5 - <alloc::boxed::Box<F,A> as core::ops::function::FnOnce<Args>>::call_once::hc7eafaff61e32df9
[INFO] [stdout]                                at /rustc/82e1608dfa6e0b5569232559e3d385fea5a93112/library/alloc/src/boxed.rs:2007:9
[INFO] [stdout]   79:     0x5617225f3cf5 - <alloc::boxed::Box<F,A> as core::ops::function::FnOnce<Args>>::call_once::h6ba4a5de48dd2304
[INFO] [stdout]                                at /rustc/82e1608dfa6e0b5569232559e3d385fea5a93112/library/alloc/src/boxed.rs:2007:9
[INFO] [stdout]   80:     0x5617225f3cf5 - std::sys::unix::thread::Thread::new::thread_start::he469335aef763e45
[INFO] [stdout]                                at /rustc/82e1608dfa6e0b5569232559e3d385fea5a93112/library/std/src/sys/unix/thread.rs:108:17
[INFO] [stdout]   81:     0x7fa02da59ac3 - <unknown>
[INFO] [stdout]   82:     0x7fa02daeabf4 - __clone
[INFO] [stdout]   83:                0x0 - <unknown>
[INFO] [stdout] thread 'common::transport::tcp::tests::should_be_able_to_read_and_write_data' panicked at src/common/transport/tcp.rs:153:29:
[INFO] [stdout] Failed to get server server address: RecvError(())
[INFO] [stdout] stack backtrace:
[INFO] [stdout]    0:     0x5617225ecd9c - std::backtrace_rs::backtrace::libunwind::trace::ha637c64ce894333a
[INFO] [stdout]                                at /rustc/82e1608dfa6e0b5569232559e3d385fea5a93112/library/std/src/../../backtrace/src/backtrace/libunwind.rs:104:5
[INFO] [stdout]    1:     0x5617225ecd9c - std::backtrace_rs::backtrace::trace_unsynchronized::h47f62dea28e0c88d
[INFO] [stdout]                                at /rustc/82e1608dfa6e0b5569232559e3d385fea5a93112/library/std/src/../../backtrace/src/backtrace/mod.rs:66:5
[INFO] [stdout]    2:     0x5617225ecd9c - std::sys_common::backtrace::_print_fmt::h9eef0abe20ede486
[INFO] [stdout]                                at /rustc/82e1608dfa6e0b5569232559e3d385fea5a93112/library/std/src/sys_common/backtrace.rs:67:5
[INFO] [stdout]    3:     0x5617225ecd9c - <std::sys_common::backtrace::_print::DisplayBacktrace as core::fmt::Display>::fmt::hed7f999df88cc644
[INFO] [stdout]                                at /rustc/82e1608dfa6e0b5569232559e3d385fea5a93112/library/std/src/sys_common/backtrace.rs:44:22
[INFO] [stdout]    4:     0x56172261ad90 - core::fmt::rt::Argument::fmt::h1539a9308b8d058d
[INFO] [stdout]                                at /rustc/82e1608dfa6e0b5569232559e3d385fea5a93112/library/core/src/fmt/rt.rs:142:9
[INFO] [stdout]    5:     0x56172261ad90 - core::fmt::write::h3a39390d8560d9c9
[INFO] [stdout]                                at /rustc/82e1608dfa6e0b5569232559e3d385fea5a93112/library/core/src/fmt/mod.rs:1120:17
[INFO] [stdout]    6:     0x5617225ea33f - std::io::Write::write_fmt::h040b369f3a0f9cbc
[INFO] [stdout]                                at /rustc/82e1608dfa6e0b5569232559e3d385fea5a93112/library/std/src/io/mod.rs:1762:15
[INFO] [stdout]    7:     0x5617225ecb84 - std::sys_common::backtrace::_print::h894006fb5c6f3d45
[INFO] [stdout]                                at /rustc/82e1608dfa6e0b5569232559e3d385fea5a93112/library/std/src/sys_common/backtrace.rs:47:5
[INFO] [stdout]    8:     0x5617225ecb84 - std::sys_common::backtrace::print::h23a2d212c6fff936
[INFO] [stdout]                                at /rustc/82e1608dfa6e0b5569232559e3d385fea5a93112/library/std/src/sys_common/backtrace.rs:34:9
[INFO] [stdout]    9:     0x5617225ee847 - std::panicking::default_hook::{{closure}}::h8a1d2ee00185001a
[INFO] [stdout]   10:     0x5617225ee533 - std::panicking::default_hook::h6038f2eba384e475
[INFO] [stdout]                                at /rustc/82e1608dfa6e0b5569232559e3d385fea5a93112/library/std/src/panicking.rs:289:9
[INFO] [stdout]   11:     0x561722132837 - <alloc::boxed::Box<F,A> as core::ops::function::Fn<Args>>::call::h0ad024c9bdc6d768
[INFO] [stdout]                                at /rustc/82e1608dfa6e0b5569232559e3d385fea5a93112/library/alloc/src/boxed.rs:2021:9
[INFO] [stdout]   12:     0x561722132837 - test::test_main::{{closure}}::h7500b54257359db6
[INFO] [stdout]                                at /rustc/82e1608dfa6e0b5569232559e3d385fea5a93112/library/test/src/lib.rs:138:21
[INFO] [stdout]   13:     0x5617225eee58 - <alloc::boxed::Box<F,A> as core::ops::function::Fn<Args>>::call::h1f8f335eaa9cfaee
[INFO] [stdout]                                at /rustc/82e1608dfa6e0b5569232559e3d385fea5a93112/library/alloc/src/boxed.rs:2021:9
[INFO] [stdout]   14:     0x5617225eee58 - std::panicking::rust_panic_with_hook::h2b5517d590cab22e
[INFO] [stdout]                                at /rustc/82e1608dfa6e0b5569232559e3d385fea5a93112/library/std/src/panicking.rs:783:13
[INFO] [stdout]   15:     0x5617225eebae - std::panicking::begin_panic_handler::{{closure}}::h233112c06e0ef43e
[INFO] [stdout]                                at /rustc/82e1608dfa6e0b5569232559e3d385fea5a93112/library/std/src/panicking.rs:657:13
[INFO] [stdout]   16:     0x5617225ed266 - std::sys_common::backtrace::__rust_end_short_backtrace::h6e893f24d7ebbff8
[INFO] [stdout]                                at /rustc/82e1608dfa6e0b5569232559e3d385fea5a93112/library/std/src/sys_common/backtrace.rs:170:18
[INFO] [stdout]   17:     0x5617225ee912 - rust_begin_unwind
[INFO] [stdout]                                at /rustc/82e1608dfa6e0b5569232559e3d385fea5a93112/library/std/src/panicking.rs:645:5
[INFO] [stdout]   18:     0x5617214c94e5 - core::panicking::panic_fmt::hbf0e066aabfa482c
[INFO] [stdout]                                at /rustc/82e1608dfa6e0b5569232559e3d385fea5a93112/library/core/src/panicking.rs:72:14
[INFO] [stdout]   19:     0x5617214c9b13 - core::result::unwrap_failed::hddb4fea594200c52
[INFO] [stdout]                                at /rustc/82e1608dfa6e0b5569232559e3d385fea5a93112/library/core/src/result.rs:1653:5
[INFO] [stdout]   20:     0x561721d03a95 - core::result::Result<T,E>::expect::h426dd14e9186c6a8
[INFO] [stdout]                                at /rustc/82e1608dfa6e0b5569232559e3d385fea5a93112/library/core/src/result.rs:1034:23
[INFO] [stdout]   21:     0x561721c68578 - distant_net::common::transport::tcp::tests::should_be_able_to_read_and_write_data::{{closure}}::h9d149ddb22d5fdee
[INFO] [stdout]                                at /opt/rustwide/workdir/src/common/transport/tcp.rs:153:20
[INFO] [stdout]   22:     0x561721ce8818 - <core::pin::Pin<P> as core::future::future::Future>::poll::hb1c68714a2162c3e
[INFO] [stdout]                                at /rustc/82e1608dfa6e0b5569232559e3d385fea5a93112/library/core/src/future/future.rs:125:9
[INFO] [stdout]   23:     0x561721ce82fb - <core::pin::Pin<P> as core::future::future::Future>::poll::h92abe25f5a5e90f8
[INFO] [stdout]                                at /rustc/82e1608dfa6e0b5569232559e3d385fea5a93112/library/core/src/future/future.rs:125:9
[INFO] [stdout]   24:     0x561721d6b464 - tokio::runtime::scheduler::current_thread::CoreGuard::block_on::{{closure}}::{{closure}}::{{closure}}::h12d7bbcbbd17d9c6
[INFO] [stdout]                                at /opt/rustwide/cargo-home/registry/src/index.crates.io-6f17d22bba15001f/tokio-1.35.1/src/runtime/scheduler/current_thread/mod.rs:665:57
[INFO] [stdout]   25:     0x561721d6b38a - tokio::runtime::coop::with_budget::h9aca6ad74f1cf948
[INFO] [stdout]                                at /opt/rustwide/cargo-home/registry/src/index.crates.io-6f17d22bba15001f/tokio-1.35.1/src/runtime/coop.rs:107:5
[INFO] [stdout]   26:     0x561721d6b38a - tokio::runtime::coop::budget::h9c3ac98c3b768744
[INFO] [stdout]                                at /opt/rustwide/cargo-home/registry/src/index.crates.io-6f17d22bba15001f/tokio-1.35.1/src/runtime/coop.rs:73:5
[INFO] [stdout]   27:     0x561721d6b38a - tokio::runtime::scheduler::current_thread::CoreGuard::block_on::{{closure}}::{{closure}}::h1b06c3c7711c4ab6
[INFO] [stdout]                                at /opt/rustwide/cargo-home/registry/src/index.crates.io-6f17d22bba15001f/tokio-1.35.1/src/runtime/scheduler/current_thread/mod.rs:665:25
[INFO] [stdout]   28:     0x561721d69d1c - tokio::runtime::scheduler::current_thread::Context::enter::h558db743628a716c
[INFO] [stdout]                                at /opt/rustwide/cargo-home/registry/src/index.crates.io-6f17d22bba15001f/tokio-1.35.1/src/runtime/scheduler/current_thread/mod.rs:410:19
[INFO] [stdout]   29:     0x561721d6ab8e - tokio::runtime::scheduler::current_thread::CoreGuard::block_on::{{closure}}::h2e160a59a8a4a45f
[INFO] [stdout]                                at /opt/rustwide/cargo-home/registry/src/index.crates.io-6f17d22bba15001f/tokio-1.35.1/src/runtime/scheduler/current_thread/mod.rs:664:36
[INFO] [stdout]   30:     0x561721d6a89b - tokio::runtime::scheduler::current_thread::CoreGuard::enter::{{closure}}::h54bee766e1c95ba6
[INFO] [stdout]                                at /opt/rustwide/cargo-home/registry/src/index.crates.io-6f17d22bba15001f/tokio-1.35.1/src/runtime/scheduler/current_thread/mod.rs:743:68
[INFO] [stdout]   31:     0x561721dd8a6b - tokio::runtime::context::scoped::Scoped<T>::set::h93130f4d8843b5db
[INFO] [stdout]                                at /opt/rustwide/cargo-home/registry/src/index.crates.io-6f17d22bba15001f/tokio-1.35.1/src/runtime/context/scoped.rs:40:9
[INFO] [stdout]   32:     0x561721abff69 - tokio::runtime::context::set_scheduler::{{closure}}::h15d86663eb727ab3
[INFO] [stdout]                                at /opt/rustwide/cargo-home/registry/src/index.crates.io-6f17d22bba15001f/tokio-1.35.1/src/runtime/context.rs:176:26
[INFO] [stdout]   33:     0x561721c9be86 - std::thread::local::LocalKey<T>::try_with::hcd66ae735368e21d
[INFO] [stdout]                                at /rustc/82e1608dfa6e0b5569232559e3d385fea5a93112/library/std/src/thread/local.rs:270:16
[INFO] [stdout]   34:     0x561721c8746a - std::thread::local::LocalKey<T>::with::h16501f0058e621a8
[INFO] [stdout]                                at /rustc/82e1608dfa6e0b5569232559e3d385fea5a93112/library/std/src/thread/local.rs:246:9
[INFO] [stdout]   35:     0x561721abff1d - tokio::runtime::context::set_scheduler::h4c27d31f9dce3b0f
[INFO] [stdout]                                at /opt/rustwide/cargo-home/registry/src/index.crates.io-6f17d22bba15001f/tokio-1.35.1/src/runtime/context.rs:176:9
[INFO] [stdout]   36:     0x561721d6a630 - tokio::runtime::scheduler::current_thread::CoreGuard::enter::h25245f18fa2e0c0c
[INFO] [stdout]                                at /opt/rustwide/cargo-home/registry/src/index.crates.io-6f17d22bba15001f/tokio-1.35.1/src/runtime/scheduler/current_thread/mod.rs:743:27
[INFO] [stdout]   37:     0x561721d6a8cd - tokio::runtime::scheduler::current_thread::CoreGuard::block_on::h1017dd17a085beb7
[INFO] [stdout]                                at /opt/rustwide/cargo-home/registry/src/index.crates.io-6f17d22bba15001f/tokio-1.35.1/src/runtime/scheduler/current_thread/mod.rs:652:19
[INFO] [stdout]   38:     0x561721d40bcd - tokio::runtime::scheduler::current_thread::CurrentThread::block_on::{{closure}}::hfeb7701f263cc476
[INFO] [stdout]                                at /opt/rustwide/cargo-home/registry/src/index.crates.io-6f17d22bba15001f/tokio-1.35.1/src/runtime/scheduler/current_thread/mod.rs:175:28
[INFO] [stdout]   39:     0x561721e415da - tokio::runtime::context::runtime::enter_runtime::h72a2ac5594f44708
[INFO] [stdout]                                at /opt/rustwide/cargo-home/registry/src/index.crates.io-6f17d22bba15001f/tokio-1.35.1/src/runtime/context/runtime.rs:65:16
[INFO] [stdout]   40:     0x561721d40ae0 - tokio::runtime::scheduler::current_thread::CurrentThread::block_on::hd47b473421769d64
[INFO] [stdout]                                at /opt/rustwide/cargo-home/registry/src/index.crates.io-6f17d22bba15001f/tokio-1.35.1/src/runtime/scheduler/current_thread/mod.rs:167:9
[INFO] [stdout]   41:     0x561721ef61dd - tokio::runtime::runtime::Runtime::block_on::hd285d17e80ffed71
[INFO] [stdout]                                at /opt/rustwide/cargo-home/registry/src/index.crates.io-6f17d22bba15001f/tokio-1.35.1/src/runtime/runtime.rs:348:47
[INFO] [stdout]   42:     0x561721c680f8 - distant_net::common::transport::tcp::tests::should_be_able_to_read_and_write_data::h9593cfe9a9100838
[INFO] [stdout]                                at /opt/rustwide/workdir/src/common/transport/tcp.rs:145:54
[INFO] [stdout]   43:     0x561721c67f87 - distant_net::common::transport::tcp::tests::should_be_able_to_read_and_write_data::{{closure}}::h720eed62e68500e4
[INFO] [stdout]                                at /opt/rustwide/workdir/src/common/transport/tcp.rs:145:53
[INFO] [stdout]   44:     0x56172172a396 - core::ops::function::FnOnce::call_once::h4003ed73531aa4ba
[INFO] [stdout]                                at /rustc/82e1608dfa6e0b5569232559e3d385fea5a93112/library/core/src/ops/function.rs:250:5
[INFO] [stdout]   45:     0x561722137e8f - core::ops::function::FnOnce::call_once::h2b5d431d5046312d
[INFO] [stdout]                                at /rustc/82e1608dfa6e0b5569232559e3d385fea5a93112/library/core/src/ops/function.rs:250:5
[INFO] [stdout]   46:     0x561722137e8f - test::__rust_begin_short_backtrace::h7714669af176e207
[INFO] [stdout]                                at /rustc/82e1608dfa6e0b5569232559e3d385fea5a93112/library/test/src/lib.rs:628:18
[INFO] [stdout]   47:     0x561722136ea5 - test::run_test_in_process::{{closure}}::h85218797dcbcec12
[INFO] [stdout]                                at /rustc/82e1608dfa6e0b5569232559e3d385fea5a93112/library/test/src/lib.rs:651:60
[INFO] [stdout]   48:     0x561722136ea5 - <core::panic::unwind_safe::AssertUnwindSafe<F> as core::ops::function::FnOnce<()>>::call_once::h76c106ea31c14d7b
[INFO] [stdout]                                at /rustc/82e1608dfa6e0b5569232559e3d385fea5a93112/library/core/src/panic/unwind_safe.rs:272:9
[INFO] [stdout]   49:     0x561722136ea5 - std::panicking::try::do_call::h3bd5d0f6620ee946
[INFO] [stdout]                                at /rustc/82e1608dfa6e0b5569232559e3d385fea5a93112/library/std/src/panicking.rs:552:40
[INFO] [stdout]   50:     0x561722136ea5 - std::panicking::try::h232e535e4744fe31
[INFO] [stdout]                                at /rustc/82e1608dfa6e0b5569232559e3d385fea5a93112/library/std/src/panicking.rs:516:19
[INFO] [stdout]   51:     0x561722136ea5 - std::panic::catch_unwind::h3ce3bd6ca8dbac68
[INFO] [stdout]                                at /rustc/82e1608dfa6e0b5569232559e3d385fea5a93112/library/std/src/panic.rs:142:14
[INFO] [stdout]   52:     0x561722136ea5 - test::run_test_in_process::hc97b257c9621286a
[INFO] [stdout]                                at /rustc/82e1608dfa6e0b5569232559e3d385fea5a93112/library/test/src/lib.rs:651:27
[INFO] [stdout]   53:     0x561722136ea5 - test::run_test::{{closure}}::h2aa798823a438d38
[INFO] [stdout]                                at /rustc/82e1608dfa6e0b5569232559e3d385fea5a93112/library/test/src/lib.rs:574:43
[INFO] [stdout]   54:     0x5617220ff166 - test::run_test::{{closure}}::h87d231c78fb59832
[INFO] [stdout]                                at /rustc/82e1608dfa6e0b5569232559e3d385fea5a93112/library/test/src/lib.rs:602:41
[INFO] [stdout]   55:     0x5617220ff166 - std::sys_common::backtrace::__rust_begin_short_backtrace::he6df152596625789
[INFO] [stdout]                                at /rustc/82e1608dfa6e0b5569232559e3d385fea5a93112/library/std/src/sys_common/backtrace.rs:154:18
[INFO] [stdout]   56:     0x561722104217 - std::thread::Builder::spawn_unchecked_::{{closure}}::{{closure}}::ha94be15d1e0acf36
[INFO] [stdout]                                at /rustc/82e1608dfa6e0b5569232559e3d385fea5a93112/library/std/src/thread/mod.rs:529:17
[INFO] [stdout]   57:     0x561722104217 - <core::panic::unwind_safe::AssertUnwindSafe<F> as core::ops::function::FnOnce<()>>::call_once::h9dc6bd6372f16606
[INFO] [stdout]                                at /rustc/82e1608dfa6e0b5569232559e3d385fea5a93112/library/core/src/panic/unwind_safe.rs:272:9
[INFO] [stdout]   58:     0x561722104217 - std::panicking::try::do_call::h9057517f80303cd4
[INFO] [stdout]                                at /rustc/82e1608dfa6e0b5569232559e3d385fea5a93112/library/std/src/panicking.rs:552:40
[INFO] [stdout]   59:     0x561722104217 - std::panicking::try::he3a30b11ee45340c
[INFO] [stdout]                                at /rustc/82e1608dfa6e0b5569232559e3d385fea5a93112/library/std/src/panicking.rs:516:19
[INFO] [stdout]   60:     0x561722104217 - std::panic::catch_unwind::h410458cfd3528b8b
[INFO] [stdout]                                at /rustc/82e1608dfa6e0b5569232559e3d385fea5a93112/library/std/src/panic.rs:142:14
[INFO] [stdout]   61:     0x561722104217 - std::thread::Builder::spawn_unchecked_::{{closure}}::h72ac3bdb567b737b
[INFO] [stdout]                                at /rustc/82e1608dfa6e0b5569232559e3d385fea5a93112/library/std/src/thread/mod.rs:528:30
[INFO] [stdout]   62:     0x561722104217 - core::ops::function::FnOnce::call_once{{vtable.shim}}::h38f34da3654a8344
[INFO] [stdout]                                at /rustc/82e1608dfa6e0b5569232559e3d385fea5a93112/library/core/src/ops/function.rs:250:5
[INFO] [stdout]   63:     0x5617225f3cf5 - <alloc::boxed::Box<F,A> as core::ops::function::FnOnce<Args>>::call_once::hc7eafaff61e32df9
[INFO] [stdout]                                at /rustc/82e1608dfa6e0b5569232559e3d385fea5a93112/library/alloc/src/boxed.rs:2007:9
[INFO] [stdout]   64:     0x5617225f3cf5 - <alloc::boxed::Box<F,A> as core::ops::function::FnOnce<Args>>::call_once::h6ba4a5de48dd2304
[INFO] [stdout]                                at /rustc/82e1608dfa6e0b5569232559e3d385fea5a93112/library/alloc/src/boxed.rs:2007:9
[INFO] [stdout]   65:     0x5617225f3cf5 - std::sys::unix::thread::Thread::new::thread_start::he469335aef763e45
[INFO] [stdout]                                at /rustc/82e1608dfa6e0b5569232559e3d385fea5a93112/library/std/src/sys/unix/thread.rs:108:17
[INFO] [stdout]   66:     0x7fa02da59ac3 - <unknown>
[INFO] [stdout]   67:     0x7fa02daeabf4 - __clone
[INFO] [stdout]   68:                0x0 - <unknown>
[INFO] [stdout] 
[INFO] [stdout] ---- common::transport::tcp::tests::should_fail_to_connect_if_nothing_listening stdout ----
[INFO] [stdout] thread 'common::transport::tcp::tests::should_fail_to_connect_if_nothing_listening' panicked at src/common/transport/tcp.rs:93:14:
[INFO] [stdout] Failed to bind on an ephemeral port: Os { code: 99, kind: AddrNotAvailable, message: "Cannot assign requested address" }
[INFO] [stdout] stack backtrace:
[INFO] [stdout]    0:     0x5617225ecd9c - std::backtrace_rs::backtrace::libunwind::trace::ha637c64ce894333a
[INFO] [stdout]                                at /rustc/82e1608dfa6e0b5569232559e3d385fea5a93112/library/std/src/../../backtrace/src/backtrace/libunwind.rs:104:5
[INFO] [stdout]    1:     0x5617225ecd9c - std::backtrace_rs::backtrace::trace_unsynchronized::h47f62dea28e0c88d
[INFO] [stdout]                                at /rustc/82e1608dfa6e0b5569232559e3d385fea5a93112/library/std/src/../../backtrace/src/backtrace/mod.rs:66:5
[INFO] [stdout]    2:     0x5617225ecd9c - std::sys_common::backtrace::_print_fmt::h9eef0abe20ede486
[INFO] [stdout]                                at /rustc/82e1608dfa6e0b5569232559e3d385fea5a93112/library/std/src/sys_common/backtrace.rs:67:5
[INFO] [stdout]    3:     0x5617225ecd9c - <std::sys_common::backtrace::_print::DisplayBacktrace as core::fmt::Display>::fmt::hed7f999df88cc644
[INFO] [stdout]                                at /rustc/82e1608dfa6e0b5569232559e3d385fea5a93112/library/std/src/sys_common/backtrace.rs:44:22
[INFO] [stdout]    4:     0x56172261ad90 - core::fmt::rt::Argument::fmt::h1539a9308b8d058d
[INFO] [stdout]                                at /rustc/82e1608dfa6e0b5569232559e3d385fea5a93112/library/core/src/fmt/rt.rs:142:9
[INFO] [stdout]    5:     0x56172261ad90 - core::fmt::write::h3a39390d8560d9c9
[INFO] [stdout]                                at /rustc/82e1608dfa6e0b5569232559e3d385fea5a93112/library/core/src/fmt/mod.rs:1120:17
[INFO] [stdout]    6:     0x5617225ea33f - std::io::Write::write_fmt::h040b369f3a0f9cbc
[INFO] [stdout]                                at /rustc/82e1608dfa6e0b5569232559e3d385fea5a93112/library/std/src/io/mod.rs:1762:15
[INFO] [stdout]    7:     0x5617225ecb84 - std::sys_common::backtrace::_print::h894006fb5c6f3d45
[INFO] [stdout]                                at /rustc/82e1608dfa6e0b5569232559e3d385fea5a93112/library/std/src/sys_common/backtrace.rs:47:5
[INFO] [stdout]    8:     0x5617225ecb84 - std::sys_common::backtrace::print::h23a2d212c6fff936
[INFO] [stdout]                                at /rustc/82e1608dfa6e0b5569232559e3d385fea5a93112/library/std/src/sys_common/backtrace.rs:34:9
[INFO] [stdout]    9:     0x5617225ee847 - std::panicking::default_hook::{{closure}}::h8a1d2ee00185001a
[INFO] [stdout]   10:     0x5617225ee533 - std::panicking::default_hook::h6038f2eba384e475
[INFO] [stdout]                                at /rustc/82e1608dfa6e0b5569232559e3d385fea5a93112/library/std/src/panicking.rs:289:9
[INFO] [stdout]   11:     0x561722132837 - <alloc::boxed::Box<F,A> as core::ops::function::Fn<Args>>::call::h0ad024c9bdc6d768
[INFO] [stdout]                                at /rustc/82e1608dfa6e0b5569232559e3d385fea5a93112/library/alloc/src/boxed.rs:2021:9
[INFO] [stdout]   12:     0x561722132837 - test::test_main::{{closure}}::h7500b54257359db6
[INFO] [stdout]                                at /rustc/82e1608dfa6e0b5569232559e3d385fea5a93112/library/test/src/lib.rs:138:21
[INFO] [stdout]   13:     0x5617225eee58 - <alloc::boxed::Box<F,A> as core::ops::function::Fn<Args>>::call::h1f8f335eaa9cfaee
[INFO] [stdout]                                at /rustc/82e1608dfa6e0b5569232559e3d385fea5a93112/library/alloc/src/boxed.rs:2021:9
[INFO] [stdout]   14:     0x5617225eee58 - std::panicking::rust_panic_with_hook::h2b5517d590cab22e
[INFO] [stdout]                                at /rustc/82e1608dfa6e0b5569232559e3d385fea5a93112/library/std/src/panicking.rs:783:13
[INFO] [stdout]   15:     0x5617225eebae - std::panicking::begin_panic_handler::{{closure}}::h233112c06e0ef43e
[INFO] [stdout]                                at /rustc/82e1608dfa6e0b5569232559e3d385fea5a93112/library/std/src/panicking.rs:657:13
[INFO] [stdout]   16:     0x5617225ed266 - std::sys_common::backtrace::__rust_end_short_backtrace::h6e893f24d7ebbff8
[INFO] [stdout]                                at /rustc/82e1608dfa6e0b5569232559e3d385fea5a93112/library/std/src/sys_common/backtrace.rs:170:18
[INFO] [stdout]   17:     0x5617225ee912 - rust_begin_unwind
[INFO] [stdout]                                at /rustc/82e1608dfa6e0b5569232559e3d385fea5a93112/library/std/src/panicking.rs:645:5
[INFO] [stdout]   18:     0x5617214c94e5 - core::panicking::panic_fmt::hbf0e066aabfa482c
[INFO] [stdout]                                at /rustc/82e1608dfa6e0b5569232559e3d385fea5a93112/library/core/src/panicking.rs:72:14
[INFO] [stdout]   19:     0x5617214c9b13 - core::result::unwrap_failed::hddb4fea594200c52
[INFO] [stdout]                                at /rustc/82e1608dfa6e0b5569232559e3d385fea5a93112/library/core/src/result.rs:1653:5
[INFO] [stdout]   20:     0x561721d0477f - core::result::Result<T,E>::expect::hb9e8995c1a7338f6
[INFO] [stdout]                                at /rustc/82e1608dfa6e0b5569232559e3d385fea5a93112/library/core/src/result.rs:1034:23
[INFO] [stdout]   21:     0x561721c3325a - distant_net::common::transport::tcp::tests::find_ephemeral_addr::{{closure}}::hd7104efd3c48e2a6
[INFO] [stdout]                                at /opt/rustwide/workdir/src/common/transport/tcp.rs:91:24
[INFO] [stdout]   22:     0x561721c67a41 - distant_net::common::transport::tcp::tests::should_fail_to_connect_if_nothing_listening::{{closure}}::h704bae977ec0dcbb
[INFO] [stdout]                                at /opt/rustwide/workdir/src/common/transport/tcp.rs:135:42
[INFO] [stdout]   23:     0x561721ce8818 - <core::pin::Pin<P> as core::future::future::Future>::poll::hb1c68714a2162c3e
[INFO] [stdout]                                at /rustc/82e1608dfa6e0b5569232559e3d385fea5a93112/library/core/src/future/future.rs:125:9
[INFO] [stdout]   24:     0x561721ce82fb - <core::pin::Pin<P> as core::future::future::Future>::poll::h92abe25f5a5e90f8
[INFO] [stdout]                                at /rustc/82e1608dfa6e0b5569232559e3d385fea5a93112/library/core/src/future/future.rs:125:9
[INFO] [stdout]   25:     0x561721d6b464 - tokio::runtime::scheduler::current_thread::CoreGuard::block_on::{{closure}}::{{closure}}::{{closure}}::h12d7bbcbbd17d9c6
[INFO] [stdout]                                at /opt/rustwide/cargo-home/registry/src/index.crates.io-6f17d22bba15001f/tokio-1.35.1/src/runtime/scheduler/current_thread/mod.rs:665:57
[INFO] [stdout]   26:     0x561721d6b38a - tokio::runtime::coop::with_budget::h9aca6ad74f1cf948
[INFO] [stdout]                                at /opt/rustwide/cargo-home/registry/src/index.crates.io-6f17d22bba15001f/tokio-1.35.1/src/runtime/coop.rs:107:5
[INFO] [stdout]   27:     0x561721d6b38a - tokio::runtime::coop::budget::h9c3ac98c3b768744
[INFO] [stdout]                                at /opt/rustwide/cargo-home/registry/src/index.crates.io-6f17d22bba15001f/tokio-1.35.1/src/runtime/coop.rs:73:5
[INFO] [stdout]   28:     0x561721d6b38a - tokio::runtime::scheduler::current_thread::CoreGuard::block_on::{{closure}}::{{closure}}::h1b06c3c7711c4ab6
[INFO] [stdout]                                at /opt/rustwide/cargo-home/registry/src/index.crates.io-6f17d22bba15001f/tokio-1.35.1/src/runtime/scheduler/current_thread/mod.rs:665:25
[INFO] [stdout]   29:     0x561721d69d1c - tokio::runtime::scheduler::current_thread::Context::enter::h558db743628a716c
[INFO] [stdout]                                at /opt/rustwide/cargo-home/registry/src/index.crates.io-6f17d22bba15001f/tokio-1.35.1/src/runtime/scheduler/current_thread/mod.rs:410:19
[INFO] [stdout]   30:     0x561721d6ab8e - tokio::runtime::scheduler::current_thread::CoreGuard::block_on::{{closure}}::h2e160a59a8a4a45f
[INFO] [stdout]                                at /opt/rustwide/cargo-home/registry/src/index.crates.io-6f17d22bba15001f/tokio-1.35.1/src/runtime/scheduler/current_thread/mod.rs:664:36
[INFO] [stdout]   31:     0x561721d6a89b - tokio::runtime::scheduler::current_thread::CoreGuard::enter::{{closure}}::h54bee766e1c95ba6
[INFO] [stdout]                                at /opt/rustwide/cargo-home/registry/src/index.crates.io-6f17d22bba15001f/tokio-1.35.1/src/runtime/scheduler/current_thread/mod.rs:743:68
[INFO] [stdout]   32:     0x561721dd8a6b - tokio::runtime::context::scoped::Scoped<T>::set::h93130f4d8843b5db
[INFO] [stdout]                                at /opt/rustwide/cargo-home/registry/src/index.crates.io-6f17d22bba15001f/tokio-1.35.1/src/runtime/context/scoped.rs:40:9
[INFO] [stdout]   33:     0x561721abff69 - tokio::runtime::context::set_scheduler::{{closure}}::h15d86663eb727ab3
[INFO] [stdout]                                at /opt/rustwide/cargo-home/registry/src/index.crates.io-6f17d22bba15001f/tokio-1.35.1/src/runtime/context.rs:176:26
[INFO] [stdout]   34:     0x561721c9be86 - std::thread::local::LocalKey<T>::try_with::hcd66ae735368e21d
[INFO] [stdout]                                at /rustc/82e1608dfa6e0b5569232559e3d385fea5a93112/library/std/src/thread/local.rs:270:16
[INFO] [stdout]   35:     0x561721c8746a - std::thread::local::LocalKey<T>::with::h16501f0058e621a8
[INFO] [stdout]                                at /rustc/82e1608dfa6e0b5569232559e3d385fea5a93112/library/std/src/thread/local.rs:246:9
[INFO] [stdout]   36:     0x561721abff1d - tokio::runtime::context::set_scheduler::h4c27d31f9dce3b0f
[INFO] [stdout]                                at /opt/rustwide/cargo-home/registry/src/index.crates.io-6f17d22bba15001f/tokio-1.35.1/src/runtime/context.rs:176:9
[INFO] [stdout]   37:     0x561721d6a630 - tokio::runtime::scheduler::current_thread::CoreGuard::enter::h25245f18fa2e0c0c
[INFO] [stdout]                                at /opt/rustwide/cargo-home/registry/src/index.crates.io-6f17d22bba15001f/tokio-1.35.1/src/runtime/scheduler/current_thread/mod.rs:743:27
[INFO] [stdout]   38:     0x561721d6a8cd - tokio::runtime::scheduler::current_thread::CoreGuard::block_on::h1017dd17a085beb7
[INFO] [stdout]                                at /opt/rustwide/cargo-home/registry/src/index.crates.io-6f17d22bba15001f/tokio-1.35.1/src/runtime/scheduler/current_thread/mod.rs:652:19
[INFO] [stdout]   39:     0x561721d40bcd - tokio::runtime::scheduler::current_thread::CurrentThread::block_on::{{closure}}::hfeb7701f263cc476
[INFO] [stdout]                                at /opt/rustwide/cargo-home/registry/src/index.crates.io-6f17d22bba15001f/tokio-1.35.1/src/runtime/scheduler/current_thread/mod.rs:175:28
[INFO] [stdout]   40:     0x561721e415da - tokio::runtime::context::runtime::enter_runtime::h72a2ac5594f44708
[INFO] [stdout]                                at /opt/rustwide/cargo-home/registry/src/index.crates.io-6f17d22bba15001f/tokio-1.35.1/src/runtime/context/runtime.rs:65:16
[INFO] [stdout]   41:     0x561721d40ae0 - tokio::runtime::scheduler::current_thread::CurrentThread::block_on::hd47b473421769d64
[INFO] [stdout]                                at /opt/rustwide/cargo-home/registry/src/index.crates.io-6f17d22bba15001f/tokio-1.35.1/src/runtime/scheduler/current_thread/mod.rs:167:9
[INFO] [stdout]   42:     0x561721ef61dd - tokio::runtime::runtime::Runtime::block_on::hd285d17e80ffed71
[INFO] [stdout]                                at /opt/rustwide/cargo-home/registry/src/index.crates.io-6f17d22bba15001f/tokio-1.35.1/src/runtime/runtime.rs:348:47
[INFO] [stdout]   43:     0x561721c67815 - distant_net::common::transport::tcp::tests::should_fail_to_connect_if_nothing_listening::hcecc274fac501403
[INFO] [stdout]                                at /opt/rustwide/workdir/src/common/transport/tcp.rs:134:60
[INFO] [stdout]   44:     0x561721c676a7 - distant_net::common::transport::tcp::tests::should_fail_to_connect_if_nothing_listening::{{closure}}::hf03af943e4f4e621
[INFO] [stdout]                                at /opt/rustwide/workdir/src/common/transport/tcp.rs:134:59
[INFO] [stdout]   45:     0x5617217236c6 - core::ops::function::FnOnce::call_once::h1286a59bcf9db0d5
[INFO] [stdout]                                at /rustc/82e1608dfa6e0b5569232559e3d385fea5a93112/library/core/src/ops/function.rs:250:5
[INFO] [stdout]   46:     0x561722137e8f - core::ops::function::FnOnce::call_once::h2b5d431d5046312d
[INFO] [stdout]                                at /rustc/82e1608dfa6e0b5569232559e3d385fea5a93112/library/core/src/ops/function.rs:250:5
[INFO] [stdout]   47:     0x561722137e8f - test::__rust_begin_short_backtrace::h7714669af176e207
[INFO] [stdout]                                at /rustc/82e1608dfa6e0b5569232559e3d385fea5a93112/library/test/src/lib.rs:628:18
[INFO] [stdout]   48:     0x561722136ea5 - test::run_test_in_process::{{closure}}::h85218797dcbcec12
[INFO] [stdout]                                at /rustc/82e1608dfa6e0b5569232559e3d385fea5a93112/library/test/src/lib.rs:651:60
[INFO] [stdout]   49:     0x561722136ea5 - <core::panic::unwind_safe::AssertUnwindSafe<F> as core::ops::function::FnOnce<()>>::call_once::h76c106ea31c14d7b
[INFO] [stdout]                                at /rustc/82e1608dfa6e0b5569232559e3d385fea5a93112/library/core/src/panic/unwind_safe.rs:272:9
[INFO] [stdout]   50:     0x561722136ea5 - std::panicking::try::do_call::h3bd5d0f6620ee946
[INFO] [stdout]                                at /rustc/82e1608dfa6e0b5569232559e3d385fea5a93112/library/std/src/panicking.rs:552:40
[INFO] [stdout]   51:     0x561722136ea5 - std::panicking::try::h232e535e4744fe31
[INFO] [stdout]                                at /rustc/82e1608dfa6e0b5569232559e3d385fea5a93112/library/std/src/panicking.rs:516:19
[INFO] [stdout]   52:     0x561722136ea5 - std::panic::catch_unwind::h3ce3bd6ca8dbac68
[INFO] [stdout]                                at /rustc/82e1608dfa6e0b5569232559e3d385fea5a93112/library/std/src/panic.rs:142:14
[INFO] [stdout]   53:     0x561722136ea5 - test::run_test_in_process::hc97b257c9621286a
[INFO] [stdout]                                at /rustc/82e1608dfa6e0b5569232559e3d385fea5a93112/library/test/src/lib.rs:651:27
[INFO] [stdout]   54:     0x561722136ea5 - test::run_test::{{closure}}::h2aa798823a438d38
[INFO] [stdout]                                at /rustc/82e1608dfa6e0b5569232559e3d385fea5a93112/library/test/src/lib.rs:574:43
[INFO] [stdout]   55:     0x5617220ff166 - test::run_test::{{closure}}::h87d231c78fb59832
[INFO] [stdout]                                at /rustc/82e1608dfa6e0b5569232559e3d385fea5a93112/library/test/src/lib.rs:602:41
[INFO] [stdout]   56:     0x5617220ff166 - std::sys_common::backtrace::__rust_begin_short_backtrace::he6df152596625789
[INFO] [stdout]                                at /rustc/82e1608dfa6e0b5569232559e3d385fea5a93112/library/std/src/sys_common/backtrace.rs:154:18
[INFO] [stdout]   57:     0x561722104217 - std::thread::Builder::spawn_unchecked_::{{closure}}::{{closure}}::ha94be15d1e0acf36
[INFO] [stdout]                                at /rustc/82e1608dfa6e0b5569232559e3d385fea5a93112/library/std/src/thread/mod.rs:529:17
[INFO] [stdout]   58:     0x561722104217 - <core::panic::unwind_safe::AssertUnwindSafe<F> as core::ops::function::FnOnce<()>>::call_once::h9dc6bd6372f16606
[INFO] [stdout]                                at /rustc/82e1608dfa6e0b5569232559e3d385fea5a93112/library/core/src/panic/unwind_safe.rs:272:9
[INFO] [stdout]   59:     0x561722104217 - std::panicking::try::do_call::h9057517f80303cd4
[INFO] [stdout]                                at /rustc/82e1608dfa6e0b5569232559e3d385fea5a93112/library/std/src/panicking.rs:552:40
[INFO] [stdout]   60:     0x561722104217 - std::panicking::try::he3a30b11ee45340c
[INFO] [stdout]                                at /rustc/82e1608dfa6e0b5569232559e3d385fea5a93112/library/std/src/panicking.rs:516:19
[INFO] [stdout]   61:     0x561722104217 - std::panic::catch_unwind::h410458cfd3528b8b
[INFO] [stdout]                                at /rustc/82e1608dfa6e0b5569232559e3d385fea5a93112/library/std/src/panic.rs:142:14
[INFO] [stdout]   62:     0x561722104217 - std::thread::Builder::spawn_unchecked_::{{closure}}::h72ac3bdb567b737b
[INFO] [stdout]                                at /rustc/82e1608dfa6e0b5569232559e3d385fea5a93112/library/std/src/thread/mod.rs:528:30
[INFO] [stdout]   63:     0x561722104217 - core::ops::function::FnOnce::call_once{{vtable.shim}}::h38f34da3654a8344
[INFO] [stdout]                                at /rustc/82e1608dfa6e0b5569232559e3d385fea5a93112/library/core/src/ops/function.rs:250:5
[INFO] [stdout]   64:     0x5617225f3cf5 - <alloc::boxed::Box<F,A> as core::ops::function::FnOnce<Args>>::call_once::hc7eafaff61e32df9
[INFO] [stdout]                                at /rustc/82e1608dfa6e0b5569232559e3d385fea5a93112/library/alloc/src/boxed.rs:2007:9
[INFO] [stdout]   65:     0x5617225f3cf5 - <alloc::boxed::Box<F,A> as core::ops::function::FnOnce<Args>>::call_once::h6ba4a5de48dd2304
[INFO] [stdout]                                at /rustc/82e1608dfa6e0b5569232559e3d385fea5a93112/library/alloc/src/boxed.rs:2007:9
[INFO] [stdout]   66:     0x5617225f3cf5 - std::sys::unix::thread::Thread::new::thread_start::he469335aef763e45
[INFO] [stdout]                                at /rustc/82e1608dfa6e0b5569232559e3d385fea5a93112/library/std/src/sys/unix/thread.rs:108:17
[INFO] [stdout]   67:     0x7fa02da59ac3 - <unknown>
[INFO] [stdout]   68:     0x7fa02daeabf4 - __clone
[INFO] [stdout]   69:                0x0 - <unknown>
[INFO] [stdout] 
[INFO] [stdout] ---- common::transport::tcp::tests::should_be_able_to_reconnect stdout ----
[INFO] [stdout] thread 'common::transport::tcp::tests::should_be_able_to_reconnect' panicked at src/common/transport/tcp.rs:93:14:
[INFO] [stdout] Failed to bind on an ephemeral port: Os { code: 99, kind: AddrNotAvailable, message: "Cannot assign requested address" }
[INFO] [stdout] stack backtrace:
[INFO] [stdout]    0:     0x5617225ecd9c - std::backtrace_rs::backtrace::libunwind::trace::ha637c64ce894333a
[INFO] [stdout]                                at /rustc/82e1608dfa6e0b5569232559e3d385fea5a93112/library/std/src/../../backtrace/src/backtrace/libunwind.rs:104:5
[INFO] [stdout]    1:     0x5617225ecd9c - std::backtrace_rs::backtrace::trace_unsynchronized::h47f62dea28e0c88d
[INFO] [stdout]                                at /rustc/82e1608dfa6e0b5569232559e3d385fea5a93112/library/std/src/../../backtrace/src/backtrace/mod.rs:66:5
[INFO] [stdout]    2:     0x5617225ecd9c - std::sys_common::backtrace::_print_fmt::h9eef0abe20ede486
[INFO] [stdout]                                at /rustc/82e1608dfa6e0b5569232559e3d385fea5a93112/library/std/src/sys_common/backtrace.rs:67:5
[INFO] [stdout]    3:     0x5617225ecd9c - <std::sys_common::backtrace::_print::DisplayBacktrace as core::fmt::Display>::fmt::hed7f999df88cc644
[INFO] [stdout]                                at /rustc/82e1608dfa6e0b5569232559e3d385fea5a93112/library/std/src/sys_common/backtrace.rs:44:22
[INFO] [stdout]    4:     0x56172261ad90 - core::fmt::rt::Argument::fmt::h1539a9308b8d058d
[INFO] [stdout]                                at /rustc/82e1608dfa6e0b5569232559e3d385fea5a93112/library/core/src/fmt/rt.rs:142:9
[INFO] [stdout]    5:     0x56172261ad90 - core::fmt::write::h3a39390d8560d9c9
[INFO] [stdout]                                at /rustc/82e1608dfa6e0b5569232559e3d385fea5a93112/library/core/src/fmt/mod.rs:1120:17
[INFO] [stdout]    6:     0x5617225ea33f - std::io::Write::write_fmt::h040b369f3a0f9cbc
[INFO] [stdout]                                at /rustc/82e1608dfa6e0b5569232559e3d385fea5a93112/library/std/src/io/mod.rs:1762:15
[INFO] [stdout]    7:     0x5617225ecb84 - std::sys_common::backtrace::_print::h894006fb5c6f3d45
[INFO] [stdout]                                at /rustc/82e1608dfa6e0b5569232559e3d385fea5a93112/library/std/src/sys_common/backtrace.rs:47:5
[INFO] [stdout]    8:     0x5617225ecb84 - std::sys_common::backtrace::print::h23a2d212c6fff936
[INFO] [stdout]                                at /rustc/82e1608dfa6e0b5569232559e3d385fea5a93112/library/std/src/sys_common/backtrace.rs:34:9
[INFO] [stdout]    9:     0x5617225ee847 - std::panicking::default_hook::{{closure}}::h8a1d2ee00185001a
[INFO] [stdout]   10:     0x5617225ee533 - std::panicking::default_hook::h6038f2eba384e475
[INFO] [stdout]                                at /rustc/82e1608dfa6e0b5569232559e3d385fea5a93112/library/std/src/panicking.rs:289:9
[INFO] [stdout]   11:     0x561722132837 - <alloc::boxed::Box<F,A> as core::ops::function::Fn<Args>>::call::h0ad024c9bdc6d768
[INFO] [stdout]                                at /rustc/82e1608dfa6e0b5569232559e3d385fea5a93112/library/alloc/src/boxed.rs:2021:9
[INFO] [stdout]   12:     0x561722132837 - test::test_main::{{closure}}::h7500b54257359db6
[INFO] [stdout]                                at /rustc/82e1608dfa6e0b5569232559e3d385fea5a93112/library/test/src/lib.rs:138:21
[INFO] [stdout]   13:     0x5617225eee58 - <alloc::boxed::Box<F,A> as core::ops::function::Fn<Args>>::call::h1f8f335eaa9cfaee
[INFO] [stdout]                                at /rustc/82e1608dfa6e0b5569232559e3d385fea5a93112/library/alloc/src/boxed.rs:2021:9
[INFO] [stdout]   14:     0x5617225eee58 - std::panicking::rust_panic_with_hook::h2b5517d590cab22e
[INFO] [stdout]                                at /rustc/82e1608dfa6e0b5569232559e3d385fea5a93112/library/std/src/panicking.rs:783:13
[INFO] [stdout]   15:     0x5617225eebae - std::panicking::begin_panic_handler::{{closure}}::h233112c06e0ef43e
[INFO] [stdout]                                at /rustc/82e1608dfa6e0b5569232559e3d385fea5a93112/library/std/src/panicking.rs:657:13
[INFO] [stdout]   16:     0x5617225ed266 - std::sys_common::backtrace::__rust_end_short_backtrace::h6e893f24d7ebbff8
[INFO] [stdout]                                at /rustc/82e1608dfa6e0b5569232559e3d385fea5a93112/library/std/src/sys_common/backtrace.rs:170:18
[INFO] [stdout]   17:     0x5617225ee912 - rust_begin_unwind
[INFO] [stdout]                                at /rustc/82e1608dfa6e0b5569232559e3d385fea5a93112/library/std/src/panicking.rs:645:5
[INFO] [stdout]   18:     0x5617214c94e5 - core::panicking::panic_fmt::hbf0e066aabfa482c
[INFO] [stdout]                                at /rustc/82e1608dfa6e0b5569232559e3d385fea5a93112/library/core/src/panicking.rs:72:14
[INFO] [stdout]   19:     0x5617214c9b13 - core::result::unwrap_failed::hddb4fea594200c52
[INFO] [stdout]                                at /rustc/82e1608dfa6e0b5569232559e3d385fea5a93112/library/core/src/result.rs:1653:5
[INFO] [stdout]   20:     0x561721d0477f - core::result::Result<T,E>::expect::hb9e8995c1a7338f6
[INFO] [stdout]                                at /rustc/82e1608dfa6e0b5569232559e3d385fea5a93112/library/core/src/result.rs:1034:23
[INFO] [stdout]   21:     0x561721c3325a - distant_net::common::transport::tcp::tests::find_ephemeral_addr::{{closure}}::hd7104efd3c48e2a6
[INFO] [stdout]                                at /opt/rustwide/workdir/src/common/transport/tcp.rs:91:24
[INFO] [stdout]   22:     0x561721c3358f - distant_net::common::transport::tcp::tests::start_and_run_server::{{closure}}::h6fb42aba974a3602
[INFO] [stdout]                                at /opt/rustwide/workdir/src/common/transport/tcp.rs:104:42
[INFO] [stdout]   23:     0x5617218ec2f9 - tokio::runtime::task::core::Core<T,S>::poll::{{closure}}::h675a1f443a6b8a87
[INFO] [stdout]                                at /opt/rustwide/cargo-home/registry/src/index.crates.io-6f17d22bba15001f/tokio-1.35.1/src/runtime/task/core.rs:328:17
[INFO] [stdout]   24:     0x5617218c51b1 - tokio::loom::std::unsafe_cell::UnsafeCell<T>::with_mut::hcc1b3bd0159fdfa6
[INFO] [stdout]                                at /opt/rustwide/cargo-home/registry/src/index.crates.io-6f17d22bba15001f/tokio-1.35.1/src/loom/std/unsafe_cell.rs:16:9
[INFO] [stdout]   25:     0x5617218c51b1 - tokio::runtime::task::core::Core<T,S>::poll::h73271d8a1f66065c
[INFO] [stdout]                                at /opt/rustwide/cargo-home/registry/src/index.crates.io-6f17d22bba15001f/tokio-1.35.1/src/runtime/task/core.rs:317:13
[INFO] [stdout]   26:     0x5617215511f1 - tokio::runtime::task::harness::poll_future::{{closure}}::hffaa1869d155b341
[INFO] [stdout]                                at /opt/rustwide/cargo-home/registry/src/index.crates.io-6f17d22bba15001f/tokio-1.35.1/src/runtime/task/harness.rs:485:19
[INFO] [stdout]   27:     0x561721d9fcc3 - <core::panic::unwind_safe::AssertUnwindSafe<F> as core::ops::function::FnOnce<()>>::call_once::hac81e18763293fcb
[INFO] [stdout]                                at /rustc/82e1608dfa6e0b5569232559e3d385fea5a93112/library/core/src/panic/unwind_safe.rs:272:9
[INFO] [stdout]   28:     0x5617216b1445 - std::panicking::try::do_call::h59b42466141fdf8f
[INFO] [stdout]                                at /rustc/82e1608dfa6e0b5569232559e3d385fea5a93112/library/std/src/panicking.rs:552:40
[INFO] [stdout]   29:     0x56172171e93b - __rust_try
[INFO] [stdout]   30:     0x561721657588 - std::panicking::try::h3a606fa5780f87ff
[INFO] [stdout]                                at /rustc/82e1608dfa6e0b5569232559e3d385fea5a93112/library/std/src/panicking.rs:516:19
[INFO] [stdout]   31:     0x561721e282fa - std::panic::catch_unwind::ha0b5278dbd358ad4
[INFO] [stdout]                                at /rustc/82e1608dfa6e0b5569232559e3d385fea5a93112/library/std/src/panic.rs:142:14
[INFO] [stdout]   32:     0x5617214ed7ee - tokio::runtime::task::harness::poll_future::h2bb11c1ca8c708db
[INFO] [stdout]                                at /opt/rustwide/cargo-home/registry/src/index.crates.io-6f17d22bba15001f/tokio-1.35.1/src/runtime/task/harness.rs:473:18
[INFO] [stdout]   33:     0x561721553cfa - tokio::runtime::task::harness::Harness<T,S>::poll_inner::h040b71e413701b4d
[INFO] [stdout]                                at /opt/rustwide/cargo-home/registry/src/index.crates.io-6f17d22bba15001f/tokio-1.35.1/src/runtime/task/harness.rs:208:27
[INFO] [stdout]   34:     0x5617215c1df3 - tokio::runtime::task::harness::Harness<T,S>::poll::h2a5fbf11f6dfea24
[INFO] [stdout]                                at /opt/rustwide/cargo-home/registry/src/index.crates.io-6f17d22bba15001f/tokio-1.35.1/src/runtime/task/harness.rs:153:15
[INFO] [stdout]   35:     0x561721b2725b - tokio::runtime::task::raw::poll::hda89c6313531955a
[INFO] [stdout]                                at /opt/rustwide/cargo-home/registry/src/index.crates.io-6f17d22bba15001f/tokio-1.35.1/src/runtime/task/raw.rs:271:5
[INFO] [stdout]   36:     0x5617222071e7 - tokio::runtime::task::raw::RawTask::poll::h2b877bf6ec51cf59
[INFO] [stdout]                                at /opt/rustwide/cargo-home/registry/src/index.crates.io-6f17d22bba15001f/tokio-1.35.1/src/runtime/task/raw.rs:201:18
[INFO] [stdout]   37:     0x561721db9961 - tokio::runtime::task::LocalNotified<S>::run::hb5b9fdcdb9240e0c
[INFO] [stdout]                                at /opt/rustwide/cargo-home/registry/src/index.crates.io-6f17d22bba15001f/tokio-1.35.1/src/runtime/task/mod.rs:416:9
[INFO] [stdout]   38:     0x561721d6b42a - tokio::runtime::scheduler::current_thread::CoreGuard::block_on::{{closure}}::{{closure}}::he5c01de2530ad0a1
[INFO] [stdout]                                at /opt/rustwide/cargo-home/registry/src/index.crates.io-6f17d22bba15001f/tokio-1.35.1/src/runtime/scheduler/current_thread/mod.rs:706:25
[INFO] [stdout]   39:     0x561721d6a3c3 - tokio::runtime::coop::with_budget::h7f2e84046883a6bd
[INFO] [stdout]                                at /opt/rustwide/cargo-home/registry/src/index.crates.io-6f17d22bba15001f/tokio-1.35.1/src/runtime/coop.rs:107:5
[INFO] [stdout]   40:     0x561721d6a3c3 - tokio::runtime::coop::budget::h9ecba4bc3cac8167
[INFO] [stdout]                                at /opt/rustwide/cargo-home/registry/src/index.crates.io-6f17d22bba15001f/tokio-1.35.1/src/runtime/coop.rs:73:5
[INFO] [stdout]   41:     0x561721d6a3c3 - tokio::runtime::scheduler::current_thread::Context::run_task::{{closure}}::h5715639191179074
[INFO] [stdout]                                at /opt/rustwide/cargo-home/registry/src/index.crates.io-6f17d22bba15001f/tokio-1.35.1/src/runtime/scheduler/current_thread/mod.rs:343:43
[INFO] [stdout]   42:     0x561721d6a046 - tokio::runtime::scheduler::current_thread::Context::enter::hbbe5c31bb342f915
[INFO] [stdout]                                at /opt/rustwide/cargo-home/registry/src/index.crates.io-6f17d22bba15001f/tokio-1.35.1/src/runtime/scheduler/current_thread/mod.rs:410:19
[INFO] [stdout]   43:     0x561721d6a24b - tokio::runtime::scheduler::current_thread::Context::run_task::h66ff9dd951c159ac
[INFO] [stdout]                                at /opt/rustwide/cargo-home/registry/src/index.crates.io-6f17d22bba15001f/tokio-1.35.1/src/runtime/scheduler/current_thread/mod.rs:343:23
[INFO] [stdout]   44:     0x561721d6b1a0 - tokio::runtime::scheduler::current_thread::CoreGuard::block_on::{{closure}}::h2e160a59a8a4a45f
[INFO] [stdout]                                at /opt/rustwide/cargo-home/registry/src/index.crates.io-6f17d22bba15001f/tokio-1.35.1/src/runtime/scheduler/current_thread/mod.rs:705:35
[INFO] [stdout]   45:     0x561721d6a89b - tokio::runtime::scheduler::current_thread::CoreGuard::enter::{{closure}}::h54bee766e1c95ba6
[INFO] [stdout]                                at /opt/rustwide/cargo-home/registry/src/index.crates.io-6f17d22bba15001f/tokio-1.35.1/src/runtime/scheduler/current_thread/mod.rs:743:68
[INFO] [stdout]   46:     0x561721dd8a6b - tokio::runtime::context::scoped::Scoped<T>::set::h93130f4d8843b5db
[INFO] [stdout]                                at /opt/rustwide/cargo-home/registry/src/index.crates.io-6f17d22bba15001f/tokio-1.35.1/src/runtime/context/scoped.rs:40:9
[INFO] [stdout]   47:     0x561721abff69 - tokio::runtime::context::set_scheduler::{{closure}}::h15d86663eb727ab3
[INFO] [stdout]                                at /opt/rustwide/cargo-home/registry/src/index.crates.io-6f17d22bba15001f/tokio-1.35.1/src/runtime/context.rs:176:26
[INFO] [stdout]   48:     0x561721c9be86 - std::thread::local::LocalKey<T>::try_with::hcd66ae735368e21d
[INFO] [stdout]                                at /rustc/82e1608dfa6e0b5569232559e3d385fea5a93112/library/std/src/thread/local.rs:270:16
[INFO] [stdout]   49:     0x561721c8746a - std::thread::local::LocalKey<T>::with::h16501f0058e621a8
[INFO] [stdout]                                at /rustc/82e1608dfa6e0b5569232559e3d385fea5a93112/library/std/src/thread/local.rs:246:9
[INFO] [stdout]   50:     0x561721abff1d - tokio::runtime::context::set_scheduler::h4c27d31f9dce3b0f
[INFO] [stdout]                                at /opt/rustwide/cargo-home/registry/src/index.crates.io-6f17d22bba15001f/tokio-1.35.1/src/runtime/context.rs:176:9
[INFO] [stdout]   51:     0x561721d6a630 - tokio::runtime::scheduler::current_thread::CoreGuard::enter::h25245f18fa2e0c0c
[INFO] [stdout]                                at /opt/rustwide/cargo-home/registry/src/index.crates.io-6f17d22bba15001f/tokio-1.35.1/src/runtime/scheduler/current_thread/mod.rs:743:27
[INFO] [stdout]   52:     0x561721d6a8cd - tokio::runtime::scheduler::current_thread::CoreGuard::block_on::h1017dd17a085beb7
[INFO] [stdout]                                at /opt/rustwide/cargo-home/registry/src/index.crates.io-6f17d22bba15001f/tokio-1.35.1/src/runtime/scheduler/current_thread/mod.rs:652:19
[INFO] [stdout]   53:     0x561721d40bcd - tokio::runtime::scheduler::current_thread::CurrentThread::block_on::{{closure}}::hfeb7701f263cc476
[INFO] [stdout]                                at /opt/rustwide/cargo-home/registry/src/index.crates.io-6f17d22bba15001f/tokio-1.35.1/src/runtime/scheduler/current_thread/mod.rs:175:28
[INFO] [stdout]   54:     0x561721e415da - tokio::runtime::context::runtime::enter_runtime::h72a2ac5594f44708
[INFO] [stdout]                                at /opt/rustwide/cargo-home/registry/src/index.crates.io-6f17d22bba15001f/tokio-1.35.1/src/runtime/context/runtime.rs:65:16
[INFO] [stdout]   55:     0x561721d40ae0 - tokio::runtime::scheduler::current_thread::CurrentThread::block_on::hd47b473421769d64
[INFO] [stdout]                                at /opt/rustwide/cargo-home/registry/src/index.crates.io-6f17d22bba15001f/tokio-1.35.1/src/runtime/scheduler/current_thread/mod.rs:167:9
[INFO] [stdout]   56:     0x561721ef61dd - tokio::runtime::runtime::Runtime::block_on::hd285d17e80ffed71
[INFO] [stdout]                                at /opt/rustwide/cargo-home/registry/src/index.crates.io-6f17d22bba15001f/tokio-1.35.1/src/runtime/runtime.rs:348:47
[INFO] [stdout]   57:     0x561721c68f28 - distant_net::common::transport::tcp::tests::should_be_able_to_reconnect::h5c8939154f1f04e6
[INFO] [stdout]                                at /opt/rustwide/workdir/src/common/transport/tcp.rs:177:44
[INFO] [stdout]   58:     0x561721c68db7 - distant_net::common::transport::tcp::tests::should_be_able_to_reconnect::{{closure}}::hb721e0fe1551b740
[INFO] [stdout]                                at /opt/rustwide/workdir/src/common/transport/tcp.rs:177:43
[INFO] [stdout]   59:     0x561721726306 - core::ops::function::FnOnce::call_once::h2569e926c8ec463f
[INFO] [stdout]                                at /rustc/82e1608dfa6e0b5569232559e3d385fea5a93112/library/core/src/ops/function.rs:250:5
[INFO] [stdout]   60:     0x561722137e8f - core::ops::function::FnOnce::call_once::h2b5d431d5046312d
[INFO] [stdout]                                at /rustc/82e1608dfa6e0b5569232559e3d385fea5a93112/library/core/src/ops/function.rs:250:5
[INFO] [stdout]   61:     0x561722137e8f - test::__rust_begin_short_backtrace::h7714669af176e207
[INFO] [stdout]                                at /rustc/82e1608dfa6e0b5569232559e3d385fea5a93112/library/test/src/lib.rs:628:18
[INFO] [stdout]   62:     0x561722136ea5 - test::run_test_in_process::{{closure}}::h85218797dcbcec12
[INFO] [stdout]                                at /rustc/82e1608dfa6e0b5569232559e3d385fea5a93112/library/test/src/lib.rs:651:60
[INFO] [stdout]   63:     0x561722136ea5 - <core::panic::unwind_safe::AssertUnwindSafe<F> as core::ops::function::FnOnce<()>>::call_once::h76c106ea31c14d7b
[INFO] [stdout]                                at /rustc/82e1608dfa6e0b5569232559e3d385fea5a93112/library/core/src/panic/unwind_safe.rs:272:9
[INFO] [stdout]   64:     0x561722136ea5 - std::panicking::try::do_call::h3bd5d0f6620ee946
[INFO] [stdout]                                at /rustc/82e1608dfa6e0b5569232559e3d385fea5a93112/library/std/src/panicking.rs:552:40
[INFO] [stdout]   65:     0x561722136ea5 - std::panicking::try::h232e535e4744fe31
[INFO] [stdout]                                at /rustc/82e1608dfa6e0b5569232559e3d385fea5a93112/library/std/src/panicking.rs:516:19
[INFO] [stdout]   66:     0x561722136ea5 - std::panic::catch_unwind::h3ce3bd6ca8dbac68
[INFO] [stdout]                                at /rustc/82e1608dfa6e0b5569232559e3d385fea5a93112/library/std/src/panic.rs:142:14
[INFO] [stdout]   67:     0x561722136ea5 - test::run_test_in_process::hc97b257c9621286a
[INFO] [stdout]                                at /rustc/82e1608dfa6e0b5569232559e3d385fea5a93112/library/test/src/lib.rs:651:27
[INFO] [stdout]   68:     0x561722136ea5 - test::run_test::{{closure}}::h2aa798823a438d38
[INFO] [stdout]                                at /rustc/82e1608dfa6e0b5569232559e3d385fea5a93112/library/test/src/lib.rs:574:43
[INFO] [stdout]   69:     0x5617220ff166 - test::run_test::{{closure}}::h87d231c78fb59832
[INFO] [stdout]                                at /rustc/82e1608dfa6e0b5569232559e3d385fea5a93112/library/test/src/lib.rs:602:41
[INFO] [stdout]   70:     0x5617220ff166 - std::sys_common::backtrace::__rust_begin_short_backtrace::he6df152596625789
[INFO] [stdout]                                at /rustc/82e1608dfa6e0b5569232559e3d385fea5a93112/library/std/src/sys_common/backtrace.rs:154:18
[INFO] [stdout]   71:     0x561722104217 - std::thread::Builder::spawn_unchecked_::{{closure}}::{{closure}}::ha94be15d1e0acf36
[INFO] [stdout]                                at /rustc/82e1608dfa6e0b5569232559e3d385fea5a93112/library/std/src/thread/mod.rs:529:17
[INFO] [stdout]   72:     0x561722104217 - <core::panic::unwind_safe::AssertUnwindSafe<F> as core::ops::function::FnOnce<()>>::call_once::h9dc6bd6372f16606
[INFO] [stdout]                                at /rustc/82e1608dfa6e0b5569232559e3d385fea5a93112/library/core/src/panic/unwind_safe.rs:272:9
[INFO] [stdout]   73:     0x561722104217 - std::panicking::try::do_call::h9057517f80303cd4
[INFO] [stdout]                                at /rustc/82e1608dfa6e0b5569232559e3d385fea5a93112/library/std/src/panicking.rs:552:40
[INFO] [stdout]   74:     0x561722104217 - std::panicking::try::he3a30b11ee45340c
[INFO] [stdout]                                at /rustc/82e1608dfa6e0b5569232559e3d385fea5a93112/library/std/src/panicking.rs:516:19
[INFO] [stdout]   75:     0x561722104217 - std::panic::catch_unwind::h410458cfd3528b8b
[INFO] [stdout]                                at /rustc/82e1608dfa6e0b5569232559e3d385fea5a93112/library/std/src/panic.rs:142:14
[INFO] [stdout]   76:     0x561722104217 - std::thread::Builder::spawn_unchecked_::{{closure}}::h72ac3bdb567b737b
[INFO] [stdout]                                at /rustc/82e1608dfa6e0b5569232559e3d385fea5a93112/library/std/src/thread/mod.rs:528:30
[INFO] [stdout]   77:     0x561722104217 - core::ops::function::FnOnce::call_once{{vtable.shim}}::h38f34da3654a8344
[INFO] [stdout]                                at /rustc/82e1608dfa6e0b5569232559e3d385fea5a93112/library/core/src/ops/function.rs:250:5
[INFO] [stdout]   78:     0x5617225f3cf5 - <alloc::boxed::Box<F,A> as core::ops::function::FnOnce<Args>>::call_once::hc7eafaff61e32df9
[INFO] [stdout]                                at /rustc/82e1608dfa6e0b5569232559e3d385fea5a93112/library/alloc/src/boxed.rs:2007:9
[INFO] [stdout]   79:     0x5617225f3cf5 - <alloc::boxed::Box<F,A> as core::ops::function::FnOnce<Args>>::call_once::h6ba4a5de48dd2304
[INFO] [stdout]                                at /rustc/82e1608dfa6e0b5569232559e3d385fea5a93112/library/alloc/src/boxed.rs:2007:9
[INFO] [stdout]   80:     0x5617225f3cf5 - std::sys::unix::thread::Thread::new::thread_start::he469335aef763e45
[INFO] [stdout]                                at /rustc/82e1608dfa6e0b5569232559e3d385fea5a93112/library/std/src/sys/unix/thread.rs:108:17
[INFO] [stdout]   81:     0x7fa02da59ac3 - <unknown>
[INFO] [stdout]   82:     0x7fa02daeabf4 - __clone
[INFO] [stdout]   83:                0x0 - <unknown>
[INFO] [stdout] thread 'common::transport::tcp::tests::should_be_able_to_reconnect' panicked at src/common/transport/tcp.rs:185:29:
[INFO] [stdout] Failed to get server server address: RecvError(())
[INFO] [stdout] stack backtrace:
[INFO] [stdout]    0:     0x5617225ecd9c - std::backtrace_rs::backtrace::libunwind::trace::ha637c64ce894333a
[INFO] [stdout]                                at /rustc/82e1608dfa6e0b5569232559e3d385fea5a93112/library/std/src/../../backtrace/src/backtrace/libunwind.rs:104:5
[INFO] [stdout]    1:     0x5617225ecd9c - std::backtrace_rs::backtrace::trace_unsynchronized::h47f62dea28e0c88d
[INFO] [stdout]                                at /rustc/82e1608dfa6e0b5569232559e3d385fea5a93112/library/std/src/../../backtrace/src/backtrace/mod.rs:66:5
[INFO] [stdout]    2:     0x5617225ecd9c - std::sys_common::backtrace::_print_fmt::h9eef0abe20ede486
[INFO] [stdout]                                at /rustc/82e1608dfa6e0b5569232559e3d385fea5a93112/library/std/src/sys_common/backtrace.rs:67:5
[INFO] [stdout]    3:     0x5617225ecd9c - <std::sys_common::backtrace::_print::DisplayBacktrace as core::fmt::Display>::fmt::hed7f999df88cc644
[INFO] [stdout]                                at /rustc/82e1608dfa6e0b5569232559e3d385fea5a93112/library/std/src/sys_common/backtrace.rs:44:22
[INFO] [stdout]    4:     0x56172261ad90 - core::fmt::rt::Argument::fmt::h1539a9308b8d058d
[INFO] [stdout]                                at /rustc/82e1608dfa6e0b5569232559e3d385fea5a93112/library/core/src/fmt/rt.rs:142:9
[INFO] [stdout]    5:     0x56172261ad90 - core::fmt::write::h3a39390d8560d9c9
[INFO] [stdout]                                at /rustc/82e1608dfa6e0b5569232559e3d385fea5a93112/library/core/src/fmt/mod.rs:1120:17
[INFO] [stdout]    6:     0x5617225ea33f - std::io::Write::write_fmt::h040b369f3a0f9cbc
[INFO] [stdout]                                at /rustc/82e1608dfa6e0b5569232559e3d385fea5a93112/library/std/src/io/mod.rs:1762:15
[INFO] [stdout]    7:     0x5617225ecb84 - std::sys_common::backtrace::_print::h894006fb5c6f3d45
[INFO] [stdout]                                at /rustc/82e1608dfa6e0b5569232559e3d385fea5a93112/library/std/src/sys_common/backtrace.rs:47:5
[INFO] [stdout]    8:     0x5617225ecb84 - std::sys_common::backtrace::print::h23a2d212c6fff936
[INFO] [stdout]                                at /rustc/82e1608dfa6e0b5569232559e3d385fea5a93112/library/std/src/sys_common/backtrace.rs:34:9
[INFO] [stdout]    9:     0x5617225ee847 - std::panicking::default_hook::{{closure}}::h8a1d2ee00185001a
[INFO] [stdout]   10:     0x5617225ee533 - std::panicking::default_hook::h6038f2eba384e475
[INFO] [stdout]                                at /rustc/82e1608dfa6e0b5569232559e3d385fea5a93112/library/std/src/panicking.rs:289:9
[INFO] [stdout]   11:     0x561722132837 - <alloc::boxed::Box<F,A> as core::ops::function::Fn<Args>>::call::h0ad024c9bdc6d768
[INFO] [stdout]                                at /rustc/82e1608dfa6e0b5569232559e3d385fea5a93112/library/alloc/src/boxed.rs:2021:9
[INFO] [stdout]   12:     0x561722132837 - test::test_main::{{closure}}::h7500b54257359db6
[INFO] [stdout]                                at /rustc/82e1608dfa6e0b5569232559e3d385fea5a93112/library/test/src/lib.rs:138:21
[INFO] [stdout]   13:     0x5617225eee58 - <alloc::boxed::Box<F,A> as core::ops::function::Fn<Args>>::call::h1f8f335eaa9cfaee
[INFO] [stdout]                                at /rustc/82e1608dfa6e0b5569232559e3d385fea5a93112/library/alloc/src/boxed.rs:2021:9
[INFO] [stdout]   14:     0x5617225eee58 - std::panicking::rust_panic_with_hook::h2b5517d590cab22e
[INFO] [stdout]                                at /rustc/82e1608dfa6e0b5569232559e3d385fea5a93112/library/std/src/panicking.rs:783:13
[INFO] [stdout]   15:     0x5617225eebae - std::panicking::begin_panic_handler::{{closure}}::h233112c06e0ef43e
[INFO] [stdout]                                at /rustc/82e1608dfa6e0b5569232559e3d385fea5a93112/library/std/src/panicking.rs:657:13
[INFO] [stdout]   16:     0x5617225ed266 - std::sys_common::backtrace::__rust_end_short_backtrace::h6e893f24d7ebbff8
[INFO] [stdout]                                at /rustc/82e1608dfa6e0b5569232559e3d385fea5a93112/library/std/src/sys_common/backtrace.rs:170:18
[INFO] [stdout]   17:     0x5617225ee912 - rust_begin_unwind
[INFO] [stdout]                                at /rustc/82e1608dfa6e0b5569232559e3d385fea5a93112/library/std/src/panicking.rs:645:5
[INFO] [stdout]   18:     0x5617214c94e5 - core::panicking::panic_fmt::hbf0e066aabfa482c
[INFO] [stdout]                                at /rustc/82e1608dfa6e0b5569232559e3d385fea5a93112/library/core/src/panicking.rs:72:14
[INFO] [stdout]   19:     0x5617214c9b13 - core::result::unwrap_failed::hddb4fea594200c52
[INFO] [stdout]                                at /rustc/82e1608dfa6e0b5569232559e3d385fea5a93112/library/core/src/result.rs:1653:5
[INFO] [stdout]   20:     0x561721d03a95 - core::result::Result<T,E>::expect::h426dd14e9186c6a8
[INFO] [stdout]                                at /rustc/82e1608dfa6e0b5569232559e3d385fea5a93112/library/core/src/result.rs:1034:23
[INFO] [stdout]   21:     0x561721c6940f - distant_net::common::transport::tcp::tests::should_be_able_to_reconnect::{{closure}}::h09d59ea135f09887
[INFO] [stdout]                                at /opt/rustwide/workdir/src/common/transport/tcp.rs:185:20
[INFO] [stdout]   22:     0x561721ce8818 - <core::pin::Pin<P> as core::future::future::Future>::poll::hb1c68714a2162c3e
[INFO] [stdout]                                at /rustc/82e1608dfa6e0b5569232559e3d385fea5a93112/library/core/src/future/future.rs:125:9
[INFO] [stdout]   23:     0x561721ce82fb - <core::pin::Pin<P> as core::future::future::Future>::poll::h92abe25f5a5e90f8
[INFO] [stdout]                                at /rustc/82e1608dfa6e0b5569232559e3d385fea5a93112/library/core/src/future/future.rs:125:9
[INFO] [stdout]   24:     0x561721d6b464 - tokio::runtime::scheduler::current_thread::CoreGuard::block_on::{{closure}}::{{closure}}::{{closure}}::h12d7bbcbbd17d9c6
[INFO] [stdout]                                at /opt/rustwide/cargo-home/registry/src/index.crates.io-6f17d22bba15001f/tokio-1.35.1/src/runtime/scheduler/current_thread/mod.rs:665:57
[INFO] [stdout]   25:     0x561721d6b38a - tokio::runtime::coop::with_budget::h9aca6ad74f1cf948
[INFO] [stdout]                                at /opt/rustwide/cargo-home/registry/src/index.crates.io-6f17d22bba15001f/tokio-1.35.1/src/runtime/coop.rs:107:5
[INFO] [stdout]   26:     0x561721d6b38a - tokio::runtime::coop::budget::h9c3ac98c3b768744
[INFO] [stdout]                                at /opt/rustwide/cargo-home/registry/src/index.crates.io-6f17d22bba15001f/tokio-1.35.1/src/runtime/coop.rs:73:5
[INFO] [stdout]   27:     0x561721d6b38a - tokio::runtime::scheduler::current_thread::CoreGuard::block_on::{{closure}}::{{closure}}::h1b06c3c7711c4ab6
[INFO] [stdout]                                at /opt/rustwide/cargo-home/registry/src/index.crates.io-6f17d22bba15001f/tokio-1.35.1/src/runtime/scheduler/current_thread/mod.rs:665:25
[INFO] [stdout]   28:     0x561721d69d1c - tokio::runtime::scheduler::current_thread::Context::enter::h558db743628a716c
[INFO] [stdout]                                at /opt/rustwide/cargo-home/registry/src/index.crates.io-6f17d22bba15001f/tokio-1.35.1/src/runtime/scheduler/current_thread/mod.rs:410:19
[INFO] [stdout]   29:     0x561721d6ab8e - tokio::runtime::scheduler::current_thread::CoreGuard::block_on::{{closure}}::h2e160a59a8a4a45f
[INFO] [stdout]                                at /opt/rustwide/cargo-home/registry/src/index.crates.io-6f17d22bba15001f/tokio-1.35.1/src/runtime/scheduler/current_thread/mod.rs:664:36
[INFO] [stdout]   30:     0x561721d6a89b - tokio::runtime::scheduler::current_thread::CoreGuard::enter::{{closure}}::h54bee766e1c95ba6
[INFO] [stdout]                                at /opt/rustwide/cargo-home/registry/src/index.crates.io-6f17d22bba15001f/tokio-1.35.1/src/runtime/scheduler/current_thread/mod.rs:743:68
[INFO] [stdout]   31:     0x561721dd8a6b - tokio::runtime::context::scoped::Scoped<T>::set::h93130f4d8843b5db
[INFO] [stdout]                                at /opt/rustwide/cargo-home/registry/src/index.crates.io-6f17d22bba15001f/tokio-1.35.1/src/runtime/context/scoped.rs:40:9
[INFO] [stdout]   32:     0x561721abff69 - tokio::runtime::context::set_scheduler::{{closure}}::h15d86663eb727ab3
[INFO] [stdout]                                at /opt/rustwide/cargo-home/registry/src/index.crates.io-6f17d22bba15001f/tokio-1.35.1/src/runtime/context.rs:176:26
[INFO] [stdout]   33:     0x561721c9be86 - std::thread::local::LocalKey<T>::try_with::hcd66ae735368e21d
[INFO] [stdout]                                at /rustc/82e1608dfa6e0b5569232559e3d385fea5a93112/library/std/src/thread/local.rs:270:16
[INFO] [stdout]   34:     0x561721c8746a - std::thread::local::LocalKey<T>::with::h16501f0058e621a8
[INFO] [stdout]                                at /rustc/82e1608dfa6e0b5569232559e3d385fea5a93112/library/std/src/thread/local.rs:246:9
[INFO] [stdout]   35:     0x561721abff1d - tokio::runtime::context::set_scheduler::h4c27d31f9dce3b0f
[INFO] [stdout]                                at /opt/rustwide/cargo-home/registry/src/index.crates.io-6f17d22bba15001f/tokio-1.35.1/src/runtime/context.rs:176:9
[INFO] [stdout]   36:     0x561721d6a630 - tokio::runtime::scheduler::current_thread::CoreGuard::enter::h25245f18fa2e0c0c
[INFO] [stdout]                                at /opt/rustwide/cargo-home/registry/src/index.crates.io-6f17d22bba15001f/tokio-1.35.1/src/runtime/scheduler/current_thread/mod.rs:743:27
[INFO] [stdout]   37:     0x561721d6a8cd - tokio::runtime::scheduler::current_thread::CoreGuard::block_on::h1017dd17a085beb7
[INFO] [stdout]                                at /opt/rustwide/cargo-home/registry/src/index.crates.io-6f17d22bba15001f/tokio-1.35.1/src/runtime/scheduler/current_thread/mod.rs:652:19
[INFO] [stdout]   38:     0x561721d40bcd - tokio::runtime::scheduler::current_thread::CurrentThread::block_on::{{closure}}::hfeb7701f263cc476
[INFO] [stdout]                                at /opt/rustwide/cargo-home/registry/src/index.crates.io-6f17d22bba15001f/tokio-1.35.1/src/runtime/scheduler/current_thread/mod.rs:175:28
[INFO] [stdout]   39:     0x561721e415da - tokio::runtime::context::runtime::enter_runtime::h72a2ac5594f44708
[INFO] [stdout]                                at /opt/rustwide/cargo-home/registry/src/index.crates.io-6f17d22bba15001f/tokio-1.35.1/src/runtime/context/runtime.rs:65:16
[INFO] [stdout]   40:     0x561721d40ae0 - tokio::runtime::scheduler::current_thread::CurrentThread::block_on::hd47b473421769d64
[INFO] [stdout]                                at /opt/rustwide/cargo-home/registry/src/index.crates.io-6f17d22bba15001f/tokio-1.35.1/src/runtime/scheduler/current_thread/mod.rs:167:9
[INFO] [stdout]   41:     0x561721ef61dd - tokio::runtime::runtime::Runtime::block_on::hd285d17e80ffed71
[INFO] [stdout]                                at /opt/rustwide/cargo-home/registry/src/index.crates.io-6f17d22bba15001f/tokio-1.35.1/src/runtime/runtime.rs:348:47
[INFO] [stdout]   42:     0x561721c68f28 - distant_net::common::transport::tcp::tests::should_be_able_to_reconnect::h5c8939154f1f04e6
[INFO] [stdout]                                at /opt/rustwide/workdir/src/common/transport/tcp.rs:177:44
[INFO] [stdout]   43:     0x561721c68db7 - distant_net::common::transport::tcp::tests::should_be_able_to_reconnect::{{closure}}::hb721e0fe1551b740
[INFO] [stdout]                                at /opt/rustwide/workdir/src/common/transport/tcp.rs:177:43
[INFO] [stdout]   44:     0x561721726306 - core::ops::function::FnOnce::call_once::h2569e926c8ec463f
[INFO] [stdout]                                at /rustc/82e1608dfa6e0b5569232559e3d385fea5a93112/library/core/src/ops/function.rs:250:5
[INFO] [stdout]   45:     0x561722137e8f - core::ops::function::FnOnce::call_once::h2b5d431d5046312d
[INFO] [stdout]                                at /rustc/82e1608dfa6e0b5569232559e3d385fea5a93112/library/core/src/ops/function.rs:250:5
[INFO] [stdout]   46:     0x561722137e8f - test::__rust_begin_short_backtrace::h7714669af176e207
[INFO] [stdout]                                at /rustc/82e1608dfa6e0b5569232559e3d385fea5a93112/library/test/src/lib.rs:628:18
[INFO] [stdout]   47:     0x561722136ea5 - test::run_test_in_process::{{closure}}::h85218797dcbcec12
[INFO] [stdout]                                at /rustc/82e1608dfa6e0b5569232559e3d385fea5a93112/library/test/src/lib.rs:651:60
[INFO] [stdout]   48:     0x561722136ea5 - <core::panic::unwind_safe::AssertUnwindSafe<F> as core::ops::function::FnOnce<()>>::call_once::h76c106ea31c14d7b
[INFO] [stdout]                                at /rustc/82e1608dfa6e0b5569232559e3d385fea5a93112/library/core/src/panic/unwind_safe.rs:272:9
[INFO] [stdout]   49:     0x561722136ea5 - std::panicking::try::do_call::h3bd5d0f6620ee946
[INFO] [stdout]                                at /rustc/82e1608dfa6e0b5569232559e3d385fea5a93112/library/std/src/panicking.rs:552:40
[INFO] [stdout]   50:     0x561722136ea5 - std::panicking::try::h232e535e4744fe31
[INFO] [stdout]                                at /rustc/82e1608dfa6e0b5569232559e3d385fea5a93112/library/std/src/panicking.rs:516:19
[INFO] [stdout]   51:     0x561722136ea5 - std::panic::catch_unwind::h3ce3bd6ca8dbac68
[INFO] [stdout]                                at /rustc/82e1608dfa6e0b5569232559e3d385fea5a93112/library/std/src/panic.rs:142:14
[INFO] [stdout]   52:     0x561722136ea5 - test::run_test_in_process::hc97b257c9621286a
[INFO] [stdout]                                at /rustc/82e1608dfa6e0b5569232559e3d385fea5a93112/library/test/src/lib.rs:651:27
[INFO] [stdout]   53:     0x561722136ea5 - test::run_test::{{closure}}::h2aa798823a438d38
[INFO] [stdout]                                at /rustc/82e1608dfa6e0b5569232559e3d385fea5a93112/library/test/src/lib.rs:574:43
[INFO] [stdout]   54:     0x5617220ff166 - test::run_test::{{closure}}::h87d231c78fb59832
[INFO] [stdout]                                at /rustc/82e1608dfa6e0b5569232559e3d385fea5a93112/library/test/src/lib.rs:602:41
[INFO] [stdout]   55:     0x5617220ff166 - std::sys_common::backtrace::__rust_begin_short_backtrace::he6df152596625789
[INFO] [stdout]                                at /rustc/82e1608dfa6e0b5569232559e3d385fea5a93112/library/std/src/sys_common/backtrace.rs:154:18
[INFO] [stdout]   56:     0x561722104217 - std::thread::Builder::spawn_unchecked_::{{closure}}::{{closure}}::ha94be15d1e0acf36
[INFO] [stdout]                                at /rustc/82e1608dfa6e0b5569232559e3d385fea5a93112/library/std/src/thread/mod.rs:529:17
[INFO] [stdout]   57:     0x561722104217 - <core::panic::unwind_safe::AssertUnwindSafe<F> as core::ops::function::FnOnce<()>>::call_once::h9dc6bd6372f16606
[INFO] [stdout]                                at /rustc/82e1608dfa6e0b5569232559e3d385fea5a93112/library/core/src/panic/unwind_safe.rs:272:9
[INFO] [stdout]   58:     0x561722104217 - std::panicking::try::do_call::h9057517f80303cd4
[INFO] [stdout]                                at /rustc/82e1608dfa6e0b5569232559e3d385fea5a93112/library/std/src/panicking.rs:552:40
[INFO] [stdout]   59:     0x561722104217 - std::panicking::try::he3a30b11ee45340c
[INFO] [stdout]                                at /rustc/82e1608dfa6e0b5569232559e3d385fea5a93112/library/std/src/panicking.rs:516:19
[INFO] [stdout]   60:     0x561722104217 - std::panic::catch_unwind::h410458cfd3528b8b
[INFO] [stdout]                                at /rustc/82e1608dfa6e0b5569232559e3d385fea5a93112/library/std/src/panic.rs:142:14
[INFO] [stdout]   61:     0x561722104217 - std::thread::Builder::spawn_unchecked_::{{closure}}::h72ac3bdb567b737b
[INFO] [stdout]                                at /rustc/82e1608dfa6e0b5569232559e3d385fea5a93112/library/std/src/thread/mod.rs:528:30
[INFO] [stdout]   62:     0x561722104217 - core::ops::function::FnOnce::call_once{{vtable.shim}}::h38f34da3654a8344
[INFO] [stdout]                                at /rustc/82e1608dfa6e0b5569232559e3d385fea5a93112/library/core/src/ops/function.rs:250:5
[INFO] [stdout]   63:     0x5617225f3cf5 - <alloc::boxed::Box<F,A> as core::ops::function::FnOnce<Args>>::call_once::hc7eafaff61e32df9
[INFO] [stdout]                                at /rustc/82e1608dfa6e0b5569232559e3d385fea5a93112/library/alloc/src/boxed.rs:2007:9
[INFO] [stdout]   64:     0x5617225f3cf5 - <alloc::boxed::Box<F,A> as core::ops::function::FnOnce<Args>>::call_once::h6ba4a5de48dd2304
[INFO] [stdout]                                at /rustc/82e1608dfa6e0b5569232559e3d385fea5a93112/library/alloc/src/boxed.rs:2007:9
[INFO] [stdout]   65:     0x5617225f3cf5 - std::sys::unix::thread::Thread::new::thread_start::he469335aef763e45
[INFO] [stdout]                                at /rustc/82e1608dfa6e0b5569232559e3d385fea5a93112/library/std/src/sys/unix/thread.rs:108:17
[INFO] [stdout]   66:     0x7fa02da59ac3 - <unknown>
[INFO] [stdout]   67:     0x7fa02daeabf4 - __clone
[INFO] [stdout]   68:                0x0 - <unknown>
[INFO] [stdout] 
[INFO] [stdout] ---- server::builder::tcp::tests::should_invoke_handler_upon_receiving_a_request stdout ----
[INFO] [stdout] thread 'server::builder::tcp::tests::should_invoke_handler_upon_receiving_a_request' panicked at src/server/builder/tcp.rs:94:14:
[INFO] [stdout] Failed to start TCP server: Os { code: 99, kind: AddrNotAvailable, message: "Cannot assign requested address" }
[INFO] [stdout] stack backtrace:
[INFO] [stdout]    0:     0x5617225ecd9c - std::backtrace_rs::backtrace::libunwind::trace::ha637c64ce894333a
[INFO] [stdout]                                at /rustc/82e1608dfa6e0b5569232559e3d385fea5a93112/library/std/src/../../backtrace/src/backtrace/libunwind.rs:104:5
[INFO] [stdout]    1:     0x5617225ecd9c - std::backtrace_rs::backtrace::trace_unsynchronized::h47f62dea28e0c88d
[INFO] [stdout]                                at /rustc/82e1608dfa6e0b5569232559e3d385fea5a93112/library/std/src/../../backtrace/src/backtrace/mod.rs:66:5
[INFO] [stdout]    2:     0x5617225ecd9c - std::sys_common::backtrace::_print_fmt::h9eef0abe20ede486
[INFO] [stdout]                                at /rustc/82e1608dfa6e0b5569232559e3d385fea5a93112/library/std/src/sys_common/backtrace.rs:67:5
[INFO] [stdout]    3:     0x5617225ecd9c - <std::sys_common::backtrace::_print::DisplayBacktrace as core::fmt::Display>::fmt::hed7f999df88cc644
[INFO] [stdout]                                at /rustc/82e1608dfa6e0b5569232559e3d385fea5a93112/library/std/src/sys_common/backtrace.rs:44:22
[INFO] [stdout]    4:     0x56172261ad90 - core::fmt::rt::Argument::fmt::h1539a9308b8d058d
[INFO] [stdout]                                at /rustc/82e1608dfa6e0b5569232559e3d385fea5a93112/library/core/src/fmt/rt.rs:142:9
[INFO] [stdout]    5:     0x56172261ad90 - core::fmt::write::h3a39390d8560d9c9
[INFO] [stdout]                                at /rustc/82e1608dfa6e0b5569232559e3d385fea5a93112/library/core/src/fmt/mod.rs:1120:17
[INFO] [stdout]    6:     0x5617225ea33f - std::io::Write::write_fmt::h040b369f3a0f9cbc
[INFO] [stdout]                                at /rustc/82e1608dfa6e0b5569232559e3d385fea5a93112/library/std/src/io/mod.rs:1762:15
[INFO] [stdout]    7:     0x5617225ecb84 - std::sys_common::backtrace::_print::h894006fb5c6f3d45
[INFO] [stdout]                                at /rustc/82e1608dfa6e0b5569232559e3d385fea5a93112/library/std/src/sys_common/backtrace.rs:47:5
[INFO] [stdout]    8:     0x5617225ecb84 - std::sys_common::backtrace::print::h23a2d212c6fff936
[INFO] [stdout]                                at /rustc/82e1608dfa6e0b5569232559e3d385fea5a93112/library/std/src/sys_common/backtrace.rs:34:9
[INFO] [stdout]    9:     0x5617225ee847 - std::panicking::default_hook::{{closure}}::h8a1d2ee00185001a
[INFO] [stdout]   10:     0x5617225ee533 - std::panicking::default_hook::h6038f2eba384e475
[INFO] [stdout]                                at /rustc/82e1608dfa6e0b5569232559e3d385fea5a93112/library/std/src/panicking.rs:289:9
[INFO] [stdout]   11:     0x561722132837 - <alloc::boxed::Box<F,A> as core::ops::function::Fn<Args>>::call::h0ad024c9bdc6d768
[INFO] [stdout]                                at /rustc/82e1608dfa6e0b5569232559e3d385fea5a93112/library/alloc/src/boxed.rs:2021:9
[INFO] [stdout]   12:     0x561722132837 - test::test_main::{{closure}}::h7500b54257359db6
[INFO] [stdout]                                at /rustc/82e1608dfa6e0b5569232559e3d385fea5a93112/library/test/src/lib.rs:138:21
[INFO] [stdout]   13:     0x5617225eee58 - <alloc::boxed::Box<F,A> as core::ops::function::Fn<Args>>::call::h1f8f335eaa9cfaee
[INFO] [stdout]                                at /rustc/82e1608dfa6e0b5569232559e3d385fea5a93112/library/alloc/src/boxed.rs:2021:9
[INFO] [stdout]   14:     0x5617225eee58 - std::panicking::rust_panic_with_hook::h2b5517d590cab22e
[INFO] [stdout]                                at /rustc/82e1608dfa6e0b5569232559e3d385fea5a93112/library/std/src/panicking.rs:783:13
[INFO] [stdout]   15:     0x5617225eebae - std::panicking::begin_panic_handler::{{closure}}::h233112c06e0ef43e
[INFO] [stdout]                                at /rustc/82e1608dfa6e0b5569232559e3d385fea5a93112/library/std/src/panicking.rs:657:13
[INFO] [stdout]   16:     0x5617225ed266 - std::sys_common::backtrace::__rust_end_short_backtrace::h6e893f24d7ebbff8
[INFO] [stdout]                                at /rustc/82e1608dfa6e0b5569232559e3d385fea5a93112/library/std/src/sys_common/backtrace.rs:170:18
[INFO] [stdout]   17:     0x5617225ee912 - rust_begin_unwind
[INFO] [stdout]                                at /rustc/82e1608dfa6e0b5569232559e3d385fea5a93112/library/std/src/panicking.rs:645:5
[INFO] [stdout]   18:     0x5617214c94e5 - core::panicking::panic_fmt::hbf0e066aabfa482c
[INFO] [stdout]                                at /rustc/82e1608dfa6e0b5569232559e3d385fea5a93112/library/core/src/panicking.rs:72:14
[INFO] [stdout]   19:     0x5617214c9b13 - core::result::unwrap_failed::hddb4fea594200c52
[INFO] [stdout]                                at /rustc/82e1608dfa6e0b5569232559e3d385fea5a93112/library/core/src/result.rs:1653:5
[INFO] [stdout]   20:     0x561721d044ce - core::result::Result<T,E>::expect::h9127e35777d97b32
[INFO] [stdout]                                at /rustc/82e1608dfa6e0b5569232559e3d385fea5a93112/library/core/src/result.rs:1034:23
[INFO] [stdout]   21:     0x5617220da192 - distant_net::server::builder::tcp::tests::should_invoke_handler_upon_receiving_a_request::{{closure}}::h3a069e20ff1ae40f
[INFO] [stdout]                                at /opt/rustwide/workdir/src/server/builder/tcp.rs:89:22
[INFO] [stdout]   22:     0x561721ce8818 - <core::pin::Pin<P> as core::future::future::Future>::poll::hb1c68714a2162c3e
[INFO] [stdout]                                at /rustc/82e1608dfa6e0b5569232559e3d385fea5a93112/library/core/src/future/future.rs:125:9
[INFO] [stdout]   23:     0x561721ce82fb - <core::pin::Pin<P> as core::future::future::Future>::poll::h92abe25f5a5e90f8
[INFO] [stdout]                                at /rustc/82e1608dfa6e0b5569232559e3d385fea5a93112/library/core/src/future/future.rs:125:9
[INFO] [stdout]   24:     0x561721d6b464 - tokio::runtime::scheduler::current_thread::CoreGuard::block_on::{{closure}}::{{closure}}::{{closure}}::h12d7bbcbbd17d9c6
[INFO] [stdout]                                at /opt/rustwide/cargo-home/registry/src/index.crates.io-6f17d22bba15001f/tokio-1.35.1/src/runtime/scheduler/current_thread/mod.rs:665:57
[INFO] [stdout]   25:     0x561721d6b38a - tokio::runtime::coop::with_budget::h9aca6ad74f1cf948
[INFO] [stdout]                                at /opt/rustwide/cargo-home/registry/src/index.crates.io-6f17d22bba15001f/tokio-1.35.1/src/runtime/coop.rs:107:5
[INFO] [stdout]   26:     0x561721d6b38a - tokio::runtime::coop::budget::h9c3ac98c3b768744
[INFO] [stdout]                                at /opt/rustwide/cargo-home/registry/src/index.crates.io-6f17d22bba15001f/tokio-1.35.1/src/runtime/coop.rs:73:5
[INFO] [stdout]   27:     0x561721d6b38a - tokio::runtime::scheduler::current_thread::CoreGuard::block_on::{{closure}}::{{closure}}::h1b06c3c7711c4ab6
[INFO] [stdout]                                at /opt/rustwide/cargo-home/registry/src/index.crates.io-6f17d22bba15001f/tokio-1.35.1/src/runtime/scheduler/current_thread/mod.rs:665:25
[INFO] [stdout]   28:     0x561721d69d1c - tokio::runtime::scheduler::current_thread::Context::enter::h558db743628a716c
[INFO] [stdout]                                at /opt/rustwide/cargo-home/registry/src/index.crates.io-6f17d22bba15001f/tokio-1.35.1/src/runtime/scheduler/current_thread/mod.rs:410:19
[INFO] [stdout]   29:     0x561721d6ab8e - tokio::runtime::scheduler::current_thread::CoreGuard::block_on::{{closure}}::h2e160a59a8a4a45f
[INFO] [stdout]                                at /opt/rustwide/cargo-home/registry/src/index.crates.io-6f17d22bba15001f/tokio-1.35.1/src/runtime/scheduler/current_thread/mod.rs:664:36
[INFO] [stdout]   30:     0x561721d6a89b - tokio::runtime::scheduler::current_thread::CoreGuard::enter::{{closure}}::h54bee766e1c95ba6
[INFO] [stdout]                                at /opt/rustwide/cargo-home/registry/src/index.crates.io-6f17d22bba15001f/tokio-1.35.1/src/runtime/scheduler/current_thread/mod.rs:743:68
[INFO] [stdout]   31:     0x561721dd8a6b - tokio::runtime::context::scoped::Scoped<T>::set::h93130f4d8843b5db
[INFO] [stdout]                                at /opt/rustwide/cargo-home/registry/src/index.crates.io-6f17d22bba15001f/tokio-1.35.1/src/runtime/context/scoped.rs:40:9
[INFO] [stdout]   32:     0x561721abff69 - tokio::runtime::context::set_scheduler::{{closure}}::h15d86663eb727ab3
[INFO] [stdout]                                at /opt/rustwide/cargo-home/registry/src/index.crates.io-6f17d22bba15001f/tokio-1.35.1/src/runtime/context.rs:176:26
[INFO] [stdout]   33:     0x561721c9be86 - std::thread::local::LocalKey<T>::try_with::hcd66ae735368e21d
[INFO] [stdout]                                at /rustc/82e1608dfa6e0b5569232559e3d385fea5a93112/library/std/src/thread/local.rs:270:16
[INFO] [stdout]   34:     0x561721c8746a - std::thread::local::LocalKey<T>::with::h16501f0058e621a8
[INFO] [stdout]                                at /rustc/82e1608dfa6e0b5569232559e3d385fea5a93112/library/std/src/thread/local.rs:246:9
[INFO] [stdout]   35:     0x561721abff1d - tokio::runtime::context::set_scheduler::h4c27d31f9dce3b0f
[INFO] [stdout]                                at /opt/rustwide/cargo-home/registry/src/index.crates.io-6f17d22bba15001f/tokio-1.35.1/src/runtime/context.rs:176:9
[INFO] [stdout]   36:     0x561721d6a630 - tokio::runtime::scheduler::current_thread::CoreGuard::enter::h25245f18fa2e0c0c
[INFO] [stdout]                                at /opt/rustwide/cargo-home/registry/src/index.crates.io-6f17d22bba15001f/tokio-1.35.1/src/runtime/scheduler/current_thread/mod.rs:743:27
[INFO] [stdout]   37:     0x561721d6a8cd - tokio::runtime::scheduler::current_thread::CoreGuard::block_on::h1017dd17a085beb7
[INFO] [stdout]                                at /opt/rustwide/cargo-home/registry/src/index.crates.io-6f17d22bba15001f/tokio-1.35.1/src/runtime/scheduler/current_thread/mod.rs:652:19
[INFO] [stdout]   38:     0x561721d40bcd - tokio::runtime::scheduler::current_thread::CurrentThread::block_on::{{closure}}::hfeb7701f263cc476
[INFO] [stdout]                                at /opt/rustwide/cargo-home/registry/src/index.crates.io-6f17d22bba15001f/tokio-1.35.1/src/runtime/scheduler/current_thread/mod.rs:175:28
[INFO] [stdout]   39:     0x561721e415da - tokio::runtime::context::runtime::enter_runtime::h72a2ac5594f44708
[INFO] [stdout]                                at /opt/rustwide/cargo-home/registry/src/index.crates.io-6f17d22bba15001f/tokio-1.35.1/src/runtime/context/runtime.rs:65:16
[INFO] [stdout]   40:     0x561721d40ae0 - tokio::runtime::scheduler::current_thread::CurrentThread::block_on::hd47b473421769d64
[INFO] [stdout]                                at /opt/rustwide/cargo-home/registry/src/index.crates.io-6f17d22bba15001f/tokio-1.35.1/src/runtime/scheduler/current_thread/mod.rs:167:9
[INFO] [stdout]   41:     0x561721ef61dd - tokio::runtime::runtime::Runtime::block_on::hd285d17e80ffed71
[INFO] [stdout]                                at /opt/rustwide/cargo-home/registry/src/index.crates.io-6f17d22bba15001f/tokio-1.35.1/src/runtime/runtime.rs:348:47
[INFO] [stdout]   42:     0x5617220d9d94 - distant_net::server::builder::tcp::tests::should_invoke_handler_upon_receiving_a_request::h9f76485baabf7d2d
[INFO] [stdout]                                at /opt/rustwide/workdir/src/server/builder/tcp.rs:88:63
[INFO] [stdout]   43:     0x5617220d9c17 - distant_net::server::builder::tcp::tests::should_invoke_handler_upon_receiving_a_request::{{closure}}::ha927dcae0342b11e
[INFO] [stdout]                                at /opt/rustwide/workdir/src/server/builder/tcp.rs:88:62
[INFO] [stdout]   44:     0x561721729d16 - core::ops::function::FnOnce::call_once::h3cb11578b35b4992
[INFO] [stdout]                                at /rustc/82e1608dfa6e0b5569232559e3d385fea5a93112/library/core/src/ops/function.rs:250:5
[INFO] [stdout]   45:     0x561722137e8f - core::ops::function::FnOnce::call_once::h2b5d431d5046312d
[INFO] [stdout]                                at /rustc/82e1608dfa6e0b5569232559e3d385fea5a93112/library/core/src/ops/function.rs:250:5
[INFO] [stdout]   46:     0x561722137e8f - test::__rust_begin_short_backtrace::h7714669af176e207
[INFO] [stdout]                                at /rustc/82e1608dfa6e0b5569232559e3d385fea5a93112/library/test/src/lib.rs:628:18
[INFO] [stdout]   47:     0x561722136ea5 - test::run_test_in_process::{{closure}}::h85218797dcbcec12
[INFO] [stdout]                                at /rustc/82e1608dfa6e0b5569232559e3d385fea5a93112/library/test/src/lib.rs:651:60
[INFO] [stdout]   48:     0x561722136ea5 - <core::panic::unwind_safe::AssertUnwindSafe<F> as core::ops::function::FnOnce<()>>::call_once::h76c106ea31c14d7b
[INFO] [stdout]                                at /rustc/82e1608dfa6e0b5569232559e3d385fea5a93112/library/core/src/panic/unwind_safe.rs:272:9
[INFO] [stdout]   49:     0x561722136ea5 - std::panicking::try::do_call::h3bd5d0f6620ee946
[INFO] [stdout]                                at /rustc/82e1608dfa6e0b5569232559e3d385fea5a93112/library/std/src/panicking.rs:552:40
[INFO] [stdout]   50:     0x561722136ea5 - std::panicking::try::h232e535e4744fe31
[INFO] [stdout]                                at /rustc/82e1608dfa6e0b5569232559e3d385fea5a93112/library/std/src/panicking.rs:516:19
[INFO] [stdout]   51:     0x561722136ea5 - std::panic::catch_unwind::h3ce3bd6ca8dbac68
[INFO] [stdout]                                at /rustc/82e1608dfa6e0b5569232559e3d385fea5a93112/library/std/src/panic.rs:142:14
[INFO] [stdout]   52:     0x561722136ea5 - test::run_test_in_process::hc97b257c9621286a
[INFO] [stdout]                                at /rustc/82e1608dfa6e0b5569232559e3d385fea5a93112/library/test/src/lib.rs:651:27
[INFO] [stdout]   53:     0x561722136ea5 - test::run_test::{{closure}}::h2aa798823a438d38
[INFO] [stdout]                                at /rustc/82e1608dfa6e0b5569232559e3d385fea5a93112/library/test/src/lib.rs:574:43
[INFO] [stdout]   54:     0x5617220ff166 - test::run_test::{{closure}}::h87d231c78fb59832
[INFO] [stdout]                                at /rustc/82e1608dfa6e0b5569232559e3d385fea5a93112/library/test/src/lib.rs:602:41
[INFO] [stdout]   55:     0x5617220ff166 - std::sys_common::backtrace::__rust_begin_short_backtrace::he6df152596625789
[INFO] [stdout]                                at /rustc/82e1608dfa6e0b5569232559e3d385fea5a93112/library/std/src/sys_common/backtrace.rs:154:18
[INFO] [stdout]   56:     0x561722104217 - std::thread::Builder::spawn_unchecked_::{{closure}}::{{closure}}::ha94be15d1e0acf36
[INFO] [stdout]                                at /rustc/82e1608dfa6e0b5569232559e3d385fea5a93112/library/std/src/thread/mod.rs:529:17
[INFO] [stdout]   57:     0x561722104217 - <core::panic::unwind_safe::AssertUnwindSafe<F> as core::ops::function::FnOnce<()>>::call_once::h9dc6bd6372f16606
[INFO] [stdout]                                at /rustc/82e1608dfa6e0b5569232559e3d385fea5a93112/library/core/src/panic/unwind_safe.rs:272:9
[INFO] [stdout]   58:     0x561722104217 - std::panicking::try::do_call::h9057517f80303cd4
[INFO] [stdout]                                at /rustc/82e1608dfa6e0b5569232559e3d385fea5a93112/library/std/src/panicking.rs:552:40
[INFO] [stdout]   59:     0x561722104217 - std::panicking::try::he3a30b11ee45340c
[INFO] [stdout]                                at /rustc/82e1608dfa6e0b5569232559e3d385fea5a93112/library/std/src/panicking.rs:516:19
[INFO] [stdout]   60:     0x561722104217 - std::panic::catch_unwind::h410458cfd3528b8b
[INFO] [stdout]                                at /rustc/82e1608dfa6e0b5569232559e3d385fea5a93112/library/std/src/panic.rs:142:14
[INFO] [stdout]   61:     0x561722104217 - std::thread::Builder::spawn_unchecked_::{{closure}}::h72ac3bdb567b737b
[INFO] [stdout]                                at /rustc/82e1608dfa6e0b5569232559e3d385fea5a93112/library/std/src/thread/mod.rs:528:30
[INFO] [stdout]   62:     0x561722104217 - core::ops::function::FnOnce::call_once{{vtable.shim}}::h38f34da3654a8344
[INFO] [stdout]                                at /rustc/82e1608dfa6e0b5569232559e3d385fea5a93112/library/core/src/ops/function.rs:250:5
[INFO] [stdout]   63:     0x5617225f3cf5 - <alloc::boxed::Box<F,A> as core::ops::function::FnOnce<Args>>::call_once::hc7eafaff61e32df9
[INFO] [stdout]                                at /rustc/82e1608dfa6e0b5569232559e3d385fea5a93112/library/alloc/src/boxed.rs:2007:9
[INFO] [stdout]   64:     0x5617225f3cf5 - <alloc::boxed::Box<F,A> as core::ops::function::FnOnce<Args>>::call_once::h6ba4a5de48dd2304
[INFO] [stdout]                                at /rustc/82e1608dfa6e0b5569232559e3d385fea5a93112/library/alloc/src/boxed.rs:2007:9
[INFO] [stdout]   65:     0x5617225f3cf5 - std::sys::unix::thread::Thread::new::thread_start::he469335aef763e45
[INFO] [stdout]                                at /rustc/82e1608dfa6e0b5569232559e3d385fea5a93112/library/std/src/sys/unix/thread.rs:108:17
[INFO] [stdout]   66:     0x7fa02da59ac3 - <unknown>
[INFO] [stdout]   67:     0x7fa02daeabf4 - __clone
[INFO] [stdout]   68:                0x0 - <unknown>
[INFO] [stdout] 
[INFO] [stdout] 
[INFO] [stdout] failures:
[INFO] [stdout]     common::listener::tcp::tests::should_be_able_to_receive_connections_and_read_and_write_data_with_them
[INFO] [stdout]     common::listener::tcp::tests::should_fail_to_bind_if_port_already_bound
[INFO] [stdout]     common::transport::tcp::tests::should_be_able_to_read_and_write_data
[INFO] [stdout]     common::transport::tcp::tests::should_be_able_to_reconnect
[INFO] [stdout]     common::transport::tcp::tests::should_fail_to_connect_if_nothing_listening
[INFO] [stdout]     server::builder::tcp::tests::should_invoke_handler_upon_receiving_a_request
[INFO] [stdout] 
[INFO] [stdout] test result: FAILED. 363 passed; 6 failed; 0 ignored; 0 measured; 0 filtered out; finished in 1.62s
[INFO] [stdout] 
[INFO] [stderr] error: test failed, to rerun pass `--lib`
[INFO] running `Command { std: "docker" "inspect" "4b3b461d728db10dae4208b18320f3632a8e56abaae68369eced854bbf7c4d66", kill_on_drop: false }`
[INFO] running `Command { std: "docker" "rm" "-f" "4b3b461d728db10dae4208b18320f3632a8e56abaae68369eced854bbf7c4d66", kill_on_drop: false }`
[INFO] [stdout] 4b3b461d728db10dae4208b18320f3632a8e56abaae68369eced854bbf7c4d66
