[INFO] cloning repository https://github.com/uberFoo/nut
[INFO] running `Command { std: "git" "-c" "credential.helper=" "-c" "credential.helper=/workspace/cargo-home/bin/git-credential-null" "clone" "--bare" "https://github.com/uberFoo/nut" "/workspace/cache/git-repos/https%3A%2F%2Fgithub.com%2FuberFoo%2Fnut", kill_on_drop: false }`
[INFO] [stderr] Cloning into bare repository '/workspace/cache/git-repos/https%3A%2F%2Fgithub.com%2FuberFoo%2Fnut'...
[INFO] running `Command { std: "git" "rev-parse" "HEAD", kill_on_drop: false }`
[INFO] [stdout] 1f89d402a281ab4ea02478d26512e8480146d12a
[INFO] testing uberFoo/nut against 1.75.0 for beta-1.76-1
[INFO] running `Command { std: "git" "clone" "/workspace/cache/git-repos/https%3A%2F%2Fgithub.com%2FuberFoo%2Fnut" "/workspace/builds/worker-5-tc1/source", kill_on_drop: false }`
[INFO] [stderr] Cloning into '/workspace/builds/worker-5-tc1/source'...
[INFO] [stderr] done.
[INFO] validating manifest of git repo https://github.com/uberFoo/nut on toolchain 1.75.0
[INFO] running `Command { std: CARGO_HOME="/workspace/cargo-home" RUSTUP_HOME="/workspace/rustup-home" "/workspace/cargo-home/bin/cargo" "+1.75.0" "metadata" "--manifest-path" "Cargo.toml" "--no-deps", kill_on_drop: false }`
[INFO] started tweaking git repo https://github.com/uberFoo/nut
[INFO] finished tweaking git repo https://github.com/uberFoo/nut
[INFO] tweaked toml for git repo https://github.com/uberFoo/nut written to /workspace/builds/worker-5-tc1/source/Cargo.toml
[INFO] crate git repo https://github.com/uberFoo/nut already has a lockfile, it will not be regenerated
[INFO] running `Command { std: CARGO_HOME="/workspace/cargo-home" RUSTUP_HOME="/workspace/rustup-home" "/workspace/cargo-home/bin/cargo" "+1.75.0" "fetch" "--manifest-path" "Cargo.toml", kill_on_drop: false }`
[INFO] running `Command { std: "docker" "create" "-v" "/var/lib/crater-agent-workspace/builds/worker-5-tc1/target:/opt/rustwide/target:rw,Z" "-v" "/var/lib/crater-agent-workspace/builds/worker-5-tc1/source:/opt/rustwide/workdir:ro,Z" "-v" "/var/lib/crater-agent-workspace/cargo-home:/opt/rustwide/cargo-home:ro,Z" "-v" "/var/lib/crater-agent-workspace/rustup-home:/opt/rustwide/rustup-home:ro,Z" "-e" "SOURCE_DIR=/opt/rustwide/workdir" "-e" "CARGO_TARGET_DIR=/opt/rustwide/target" "-e" "CARGO_HOME=/opt/rustwide/cargo-home" "-e" "RUSTUP_HOME=/opt/rustwide/rustup-home" "-w" "/opt/rustwide/workdir" "-m" "1610612736" "--user" "0:0" "--network" "none" "ghcr.io/rust-lang/crates-build-env/linux@sha256:2788e3201cd34a07e3172128adcd8b3090168a8e3bcc40d7c032b9dda1df7d1c" "/opt/rustwide/cargo-home/bin/cargo" "+1.75.0" "metadata" "--no-deps" "--format-version=1", kill_on_drop: false }`
[INFO] [stdout] 5b4d0cd4f4fdd561ae6708a6984b6d74731f16fd299b6d7e16b0e6fe16e4a165
[INFO] running `Command { std: "docker" "start" "-a" "5b4d0cd4f4fdd561ae6708a6984b6d74731f16fd299b6d7e16b0e6fe16e4a165", kill_on_drop: false }`
[INFO] running `Command { std: "docker" "inspect" "5b4d0cd4f4fdd561ae6708a6984b6d74731f16fd299b6d7e16b0e6fe16e4a165", kill_on_drop: false }`
[INFO] running `Command { std: "docker" "rm" "-f" "5b4d0cd4f4fdd561ae6708a6984b6d74731f16fd299b6d7e16b0e6fe16e4a165", kill_on_drop: false }`
[INFO] [stdout] 5b4d0cd4f4fdd561ae6708a6984b6d74731f16fd299b6d7e16b0e6fe16e4a165
[INFO] running `Command { std: "docker" "create" "-v" "/var/lib/crater-agent-workspace/builds/worker-5-tc1/target:/opt/rustwide/target:rw,Z" "-v" "/var/lib/crater-agent-workspace/builds/worker-5-tc1/source:/opt/rustwide/workdir:ro,Z" "-v" "/var/lib/crater-agent-workspace/cargo-home:/opt/rustwide/cargo-home:ro,Z" "-v" "/var/lib/crater-agent-workspace/rustup-home:/opt/rustwide/rustup-home:ro,Z" "-e" "SOURCE_DIR=/opt/rustwide/workdir" "-e" "CARGO_TARGET_DIR=/opt/rustwide/target" "-e" "CARGO_INCREMENTAL=0" "-e" "RUST_BACKTRACE=full" "-e" "RUSTFLAGS=--cap-lints=warn" "-e" "RUSTDOCFLAGS=--cap-lints=warn" "-e" "CARGO_HOME=/opt/rustwide/cargo-home" "-e" "RUSTUP_HOME=/opt/rustwide/rustup-home" "-w" "/opt/rustwide/workdir" "-m" "1610612736" "--user" "0:0" "--network" "none" "ghcr.io/rust-lang/crates-build-env/linux@sha256:2788e3201cd34a07e3172128adcd8b3090168a8e3bcc40d7c032b9dda1df7d1c" "/opt/rustwide/cargo-home/bin/cargo" "+1.75.0" "build" "--frozen" "--message-format=json", kill_on_drop: false }`
[INFO] [stdout] 0e774d5ba2dd5b47f355b2da140a1ebcb347240e37fa214ce3ed9f5ea32c9d47
[INFO] running `Command { std: "docker" "start" "-a" "0e774d5ba2dd5b47f355b2da140a1ebcb347240e37fa214ce3ed9f5ea32c9d47", kill_on_drop: false }`
[INFO] [stderr]    Compiling unicode-ident v1.0.5
[INFO] [stderr]    Compiling quote v1.0.22
[INFO] [stderr]    Compiling proc-macro2 v1.0.47
[INFO] [stderr]    Compiling syn v1.0.106
[INFO] [stderr]    Compiling libc v0.2.137
[INFO] [stderr]    Compiling version_check v0.9.4
[INFO] [stderr]    Compiling cfg-if v1.0.0
[INFO] [stderr]    Compiling heck v0.4.0
[INFO] [stderr]    Compiling serde_derive v1.0.152
[INFO] [stderr]    Compiling os_str_bytes v6.3.1
[INFO] [stderr]    Compiling autocfg v1.1.0
[INFO] [stderr]    Compiling serde v1.0.152
[INFO] [stderr]    Compiling doc-comment v0.3.3
[INFO] [stderr]    Compiling termcolor v1.1.3
[INFO] [stderr]    Compiling strsim v0.10.0
[INFO] [stderr]    Compiling hashbrown v0.12.3
[INFO] [stderr]    Compiling once_cell v1.16.0
[INFO] [stderr]    Compiling ppv-lite86 v0.2.17
[INFO] [stderr]    Compiling bitflags v1.3.2
[INFO] [stderr]    Compiling clap_lex v0.2.4
[INFO] [stderr]    Compiling serde_json v1.0.87
[INFO] [stderr]    Compiling names v0.14.0
[INFO] [stderr]    Compiling fastrand v1.8.0
[INFO] [stderr]    Compiling anyhow v1.0.68
[INFO] [stderr]    Compiling textwrap v0.16.0
[INFO] [stderr]    Compiling proc-macro-error-attr v1.0.4
[INFO] [stderr]    Compiling proc-macro-error v1.0.4
[INFO] [stderr]    Compiling indexmap v1.9.2
[INFO] [stderr]    Compiling log v0.4.17
[INFO] [stderr]    Compiling clap_lex v0.3.0
[INFO] [stderr]    Compiling ryu v1.0.11
[INFO] [stderr]    Compiling remove_dir_all v0.5.3
[INFO] [stderr]    Compiling sha1_smol v1.0.0
[INFO] [stderr]    Compiling itoa v1.0.4
[INFO] [stderr]    Compiling random-string v1.0.0
[INFO] [stderr]    Compiling diff v0.1.13
[INFO] [stderr]    Compiling unicode-segmentation v1.10.0
[INFO] [stderr]    Compiling getrandom v0.2.8
[INFO] [stderr]    Compiling atty v0.2.14
[INFO] [stderr]    Compiling tempfile v3.3.0
[INFO] [stderr]    Compiling rand_core v0.6.4
[INFO] [stderr]    Compiling rand_chacha v0.3.1
[INFO] [stderr]    Compiling rand v0.8.5
[INFO] [stderr]    Compiling clap_derive v3.2.18
[INFO] [stderr]    Compiling clap_derive v4.0.21
[INFO] [stderr]    Compiling snafu-derive v0.7.4
[INFO] [stderr]    Compiling clap v3.2.23
[INFO] [stderr]    Compiling snafu v0.7.4
[INFO] [stderr]    Compiling clap v4.0.22
[INFO] [stderr]    Compiling uuid v1.2.2
[INFO] [stderr]    Compiling toml v0.5.9
[INFO] [stderr]    Compiling nut v1.0.0 (/opt/rustwide/workdir)
[INFO] [stdout] warning: unused imports: `Cardinality`, `Conditionality`
[INFO] [stdout]   --> src/ooa_0.rs:12:24
[INFO] [stdout]    |
[INFO] [stdout] 12 | pub use relationship::{Cardinality, Conditionality, Relationship};
[INFO] [stdout]    |                        ^^^^^^^^^^^  ^^^^^^^^^^^^^^
[INFO] [stdout]    |
[INFO] [stdout]    = note: `#[warn(unused_imports)]` on by default
[INFO] [stdout] 
[INFO] [stdout] 
[INFO] [stdout] warning: unused imports: `Associative`, `Cardinality`, `Conditionality`
[INFO] [stdout]   --> src/ooa_1.rs:11:20
[INFO] [stdout]    |
[INFO] [stdout] 11 |     relationship::{Associative, Cardinality, Conditionality},
[INFO] [stdout]    |                    ^^^^^^^^^^^  ^^^^^^^^^^^  ^^^^^^^^^^^^^^
[INFO] [stdout] 
[INFO] [stdout] 
[INFO] [stdout] warning: unused imports: `Attribute`, `Cardinality`, `Conditionality`
[INFO] [stdout]   --> src/ooa_2.rs:12:20
[INFO] [stdout]    |
[INFO] [stdout] 12 |     relationship::{Cardinality, Conditionality},
[INFO] [stdout]    |                    ^^^^^^^^^^^  ^^^^^^^^^^^^^^
[INFO] [stdout] 13 |     Attribute, AttributeName,
[INFO] [stdout]    |     ^^^^^^^^^
[INFO] [stdout] 
[INFO] [stdout] 
[INFO] [stdout] warning: unused imports: `Referent`, `Referrer`, `Subtype`, `Supertype`
[INFO] [stdout]   --> src/ooa_2.rs:17:20
[INFO] [stdout]    |
[INFO] [stdout] 17 |     relationship::{Referent, Referrer, Subtype, Supertype},
[INFO] [stdout]    |                    ^^^^^^^^  ^^^^^^^^  ^^^^^^^  ^^^^^^^^^
[INFO] [stdout] 
[INFO] [stdout] 
[INFO] [stdout] warning: 4 warnings emitted
[INFO] [stdout] 
[INFO] [stdout] 
[INFO] [stderr]     Finished dev [unoptimized + debuginfo] target(s) in 12.54s
[INFO] running `Command { std: "docker" "inspect" "0e774d5ba2dd5b47f355b2da140a1ebcb347240e37fa214ce3ed9f5ea32c9d47", kill_on_drop: false }`
[INFO] running `Command { std: "docker" "rm" "-f" "0e774d5ba2dd5b47f355b2da140a1ebcb347240e37fa214ce3ed9f5ea32c9d47", kill_on_drop: false }`
[INFO] [stdout] 0e774d5ba2dd5b47f355b2da140a1ebcb347240e37fa214ce3ed9f5ea32c9d47
[INFO] running `Command { std: "docker" "create" "-v" "/var/lib/crater-agent-workspace/builds/worker-5-tc1/target:/opt/rustwide/target:rw,Z" "-v" "/var/lib/crater-agent-workspace/builds/worker-5-tc1/source:/opt/rustwide/workdir:ro,Z" "-v" "/var/lib/crater-agent-workspace/cargo-home:/opt/rustwide/cargo-home:ro,Z" "-v" "/var/lib/crater-agent-workspace/rustup-home:/opt/rustwide/rustup-home:ro,Z" "-e" "SOURCE_DIR=/opt/rustwide/workdir" "-e" "CARGO_TARGET_DIR=/opt/rustwide/target" "-e" "CARGO_INCREMENTAL=0" "-e" "RUST_BACKTRACE=full" "-e" "RUSTFLAGS=--cap-lints=warn" "-e" "RUSTDOCFLAGS=--cap-lints=warn" "-e" "CARGO_HOME=/opt/rustwide/cargo-home" "-e" "RUSTUP_HOME=/opt/rustwide/rustup-home" "-w" "/opt/rustwide/workdir" "-m" "1610612736" "--user" "0:0" "--network" "none" "ghcr.io/rust-lang/crates-build-env/linux@sha256:2788e3201cd34a07e3172128adcd8b3090168a8e3bcc40d7c032b9dda1df7d1c" "/opt/rustwide/cargo-home/bin/cargo" "+1.75.0" "test" "--frozen" "--no-run" "--message-format=json", kill_on_drop: false }`
[INFO] [stdout] 095e1812b33eef56e9363bc763cb9e6d7fbfa56ace576fbcf1512fafdd5af707
[INFO] running `Command { std: "docker" "start" "-a" "095e1812b33eef56e9363bc763cb9e6d7fbfa56ace576fbcf1512fafdd5af707", kill_on_drop: false }`
[INFO] [stderr]    Compiling libc v0.2.137
[INFO] [stderr]    Compiling log v0.4.17
[INFO] [stderr]    Compiling memchr v2.5.0
[INFO] [stderr]    Compiling io-lifetimes v1.0.4
[INFO] [stderr]    Compiling rustix v0.36.6
[INFO] [stderr]    Compiling linux-raw-sys v0.1.4
[INFO] [stderr]    Compiling regex-syntax v0.6.28
[INFO] [stderr]    Compiling humantime v2.1.0
[INFO] [stderr]    Compiling aho-corasick v0.7.20
[INFO] [stderr]    Compiling regex v1.7.1
[INFO] [stderr]    Compiling getrandom v0.2.8
[INFO] [stderr]    Compiling atty v0.2.14
[INFO] [stderr]    Compiling tempfile v3.3.0
[INFO] [stderr]    Compiling clap v3.2.23
[INFO] [stderr]    Compiling clap v4.0.22
[INFO] [stderr]    Compiling rand_core v0.6.4
[INFO] [stderr]    Compiling uuid v1.2.2
[INFO] [stderr]    Compiling rand_chacha v0.3.1
[INFO] [stderr]    Compiling rand v0.8.5
[INFO] [stderr]    Compiling is-terminal v0.4.2
[INFO] [stderr]    Compiling env_logger v0.10.0
[INFO] [stderr]    Compiling names v0.14.0
[INFO] [stderr]    Compiling nut v1.0.0 (/opt/rustwide/workdir)
[INFO] [stdout] warning: unused imports: `Cardinality`, `Conditionality`
[INFO] [stdout]   --> src/ooa_0.rs:12:24
[INFO] [stdout]    |
[INFO] [stdout] 12 | pub use relationship::{Cardinality, Conditionality, Relationship};
[INFO] [stdout]    |                        ^^^^^^^^^^^  ^^^^^^^^^^^^^^
[INFO] [stdout]    |
[INFO] [stdout]    = note: `#[warn(unused_imports)]` on by default
[INFO] [stdout] 
[INFO] [stdout] 
[INFO] [stdout] warning: unused imports: `Associative`, `Cardinality`, `Conditionality`
[INFO] [stdout]   --> src/ooa_1.rs:11:20
[INFO] [stdout]    |
[INFO] [stdout] 11 |     relationship::{Associative, Cardinality, Conditionality},
[INFO] [stdout]    |                    ^^^^^^^^^^^  ^^^^^^^^^^^  ^^^^^^^^^^^^^^
[INFO] [stdout] 
[INFO] [stdout] 
[INFO] [stdout] warning: unused imports: `Attribute`, `Cardinality`, `Conditionality`
[INFO] [stdout]   --> src/ooa_2.rs:12:20
[INFO] [stdout]    |
[INFO] [stdout] 12 |     relationship::{Cardinality, Conditionality},
[INFO] [stdout]    |                    ^^^^^^^^^^^  ^^^^^^^^^^^^^^
[INFO] [stdout] 13 |     Attribute, AttributeName,
[INFO] [stdout]    |     ^^^^^^^^^
[INFO] [stdout] 
[INFO] [stdout] 
[INFO] [stdout] warning: unused imports: `Referent`, `Referrer`, `Subtype`, `Supertype`
[INFO] [stdout]   --> src/ooa_2.rs:17:20
[INFO] [stdout]    |
[INFO] [stdout] 17 |     relationship::{Referent, Referrer, Subtype, Supertype},
[INFO] [stdout]    |                    ^^^^^^^^  ^^^^^^^^  ^^^^^^^  ^^^^^^^^^
[INFO] [stdout] 
[INFO] [stdout] 
[INFO] [stdout] warning: unused imports: `Cardinality`, `Conditionality`
[INFO] [stdout]   --> src/ooa_0.rs:12:24
[INFO] [stdout]    |
[INFO] [stdout] 12 | pub use relationship::{Cardinality, Conditionality, Relationship};
[INFO] [stdout]    |                        ^^^^^^^^^^^  ^^^^^^^^^^^^^^
[INFO] [stdout]    |
[INFO] [stdout]    = note: `#[warn(unused_imports)]` on by default
[INFO] [stdout] 
[INFO] [stdout] 
[INFO] [stdout] warning: unused imports: `Associative`, `Cardinality`, `Conditionality`
[INFO] [stdout]   --> src/ooa_1.rs:11:20
[INFO] [stdout]    |
[INFO] [stdout] 11 |     relationship::{Associative, Cardinality, Conditionality},
[INFO] [stdout]    |                    ^^^^^^^^^^^  ^^^^^^^^^^^  ^^^^^^^^^^^^^^
[INFO] [stdout] 
[INFO] [stdout] 
[INFO] [stdout] warning: unused imports: `Attribute`, `Cardinality`, `Conditionality`
[INFO] [stdout]   --> src/ooa_2.rs:12:20
[INFO] [stdout]    |
[INFO] [stdout] 12 |     relationship::{Cardinality, Conditionality},
[INFO] [stdout]    |                    ^^^^^^^^^^^  ^^^^^^^^^^^^^^
[INFO] [stdout] 13 |     Attribute, AttributeName,
[INFO] [stdout]    |     ^^^^^^^^^
[INFO] [stdout] 
[INFO] [stdout] 
[INFO] [stdout] warning: unused imports: `Referent`, `Referrer`, `Subtype`, `Supertype`
[INFO] [stdout]   --> src/ooa_2.rs:17:20
[INFO] [stdout]    |
[INFO] [stdout] 17 |     relationship::{Referent, Referrer, Subtype, Supertype},
[INFO] [stdout]    |                    ^^^^^^^^  ^^^^^^^^  ^^^^^^^  ^^^^^^^^^
[INFO] [stdout] 
[INFO] [stdout] 
[INFO] [stdout] warning: 4 warnings emitted
[INFO] [stdout] 
[INFO] [stdout] 
[INFO] [stdout] warning: 4 warnings emitted
[INFO] [stdout] 
[INFO] [stdout] 
[INFO] [stderr]     Finished test [unoptimized + debuginfo] target(s) in 9.19s
[INFO] running `Command { std: "docker" "inspect" "095e1812b33eef56e9363bc763cb9e6d7fbfa56ace576fbcf1512fafdd5af707", kill_on_drop: false }`
[INFO] running `Command { std: "docker" "rm" "-f" "095e1812b33eef56e9363bc763cb9e6d7fbfa56ace576fbcf1512fafdd5af707", kill_on_drop: false }`
[INFO] [stdout] 095e1812b33eef56e9363bc763cb9e6d7fbfa56ace576fbcf1512fafdd5af707
[INFO] running `Command { std: "docker" "create" "-v" "/var/lib/crater-agent-workspace/builds/worker-5-tc1/target:/opt/rustwide/target:rw,Z" "-v" "/var/lib/crater-agent-workspace/builds/worker-5-tc1/source:/opt/rustwide/workdir:ro,Z" "-v" "/var/lib/crater-agent-workspace/cargo-home:/opt/rustwide/cargo-home:ro,Z" "-v" "/var/lib/crater-agent-workspace/rustup-home:/opt/rustwide/rustup-home:ro,Z" "-e" "SOURCE_DIR=/opt/rustwide/workdir" "-e" "CARGO_TARGET_DIR=/opt/rustwide/target" "-e" "CARGO_INCREMENTAL=0" "-e" "RUST_BACKTRACE=full" "-e" "RUSTFLAGS=--cap-lints=warn" "-e" "RUSTDOCFLAGS=--cap-lints=warn" "-e" "CARGO_HOME=/opt/rustwide/cargo-home" "-e" "RUSTUP_HOME=/opt/rustwide/rustup-home" "-w" "/opt/rustwide/workdir" "-m" "1610612736" "--user" "0:0" "--network" "none" "ghcr.io/rust-lang/crates-build-env/linux@sha256:2788e3201cd34a07e3172128adcd8b3090168a8e3bcc40d7c032b9dda1df7d1c" "/opt/rustwide/cargo-home/bin/cargo" "+1.75.0" "test" "--frozen", kill_on_drop: false }`
[INFO] [stdout] def4506c55fce5ad65ef7837dcd2f4566d724e01de2bd02c9de82f486f96fb39
[INFO] running `Command { std: "docker" "start" "-a" "def4506c55fce5ad65ef7837dcd2f4566d724e01de2bd02c9de82f486f96fb39", kill_on_drop: false }`
[INFO] [stderr] warning: unused imports: `Cardinality`, `Conditionality`
[INFO] [stderr]   --> src/ooa_0.rs:12:24
[INFO] [stderr]    |
[INFO] [stderr] 12 | pub use relationship::{Cardinality, Conditionality, Relationship};
[INFO] [stderr]    |                        ^^^^^^^^^^^  ^^^^^^^^^^^^^^
[INFO] [stderr]    |
[INFO] [stderr]    = note: `#[warn(unused_imports)]` on by default
[INFO] [stderr] 
[INFO] [stderr] warning: unused imports: `Associative`, `Cardinality`, `Conditionality`
[INFO] [stderr]   --> src/ooa_1.rs:11:20
[INFO] [stderr]    |
[INFO] [stderr] 11 |     relationship::{Associative, Cardinality, Conditionality},
[INFO] [stderr]    |                    ^^^^^^^^^^^  ^^^^^^^^^^^  ^^^^^^^^^^^^^^
[INFO] [stderr] 
[INFO] [stderr] warning: unused imports: `Attribute`, `Cardinality`, `Conditionality`
[INFO] [stderr]   --> src/ooa_2.rs:12:20
[INFO] [stderr]    |
[INFO] [stderr] 12 |     relationship::{Cardinality, Conditionality},
[INFO] [stderr]    |                    ^^^^^^^^^^^  ^^^^^^^^^^^^^^
[INFO] [stderr] 13 |     Attribute, AttributeName,
[INFO] [stderr]    |     ^^^^^^^^^
[INFO] [stderr] 
[INFO] [stderr] warning: unused imports: `Referent`, `Referrer`, `Subtype`, `Supertype`
[INFO] [stderr]   --> src/ooa_2.rs:17:20
[INFO] [stderr]    |
[INFO] [stderr] 17 |     relationship::{Referent, Referrer, Subtype, Supertype},
[INFO] [stderr]    |                    ^^^^^^^^  ^^^^^^^^  ^^^^^^^  ^^^^^^^^^
[INFO] [stderr] 
[INFO] [stderr] warning: `nut` (lib) generated 4 warnings (run `cargo fix --lib -p nut` to apply 4 suggestions)
[INFO] [stderr] warning: `nut` (lib test) generated 4 warnings (4 duplicates)
[INFO] [stderr]     Finished test [unoptimized + debuginfo] target(s) in 0.12s
[INFO] [stderr]      Running unittests src/lib.rs (/opt/rustwide/target/debug/deps/nut-734753deca53be6d)
[INFO] [stdout] 
[INFO] [stdout] running 1 test
[INFO] [stdout] test ooa_1::relationship::tests::from_ooa_0_to_ooa_1 ... ok
[INFO] [stdout] 
[INFO] [stdout] test result: ok. 1 passed; 0 failed; 0 ignored; 0 measured; 0 filtered out; finished in 0.00s
[INFO] [stdout] 
[INFO] [stderr]      Running unittests src/bin/ooa_0/code_gen.rs (/opt/rustwide/target/debug/deps/code_gen_ooa0-175a0346209d846a)
[INFO] [stdout] 
[INFO] [stdout] running 0 tests
[INFO] [stdout] 
[INFO] [stdout] test result: ok. 0 passed; 0 failed; 0 ignored; 0 measured; 0 filtered out; finished in 0.00s
[INFO] [stdout] 
[INFO] [stderr]      Running unittests src/bin/drawing/gen_code.rs (/opt/rustwide/target/debug/deps/gen_code_drawing-05d9bcbfa65e5111)
[INFO] [stdout] 
[INFO] [stdout] running 0 tests
[INFO] [stdout] 
[INFO] [stdout] test result: ok. 0 passed; 0 failed; 0 ignored; 0 measured; 0 filtered out; finished in 0.00s
[INFO] [stdout] 
[INFO] [stderr]      Running unittests src/bin/drawing/gen_macro.rs (/opt/rustwide/target/debug/deps/gen_macro_drawing-e4d4676ae03cc3c9)
[INFO] [stdout] 
[INFO] [stdout] running 0 tests
[INFO] [stdout] 
[INFO] [stdout] test result: ok. 0 passed; 0 failed; 0 ignored; 0 measured; 0 filtered out; finished in 0.00s
[INFO] [stdout] 
[INFO] [stderr]      Running unittests src/bin/ooa_0/gen_schema.rs (/opt/rustwide/target/debug/deps/gen_schema_ooa0-8c8096b9488acc77)
[INFO] [stdout] 
[INFO] [stdout] running 0 tests
[INFO] [stdout] 
[INFO] [stdout] test result: ok. 0 passed; 0 failed; 0 ignored; 0 measured; 0 filtered out; finished in 0.00s
[INFO] [stdout] 
[INFO] [stderr]      Running unittests src/bin/drawing/gen_store.rs (/opt/rustwide/target/debug/deps/gen_store_drawing-b0fa2158a3c91f4d)
[INFO] [stdout] 
[INFO] [stdout] running 0 tests
[INFO] [stdout] 
[INFO] [stdout] test result: ok. 0 passed; 0 failed; 0 ignored; 0 measured; 0 filtered out; finished in 0.00s
[INFO] [stdout] 
[INFO] [stderr]      Running unittests src/bin/make_ns.rs (/opt/rustwide/target/debug/deps/make_ns-f056833bc6c629d3)
[INFO] [stdout] 
[INFO] [stdout] running 0 tests
[INFO] [stdout] 
[INFO] [stdout] test result: ok. 0 passed; 0 failed; 0 ignored; 0 measured; 0 filtered out; finished in 0.00s
[INFO] [stdout] 
[INFO] [stderr]      Running unittests src/bin/model_translate.rs (/opt/rustwide/target/debug/deps/model_translate-adf05c6bdb9970b0)
[INFO] [stdout] 
[INFO] [stdout] running 0 tests
[INFO] [stdout] 
[INFO] [stdout] test result: ok. 0 passed; 0 failed; 0 ignored; 0 measured; 0 filtered out; finished in 0.00s
[INFO] [stdout] 
[INFO] [stderr]      Running unittests src/bin/ooa_0/prep_stage.rs (/opt/rustwide/target/debug/deps/prep_stage_ooa0-f5fec2ab87be10a8)
[INFO] [stdout] 
[INFO] [stdout] running 0 tests
[INFO] [stdout] 
[INFO] [stdout] test result: ok. 0 passed; 0 failed; 0 ignored; 0 measured; 0 filtered out; finished in 0.00s
[INFO] [stdout] 
[INFO] [stderr]      Running unittests src/bin/ooa_1/prep_stage.rs (/opt/rustwide/target/debug/deps/prep_stage_ooa1-a05153fee9d6db9c)
[INFO] [stdout] 
[INFO] [stdout] running 0 tests
[INFO] [stdout] 
[INFO] [stdout] test result: ok. 0 passed; 0 failed; 0 ignored; 0 measured; 0 filtered out; finished in 0.00s
[INFO] [stdout] 
[INFO] [stderr]      Running unittests src/bin/ooa_2/prep_stage.rs (/opt/rustwide/target/debug/deps/prep_stage_ooa2-9f73978bee9ca350)
[INFO] [stdout] 
[INFO] [stdout] running 0 tests
[INFO] [stdout] 
[INFO] [stdout] test result: ok. 0 passed; 0 failed; 0 ignored; 0 measured; 0 filtered out; finished in 0.00s
[INFO] [stdout] 
[INFO] [stderr]      Running unittests src/bin/swap_binary.rs (/opt/rustwide/target/debug/deps/swap_binary-579be5d435641587)
[INFO] [stdout] 
[INFO] [stdout] running 0 tests
[INFO] [stdout] 
[INFO] [stdout] test result: ok. 0 passed; 0 failed; 0 ignored; 0 measured; 0 filtered out; finished in 0.00s
[INFO] [stdout] 
[INFO] [stderr]      Running tests/generate_test_domain.rs (/opt/rustwide/target/debug/deps/generate_test_domain-3ebc93aebb4fb982)
[INFO] [stdout] 
[INFO] [stdout] running 1 test
[INFO] [stderr] error: 'rustfmt' is not installed for the toolchain '1.75.0-x86_64-unknown-linux-gnu'
[INFO] [stderr] To install, run `rustup component add rustfmt --toolchain 1.75.0-x86_64-unknown-linux-gnu`
[INFO] [stdout] test test_as_much_as_i_can ... FAILED
[INFO] [stdout] 
[INFO] [stdout] failures:
[INFO] [stdout] 
[INFO] [stdout] ---- test_as_much_as_i_can stdout ----
[INFO] [stdout] Generating 🧬 code for domain ✨"associative"✨!
[INFO] [stdout] Failure parsing input file, reproduced below...
[INFO] [stdout] //! Types for instances of the "Associative" domain
[INFO] [stdout] //! # Domain Description
[INFO] [stdout] //!
[INFO] [stdout] //! Domain to test Associative Objects/Relationships
[INFO] [stdout] //!
[INFO] [stdout] //!
[INFO] [stdout] //! # Contents
[INFO] [stdout] //!
[INFO] [stdout] //! The following types are defined herein:
[INFO] [stdout] //!    * [`AcknowledgedEvent`]
[INFO] [stdout] //!    * [`Anchor`]
[INFO] [stdout] //!    * [`Event`]
[INFO] [stdout] //!    * [`IsaUi`]
[INFO] [stdout] //!    * [`State`]
[INFO] [stdout] //!    * [`SubtypeAnchor`]
[INFO] [stdout] //!
[INFO] [stdout] //! # Generated Code -- edit _with care_.
[INFO] [stdout] //!
[INFO] [stdout] //! Don't mess with anything between `{"magic":"","kind":"CriticalBlockBegin"}`
[INFO] [stdout] //! and `{"magic":"","kind":"CriticalBlockEnd"}`. Otherwise, you should be free
[INFO] [stdout] //! to go wild. Happy hacking!
[INFO] [stdout] //!
[INFO] [stdout] //! Use the following invocation to reproduce:
[INFO] [stdout] // {"magic":"","kind":{"IgnoreBlockBegin":{}}}
[INFO] [stdout] //! ```shell
[INFO] [stdout] //!  /opt/rustwide/target/debug/deps/generate_test_domain-3ebc93aebb4fb982
[INFO] [stdout] //! ```
[INFO] [stdout] // {"magic":"","kind":"IgnoreBlockEnd"}
[INFO] [stdout] // {"magic":"","version":"1.0.0"}
[INFO] [stdout] use serde::{Deserialize, Serialize};
[INFO] [stdout] use uuid::Uuid;
[INFO] [stdout] 
[INFO] [stdout] // {"magic":"","kind":{"CriticalBlockBegin":{"tag":"imports"}}}
[INFO] [stdout] use crate::associative::store::ObjectStore;
[INFO] [stdout] use crate::associative::UUID_NS;
[INFO] [stdout] // {"magic":"","kind":{"CriticalBlockEnd":{"tag":"imports"}}}
[INFO] [stdout] 
[INFO] [stdout] /// An Event that Does Something
[INFO] [stdout] /// 
[INFO] [stdout] /// An acknowledged event is an event that a [`State`] knows how to handle.
[INFO] [stdout] ///
[INFO] [stdout] // {"magic":"","kind":{"CriticalBlockBegin":{"tag":"acknowledged_event-struct-definition"}}}
[INFO] [stdout] #[derive(Clone, Debug, Default, Deserialize, PartialEq, Serialize)]
[INFO] [stdout] pub struct AcknowledgedEvent {
[INFO] [stdout]     /// pub id: `Uuid`,
[INFO] [stdout]     ///
[INFO] [stdout]     pub id: Uuid,
[INFO] [stdout]     /// pub event_id: `Event`,
[INFO] [stdout]     ///
[INFO] [stdout]     pub event_id: Uuid,
[INFO] [stdout]     /// pub state_id: `State`,
[INFO] [stdout]     ///
[INFO] [stdout]     pub state_id: Uuid,
[INFO] [stdout] }
[INFO] [stdout] // {"magic":"","kind":{"CriticalBlockEnd":{"tag":"acknowledged_event-struct-definition"}}}
[INFO] [stdout] 
[INFO] [stdout] // {"magic":"","kind":{"CriticalBlockBegin":{"tag":"acknowledged_event-new_impl"}}}
[INFO] [stdout] impl AcknowledgedEvent {
[INFO] [stdout]     /// Inter a new AcknowledgedEvent and return it's `id`
[INFO] [stdout]     ///
[INFO] [stdout]     // {"magic":"","kind":{"IgnoreBlockBegin":{}}}
[INFO] [stdout]     /// # Example
[INFO] [stdout]     ///
[INFO] [stdout]     ///```
[INFO] [stdout]     /// # use test_models::associative::AcknowledgedEvent;
[INFO] [stdout]     /// # use test_models::associative::State;
[INFO] [stdout]     /// # use test_models::associative::Event;
[INFO] [stdout]     /// # let mut store = test_models::associative::ObjectStore::new();
[INFO] [stdout]     ///
[INFO] [stdout]     /// let descriptive_hen = "tender_end".to_owned();
[INFO] [stdout]     /// let state_ats = State::new(&mut store, descriptive_hen);
[INFO] [stdout]     /// let materialistic_mouth = "jolly_friction".to_owned();
[INFO] [stdout]     /// let event_hwf = Event::new(&mut store, materialistic_mouth);
[INFO] [stdout]     ///
[INFO] [stdout]     /// let acknowledged_event = AcknowledgedEvent::new(&mut store, &state_ats, &event_hwf);
[INFO] [stdout]     ///```
[INFO] [stdout]     // {"magic":"","kind":"IgnoreBlockEnd"}
[INFO] [stdout]     pub fn new(store: &mut ObjectStore, state_id: &State, event_id: &Event, ) -> Self {
[INFO] [stdout]         let id = Uuid::new_v5(&UUID_NS, format!("{:?}::{:?}::", state_id, event_id, ).as_bytes());
[INFO] [stdout]         let new = Self {
[INFO] [stdout]             id,
[INFO] [stdout]             state_id: state_id.id,
[INFO] [stdout]             event_id: event_id.id,
[INFO] [stdout]         };
[INFO] [stdout]         
[INFO] [stdout]         store.inter_acknowledged_event(new.clone());
[INFO] [stdout]         
[INFO] [stdout]         new
[INFO] [stdout]     }
[INFO] [stdout]     // {"magic":"","kind":{"CriticalBlockEnd":{"tag":"acknowledged_event-new_impl"}}}
[INFO] [stdout] }
[INFO] [stdout] 
[INFO] [stdout] /// An anchor, or anchor point, is the location where an arrow from a relationship attached
[INFO] [stdout] /// to an object.
[INFO] [stdout] /// 
[INFO] [stdout] /// Rather than storing the `x` and `y` coordinates of where the anchor attaches, we are related
[INFO] [stdout] /// to an [Edge], which is related to a box, which is related to the [Object] to which we are
[INFO] [stdout] /// attached. This of course completes the circuit from the [Relationship] for which we are
[INFO] [stdout] /// drawing the lines in the first place.
[INFO] [stdout] /// 
[INFO] [stdout] /// Anchor also contains a direction, so that we know the orientation to draw the arrows. Finally
[INFO] [stdout] ///, there is an offset, which is a point that describes the offset from the anchor for the
[INFO] [stdout] /// relationship phrase.
[INFO] [stdout] ///
[INFO] [stdout] // {"magic":"","kind":{"CriticalBlockBegin":{"tag":"anchor-struct-definition"}}}
[INFO] [stdout] #[derive(Clone, Debug, Default, Deserialize, PartialEq, Serialize)]
[INFO] [stdout] pub struct Anchor {
[INFO] [stdout]     /// pub id: `Uuid`,
[INFO] [stdout]     ///
[INFO] [stdout]     pub id: Uuid,
[INFO] [stdout]     /// pub number: `i64`,
[INFO] [stdout]     ///
[INFO] [stdout]     pub number: i64,
[INFO] [stdout] }
[INFO] [stdout] // {"magic":"","kind":{"CriticalBlockEnd":{"tag":"anchor-struct-definition"}}}
[INFO] [stdout] 
[INFO] [stdout] // {"magic":"","kind":{"CriticalBlockBegin":{"tag":"anchor-new_impl"}}}
[INFO] [stdout] impl Anchor {
[INFO] [stdout]     /// Inter a new Anchor and return it's `id`
[INFO] [stdout]     ///
[INFO] [stdout]     // {"magic":"","kind":{"IgnoreBlockBegin":{}}}
[INFO] [stdout]     /// # Example
[INFO] [stdout]     ///
[INFO] [stdout]     ///```
[INFO] [stdout]     /// # use test_models::associative::Anchor;
[INFO] [stdout]     /// # let mut store = test_models::associative::ObjectStore::new();
[INFO] [stdout]     ///
[INFO] [stdout]     ///
[INFO] [stdout]     /// let anchor = Anchor::new(&mut store, 42);
[INFO] [stdout]     ///```
[INFO] [stdout]     // {"magic":"","kind":"IgnoreBlockEnd"}
[INFO] [stdout]     pub fn new(store: &mut ObjectStore, number: i64, ) -> Self {
[INFO] [stdout]         let id = Uuid::new_v5(&UUID_NS, format!("{}::", number, ).as_bytes());
[INFO] [stdout]         let new = Self {
[INFO] [stdout]             id,
[INFO] [stdout]             number,
[INFO] [stdout]         };
[INFO] [stdout]         
[INFO] [stdout]         store.inter_anchor(new.clone());
[INFO] [stdout]         
[INFO] [stdout]         new
[INFO] [stdout]     }
[INFO] [stdout]     // {"magic":"","kind":{"CriticalBlockEnd":{"tag":"anchor-new_impl"}}}
[INFO] [stdout] }
[INFO] [stdout] 
[INFO] [stdout] /// An event is sent to an object, and processed by the current state. Assuming it accepts the
[INFO] [stdout] /// event. Otherwise it’s dropped on the floor.
[INFO] [stdout] ///
[INFO] [stdout] // {"magic":"","kind":{"CriticalBlockBegin":{"tag":"event-struct-definition"}}}
[INFO] [stdout] #[derive(Clone, Debug, Default, Deserialize, PartialEq, Serialize)]
[INFO] [stdout] pub struct Event {
[INFO] [stdout]     /// pub id: `Uuid`,
[INFO] [stdout]     ///
[INFO] [stdout]     pub id: Uuid,
[INFO] [stdout]     /// pub name: `std::string::String`,
[INFO] [stdout]     ///
[INFO] [stdout]     pub name: std::string::String,
[INFO] [stdout] }
[INFO] [stdout] // {"magic":"","kind":{"CriticalBlockEnd":{"tag":"event-struct-definition"}}}
[INFO] [stdout] 
[INFO] [stdout] // {"magic":"","kind":{"CriticalBlockBegin":{"tag":"event-new_impl"}}}
[INFO] [stdout] impl Event {
[INFO] [stdout]     /// Inter a new Event and return it's `id`
[INFO] [stdout]     ///
[INFO] [stdout]     // {"magic":"","kind":{"IgnoreBlockBegin":{}}}
[INFO] [stdout]     /// # Example
[INFO] [stdout]     ///
[INFO] [stdout]     ///```
[INFO] [stdout]     /// # use test_models::associative::Event;
[INFO] [stdout]     /// # let mut store = test_models::associative::ObjectStore::new();
[INFO] [stdout]     ///
[INFO] [stdout]     /// let clever_cough = "level_arithmetic".to_owned();
[INFO] [stdout]     ///
[INFO] [stdout]     /// let event = Event::new(&mut store, clever_cough);
[INFO] [stdout]     ///```
[INFO] [stdout]     // {"magic":"","kind":"IgnoreBlockEnd"}
[INFO] [stdout]     pub fn new(store: &mut ObjectStore, name: std::string::String, ) -> Self {
[INFO] [stdout]         let id = Uuid::new_v5(&UUID_NS, format!("{}::", name, ).as_bytes());
[INFO] [stdout]         let new = Self {
[INFO] [stdout]             id,
[INFO] [stdout]             name,
[INFO] [stdout]         };
[INFO] [stdout]         
[INFO] [stdout]         store.inter_event(new.clone());
[INFO] [stdout]         
[INFO] [stdout]         new
[INFO] [stdout]     }
[INFO] [stdout]     // {"magic":"","kind":{"CriticalBlockEnd":{"tag":"event-new_impl"}}}
[INFO] [stdout] }
[INFO] [stdout] 
[INFO] [stdout] /// This represents additional data necessary to render an `Isa` relationship in the user interface
[INFO] [stdout] ///.
[INFO] [stdout] ///
[INFO] [stdout] // {"magic":"","kind":{"CriticalBlockBegin":{"tag":"isa_ui-struct-definition"}}}
[INFO] [stdout] #[derive(Clone, Debug, Default, Deserialize, PartialEq, Serialize)]
[INFO] [stdout] pub struct IsaUi {
[INFO] [stdout]     /// pub id: `Uuid`,
[INFO] [stdout]     ///
[INFO] [stdout]     pub id: Uuid,
[INFO] [stdout]     /// pub number: `i64`,
[INFO] [stdout]     ///
[INFO] [stdout]     pub number: i64,
[INFO] [stdout] }
[INFO] [stdout] // {"magic":"","kind":{"CriticalBlockEnd":{"tag":"isa_ui-struct-definition"}}}
[INFO] [stdout] 
[INFO] [stdout] // {"magic":"","kind":{"CriticalBlockBegin":{"tag":"isa_ui-new_impl"}}}
[INFO] [stdout] impl IsaUi {
[INFO] [stdout]     /// Inter a new IsaUi and return it's `id`
[INFO] [stdout]     ///
[INFO] [stdout]     // {"magic":"","kind":{"IgnoreBlockBegin":{}}}
[INFO] [stdout]     /// # Example
[INFO] [stdout]     ///
[INFO] [stdout]     ///```
[INFO] [stdout]     /// # use test_models::associative::IsaUi;
[INFO] [stdout]     /// # let mut store = test_models::associative::ObjectStore::new();
[INFO] [stdout]     ///
[INFO] [stdout]     ///
[INFO] [stdout]     /// let isa_ui = IsaUi::new(&mut store, 42);
[INFO] [stdout]     ///```
[INFO] [stdout]     // {"magic":"","kind":"IgnoreBlockEnd"}
[INFO] [stdout]     pub fn new(store: &mut ObjectStore, number: i64, ) -> Self {
[INFO] [stdout]         let id = Uuid::new_v5(&UUID_NS, format!("{}::", number, ).as_bytes());
[INFO] [stdout]         let new = Self {
[INFO] [stdout]             id,
[INFO] [stdout]             number,
[INFO] [stdout]         };
[INFO] [stdout]         
[INFO] [stdout]         store.inter_isa_ui(new.clone());
[INFO] [stdout]         
[INFO] [stdout]         new
[INFO] [stdout]     }
[INFO] [stdout]     // {"magic":"","kind":{"CriticalBlockEnd":{"tag":"isa_ui-new_impl"}}}
[INFO] [stdout] }
[INFO] [stdout] 
[INFO] [stdout] /// An [Object] state, more precisely, a set of states, is where all the action happens.
[INFO] [stdout] ///
[INFO] [stdout] // {"magic":"","kind":{"CriticalBlockBegin":{"tag":"state-struct-definition"}}}
[INFO] [stdout] #[derive(Clone, Debug, Default, Deserialize, PartialEq, Serialize)]
[INFO] [stdout] pub struct State {
[INFO] [stdout]     /// pub id: `Uuid`,
[INFO] [stdout]     ///
[INFO] [stdout]     pub id: Uuid,
[INFO] [stdout]     /// pub name: `std::string::String`,
[INFO] [stdout]     ///
[INFO] [stdout]     pub name: std::string::String,
[INFO] [stdout] }
[INFO] [stdout] // {"magic":"","kind":{"CriticalBlockEnd":{"tag":"state-struct-definition"}}}
[INFO] [stdout] 
[INFO] [stdout] // {"magic":"","kind":{"CriticalBlockBegin":{"tag":"state-new_impl"}}}
[INFO] [stdout] impl State {
[INFO] [stdout]     /// Inter a new State and return it's `id`
[INFO] [stdout]     ///
[INFO] [stdout]     // {"magic":"","kind":{"IgnoreBlockBegin":{}}}
[INFO] [stdout]     /// # Example
[INFO] [stdout]     ///
[INFO] [stdout]     ///```
[INFO] [stdout]     /// # use test_models::associative::State;
[INFO] [stdout]     /// # let mut store = test_models::associative::ObjectStore::new();
[INFO] [stdout]     ///
[INFO] [stdout]     /// let exclusive_earthquake = "eatable_cactus".to_owned();
[INFO] [stdout]     ///
[INFO] [stdout]     /// let state = State::new(&mut store, exclusive_earthquake);
[INFO] [stdout]     ///```
[INFO] [stdout]     // {"magic":"","kind":"IgnoreBlockEnd"}
[INFO] [stdout]     pub fn new(store: &mut ObjectStore, name: std::string::String, ) -> Self {
[INFO] [stdout]         let id = Uuid::new_v5(&UUID_NS, format!("{}::", name, ).as_bytes());
[INFO] [stdout]         let new = Self {
[INFO] [stdout]             id,
[INFO] [stdout]             name,
[INFO] [stdout]         };
[INFO] [stdout]         
[INFO] [stdout]         store.inter_state(new.clone());
[INFO] [stdout]         
[INFO] [stdout]         new
[INFO] [stdout]     }
[INFO] [stdout]     // {"magic":"","kind":{"CriticalBlockEnd":{"tag":"state-new_impl"}}}
[INFO] [stdout] }
[INFO] [stdout] 
[INFO] [stdout] /// Subtype Anchor
[INFO] [stdout] /// 
[INFO] [stdout] /// Just as it sounds, these are [`Anchor`]s used by [`Subtype`]s in an [`Isa`] relationship
[INFO] [stdout] ///.
[INFO] [stdout] ///
[INFO] [stdout] // {"magic":"","kind":{"CriticalBlockBegin":{"tag":"subtype_anchor-struct-definition"}}}
[INFO] [stdout] #[derive(Clone, Debug, Default, Deserialize, PartialEq, Serialize)]
[INFO] [stdout] pub struct SubtypeAnchor {
[INFO] [stdout]     /// pub id: `Uuid`,
[INFO] [stdout]     ///
[INFO] [stdout]     pub id: Uuid,
[INFO] [stdout]     /// pub anchor_id: `Anchor`,
[INFO] [stdout]     ///
[INFO] [stdout]     pub anchor_id: Uuid,
[INFO] [stdout]     /// pub isaui_id: `IsaUI`,
[INFO] [stdout]     ///
[INFO] [stdout]     pub isaui_id: Uuid,
[INFO] [stdout] }
[INFO] [stdout] // {"magic":"","kind":{"CriticalBlockEnd":{"tag":"subtype_anchor-struct-definition"}}}
[INFO] [stdout] 
[INFO] [stdout] // {"magic":"","kind":{"CriticalBlockBegin":{"tag":"subtype_anchor-new_impl"}}}
[INFO] [stdout] impl SubtypeAnchor {
[INFO] [stdout]     /// Inter a new SubtypeAnchor and return it's `id`
[INFO] [stdout]     ///
[INFO] [stdout]     // {"magic":"","kind":{"IgnoreBlockBegin":{}}}
[INFO] [stdout]     /// # Example
[INFO] [stdout]     ///
[INFO] [stdout]     ///```
[INFO] [stdout]     /// # use test_models::associative::IsaUi;
[INFO] [stdout]     /// # use test_models::associative::SubtypeAnchor;
[INFO] [stdout]     /// # use test_models::associative::Anchor;
[INFO] [stdout]     /// # let mut store = test_models::associative::ObjectStore::new();
[INFO] [stdout]     ///
[INFO] [stdout]     /// let anchor_buy = Anchor::new(&mut store, 42);
[INFO] [stdout]     /// let isa_ui_sqx = IsaUi::new(&mut store, 42);
[INFO] [stderr] error: test failed, to rerun pass `--test generate_test_domain`
[INFO] [stdout]     ///
[INFO] [stdout]     /// let subtype_anchor = SubtypeAnchor::new(&mut store, &anchor_buy, &isa_ui_sqx);
[INFO] [stdout]     ///```
[INFO] [stdout]     // {"magic":"","kind":"IgnoreBlockEnd"}
[INFO] [stdout]     pub fn new(store: &mut ObjectStore, anchor_id: &Anchor, isaui_id: &IsaUi, ) -> Self {
[INFO] [stdout]         let id = Uuid::new_v5(&UUID_NS, format!("{:?}::{:?}::", anchor_id, isaui_id, ).as_bytes());
[INFO] [stdout]         let new = Self {
[INFO] [stdout]             id,
[INFO] [stdout]             anchor_id: anchor_id.id,
[INFO] [stdout]             isaui_id: isaui_id.id,
[INFO] [stdout]         };
[INFO] [stdout]         
[INFO] [stdout]         store.inter_subtype_anchor(new.clone());
[INFO] [stdout]         
[INFO] [stdout]         new
[INFO] [stdout]     }
[INFO] [stdout]     // {"magic":"","kind":{"CriticalBlockEnd":{"tag":"subtype_anchor-new_impl"}}}
[INFO] [stdout] }
[INFO] [stdout] 
[INFO] [stdout] 
[INFO] [stdout] Error: 😱 rustfmt error: Some(1)
[INFO] [stdout] 
[INFO] [stdout] 
[INFO] [stdout] failures:
[INFO] [stdout]     test_as_much_as_i_can
[INFO] [stdout] 
[INFO] [stdout] test result: FAILED. 0 passed; 1 failed; 0 ignored; 0 measured; 0 filtered out; finished in 0.85s
[INFO] [stdout] 
[INFO] running `Command { std: "docker" "inspect" "def4506c55fce5ad65ef7837dcd2f4566d724e01de2bd02c9de82f486f96fb39", kill_on_drop: false }`
[INFO] running `Command { std: "docker" "rm" "-f" "def4506c55fce5ad65ef7837dcd2f4566d724e01de2bd02c9de82f486f96fb39", kill_on_drop: false }`
[INFO] [stdout] def4506c55fce5ad65ef7837dcd2f4566d724e01de2bd02c9de82f486f96fb39
[INFO] testing uberFoo/nut against beta-2023-12-22 for beta-1.76-1
[INFO] running `Command { std: "git" "clone" "/workspace/cache/git-repos/https%3A%2F%2Fgithub.com%2FuberFoo%2Fnut" "/workspace/builds/worker-5-tc2/source", kill_on_drop: false }`
[INFO] [stderr] Cloning into '/workspace/builds/worker-5-tc2/source'...
[INFO] [stderr] done.
[INFO] validating manifest of git repo https://github.com/uberFoo/nut on toolchain beta-2023-12-22
[INFO] running `Command { std: CARGO_HOME="/workspace/cargo-home" RUSTUP_HOME="/workspace/rustup-home" "/workspace/cargo-home/bin/cargo" "+beta-2023-12-22" "metadata" "--manifest-path" "Cargo.toml" "--no-deps", kill_on_drop: false }`
[INFO] started tweaking git repo https://github.com/uberFoo/nut
[INFO] finished tweaking git repo https://github.com/uberFoo/nut
[INFO] tweaked toml for git repo https://github.com/uberFoo/nut written to /workspace/builds/worker-5-tc2/source/Cargo.toml
[INFO] crate git repo https://github.com/uberFoo/nut already has a lockfile, it will not be regenerated
[INFO] running `Command { std: CARGO_HOME="/workspace/cargo-home" RUSTUP_HOME="/workspace/rustup-home" "/workspace/cargo-home/bin/cargo" "+beta-2023-12-22" "fetch" "--manifest-path" "Cargo.toml", kill_on_drop: false }`
[INFO] running `Command { std: "docker" "create" "-v" "/var/lib/crater-agent-workspace/builds/worker-5-tc2/target:/opt/rustwide/target:rw,Z" "-v" "/var/lib/crater-agent-workspace/builds/worker-5-tc2/source:/opt/rustwide/workdir:ro,Z" "-v" "/var/lib/crater-agent-workspace/cargo-home:/opt/rustwide/cargo-home:ro,Z" "-v" "/var/lib/crater-agent-workspace/rustup-home:/opt/rustwide/rustup-home:ro,Z" "-e" "SOURCE_DIR=/opt/rustwide/workdir" "-e" "CARGO_TARGET_DIR=/opt/rustwide/target" "-e" "CARGO_HOME=/opt/rustwide/cargo-home" "-e" "RUSTUP_HOME=/opt/rustwide/rustup-home" "-w" "/opt/rustwide/workdir" "-m" "1610612736" "--user" "0:0" "--network" "none" "ghcr.io/rust-lang/crates-build-env/linux@sha256:2788e3201cd34a07e3172128adcd8b3090168a8e3bcc40d7c032b9dda1df7d1c" "/opt/rustwide/cargo-home/bin/cargo" "+beta-2023-12-22" "metadata" "--no-deps" "--format-version=1", kill_on_drop: false }`
[INFO] [stdout] 097ae93a69e8ed77bf5f3061fa73e9ba7c99ac5e1c0dc1c98e7573802756b762
[INFO] running `Command { std: "docker" "start" "-a" "097ae93a69e8ed77bf5f3061fa73e9ba7c99ac5e1c0dc1c98e7573802756b762", kill_on_drop: false }`
[INFO] running `Command { std: "docker" "inspect" "097ae93a69e8ed77bf5f3061fa73e9ba7c99ac5e1c0dc1c98e7573802756b762", kill_on_drop: false }`
[INFO] running `Command { std: "docker" "rm" "-f" "097ae93a69e8ed77bf5f3061fa73e9ba7c99ac5e1c0dc1c98e7573802756b762", kill_on_drop: false }`
[INFO] [stdout] 097ae93a69e8ed77bf5f3061fa73e9ba7c99ac5e1c0dc1c98e7573802756b762
[INFO] running `Command { std: "docker" "create" "-v" "/var/lib/crater-agent-workspace/builds/worker-5-tc2/target:/opt/rustwide/target:rw,Z" "-v" "/var/lib/crater-agent-workspace/builds/worker-5-tc2/source:/opt/rustwide/workdir:ro,Z" "-v" "/var/lib/crater-agent-workspace/cargo-home:/opt/rustwide/cargo-home:ro,Z" "-v" "/var/lib/crater-agent-workspace/rustup-home:/opt/rustwide/rustup-home:ro,Z" "-e" "SOURCE_DIR=/opt/rustwide/workdir" "-e" "CARGO_TARGET_DIR=/opt/rustwide/target" "-e" "CARGO_INCREMENTAL=0" "-e" "RUST_BACKTRACE=full" "-e" "RUSTFLAGS=--cap-lints=warn" "-e" "RUSTDOCFLAGS=--cap-lints=warn" "-e" "CARGO_HOME=/opt/rustwide/cargo-home" "-e" "RUSTUP_HOME=/opt/rustwide/rustup-home" "-w" "/opt/rustwide/workdir" "-m" "1610612736" "--user" "0:0" "--network" "none" "ghcr.io/rust-lang/crates-build-env/linux@sha256:2788e3201cd34a07e3172128adcd8b3090168a8e3bcc40d7c032b9dda1df7d1c" "/opt/rustwide/cargo-home/bin/cargo" "+beta-2023-12-22" "build" "--frozen" "--message-format=json", kill_on_drop: false }`
[INFO] [stdout] 91527f2c7ceec95677e3c3dfb562f10f535c83c89a154b2feaedce6d633283c0
[INFO] running `Command { std: "docker" "start" "-a" "91527f2c7ceec95677e3c3dfb562f10f535c83c89a154b2feaedce6d633283c0", kill_on_drop: false }`
[INFO] [stderr]    Compiling unicode-ident v1.0.5
[INFO] [stderr]    Compiling quote v1.0.22
[INFO] [stderr]    Compiling proc-macro2 v1.0.47
[INFO] [stderr]    Compiling syn v1.0.106
[INFO] [stderr]    Compiling libc v0.2.137
[INFO] [stderr]    Compiling version_check v0.9.4
[INFO] [stderr]    Compiling cfg-if v1.0.0
[INFO] [stderr]    Compiling heck v0.4.0
[INFO] [stderr]    Compiling serde_derive v1.0.152
[INFO] [stderr]    Compiling autocfg v1.1.0
[INFO] [stderr]    Compiling os_str_bytes v6.3.1
[INFO] [stderr]    Compiling serde v1.0.152
[INFO] [stderr]    Compiling hashbrown v0.12.3
[INFO] [stderr]    Compiling once_cell v1.16.0
[INFO] [stderr]    Compiling strsim v0.10.0
[INFO] [stderr]    Compiling bitflags v1.3.2
[INFO] [stderr]    Compiling doc-comment v0.3.3
[INFO] [stderr]    Compiling termcolor v1.1.3
[INFO] [stderr]    Compiling ppv-lite86 v0.2.17
[INFO] [stderr]    Compiling clap_lex v0.2.4
[INFO] [stderr]    Compiling anyhow v1.0.68
[INFO] [stderr]    Compiling log v0.4.17
[INFO] [stderr]    Compiling fastrand v1.8.0
[INFO] [stderr]    Compiling proc-macro-error-attr v1.0.4
[INFO] [stderr]    Compiling proc-macro-error v1.0.4
[INFO] [stderr]    Compiling indexmap v1.9.2
[INFO] [stderr]    Compiling names v0.14.0
[INFO] [stderr]    Compiling textwrap v0.16.0
[INFO] [stderr]    Compiling serde_json v1.0.87
[INFO] [stderr]    Compiling clap_lex v0.3.0
[INFO] [stderr]    Compiling ryu v1.0.11
[INFO] [stderr]    Compiling remove_dir_all v0.5.3
[INFO] [stderr]    Compiling itoa v1.0.4
[INFO] [stderr]    Compiling sha1_smol v1.0.0
[INFO] [stderr]    Compiling random-string v1.0.0
[INFO] [stderr]    Compiling unicode-segmentation v1.10.0
[INFO] [stderr]    Compiling diff v0.1.13
[INFO] [stderr]    Compiling getrandom v0.2.8
[INFO] [stderr]    Compiling atty v0.2.14
[INFO] [stderr]    Compiling tempfile v3.3.0
[INFO] [stderr]    Compiling rand_core v0.6.4
[INFO] [stderr]    Compiling rand_chacha v0.3.1
[INFO] [stderr]    Compiling rand v0.8.5
[INFO] [stderr]    Compiling clap_derive v3.2.18
[INFO] [stderr]    Compiling snafu-derive v0.7.4
[INFO] [stderr]    Compiling clap_derive v4.0.21
[INFO] [stderr]    Compiling clap v3.2.23
[INFO] [stderr]    Compiling clap v4.0.22
[INFO] [stderr]    Compiling snafu v0.7.4
[INFO] [stderr]    Compiling toml v0.5.9
[INFO] [stderr]    Compiling uuid v1.2.2
[INFO] [stderr]    Compiling nut v1.0.0 (/opt/rustwide/workdir)
[INFO] [stdout] warning: unused imports: `Cardinality`, `Conditionality`
[INFO] [stdout]   --> src/ooa_0.rs:12:24
[INFO] [stdout]    |
[INFO] [stdout] 12 | pub use relationship::{Cardinality, Conditionality, Relationship};
[INFO] [stdout]    |                        ^^^^^^^^^^^  ^^^^^^^^^^^^^^
[INFO] [stdout]    |
[INFO] [stdout]    = note: `#[warn(unused_imports)]` on by default
[INFO] [stdout] 
[INFO] [stdout] 
[INFO] [stdout] warning: unused imports: `Associative`, `Cardinality`, `Conditionality`
[INFO] [stdout]   --> src/ooa_1.rs:11:20
[INFO] [stdout]    |
[INFO] [stdout] 11 |     relationship::{Associative, Cardinality, Conditionality},
[INFO] [stdout]    |                    ^^^^^^^^^^^  ^^^^^^^^^^^  ^^^^^^^^^^^^^^
[INFO] [stdout] 
[INFO] [stdout] 
[INFO] [stdout] warning: unused imports: `Attribute`, `Cardinality`, `Conditionality`
[INFO] [stdout]   --> src/ooa_2.rs:12:20
[INFO] [stdout]    |
[INFO] [stdout] 12 |     relationship::{Cardinality, Conditionality},
[INFO] [stdout]    |                    ^^^^^^^^^^^  ^^^^^^^^^^^^^^
[INFO] [stdout] 13 |     Attribute, AttributeName,
[INFO] [stdout]    |     ^^^^^^^^^
[INFO] [stdout] 
[INFO] [stdout] 
[INFO] [stdout] warning: unused imports: `Referent`, `Referrer`, `Subtype`, `Supertype`
[INFO] [stdout]   --> src/ooa_2.rs:17:20
[INFO] [stdout]    |
[INFO] [stdout] 17 |     relationship::{Referent, Referrer, Subtype, Supertype},
[INFO] [stdout]    |                    ^^^^^^^^  ^^^^^^^^  ^^^^^^^  ^^^^^^^^^
[INFO] [stdout] 
[INFO] [stdout] 
[INFO] [stdout] warning: 4 warnings emitted
[INFO] [stdout] 
[INFO] [stdout] 
[INFO] [stderr]     Finished dev [unoptimized + debuginfo] target(s) in 12.80s
[INFO] running `Command { std: "docker" "inspect" "91527f2c7ceec95677e3c3dfb562f10f535c83c89a154b2feaedce6d633283c0", kill_on_drop: false }`
[INFO] running `Command { std: "docker" "rm" "-f" "91527f2c7ceec95677e3c3dfb562f10f535c83c89a154b2feaedce6d633283c0", kill_on_drop: false }`
[INFO] [stdout] 91527f2c7ceec95677e3c3dfb562f10f535c83c89a154b2feaedce6d633283c0
[INFO] running `Command { std: "docker" "create" "-v" "/var/lib/crater-agent-workspace/builds/worker-5-tc2/target:/opt/rustwide/target:rw,Z" "-v" "/var/lib/crater-agent-workspace/builds/worker-5-tc2/source:/opt/rustwide/workdir:ro,Z" "-v" "/var/lib/crater-agent-workspace/cargo-home:/opt/rustwide/cargo-home:ro,Z" "-v" "/var/lib/crater-agent-workspace/rustup-home:/opt/rustwide/rustup-home:ro,Z" "-e" "SOURCE_DIR=/opt/rustwide/workdir" "-e" "CARGO_TARGET_DIR=/opt/rustwide/target" "-e" "CARGO_INCREMENTAL=0" "-e" "RUST_BACKTRACE=full" "-e" "RUSTFLAGS=--cap-lints=warn" "-e" "RUSTDOCFLAGS=--cap-lints=warn" "-e" "CARGO_HOME=/opt/rustwide/cargo-home" "-e" "RUSTUP_HOME=/opt/rustwide/rustup-home" "-w" "/opt/rustwide/workdir" "-m" "1610612736" "--user" "0:0" "--network" "none" "ghcr.io/rust-lang/crates-build-env/linux@sha256:2788e3201cd34a07e3172128adcd8b3090168a8e3bcc40d7c032b9dda1df7d1c" "/opt/rustwide/cargo-home/bin/cargo" "+beta-2023-12-22" "test" "--frozen" "--no-run" "--message-format=json", kill_on_drop: false }`
[INFO] [stdout] 250a7b508f1bd01227c3c7d90f65b6632149540caedcc68a5ff26ba379290202
[INFO] running `Command { std: "docker" "start" "-a" "250a7b508f1bd01227c3c7d90f65b6632149540caedcc68a5ff26ba379290202", kill_on_drop: false }`
[INFO] [stderr]    Compiling libc v0.2.137
[INFO] [stderr]    Compiling log v0.4.17
[INFO] [stderr]    Compiling io-lifetimes v1.0.4
[INFO] [stderr]    Compiling memchr v2.5.0
[INFO] [stderr]    Compiling rustix v0.36.6
[INFO] [stderr]    Compiling linux-raw-sys v0.1.4
[INFO] [stderr]    Compiling regex-syntax v0.6.28
[INFO] [stderr]    Compiling humantime v2.1.0
[INFO] [stderr]    Compiling aho-corasick v0.7.20
[INFO] [stderr]    Compiling regex v1.7.1
[INFO] [stderr]    Compiling getrandom v0.2.8
[INFO] [stderr]    Compiling atty v0.2.14
[INFO] [stderr]    Compiling tempfile v3.3.0
[INFO] [stderr]    Compiling clap v3.2.23
[INFO] [stderr]    Compiling clap v4.0.22
[INFO] [stderr]    Compiling rand_core v0.6.4
[INFO] [stderr]    Compiling uuid v1.2.2
[INFO] [stderr]    Compiling rand_chacha v0.3.1
[INFO] [stderr]    Compiling rand v0.8.5
[INFO] [stderr]    Compiling is-terminal v0.4.2
[INFO] [stderr]    Compiling env_logger v0.10.0
[INFO] [stderr]    Compiling names v0.14.0
[INFO] [stderr]    Compiling nut v1.0.0 (/opt/rustwide/workdir)
[INFO] [stdout] warning: unused imports: `Cardinality`, `Conditionality`
[INFO] [stdout]   --> src/ooa_0.rs:12:24
[INFO] [stdout]    |
[INFO] [stdout] 12 | pub use relationship::{Cardinality, Conditionality, Relationship};
[INFO] [stdout]    |                        ^^^^^^^^^^^  ^^^^^^^^^^^^^^
[INFO] [stdout]    |
[INFO] [stdout]    = note: `#[warn(unused_imports)]` on by default
[INFO] [stdout] 
[INFO] [stdout] 
[INFO] [stdout] warning: unused imports: `Associative`, `Cardinality`, `Conditionality`
[INFO] [stdout]   --> src/ooa_1.rs:11:20
[INFO] [stdout]    |
[INFO] [stdout] 11 |     relationship::{Associative, Cardinality, Conditionality},
[INFO] [stdout]    |                    ^^^^^^^^^^^  ^^^^^^^^^^^  ^^^^^^^^^^^^^^
[INFO] [stdout] 
[INFO] [stdout] 
[INFO] [stdout] warning: unused imports: `Attribute`, `Cardinality`, `Conditionality`
[INFO] [stdout]   --> src/ooa_2.rs:12:20
[INFO] [stdout]    |
[INFO] [stdout] 12 |     relationship::{Cardinality, Conditionality},
[INFO] [stdout]    |                    ^^^^^^^^^^^  ^^^^^^^^^^^^^^
[INFO] [stdout] 13 |     Attribute, AttributeName,
[INFO] [stdout]    |     ^^^^^^^^^
[INFO] [stdout] 
[INFO] [stdout] 
[INFO] [stdout] warning: unused imports: `Referent`, `Referrer`, `Subtype`, `Supertype`
[INFO] [stdout]   --> src/ooa_2.rs:17:20
[INFO] [stdout]    |
[INFO] [stdout] 17 |     relationship::{Referent, Referrer, Subtype, Supertype},
[INFO] [stdout]    |                    ^^^^^^^^  ^^^^^^^^  ^^^^^^^  ^^^^^^^^^
[INFO] [stdout] 
[INFO] [stdout] 
[INFO] [stdout] warning: unused imports: `Cardinality`, `Conditionality`
[INFO] [stdout]   --> src/ooa_0.rs:12:24
[INFO] [stdout]    |
[INFO] [stdout] 12 | pub use relationship::{Cardinality, Conditionality, Relationship};
[INFO] [stdout]    |                        ^^^^^^^^^^^  ^^^^^^^^^^^^^^
[INFO] [stdout]    |
[INFO] [stdout]    = note: `#[warn(unused_imports)]` on by default
[INFO] [stdout] 
[INFO] [stdout] 
[INFO] [stdout] warning: unused imports: `Associative`, `Cardinality`, `Conditionality`
[INFO] [stdout]   --> src/ooa_1.rs:11:20
[INFO] [stdout]    |
[INFO] [stdout] 11 |     relationship::{Associative, Cardinality, Conditionality},
[INFO] [stdout]    |                    ^^^^^^^^^^^  ^^^^^^^^^^^  ^^^^^^^^^^^^^^
[INFO] [stdout] 
[INFO] [stdout] 
[INFO] [stdout] warning: unused imports: `Attribute`, `Cardinality`, `Conditionality`
[INFO] [stdout]   --> src/ooa_2.rs:12:20
[INFO] [stdout]    |
[INFO] [stdout] 12 |     relationship::{Cardinality, Conditionality},
[INFO] [stdout]    |                    ^^^^^^^^^^^  ^^^^^^^^^^^^^^
[INFO] [stdout] 13 |     Attribute, AttributeName,
[INFO] [stdout]    |     ^^^^^^^^^
[INFO] [stdout] 
[INFO] [stdout] 
[INFO] [stdout] warning: unused imports: `Referent`, `Referrer`, `Subtype`, `Supertype`
[INFO] [stdout]   --> src/ooa_2.rs:17:20
[INFO] [stdout]    |
[INFO] [stdout] 17 |     relationship::{Referent, Referrer, Subtype, Supertype},
[INFO] [stdout]    |                    ^^^^^^^^  ^^^^^^^^  ^^^^^^^  ^^^^^^^^^
[INFO] [stdout] 
[INFO] [stdout] 
[INFO] [stdout] warning: 4 warnings emitted
[INFO] [stdout] 
[INFO] [stdout] 
[INFO] [stdout] warning: 4 warnings emitted
[INFO] [stdout] 
[INFO] [stdout] 
[INFO] [stdout] error: linking with `cc` failed: exit status: 1
[INFO] [stdout]   |
[INFO] [stdout]   = note: LC_ALL="C" PATH="/opt/rustwide/rustup-home/toolchains/beta-2023-12-22-x86_64-unknown-linux-gnu/lib/rustlib/x86_64-unknown-linux-gnu/bin:/opt/rustwide/cargo-home/bin:/usr/local/sbin:/usr/local/bin:/usr/sbin:/usr/bin:/sbin:/bin" VSLANG="1033" "cc" "-m64" "/tmp/rustcMYgQS3/symbols.o" "/opt/rustwide/target/debug/deps/code_gen_ooa0-9ef4b1b0dc26e0ad.code_gen_ooa0.d43ab9ad98a84a43-cgu.0.rcgu.o" "/opt/rustwide/target/debug/deps/code_gen_ooa0-9ef4b1b0dc26e0ad.code_gen_ooa0.d43ab9ad98a84a43-cgu.1.rcgu.o" "/opt/rustwide/target/debug/deps/code_gen_ooa0-9ef4b1b0dc26e0ad.code_gen_ooa0.d43ab9ad98a84a43-cgu.2.rcgu.o" "/opt/rustwide/target/debug/deps/code_gen_ooa0-9ef4b1b0dc26e0ad.1f9s4fne3wq3dooi.rcgu.o" "-Wl,--as-needed" "-L" "/opt/rustwide/target/debug/deps" "-L" "/opt/rustwide/rustup-home/toolchains/beta-2023-12-22-x86_64-unknown-linux-gnu/lib/rustlib/x86_64-unknown-linux-gnu/lib" "-Wl,-Bstatic" "/opt/rustwide/target/debug/deps/libnut-5f47bf77390c1bf9.rlib" "/opt/rustwide/target/debug/deps/libserde_json-65ecda3dd0f4ddba.rlib" "/opt/rustwide/target/debug/deps/libryu-71a7e639e7459b62.rlib" "/opt/rustwide/target/debug/deps/libitoa-d2276dfc04de0749.rlib" "/opt/rustwide/target/debug/deps/librandom_string-4ed209d6e1f04377.rlib" "/opt/rustwide/target/debug/deps/libunicode_segmentation-303e1dfa1510041b.rlib" "/opt/rustwide/target/debug/deps/libnames-6b7f673ed9ce1c5d.rlib" "/opt/rustwide/target/debug/deps/librand-9338cb324b40feb7.rlib" "/opt/rustwide/target/debug/deps/librand_chacha-15c7252daf9b0b90.rlib" "/opt/rustwide/target/debug/deps/libppv_lite86-db48c90fa293bcfe.rlib" "/opt/rustwide/target/debug/deps/librand_core-3aabd055c3bc7ae2.rlib" "/opt/rustwide/target/debug/deps/libheck-82710d071a446bda.rlib" "/opt/rustwide/target/debug/deps/libtempfile-e35964dcb6e88b19.rlib" "/opt/rustwide/target/debug/deps/libfastrand-94c70a216b334e0d.rlib" "/opt/rustwide/target/debug/deps/libremove_dir_all-a4df0c6439de3059.rlib" "/opt/rustwide/target/debug/deps/liblog-5dd7ca7285786d5e.rlib" "/opt/rustwide/target/debug/deps/libdiff-f6228193e395c656.rlib" "/opt/rustwide/target/debug/deps/libsnafu-0e18ceae8f5d89a3.rlib" "/opt/rustwide/target/debug/deps/libdoc_comment-8766726346b4cbde.rlib" "/opt/rustwide/target/debug/deps/libuuid-243541ced20ed4ea.rlib" "/opt/rustwide/target/debug/deps/libgetrandom-26c802be0a35e9cb.rlib" "/opt/rustwide/target/debug/deps/libcfg_if-e7002d307f97bc56.rlib" "/opt/rustwide/target/debug/deps/libserde-edda369f39ebeb1a.rlib" "/opt/rustwide/target/debug/deps/libsha1_smol-a5f350ad7d541e8b.rlib" "/opt/rustwide/target/debug/deps/libquote-20c180c3db451bf3.rlib" "/opt/rustwide/target/debug/deps/libproc_macro2-aaf1abcbd5110442.rlib" "/opt/rustwide/target/debug/deps/libunicode_ident-6d3dfacdd4354ac3.rlib" "/opt/rustwide/rustup-home/toolchains/beta-2023-12-22-x86_64-unknown-linux-gnu/lib/rustlib/x86_64-unknown-linux-gnu/lib/libproc_macro-dac9343a0962bb53.rlib" "/opt/rustwide/target/debug/deps/libclap-fcf5fa2ae6413696.rlib" "/opt/rustwide/target/debug/deps/libatty-4983c27e1d05cc60.rlib" "/opt/rustwide/target/debug/deps/liblibc-acfe84869d5640c5.rlib" "/opt/rustwide/target/debug/deps/libstrsim-7c2291ed86ef7041.rlib" "/opt/rustwide/target/debug/deps/libclap_lex-22db7596bc82db8c.rlib" "/opt/rustwide/target/debug/deps/libos_str_bytes-4807f15150135c27.rlib" "/opt/rustwide/target/debug/deps/libtermcolor-fe47d483106080c8.rlib" "/opt/rustwide/target/debug/deps/libbitflags-85e13ed1e0c6d910.rlib" "/opt/rustwide/target/debug/deps/libonce_cell-ef1409d54228c1c0.rlib" "/opt/rustwide/rustup-home/toolchains/beta-2023-12-22-x86_64-unknown-linux-gnu/lib/rustlib/x86_64-unknown-linux-gnu/lib/libstd-0672489a78b613de.rlib" "/opt/rustwide/rustup-home/toolchains/beta-2023-12-22-x86_64-unknown-linux-gnu/lib/rustlib/x86_64-unknown-linux-gnu/lib/libpanic_unwind-7eb3ffc34a49f675.rlib" "/opt/rustwide/rustup-home/toolchains/beta-2023-12-22-x86_64-unknown-linux-gnu/lib/rustlib/x86_64-unknown-linux-gnu/lib/libobject-6478a9daa4bee8e2.rlib" "/opt/rustwide/rustup-home/toolchains/beta-2023-12-22-x86_64-unknown-linux-gnu/lib/rustlib/x86_64-unknown-linux-gnu/lib/libmemchr-0c75d871a5c3923d.rlib" "/opt/rustwide/rustup-home/toolchains/beta-2023-12-22-x86_64-unknown-linux-gnu/lib/rustlib/x86_64-unknown-linux-gnu/lib/libaddr2line-d163ef63ad37bb71.rlib" "/opt/rustwide/rustup-home/toolchains/beta-2023-12-22-x86_64-unknown-linux-gnu/lib/rustlib/x86_64-unknown-linux-gnu/lib/libgimli-8a3fd810a85b9f4c.rlib" "/opt/rustwide/rustup-home/toolchains/beta-2023-12-22-x86_64-unknown-linux-gnu/lib/rustlib/x86_64-unknown-linux-gnu/lib/librustc_demangle-462a2cde8c5dfc10.rlib" "/opt/rustwide/rustup-home/toolchains/beta-2023-12-22-x86_64-unknown-linux-gnu/lib/rustlib/x86_64-unknown-linux-gnu/lib/libstd_detect-cb06ac9f54713f71.rlib" "/opt/rustwide/rustup-home/toolchains/beta-2023-12-22-x86_64-unknown-linux-gnu/lib/rustlib/x86_64-unknown-linux-gnu/lib/libhashbrown-f20bfd1f8e59b393.rlib" "/opt/rustwide/rustup-home/toolchains/beta-2023-12-22-x86_64-unknown-linux-gnu/lib/rustlib/x86_64-unknown-linux-gnu/lib/librustc_std_workspace_alloc-1ef460949b49da4b.rlib" "/opt/rustwide/rustup-home/toolchains/beta-2023-12-22-x86_64-unknown-linux-gnu/lib/rustlib/x86_64-unknown-linux-gnu/lib/libminiz_oxide-2cb0c0ffe4f87514.rlib" "/opt/rustwide/rustup-home/toolchains/beta-2023-12-22-x86_64-unknown-linux-gnu/lib/rustlib/x86_64-unknown-linux-gnu/lib/libadler-58d841eb322a11a2.rlib" "/opt/rustwide/rustup-home/toolchains/beta-2023-12-22-x86_64-unknown-linux-gnu/lib/rustlib/x86_64-unknown-linux-gnu/lib/libunwind-aa2ae0b0a9d11533.rlib" "/opt/rustwide/rustup-home/toolchains/beta-2023-12-22-x86_64-unknown-linux-gnu/lib/rustlib/x86_64-unknown-linux-gnu/lib/libcfg_if-23874e15830ed336.rlib" "/opt/rustwide/rustup-home/toolchains/beta-2023-12-22-x86_64-unknown-linux-gnu/lib/rustlib/x86_64-unknown-linux-gnu/lib/liblibc-e47cddc003bce885.rlib" "/opt/rustwide/rustup-home/toolchains/beta-2023-12-22-x86_64-unknown-linux-gnu/lib/rustlib/x86_64-unknown-linux-gnu/lib/liballoc-c22b13b48a8f128e.rlib" "/opt/rustwide/rustup-home/toolchains/beta-2023-12-22-x86_64-unknown-linux-gnu/lib/rustlib/x86_64-unknown-linux-gnu/lib/librustc_std_workspace_core-e46bc3da6d7c462f.rlib" "/opt/rustwide/rustup-home/toolchains/beta-2023-12-22-x86_64-unknown-linux-gnu/lib/rustlib/x86_64-unknown-linux-gnu/lib/libcore-8d1ac131d3cb2645.rlib" "/opt/rustwide/rustup-home/toolchains/beta-2023-12-22-x86_64-unknown-linux-gnu/lib/rustlib/x86_64-unknown-linux-gnu/lib/libcompiler_builtins-a1b43df8c6899c1f.rlib" "-Wl,-Bdynamic" "-lgcc_s" "-lutil" "-lrt" "-lpthread" "-lm" "-ldl" "-lc" "-Wl,--eh-frame-hdr" "-Wl,-z,noexecstack" "-L" "/opt/rustwide/rustup-home/toolchains/beta-2023-12-22-x86_64-unknown-linux-gnu/lib/rustlib/x86_64-unknown-linux-gnu/lib" "-o" "/opt/rustwide/target/debug/deps/code_gen_ooa0-9ef4b1b0dc26e0ad" "-Wl,--gc-sections" "-pie" "-Wl,-z,relro,-z,now" "-nodefaultlibs"
[INFO] [stdout]   = note: collect2: fatal error: ld terminated with signal 9 [Killed]
[INFO] [stdout]           compilation terminated.
[INFO] [stdout]           
[INFO] [stdout] 
[INFO] [stdout] 
[INFO] [stdout] error: aborting due to 1 previous error
[INFO] [stdout] 
[INFO] [stdout] 
[INFO] [stderr] error: could not compile `nut` (bin "code_gen_ooa0") due to 2 previous errors
[INFO] [stderr] warning: build failed, waiting for other jobs to finish...
[INFO] running `Command { std: "docker" "inspect" "250a7b508f1bd01227c3c7d90f65b6632149540caedcc68a5ff26ba379290202", kill_on_drop: false }`
[INFO] running `Command { std: "docker" "rm" "-f" "250a7b508f1bd01227c3c7d90f65b6632149540caedcc68a5ff26ba379290202", kill_on_drop: false }`
[INFO] [stdout] 250a7b508f1bd01227c3c7d90f65b6632149540caedcc68a5ff26ba379290202
