[INFO] cloning repository https://github.com/roberte777/bean-bot-rs
[INFO] running `Command { std: "git" "-c" "credential.helper=" "-c" "credential.helper=/workspace/cargo-home/bin/git-credential-null" "clone" "--bare" "https://github.com/roberte777/bean-bot-rs" "/workspace/cache/git-repos/https%3A%2F%2Fgithub.com%2Froberte777%2Fbean-bot-rs", kill_on_drop: false }`
[INFO] [stderr] Cloning into bare repository '/workspace/cache/git-repos/https%3A%2F%2Fgithub.com%2Froberte777%2Fbean-bot-rs'...
[INFO] running `Command { std: "git" "rev-parse" "HEAD", kill_on_drop: false }`
[INFO] [stdout] fc4610b4efb74a23e69fe24d27fe6f379bc8dceb
[INFO] testing roberte777/bean-bot-rs against 1.75.0 for beta-1.76-1
[INFO] running `Command { std: "git" "clone" "/workspace/cache/git-repos/https%3A%2F%2Fgithub.com%2Froberte777%2Fbean-bot-rs" "/workspace/builds/worker-2-tc1/source", kill_on_drop: false }`
[INFO] [stderr] Cloning into '/workspace/builds/worker-2-tc1/source'...
[INFO] [stderr] done.
[INFO] validating manifest of git repo https://github.com/roberte777/bean-bot-rs on toolchain 1.75.0
[INFO] running `Command { std: CARGO_HOME="/workspace/cargo-home" RUSTUP_HOME="/workspace/rustup-home" "/workspace/cargo-home/bin/cargo" "+1.75.0" "metadata" "--manifest-path" "Cargo.toml" "--no-deps", kill_on_drop: false }`
[INFO] started tweaking git repo https://github.com/roberte777/bean-bot-rs
[INFO] finished tweaking git repo https://github.com/roberte777/bean-bot-rs
[INFO] tweaked toml for git repo https://github.com/roberte777/bean-bot-rs written to /workspace/builds/worker-2-tc1/source/Cargo.toml
[INFO] crate git repo https://github.com/roberte777/bean-bot-rs already has a lockfile, it will not be regenerated
[INFO] running `Command { std: CARGO_HOME="/workspace/cargo-home" RUSTUP_HOME="/workspace/rustup-home" "/workspace/cargo-home/bin/cargo" "+1.75.0" "fetch" "--manifest-path" "Cargo.toml", kill_on_drop: false }`
[INFO] [stderr]     Blocking waiting for file lock on package cache
[ERROR] error running command: no output for 300 seconds
[ERROR] this task or one of its parent failed!
[ERROR] no output for 300 seconds
[ERROR] note: run with `RUST_BACKTRACE=1` to display a backtrace.
[INFO] testing roberte777/bean-bot-rs against beta-2023-12-22 for beta-1.76-1
[INFO] running `Command { std: "git" "clone" "/workspace/cache/git-repos/https%3A%2F%2Fgithub.com%2Froberte777%2Fbean-bot-rs" "/workspace/builds/worker-2-tc2/source", kill_on_drop: false }`
[INFO] [stderr] Cloning into '/workspace/builds/worker-2-tc2/source'...
[INFO] [stderr] done.
[INFO] validating manifest of git repo https://github.com/roberte777/bean-bot-rs on toolchain beta-2023-12-22
[INFO] running `Command { std: CARGO_HOME="/workspace/cargo-home" RUSTUP_HOME="/workspace/rustup-home" "/workspace/cargo-home/bin/cargo" "+beta-2023-12-22" "metadata" "--manifest-path" "Cargo.toml" "--no-deps", kill_on_drop: false }`
[INFO] started tweaking git repo https://github.com/roberte777/bean-bot-rs
[INFO] finished tweaking git repo https://github.com/roberte777/bean-bot-rs
[INFO] tweaked toml for git repo https://github.com/roberte777/bean-bot-rs written to /workspace/builds/worker-2-tc2/source/Cargo.toml
[INFO] crate git repo https://github.com/roberte777/bean-bot-rs already has a lockfile, it will not be regenerated
[INFO] running `Command { std: CARGO_HOME="/workspace/cargo-home" RUSTUP_HOME="/workspace/rustup-home" "/workspace/cargo-home/bin/cargo" "+beta-2023-12-22" "fetch" "--manifest-path" "Cargo.toml", kill_on_drop: false }`
[INFO] [stderr]     Blocking waiting for file lock on package cache
[INFO] [stderr]     Updating crates.io index
[INFO] [stderr]     Blocking waiting for file lock on package cache
[ERROR] error running command: no output for 300 seconds
[INFO] testing roberte777/bean-bot-rs against beta-2023-12-22 for beta-1.76-1
[INFO] running `Command { std: "git" "clone" "/workspace/cache/git-repos/https%3A%2F%2Fgithub.com%2Froberte777%2Fbean-bot-rs" "/workspace/builds/worker-2-tc2/source", kill_on_drop: false }`
[INFO] [stderr] Cloning into '/workspace/builds/worker-2-tc2/source'...
[INFO] [stderr] done.
[INFO] validating manifest of git repo https://github.com/roberte777/bean-bot-rs on toolchain beta-2023-12-22
[INFO] running `Command { std: CARGO_HOME="/workspace/cargo-home" RUSTUP_HOME="/workspace/rustup-home" "/workspace/cargo-home/bin/cargo" "+beta-2023-12-22" "metadata" "--manifest-path" "Cargo.toml" "--no-deps", kill_on_drop: false }`
[INFO] started tweaking git repo https://github.com/roberte777/bean-bot-rs
[INFO] finished tweaking git repo https://github.com/roberte777/bean-bot-rs
[INFO] tweaked toml for git repo https://github.com/roberte777/bean-bot-rs written to /workspace/builds/worker-2-tc2/source/Cargo.toml
[INFO] crate git repo https://github.com/roberte777/bean-bot-rs already has a lockfile, it will not be regenerated
[INFO] running `Command { std: CARGO_HOME="/workspace/cargo-home" RUSTUP_HOME="/workspace/rustup-home" "/workspace/cargo-home/bin/cargo" "+beta-2023-12-22" "fetch" "--manifest-path" "Cargo.toml", kill_on_drop: false }`
[INFO] [stderr]     Blocking waiting for file lock on package cache
[INFO] [stderr]     Blocking waiting for file lock on package cache
[ERROR] error running command: no output for 300 seconds
[INFO] testing roberte777/bean-bot-rs against beta-2023-12-22 for beta-1.76-1
[INFO] running `Command { std: "git" "clone" "/workspace/cache/git-repos/https%3A%2F%2Fgithub.com%2Froberte777%2Fbean-bot-rs" "/workspace/builds/worker-2-tc2/source", kill_on_drop: false }`
[INFO] [stderr] Cloning into '/workspace/builds/worker-2-tc2/source'...
[INFO] [stderr] done.
[INFO] validating manifest of git repo https://github.com/roberte777/bean-bot-rs on toolchain beta-2023-12-22
[INFO] running `Command { std: CARGO_HOME="/workspace/cargo-home" RUSTUP_HOME="/workspace/rustup-home" "/workspace/cargo-home/bin/cargo" "+beta-2023-12-22" "metadata" "--manifest-path" "Cargo.toml" "--no-deps", kill_on_drop: false }`
[INFO] started tweaking git repo https://github.com/roberte777/bean-bot-rs
[INFO] finished tweaking git repo https://github.com/roberte777/bean-bot-rs
[INFO] tweaked toml for git repo https://github.com/roberte777/bean-bot-rs written to /workspace/builds/worker-2-tc2/source/Cargo.toml
[INFO] crate git repo https://github.com/roberte777/bean-bot-rs already has a lockfile, it will not be regenerated
[INFO] running `Command { std: CARGO_HOME="/workspace/cargo-home" RUSTUP_HOME="/workspace/rustup-home" "/workspace/cargo-home/bin/cargo" "+beta-2023-12-22" "fetch" "--manifest-path" "Cargo.toml", kill_on_drop: false }`
[INFO] [stderr]     Blocking waiting for file lock on package cache
[INFO] [stderr]     Blocking waiting for file lock on package cache
[INFO] [stderr]  Downloading crates ...
[INFO] [stderr]   Downloaded command_attr v0.4.1
[INFO] [stderr]   Downloaded uwl v0.6.0
[INFO] [stderr]   Downloaded openssl-sys v0.9.86
[INFO] [stderr]   Downloaded h2 v0.3.17
[INFO] [stderr]   Downloaded rustix v0.37.13
[INFO] [stderr]   Downloaded openssl v0.10.51
[INFO] running `Command { std: "docker" "create" "-v" "/var/lib/crater-agent-workspace/builds/worker-2-tc2/target:/opt/rustwide/target:rw,Z" "-v" "/var/lib/crater-agent-workspace/builds/worker-2-tc2/source:/opt/rustwide/workdir:ro,Z" "-v" "/var/lib/crater-agent-workspace/cargo-home:/opt/rustwide/cargo-home:ro,Z" "-v" "/var/lib/crater-agent-workspace/rustup-home:/opt/rustwide/rustup-home:ro,Z" "-e" "SOURCE_DIR=/opt/rustwide/workdir" "-e" "CARGO_TARGET_DIR=/opt/rustwide/target" "-e" "CARGO_HOME=/opt/rustwide/cargo-home" "-e" "RUSTUP_HOME=/opt/rustwide/rustup-home" "-w" "/opt/rustwide/workdir" "-m" "1610612736" "--user" "0:0" "--network" "none" "ghcr.io/rust-lang/crates-build-env/linux@sha256:2788e3201cd34a07e3172128adcd8b3090168a8e3bcc40d7c032b9dda1df7d1c" "/opt/rustwide/cargo-home/bin/cargo" "+beta-2023-12-22" "metadata" "--no-deps" "--format-version=1", kill_on_drop: false }`
[INFO] [stdout] 9328581c4cb4de17a8cc271da463326943fb60a9ef7075316d3e121e281d97c2
[INFO] running `Command { std: "docker" "start" "-a" "9328581c4cb4de17a8cc271da463326943fb60a9ef7075316d3e121e281d97c2", kill_on_drop: false }`
[INFO] running `Command { std: "docker" "inspect" "9328581c4cb4de17a8cc271da463326943fb60a9ef7075316d3e121e281d97c2", kill_on_drop: false }`
[INFO] running `Command { std: "docker" "rm" "-f" "9328581c4cb4de17a8cc271da463326943fb60a9ef7075316d3e121e281d97c2", kill_on_drop: false }`
[INFO] [stdout] 9328581c4cb4de17a8cc271da463326943fb60a9ef7075316d3e121e281d97c2
[INFO] running `Command { std: "docker" "create" "-v" "/var/lib/crater-agent-workspace/builds/worker-2-tc2/target:/opt/rustwide/target:rw,Z" "-v" "/var/lib/crater-agent-workspace/builds/worker-2-tc2/source:/opt/rustwide/workdir:ro,Z" "-v" "/var/lib/crater-agent-workspace/cargo-home:/opt/rustwide/cargo-home:ro,Z" "-v" "/var/lib/crater-agent-workspace/rustup-home:/opt/rustwide/rustup-home:ro,Z" "-e" "SOURCE_DIR=/opt/rustwide/workdir" "-e" "CARGO_TARGET_DIR=/opt/rustwide/target" "-e" "CARGO_INCREMENTAL=0" "-e" "RUST_BACKTRACE=full" "-e" "RUSTFLAGS=--cap-lints=warn" "-e" "RUSTDOCFLAGS=--cap-lints=warn" "-e" "CARGO_HOME=/opt/rustwide/cargo-home" "-e" "RUSTUP_HOME=/opt/rustwide/rustup-home" "-w" "/opt/rustwide/workdir" "-m" "1610612736" "--user" "0:0" "--network" "none" "ghcr.io/rust-lang/crates-build-env/linux@sha256:2788e3201cd34a07e3172128adcd8b3090168a8e3bcc40d7c032b9dda1df7d1c" "/opt/rustwide/cargo-home/bin/cargo" "+beta-2023-12-22" "build" "--frozen" "--message-format=json", kill_on_drop: false }`
[INFO] [stdout] 512a2beeb6d24e0c30cde7c0eacee73daee390beba9699522babab2f3a00bdc8
[INFO] running `Command { std: "docker" "start" "-a" "512a2beeb6d24e0c30cde7c0eacee73daee390beba9699522babab2f3a00bdc8", kill_on_drop: false }`
[INFO] [stderr]    Compiling proc-macro2 v1.0.56
[INFO] [stderr]    Compiling quote v1.0.26
[INFO] [stderr]    Compiling unicode-ident v1.0.8
[INFO] [stderr]    Compiling libc v0.2.141
[INFO] [stderr]    Compiling cc v1.0.79
[INFO] [stderr]    Compiling once_cell v1.17.1
[INFO] [stderr]    Compiling pin-project-lite v0.2.9
[INFO] [stderr]    Compiling bytes v1.4.0
[INFO] [stderr]    Compiling serde_derive v1.0.160
[INFO] [stderr]    Compiling serde v1.0.160
[INFO] [stderr]    Compiling itoa v1.0.6
[INFO] [stderr]    Compiling futures-core v0.3.28
[INFO] [stderr]    Compiling tokio v1.27.0
[INFO] [stderr]    Compiling syn v1.0.109
[INFO] [stderr]    Compiling slab v0.4.8
[INFO] [stderr]    Compiling futures-task v0.3.28
[INFO] [stderr]    Compiling pkg-config v0.3.26
[INFO] [stderr]    Compiling futures-sink v0.3.28
[INFO] [stderr]    Compiling futures-channel v0.3.28
[INFO] [stderr]    Compiling untrusted v0.7.1
[INFO] [stderr]    Compiling spin v0.5.2
[INFO] [stderr]    Compiling typenum v1.16.0
[INFO] [stderr]    Compiling futures-util v0.3.28
[INFO] [stderr]    Compiling generic-array v0.14.7
[INFO] [stderr]    Compiling futures-io v0.3.28
[INFO] [stderr]    Compiling httparse v1.8.0
[INFO] [stderr]    Compiling tracing-core v0.1.30
[INFO] [stderr]    Compiling indexmap v1.9.3
[INFO] [stderr]    Compiling rustls v0.20.8
[INFO] [stderr]    Compiling http v0.2.9
[INFO] [stderr]    Compiling tinyvec_macros v0.1.1
[INFO] [stderr]    Compiling unicase v2.6.0
[INFO] [stderr]    Compiling tinyvec v1.6.0
[INFO] [stderr]    Compiling num-traits v0.2.15
[INFO] [stderr]    Compiling percent-encoding v2.2.0
[INFO] [stderr]    Compiling openssl v0.10.51
[INFO] [stderr]    Compiling native-tls v0.2.11
[INFO] [stderr]    Compiling form_urlencoded v1.1.0
[INFO] [stderr]    Compiling unicode-bidi v0.3.13
[INFO] [stderr]    Compiling try-lock v0.2.4
[INFO] [stderr]    Compiling lock_api v0.4.9
[INFO] [stderr]    Compiling want v0.3.0
[INFO] [stderr]    Compiling syn v2.0.15
[INFO] [stderr]    Compiling num_cpus v1.15.0
[INFO] [stderr]    Compiling mio v0.8.6
[INFO] [stderr]    Compiling socket2 v0.4.9
[INFO] [stderr]    Compiling getrandom v0.2.9
[INFO] [stderr]    Compiling thiserror v1.0.40
[INFO] [stderr]    Compiling ppv-lite86 v0.2.17
[INFO] [stderr]    Compiling parking_lot_core v0.9.7
[INFO] [stderr]    Compiling http-body v0.4.5
[INFO] [stderr]    Compiling ring v0.16.20
[INFO] [stderr]    Compiling openssl-sys v0.9.86
[INFO] [stderr]    Compiling unicode-normalization v0.1.22
[INFO] [stderr]    Compiling rand_core v0.6.4
[INFO] [stderr]    Compiling tower-service v0.3.2
[INFO] [stderr]    Compiling mime_guess v2.0.4
[INFO] [stderr]    Compiling num-integer v0.1.45
[INFO] [stderr]    Compiling ryu v1.0.13
[INFO] [stderr]    Compiling rand_chacha v0.3.1
[INFO] [stderr]    Compiling cpufeatures v0.2.6
[INFO] [stderr]    Compiling serde_json v1.0.96
[INFO] [stderr]    Compiling crc32fast v1.3.2
[INFO] [stderr]    Compiling rand v0.8.5
[INFO] [stderr]    Compiling byteorder v1.4.3
[INFO] [stderr]    Compiling idna v0.3.0
[INFO] [stderr]    Compiling base64 v0.21.0
[INFO] [stderr]    Compiling async-trait v0.1.68
[INFO] [stderr]    Compiling mime v0.3.17
[INFO] [stderr]    Compiling utf-8 v0.7.6
[INFO] [stderr]    Compiling adler v1.0.2
[INFO] [stderr]    Compiling base64 v0.13.1
[INFO] [stderr]    Compiling miniz_oxide v0.6.2
[INFO] [stderr]    Compiling ordered-float v2.10.0
[INFO] [stderr]    Compiling block-buffer v0.10.4
[INFO] [stderr]    Compiling crypto-common v0.1.6
[INFO] [stderr]    Compiling rustls-pemfile v1.0.2
[INFO] [stderr]    Compiling encoding_rs v0.8.32
[INFO] [stderr]    Compiling iana-time-zone v0.1.56
[INFO] [stderr]    Compiling digest v0.10.6
[INFO] [stderr]    Compiling serenity v0.11.5
[INFO] [stderr]    Compiling ipnet v2.7.2
[INFO] [stderr]    Compiling time-core v0.1.0
[INFO] [stderr]    Compiling sha-1 v0.10.1
[INFO] [stderr]    Compiling parking_lot v0.12.1
[INFO] [stderr]    Compiling levenshtein v1.0.5
[INFO] [stderr]    Compiling flate2 v1.0.25
[INFO] [stderr]    Compiling static_assertions v1.1.0
[INFO] [stderr]    Compiling uwl v0.6.0
[INFO] [stderr]    Compiling typemap_rev v0.1.5
[INFO] [stderr]    Compiling futures v0.3.28
[INFO] [stderr]    Compiling tokio-macros v2.0.0
[INFO] [stderr]    Compiling openssl-macros v0.1.1
[INFO] [stderr]    Compiling thiserror-impl v1.0.40
[INFO] [stderr]    Compiling webpki v0.22.0
[INFO] [stderr]    Compiling sct v0.7.0
[INFO] [stderr]    Compiling webpki-roots v0.22.6
[INFO] [stderr]    Compiling tracing-attributes v0.1.23
[INFO] [stderr]    Compiling command_attr v0.4.1
[INFO] [stderr]    Compiling tracing v0.1.37
[INFO] [stderr]    Compiling tokio-util v0.7.7
[INFO] [stderr]    Compiling tokio-rustls v0.23.4
[INFO] [stderr]    Compiling tokio-native-tls v0.3.1
[INFO] [stderr]    Compiling h2 v0.3.17
[INFO] [stderr]    Compiling url v2.3.1
[INFO] [stderr]    Compiling serde_urlencoded v0.7.1
[INFO] [stderr]    Compiling dashmap v5.4.0
[INFO] [stderr]    Compiling chrono v0.4.24
[INFO] [stderr]    Compiling serde-value v0.7.0
[INFO] [stderr]    Compiling time v0.3.20
[INFO] [stderr]    Compiling tungstenite v0.17.3
[INFO] [stderr]    Compiling async-tungstenite v0.17.2
[INFO] [stderr]    Compiling hyper v0.14.26
[INFO] [stderr]    Compiling hyper-tls v0.5.0
[INFO] [stderr]    Compiling hyper-rustls v0.23.2
[INFO] [stderr]    Compiling reqwest v0.11.16
[INFO] [stderr] error: could not compile `serenity` (lib)
[INFO] [stderr] 
[INFO] [stderr] Caused by:
[INFO] [stderr]   process didn't exit successfully: `/opt/rustwide/rustup-home/toolchains/beta-2023-12-22-x86_64-unknown-linux-gnu/bin/rustc --crate-name serenity --edition=2018 /opt/rustwide/cargo-home/registry/src/index.crates.io-6f17d22bba15001f/serenity-0.11.5/src/lib.rs --error-format=json --json=diagnostic-rendered-ansi,artifacts,future-incompat --crate-type lib --emit=dep-info,metadata,link -C embed-bitcode=no -C debuginfo=2 --cfg 'feature="async-tungstenite"' --cfg 'feature="base64"' --cfg 'feature="builder"' --cfg 'feature="bytes"' --cfg 'feature="cache"' --cfg 'feature="chrono"' --cfg 'feature="client"' --cfg 'feature="command_attr"' --cfg 'feature="dashmap"' --cfg 'feature="default"' --cfg 'feature="default_no_backend"' --cfg 'feature="flate2"' --cfg 'feature="framework"' --cfg 'feature="gateway"' --cfg 'feature="http"' --cfg 'feature="levenshtein"' --cfg 'feature="model"' --cfg 'feature="parking_lot"' --cfg 'feature="reqwest"' --cfg 'feature="rustls_backend"' --cfg 'feature="standard_framework"' --cfg 'feature="static_assertions"' --cfg 'feature="tokio"' --cfg 'feature="typemap_rev"' --cfg 'feature="utils"' --cfg 'feature="uwl"' -C metadata=be43479e656738e2 -C extra-filename=-be43479e656738e2 --out-dir /opt/rustwide/target/debug/deps -L dependency=/opt/rustwide/target/debug/deps --extern async_trait=/opt/rustwide/target/debug/deps/libasync_trait-deedb625700d9b41.so --extern async_tungstenite=/opt/rustwide/target/debug/deps/libasync_tungstenite-1084fcebb5ff3bc8.rmeta --extern base64=/opt/rustwide/target/debug/deps/libbase64-fca76a9e376e88b4.rmeta --extern bitflags=/opt/rustwide/target/debug/deps/libbitflags-85e13ed1e0c6d910.rmeta --extern bytes=/opt/rustwide/target/debug/deps/libbytes-8217216c646d0e94.rmeta --extern cfg_if=/opt/rustwide/target/debug/deps/libcfg_if-e7002d307f97bc56.rmeta --extern chrono=/opt/rustwide/target/debug/deps/libchrono-ae7340a6d035a459.rmeta --extern command_attr=/opt/rustwide/target/debug/deps/libcommand_attr-79d2379556be706b.so --extern dashmap=/opt/rustwide/target/debug/deps/libdashmap-7d25f684a2e469d7.rmeta --extern flate2=/opt/rustwide/target/debug/deps/libflate2-d2af9a1d493841c6.rmeta --extern futures=/opt/rustwide/target/debug/deps/libfutures-cc8c63f50c709591.rmeta --extern levenshtein=/opt/rustwide/target/debug/deps/liblevenshtein-3df842ed5011e728.rmeta --extern mime=/opt/rustwide/target/debug/deps/libmime-a9df5a780629fb7d.rmeta --extern mime_guess=/opt/rustwide/target/debug/deps/libmime_guess-74bcb57dec44d2e1.rmeta --extern parking_lot=/opt/rustwide/target/debug/deps/libparking_lot-93c090634df67163.rmeta --extern percent_encoding=/opt/rustwide/target/debug/deps/libpercent_encoding-52ba3d834e28489d.rmeta --extern reqwest=/opt/rustwide/target/debug/deps/libreqwest-0f480bd77b382e3c.rmeta --extern serde=/opt/rustwide/target/debug/deps/libserde-94178deaf4caace8.rmeta --extern serde_value=/opt/rustwide/target/debug/deps/libserde_value-2a490acccb87d6ea.rmeta --extern serde_json=/opt/rustwide/target/debug/deps/libserde_json-df28efa73602496d.rmeta --extern static_assertions=/opt/rustwide/target/debug/deps/libstatic_assertions-0ef270c4de502b0e.rmeta --extern dep_time=/opt/rustwide/target/debug/deps/libtime-27e35e2535c31ed7.rmeta --extern tokio=/opt/rustwide/target/debug/deps/libtokio-044b530e88c52f98.rmeta --extern tracing=/opt/rustwide/target/debug/deps/libtracing-4905a3e8c1cd4a16.rmeta --extern typemap_rev=/opt/rustwide/target/debug/deps/libtypemap_rev-8e56f15f9552c7e1.rmeta --extern url=/opt/rustwide/target/debug/deps/liburl-f7547c9c5ee9a159.rmeta --extern uwl=/opt/rustwide/target/debug/deps/libuwl-627c16c4687b919a.rmeta --cap-lints allow --cap-lints=warn -L native=/opt/rustwide/target/debug/build/ring-5a241151c7d2b8ee/out` (signal: 9, SIGKILL: kill)
[INFO] running `Command { std: "docker" "inspect" "512a2beeb6d24e0c30cde7c0eacee73daee390beba9699522babab2f3a00bdc8", kill_on_drop: false }`
[INFO] running `Command { std: "docker" "rm" "-f" "512a2beeb6d24e0c30cde7c0eacee73daee390beba9699522babab2f3a00bdc8", kill_on_drop: false }`
[INFO] [stdout] 512a2beeb6d24e0c30cde7c0eacee73daee390beba9699522babab2f3a00bdc8
