[INFO] cloning repository https://github.com/philae-ael/wasm-plugin
[INFO] running `Command { std: "git" "-c" "credential.helper=" "-c" "credential.helper=/workspace/cargo-home/bin/git-credential-null" "clone" "--bare" "https://github.com/philae-ael/wasm-plugin" "/workspace/cache/git-repos/https%3A%2F%2Fgithub.com%2Fphilae-ael%2Fwasm-plugin", kill_on_drop: false }`
[INFO] [stderr] Cloning into bare repository '/workspace/cache/git-repos/https%3A%2F%2Fgithub.com%2Fphilae-ael%2Fwasm-plugin'...
[INFO] running `Command { std: "git" "rev-parse" "HEAD", kill_on_drop: false }`
[INFO] [stdout] 25f5573cecc3aa401cffe791e19207c0bac1d14b
[INFO] testing philae-ael/wasm-plugin against 1.75.0 for beta-1.76-1
[INFO] running `Command { std: "git" "clone" "/workspace/cache/git-repos/https%3A%2F%2Fgithub.com%2Fphilae-ael%2Fwasm-plugin" "/workspace/builds/worker-4-tc1/source", kill_on_drop: false }`
[INFO] [stderr] Cloning into '/workspace/builds/worker-4-tc1/source'...
[INFO] [stderr] done.
[INFO] validating manifest of git repo https://github.com/philae-ael/wasm-plugin on toolchain 1.75.0
[INFO] running `Command { std: CARGO_HOME="/workspace/cargo-home" RUSTUP_HOME="/workspace/rustup-home" "/workspace/cargo-home/bin/cargo" "+1.75.0" "metadata" "--manifest-path" "Cargo.toml" "--no-deps", kill_on_drop: false }`
[INFO] started tweaking git repo https://github.com/philae-ael/wasm-plugin
[INFO] finished tweaking git repo https://github.com/philae-ael/wasm-plugin
[INFO] tweaked toml for git repo https://github.com/philae-ael/wasm-plugin written to /workspace/builds/worker-4-tc1/source/Cargo.toml
[INFO] crate git repo https://github.com/philae-ael/wasm-plugin already has a lockfile, it will not be regenerated
[INFO] running `Command { std: CARGO_HOME="/workspace/cargo-home" RUSTUP_HOME="/workspace/rustup-home" "/workspace/cargo-home/bin/cargo" "+1.75.0" "fetch" "--manifest-path" "Cargo.toml", kill_on_drop: false }`
[INFO] [stderr]     Blocking waiting for file lock on package cache
[INFO] [stderr]     Updating git repository `https://github.com/bytecodealliance/wasmtime`
[INFO] [stderr]     Updating git submodule `https://github.com/WebAssembly/WASI`
[INFO] [stderr]     Updating git submodule `https://github.com/WebAssembly/wasm-c-api`
[INFO] [stderr]     Updating git submodule `https://github.com/WebAssembly/wasi-nn`
[INFO] [stderr]     Updating git submodule `https://github.com/WebAssembly/testsuite`
[INFO] [stderr]     Updating git submodule `https://github.com/WebAssembly/wasi-testsuite.git`
[INFO] [stderr]     Updating git submodule `https://github.com/WebAssembly/wasi-threads`
[INFO] [stderr]     Updating crates.io index
[INFO] [stderr]     Blocking waiting for file lock on package cache
[ERROR] error running command: no output for 300 seconds
[ERROR] this task or one of its parent failed!
[ERROR] no output for 300 seconds
[ERROR] note: run with `RUST_BACKTRACE=1` to display a backtrace.
[INFO] testing philae-ael/wasm-plugin against beta-2023-12-22 for beta-1.76-1
[INFO] running `Command { std: "git" "clone" "/workspace/cache/git-repos/https%3A%2F%2Fgithub.com%2Fphilae-ael%2Fwasm-plugin" "/workspace/builds/worker-4-tc2/source", kill_on_drop: false }`
[INFO] [stderr] Cloning into '/workspace/builds/worker-4-tc2/source'...
[INFO] [stderr] done.
[INFO] validating manifest of git repo https://github.com/philae-ael/wasm-plugin on toolchain beta-2023-12-22
[INFO] running `Command { std: CARGO_HOME="/workspace/cargo-home" RUSTUP_HOME="/workspace/rustup-home" "/workspace/cargo-home/bin/cargo" "+beta-2023-12-22" "metadata" "--manifest-path" "Cargo.toml" "--no-deps", kill_on_drop: false }`
[INFO] started tweaking git repo https://github.com/philae-ael/wasm-plugin
[INFO] finished tweaking git repo https://github.com/philae-ael/wasm-plugin
[INFO] tweaked toml for git repo https://github.com/philae-ael/wasm-plugin written to /workspace/builds/worker-4-tc2/source/Cargo.toml
[INFO] crate git repo https://github.com/philae-ael/wasm-plugin already has a lockfile, it will not be regenerated
[INFO] running `Command { std: CARGO_HOME="/workspace/cargo-home" RUSTUP_HOME="/workspace/rustup-home" "/workspace/cargo-home/bin/cargo" "+beta-2023-12-22" "fetch" "--manifest-path" "Cargo.toml", kill_on_drop: false }`
[INFO] [stderr]     Blocking waiting for file lock on package cache
[INFO] [stderr]     Blocking waiting for file lock on package cache
[ERROR] error running command: no output for 300 seconds
[INFO] testing philae-ael/wasm-plugin against beta-2023-12-22 for beta-1.76-1
[INFO] running `Command { std: "git" "clone" "/workspace/cache/git-repos/https%3A%2F%2Fgithub.com%2Fphilae-ael%2Fwasm-plugin" "/workspace/builds/worker-4-tc2/source", kill_on_drop: false }`
[INFO] [stderr] Cloning into '/workspace/builds/worker-4-tc2/source'...
[INFO] [stderr] done.
[INFO] validating manifest of git repo https://github.com/philae-ael/wasm-plugin on toolchain beta-2023-12-22
[INFO] running `Command { std: CARGO_HOME="/workspace/cargo-home" RUSTUP_HOME="/workspace/rustup-home" "/workspace/cargo-home/bin/cargo" "+beta-2023-12-22" "metadata" "--manifest-path" "Cargo.toml" "--no-deps", kill_on_drop: false }`
[INFO] started tweaking git repo https://github.com/philae-ael/wasm-plugin
[INFO] finished tweaking git repo https://github.com/philae-ael/wasm-plugin
[INFO] tweaked toml for git repo https://github.com/philae-ael/wasm-plugin written to /workspace/builds/worker-4-tc2/source/Cargo.toml
[INFO] crate git repo https://github.com/philae-ael/wasm-plugin already has a lockfile, it will not be regenerated
[INFO] running `Command { std: CARGO_HOME="/workspace/cargo-home" RUSTUP_HOME="/workspace/rustup-home" "/workspace/cargo-home/bin/cargo" "+beta-2023-12-22" "fetch" "--manifest-path" "Cargo.toml", kill_on_drop: false }`
[INFO] [stderr]     Blocking waiting for file lock on package cache
[INFO] [stderr]     Blocking waiting for file lock on package cache
[ERROR] error running command: no output for 300 seconds
[INFO] testing philae-ael/wasm-plugin against beta-2023-12-22 for beta-1.76-1
[INFO] running `Command { std: "git" "clone" "/workspace/cache/git-repos/https%3A%2F%2Fgithub.com%2Fphilae-ael%2Fwasm-plugin" "/workspace/builds/worker-4-tc2/source", kill_on_drop: false }`
[INFO] [stderr] Cloning into '/workspace/builds/worker-4-tc2/source'...
[INFO] [stderr] done.
[INFO] validating manifest of git repo https://github.com/philae-ael/wasm-plugin on toolchain beta-2023-12-22
[INFO] running `Command { std: CARGO_HOME="/workspace/cargo-home" RUSTUP_HOME="/workspace/rustup-home" "/workspace/cargo-home/bin/cargo" "+beta-2023-12-22" "metadata" "--manifest-path" "Cargo.toml" "--no-deps", kill_on_drop: false }`
[INFO] started tweaking git repo https://github.com/philae-ael/wasm-plugin
[INFO] finished tweaking git repo https://github.com/philae-ael/wasm-plugin
[INFO] tweaked toml for git repo https://github.com/philae-ael/wasm-plugin written to /workspace/builds/worker-4-tc2/source/Cargo.toml
[INFO] crate git repo https://github.com/philae-ael/wasm-plugin already has a lockfile, it will not be regenerated
[INFO] running `Command { std: CARGO_HOME="/workspace/cargo-home" RUSTUP_HOME="/workspace/rustup-home" "/workspace/cargo-home/bin/cargo" "+beta-2023-12-22" "fetch" "--manifest-path" "Cargo.toml", kill_on_drop: false }`
[INFO] [stderr]     Blocking waiting for file lock on package cache
[INFO] [stderr]     Blocking waiting for file lock on package cache
[ERROR] error running command: no output for 300 seconds
[INFO] testing philae-ael/wasm-plugin against beta-2023-12-22 for beta-1.76-1
[INFO] running `Command { std: "git" "clone" "/workspace/cache/git-repos/https%3A%2F%2Fgithub.com%2Fphilae-ael%2Fwasm-plugin" "/workspace/builds/worker-4-tc2/source", kill_on_drop: false }`
[INFO] [stderr] Cloning into '/workspace/builds/worker-4-tc2/source'...
[INFO] [stderr] done.
[INFO] validating manifest of git repo https://github.com/philae-ael/wasm-plugin on toolchain beta-2023-12-22
[INFO] running `Command { std: CARGO_HOME="/workspace/cargo-home" RUSTUP_HOME="/workspace/rustup-home" "/workspace/cargo-home/bin/cargo" "+beta-2023-12-22" "metadata" "--manifest-path" "Cargo.toml" "--no-deps", kill_on_drop: false }`
[INFO] started tweaking git repo https://github.com/philae-ael/wasm-plugin
[INFO] finished tweaking git repo https://github.com/philae-ael/wasm-plugin
[INFO] tweaked toml for git repo https://github.com/philae-ael/wasm-plugin written to /workspace/builds/worker-4-tc2/source/Cargo.toml
[INFO] crate git repo https://github.com/philae-ael/wasm-plugin already has a lockfile, it will not be regenerated
[INFO] running `Command { std: CARGO_HOME="/workspace/cargo-home" RUSTUP_HOME="/workspace/rustup-home" "/workspace/cargo-home/bin/cargo" "+beta-2023-12-22" "fetch" "--manifest-path" "Cargo.toml", kill_on_drop: false }`
[INFO] [stderr]     Blocking waiting for file lock on package cache
[INFO] [stderr]     Blocking waiting for file lock on package cache
[ERROR] error running command: no output for 300 seconds
[INFO] testing philae-ael/wasm-plugin against beta-2023-12-22 for beta-1.76-1
[INFO] running `Command { std: "git" "clone" "/workspace/cache/git-repos/https%3A%2F%2Fgithub.com%2Fphilae-ael%2Fwasm-plugin" "/workspace/builds/worker-4-tc2/source", kill_on_drop: false }`
[INFO] [stderr] Cloning into '/workspace/builds/worker-4-tc2/source'...
[INFO] [stderr] done.
[INFO] validating manifest of git repo https://github.com/philae-ael/wasm-plugin on toolchain beta-2023-12-22
[INFO] running `Command { std: CARGO_HOME="/workspace/cargo-home" RUSTUP_HOME="/workspace/rustup-home" "/workspace/cargo-home/bin/cargo" "+beta-2023-12-22" "metadata" "--manifest-path" "Cargo.toml" "--no-deps", kill_on_drop: false }`
[INFO] started tweaking git repo https://github.com/philae-ael/wasm-plugin
[INFO] finished tweaking git repo https://github.com/philae-ael/wasm-plugin
[INFO] tweaked toml for git repo https://github.com/philae-ael/wasm-plugin written to /workspace/builds/worker-4-tc2/source/Cargo.toml
[INFO] crate git repo https://github.com/philae-ael/wasm-plugin already has a lockfile, it will not be regenerated
[INFO] running `Command { std: CARGO_HOME="/workspace/cargo-home" RUSTUP_HOME="/workspace/rustup-home" "/workspace/cargo-home/bin/cargo" "+beta-2023-12-22" "fetch" "--manifest-path" "Cargo.toml", kill_on_drop: false }`
[INFO] [stderr]     Blocking waiting for file lock on package cache
[INFO] [stderr]     Blocking waiting for file lock on package cache
[INFO] [stderr]  Downloading crates ...
[INFO] [stderr]   Downloaded cap-primitives v2.0.0
[INFO] [stderr]   Downloaded cap-net-ext v2.0.0
[INFO] [stderr]   Downloaded system-interface v0.26.0
[INFO] [stderr]   Downloaded io-extras v0.18.0
[INFO] [stderr]   Downloaded regalloc2 v0.9.2
[INFO] [stderr]   Downloaded wasm-metadata v0.10.3
[INFO] [stderr]   Downloaded fs-set-times v0.20.0
[INFO] [stderr]   Downloaded wit-parser v0.11.0
[INFO] [stderr]   Downloaded wasmprinter v0.2.64
[INFO] [stderr]   Downloaded cap-rand v2.0.0
[INFO] [stderr]   Downloaded cap-fs-ext v2.0.0
[INFO] [stderr]   Downloaded wit-component v0.14.0
[INFO] [stderr]   Downloaded cap-time-ext v2.0.0
[INFO] [stderr]   Downloaded cap-std v2.0.0
[INFO] [stderr]   Downloaded wasmparser v0.112.0
[INFO] running `Command { std: "docker" "create" "-v" "/var/lib/crater-agent-workspace/builds/worker-4-tc2/target:/opt/rustwide/target:rw,Z" "-v" "/var/lib/crater-agent-workspace/builds/worker-4-tc2/source:/opt/rustwide/workdir:ro,Z" "-v" "/var/lib/crater-agent-workspace/cargo-home:/opt/rustwide/cargo-home:ro,Z" "-v" "/var/lib/crater-agent-workspace/rustup-home:/opt/rustwide/rustup-home:ro,Z" "-e" "SOURCE_DIR=/opt/rustwide/workdir" "-e" "CARGO_TARGET_DIR=/opt/rustwide/target" "-e" "CARGO_HOME=/opt/rustwide/cargo-home" "-e" "RUSTUP_HOME=/opt/rustwide/rustup-home" "-w" "/opt/rustwide/workdir" "-m" "1610612736" "--user" "0:0" "--network" "none" "ghcr.io/rust-lang/crates-build-env/linux@sha256:2788e3201cd34a07e3172128adcd8b3090168a8e3bcc40d7c032b9dda1df7d1c" "/opt/rustwide/cargo-home/bin/cargo" "+beta-2023-12-22" "metadata" "--no-deps" "--format-version=1", kill_on_drop: false }`
[INFO] [stdout] 80906ce1a1e0007e789cbe718863269edfa7218dece7b63f6296e614254edd8a
[INFO] running `Command { std: "docker" "start" "-a" "80906ce1a1e0007e789cbe718863269edfa7218dece7b63f6296e614254edd8a", kill_on_drop: false }`
[INFO] running `Command { std: "docker" "inspect" "80906ce1a1e0007e789cbe718863269edfa7218dece7b63f6296e614254edd8a", kill_on_drop: false }`
[INFO] running `Command { std: "docker" "rm" "-f" "80906ce1a1e0007e789cbe718863269edfa7218dece7b63f6296e614254edd8a", kill_on_drop: false }`
[INFO] [stdout] 80906ce1a1e0007e789cbe718863269edfa7218dece7b63f6296e614254edd8a
[INFO] running `Command { std: "docker" "create" "-v" "/var/lib/crater-agent-workspace/builds/worker-4-tc2/target:/opt/rustwide/target:rw,Z" "-v" "/var/lib/crater-agent-workspace/builds/worker-4-tc2/source:/opt/rustwide/workdir:ro,Z" "-v" "/var/lib/crater-agent-workspace/cargo-home:/opt/rustwide/cargo-home:ro,Z" "-v" "/var/lib/crater-agent-workspace/rustup-home:/opt/rustwide/rustup-home:ro,Z" "-e" "SOURCE_DIR=/opt/rustwide/workdir" "-e" "CARGO_TARGET_DIR=/opt/rustwide/target" "-e" "CARGO_INCREMENTAL=0" "-e" "RUST_BACKTRACE=full" "-e" "RUSTFLAGS=--cap-lints=warn" "-e" "RUSTDOCFLAGS=--cap-lints=warn" "-e" "CARGO_HOME=/opt/rustwide/cargo-home" "-e" "RUSTUP_HOME=/opt/rustwide/rustup-home" "-w" "/opt/rustwide/workdir" "-m" "1610612736" "--user" "0:0" "--network" "none" "ghcr.io/rust-lang/crates-build-env/linux@sha256:2788e3201cd34a07e3172128adcd8b3090168a8e3bcc40d7c032b9dda1df7d1c" "/opt/rustwide/cargo-home/bin/cargo" "+beta-2023-12-22" "build" "--frozen" "--message-format=json", kill_on_drop: false }`
[INFO] [stdout] 143e51e9f7466243b791fc67db61606665c1c8bae2fc53f9b7495477fcbe839a
[INFO] running `Command { std: "docker" "start" "-a" "143e51e9f7466243b791fc67db61606665c1c8bae2fc53f9b7495477fcbe839a", kill_on_drop: false }`
[INFO] [stderr]    Compiling proc-macro2 v1.0.66
[INFO] [stderr]    Compiling unicode-ident v1.0.11
[INFO] [stderr]    Compiling version_check v0.9.4
[INFO] [stderr]    Compiling cfg-if v1.0.0
[INFO] [stderr]    Compiling serde v1.0.188
[INFO] [stderr]    Compiling once_cell v1.18.0
[INFO] [stderr]    Compiling equivalent v1.0.1
[INFO] [stderr]    Compiling libc v0.2.147
[INFO] [stderr]    Compiling anyhow v1.0.75
[INFO] [stderr]    Compiling itoa v1.0.9
[INFO] [stderr]    Compiling semver v1.0.18
[INFO] [stderr]    Compiling leb128 v0.2.5
[INFO] [stderr]    Compiling memchr v2.6.3
[INFO] [stderr]    Compiling ahash v0.8.3
[INFO] [stderr]    Compiling bitflags v2.4.0
[INFO] [stderr]    Compiling wasm-encoder v0.32.0
[INFO] [stderr]    Compiling bitflags v1.3.2
[INFO] [stderr]    Compiling rustix v0.38.11
[INFO] [stderr]    Compiling log v0.4.20
[INFO] [stderr]    Compiling hashbrown v0.14.0
[INFO] [stderr]    Compiling quote v1.0.33
[INFO] [stderr]    Compiling syn v2.0.31
[INFO] [stderr]    Compiling jobserver v0.1.26
[INFO] [stderr]    Compiling tinyvec_macros v0.1.1
[INFO] [stderr]    Compiling linux-raw-sys v0.4.5
[INFO] [stderr]    Compiling tinyvec v1.6.0
[INFO] [stderr]    Compiling cc v1.0.83
[INFO] [stderr]    Compiling unicase v2.7.0
[INFO] [stderr]    Compiling thiserror v1.0.48
[INFO] [stderr]    Compiling unicode-bidi v0.3.13
[INFO] [stderr]    Compiling percent-encoding v2.3.0
[INFO] [stderr]    Compiling pulldown-cmark v0.9.3
[INFO] [stderr]    Compiling unicode-normalization v0.1.22
[INFO] [stderr]    Compiling form_urlencoded v1.2.0
[INFO] [stderr]    Compiling serde_json v1.0.105
[INFO] [stderr]    Compiling target-lexicon v0.12.11
[INFO] [stderr]    Compiling autocfg v1.1.0
[INFO] [stderr]    Compiling ryu v1.0.15
[INFO] [stderr]    Compiling idna v0.4.0
[INFO] [stderr]    Compiling id-arena v2.2.1
[INFO] [stderr]    Compiling unicode-xid v0.2.4
[INFO] [stderr]    Compiling cranelift-isle v0.100.0 (https://github.com/bytecodealliance/wasmtime#f10d665b)
[INFO] [stderr]    Compiling unicode-segmentation v1.10.1
[INFO] [stderr]    Compiling smallvec v1.11.0
[INFO] [stderr]    Compiling cranelift-codegen-shared v0.100.0 (https://github.com/bytecodealliance/wasmtime#f10d665b)
[INFO] [stderr]    Compiling url v2.4.1
[INFO] [stderr]    Compiling heck v0.4.1
[INFO] [stderr]    Compiling crc32fast v1.3.2
[INFO] [stderr]    Compiling cranelift-codegen-meta v0.100.0 (https://github.com/bytecodealliance/wasmtime#f10d665b)
[INFO] [stderr]    Compiling memoffset v0.9.0
[INFO] [stderr]    Compiling typenum v1.16.0
[INFO] [stderr]    Compiling io-lifetimes v2.0.2
[INFO] [stderr]    Compiling hashbrown v0.13.2
[INFO] [stderr]    Compiling generic-array v0.14.7
[INFO] [stderr]    Compiling pkg-config v0.3.27
[INFO] [stderr]    Compiling rustc-hash v1.1.0
[INFO] [stderr]    Compiling crossbeam-utils v0.8.16
[INFO] [stderr]    Compiling slice-group-by v0.3.1
[INFO] [stderr]    Compiling arbitrary v1.3.0
[INFO] [stderr]    Compiling zstd-sys v2.0.8+zstd.1.5.5
[INFO] [stderr]    Compiling regalloc2 v0.9.2
[INFO] [stderr]    Compiling cranelift-control v0.100.0 (https://github.com/bytecodealliance/wasmtime#f10d665b)
[INFO] [stderr]    Compiling getrandom v0.2.10
[INFO] [stderr]    Compiling wasmtime-component-util v13.0.0 (https://github.com/bytecodealliance/wasmtime#f10d665b)
[INFO] [stderr]    Compiling io-lifetimes v1.0.11
[INFO] [stderr]    Compiling io-extras v0.18.0
[INFO] [stderr]    Compiling bumpalo v3.13.0
[INFO] [stderr]    Compiling rand_core v0.6.4
[INFO] [stderr]    Compiling crossbeam-epoch v0.9.15
[INFO] [stderr]    Compiling rustix v0.37.23
[INFO] [stderr]    Compiling ppv-lite86 v0.2.17
[INFO] [stderr]    Compiling cap-primitives v2.0.0
[INFO] [stderr]    Compiling ambient-authority v0.0.2
[INFO] [stderr]    Compiling rand_chacha v0.3.1
[INFO] [stderr]    Compiling cranelift-codegen v0.100.0 (https://github.com/bytecodealliance/wasmtime#f10d665b)
[INFO] [stderr]    Compiling ittapi-sys v0.3.4
[INFO] [stderr]    Compiling ipnet v2.8.0
[INFO] [stderr]    Compiling zstd-safe v5.0.2+zstd.1.5.2
[INFO] [stderr]    Compiling paste v1.0.14
[INFO] [stderr]    Compiling linux-raw-sys v0.3.8
[INFO] [stderr]    Compiling scopeguard v1.2.0
[INFO] [stderr]    Compiling pin-project-lite v0.2.13
[INFO] [stderr]    Compiling maybe-owned v0.3.4
[INFO] [stderr]    Compiling either v1.9.0
[INFO] [stderr]    Compiling rand v0.8.5
[INFO] [stderr]    Compiling block-buffer v0.10.4
[INFO] [stderr]    Compiling crypto-common v0.1.6
[INFO] [stderr]    Compiling num_cpus v1.16.0
[INFO] [stderr]    Compiling serde_derive v1.0.188
[INFO] [stderr]    Compiling thiserror-impl v1.0.48
[INFO] [stderr]    Compiling wasmtime-versioned-export-macros v13.0.0 (https://github.com/bytecodealliance/wasmtime#f10d665b)
[INFO] [stderr]    Compiling dirs-sys v0.3.7
[INFO] [stderr]    Compiling wasmtime-asm-macros v13.0.0 (https://github.com/bytecodealliance/wasmtime#f10d665b)
[INFO] [stderr]    Compiling fs-set-times v0.20.0
[INFO] [stderr]    Compiling wasmtime-fiber v13.0.0 (https://github.com/bytecodealliance/wasmtime#f10d665b)
[INFO] [stderr]    Compiling wasmtime-runtime v13.0.0 (https://github.com/bytecodealliance/wasmtime#f10d665b)
[INFO] [stderr]    Compiling rayon-core v1.11.0
[INFO] [stderr]    Compiling cpp_demangle v0.3.5
[INFO] [stderr]    Compiling cap-std v2.0.0
[INFO] [stderr]    Compiling spdx v0.10.2
[INFO] [stderr]    Compiling dirs v4.0.0
[INFO] [stderr]    Compiling digest v0.10.7
[INFO] [stderr]    Compiling crossbeam-deque v0.8.3
[INFO] [stderr]    Compiling itertools v0.10.5
[INFO] [stderr]    Compiling memfd v0.6.3
[INFO] [stderr]    Compiling crossbeam-channel v0.5.8
[INFO] [stderr]    Compiling psm v0.1.21
[INFO] [stderr]    Compiling dirs-sys-next v0.1.2
[INFO] [stderr]    Compiling wast v35.0.2
[INFO] [stderr]    Compiling tracing-core v0.1.31
[INFO] [stderr]    Compiling encoding_rs v0.8.33
[INFO] [stderr]    Compiling byteorder v1.4.3
[INFO] [stderr]    Compiling wasmtime-wmemcheck v13.0.0 (https://github.com/bytecodealliance/wasmtime#f10d665b)
[INFO] [stderr]    Compiling async-trait v0.1.73
[INFO] [stderr]    Compiling uuid v1.4.1
[INFO] [stderr]    Compiling unicode-width v0.1.10
[INFO] [stderr]    Compiling wasmtime-cache v13.0.0 (https://github.com/bytecodealliance/wasmtime#f10d665b)
[INFO] [stderr]    Compiling sptr v0.3.2
[INFO] [stderr]    Compiling cpufeatures v0.2.9
[INFO] [stderr]    Compiling debugid v0.8.0
[INFO] [stderr]    Compiling sha2 v0.10.7
[INFO] [stderr]    Compiling wast v64.0.0
[INFO] [stderr]    Compiling witx v0.9.1 (https://github.com/bytecodealliance/wasmtime#f10d665b)
[INFO] [stderr]    Compiling fxhash v0.2.1
[INFO] [stderr]    Compiling directories-next v2.0.0
[INFO] [stderr]    Compiling shellexpand v2.1.2
[INFO] [stderr]    Compiling tracing-attributes v0.1.26
[INFO] [stderr]    Compiling wasmtime-jit-icache-coherence v13.0.0 (https://github.com/bytecodealliance/wasmtime#f10d665b)
[INFO] [stderr]    Compiling futures-core v0.3.28
[INFO] [stderr]    Compiling rustc-demangle v0.1.23
[INFO] [stderr]    Compiling base64 v0.21.3
[INFO] [stderr]    Compiling wiggle-generate v13.0.0 (https://github.com/bytecodealliance/wasmtime#f10d665b)
[INFO] [stderr]    Compiling tracing v0.1.37
[INFO] [stderr]    Compiling rayon v1.7.0
[INFO] [stderr]    Compiling futures-task v0.3.28
[INFO] [stderr]    Compiling wasi-common v13.0.0 (https://github.com/bytecodealliance/wasmtime#f10d665b)
[INFO] [stderr]    Compiling system-interface v0.26.0
[INFO] [stderr]    Compiling futures-channel v0.3.28
[INFO] [stderr]    Compiling futures-util v0.3.28
[INFO] [stderr]    Compiling cap-fs-ext v2.0.0
[INFO] [stderr]    Compiling wit-bindgen-rust v0.11.0 (https://github.com/bytecodealliance/wit-bindgen#15907098)
[INFO] [stderr]    Compiling futures-sink v0.3.28
[INFO] [stderr]    Compiling indexmap v2.0.0
[INFO] [stderr]    Compiling cranelift-entity v0.100.0 (https://github.com/bytecodealliance/wasmtime#f10d665b)
[INFO] [stderr]    Compiling gimli v0.28.0
[INFO] [stderr]    Compiling wasmparser v0.112.0
[INFO] [stderr]    Compiling cranelift-bforest v0.100.0 (https://github.com/bytecodealliance/wasmtime#f10d665b)
[INFO] [stderr]    Compiling wit-parser v0.11.0
[INFO] [stderr]    Compiling object v0.32.1
[INFO] [stderr]    Compiling bincode v1.3.3
[INFO] [stderr]    Compiling toml v0.5.11
[INFO] [stderr]    Compiling wasmtime-wit-bindgen v13.0.0 (https://github.com/bytecodealliance/wasmtime#f10d665b)
[INFO] [stderr]    Compiling addr2line v0.21.0
[INFO] [stderr]    Compiling wasmtime-component-macro v13.0.0 (https://github.com/bytecodealliance/wasmtime#f10d665b)
[INFO] [stderr]    Compiling fxprof-processed-profile v0.6.0
[INFO] [stderr]    Compiling wat v1.0.71
[INFO] [stderr]    Compiling wiggle-macro v13.0.0 (https://github.com/bytecodealliance/wasmtime#f10d665b)
[INFO] [stderr]    Compiling wasmtime-types v13.0.0 (https://github.com/bytecodealliance/wasmtime#f10d665b)
[INFO] [stderr]    Compiling wasmprinter v0.2.64
[INFO] [stderr]    Compiling wasmtime-jit-debug v13.0.0 (https://github.com/bytecodealliance/wasmtime#f10d665b)
[INFO] [stderr]    Compiling wasm-metadata v0.10.3
[INFO] [stderr]    Compiling wit-component v0.14.0
[INFO] [stderr]    Compiling wasmtime-environ v13.0.0 (https://github.com/bytecodealliance/wasmtime#f10d665b)
[INFO] [stderr]    Compiling cap-rand v2.0.0
[INFO] [stderr]    Compiling pin-utils v0.1.0
[INFO] [stderr]    Compiling regex-syntax v0.6.29
[INFO] [stderr]    Compiling regex-syntax v0.7.5
[INFO] [stderr]    Compiling lazy_static v1.4.0
[INFO] [stderr] error: could not compile `wasmparser` (lib)
[INFO] [stderr] 
[INFO] [stderr] Caused by:
[INFO] [stderr]   process didn't exit successfully: `/opt/rustwide/rustup-home/toolchains/beta-2023-12-22-x86_64-unknown-linux-gnu/bin/rustc --crate-name wasmparser --edition=2021 /opt/rustwide/cargo-home/registry/src/index.crates.io-6f17d22bba15001f/wasmparser-0.112.0/src/lib.rs --error-format=json --json=diagnostic-rendered-ansi,artifacts,future-incompat --crate-type lib --emit=dep-info,metadata,link -C embed-bitcode=no -C debuginfo=2 -C metadata=c08224125f797bff -C extra-filename=-c08224125f797bff --out-dir /opt/rustwide/target/debug/deps -L dependency=/opt/rustwide/target/debug/deps --extern indexmap=/opt/rustwide/target/debug/deps/libindexmap-4806f2fc223095a9.rmeta --extern semver=/opt/rustwide/target/debug/deps/libsemver-19c306346d65e6f7.rmeta --cap-lints allow --cap-lints=warn` (signal: 9, SIGKILL: kill)
[INFO] [stderr] warning: build failed, waiting for other jobs to finish...
[INFO] [stderr] The following warnings were emitted during compilation:
[INFO] [stderr] 
[INFO] [stderr] warning: cranelift-codegen@0.100.0: Failed to run `rustfmt` on ISLE-generated code: Os { code: 32, kind: BrokenPipe, message: "Broken pipe" }
[INFO] [stderr] warning: cranelift-codegen@0.100.0: Failed to run `rustfmt` on ISLE-generated code: Os { code: 32, kind: BrokenPipe, message: "Broken pipe" }
[INFO] [stderr] warning: cranelift-codegen@0.100.0: Failed to run `rustfmt` on ISLE-generated code: Os { code: 32, kind: BrokenPipe, message: "Broken pipe" }
[INFO] [stderr] warning: cranelift-codegen@0.100.0: Failed to run `rustfmt` on ISLE-generated code: Os { code: 32, kind: BrokenPipe, message: "Broken pipe" }
[INFO] [stderr] warning: cranelift-codegen@0.100.0: Failed to run `rustfmt` on ISLE-generated code: Os { code: 32, kind: BrokenPipe, message: "Broken pipe" }
[INFO] [stderr] 
[INFO] [stderr] error: could not compile `cranelift-codegen` (lib)
[INFO] [stderr] 
[INFO] [stderr] Caused by:
[INFO] [stderr]   process didn't exit successfully: `/opt/rustwide/rustup-home/toolchains/beta-2023-12-22-x86_64-unknown-linux-gnu/bin/rustc --crate-name cranelift_codegen --edition=2021 /opt/rustwide/cargo-home/git/checkouts/wasmtime-41807828cb3a7a7e/f10d665/cranelift/codegen/src/lib.rs --error-format=json --json=diagnostic-rendered-ansi,artifacts,future-incompat --crate-type lib --emit=dep-info,metadata,link -C embed-bitcode=no -C debuginfo=2 --cfg 'feature="default"' --cfg 'feature="gimli"' --cfg 'feature="host-arch"' --cfg 'feature="std"' --cfg 'feature="unwind"' -C metadata=b657c157b5368a66 -C extra-filename=-b657c157b5368a66 --out-dir /opt/rustwide/target/debug/deps -L dependency=/opt/rustwide/target/debug/deps --extern bumpalo=/opt/rustwide/target/debug/deps/libbumpalo-851dfe64095ed811.rmeta --extern cranelift_bforest=/opt/rustwide/target/debug/deps/libcranelift_bforest-acd5ca66aff1eeb9.rmeta --extern cranelift_codegen_shared=/opt/rustwide/target/debug/deps/libcranelift_codegen_shared-0e381bdede598a30.rmeta --extern cranelift_control=/opt/rustwide/target/debug/deps/libcranelift_control-6660dc4ce59273d1.rmeta --extern cranelift_entity=/opt/rustwide/target/debug/deps/libcranelift_entity-f6384d2609327c69.rmeta --extern gimli=/opt/rustwide/target/debug/deps/libgimli-342b0f06cd804a31.rmeta --extern hashbrown=/opt/rustwide/target/debug/deps/libhashbrown-69df8df137839c82.rmeta --extern log=/opt/rustwide/target/debug/deps/liblog-2cf4a51dfa4e790a.rmeta --extern regalloc2=/opt/rustwide/target/debug/deps/libregalloc2-8141cc6c5bd1763c.rmeta --extern smallvec=/opt/rustwide/target/debug/deps/libsmallvec-191a80cefff0e09f.rmeta --extern target_lexicon=/opt/rustwide/target/debug/deps/libtarget_lexicon-8e59ee34629cd947.rmeta --cap-lints allow --cap-lints=warn --cfg 'feature="x86"'` (signal: 9, SIGKILL: kill)
[INFO] running `Command { std: "docker" "inspect" "143e51e9f7466243b791fc67db61606665c1c8bae2fc53f9b7495477fcbe839a", kill_on_drop: false }`
[INFO] running `Command { std: "docker" "rm" "-f" "143e51e9f7466243b791fc67db61606665c1c8bae2fc53f9b7495477fcbe839a", kill_on_drop: false }`
[INFO] [stdout] 143e51e9f7466243b791fc67db61606665c1c8bae2fc53f9b7495477fcbe839a
