[INFO] cloning repository https://github.com/cambiata-team/buri
[INFO] running `Command { std: "git" "-c" "credential.helper=" "-c" "credential.helper=/workspace/cargo-home/bin/git-credential-null" "clone" "--bare" "https://github.com/cambiata-team/buri" "/workspace/cache/git-repos/https%3A%2F%2Fgithub.com%2Fcambiata-team%2Fburi", kill_on_drop: false }`
[INFO] [stderr] Cloning into bare repository '/workspace/cache/git-repos/https%3A%2F%2Fgithub.com%2Fcambiata-team%2Fburi'...
[INFO] running `Command { std: "git" "rev-parse" "HEAD", kill_on_drop: false }`
[INFO] [stdout] 088cc12595305aeb2f67d4115dbc62020c77f703
[INFO] testing cambiata-team/buri against 1.75.0 for beta-1.76-1
[INFO] running `Command { std: "git" "clone" "/workspace/cache/git-repos/https%3A%2F%2Fgithub.com%2Fcambiata-team%2Fburi" "/workspace/builds/worker-3-tc1/source", kill_on_drop: false }`
[INFO] [stderr] Cloning into '/workspace/builds/worker-3-tc1/source'...
[INFO] [stderr] done.
[INFO] validating manifest of git repo https://github.com/cambiata-team/buri on toolchain 1.75.0
[INFO] running `Command { std: CARGO_HOME="/workspace/cargo-home" RUSTUP_HOME="/workspace/rustup-home" "/workspace/cargo-home/bin/cargo" "+1.75.0" "metadata" "--manifest-path" "Cargo.toml" "--no-deps", kill_on_drop: false }`
[INFO] started tweaking git repo https://github.com/cambiata-team/buri
[INFO] finished tweaking git repo https://github.com/cambiata-team/buri
[INFO] tweaked toml for git repo https://github.com/cambiata-team/buri written to /workspace/builds/worker-3-tc1/source/Cargo.toml
[INFO] crate git repo https://github.com/cambiata-team/buri already has a lockfile, it will not be regenerated
[INFO] running `Command { std: CARGO_HOME="/workspace/cargo-home" RUSTUP_HOME="/workspace/rustup-home" "/workspace/cargo-home/bin/cargo" "+1.75.0" "fetch" "--manifest-path" "Cargo.toml", kill_on_drop: false }`
[INFO] [stderr] warning: virtual workspace defaulting to `resolver = "1"` despite one or more workspace members being on edition 2021 which implies `resolver = "2"`
[INFO] [stderr] note: to keep the current resolver, specify `workspace.resolver = "1"` in the workspace root's manifest
[INFO] [stderr] note: to use the edition 2021 resolver, specify `workspace.resolver = "2"` in the workspace root's manifest
[INFO] [stderr] note: for more details see https://doc.rust-lang.org/cargo/reference/resolver.html#resolver-versions
[INFO] [stderr]     Updating crates.io index
[INFO] [stderr]  Downloading crates ...
[INFO] [stderr]   Downloaded worker-sys v0.0.9
[INFO] [stderr]   Downloaded worker-kv v0.6.0
[INFO] [stderr]   Downloaded worker-macros v0.0.9
[INFO] [stderr]   Downloaded virtual-io v0.1.0
[INFO] [stderr]   Downloaded worker v0.0.17
[INFO] running `Command { std: "docker" "create" "-v" "/var/lib/crater-agent-workspace/builds/worker-3-tc1/target:/opt/rustwide/target:rw,Z" "-v" "/var/lib/crater-agent-workspace/builds/worker-3-tc1/source:/opt/rustwide/workdir:ro,Z" "-v" "/var/lib/crater-agent-workspace/cargo-home:/opt/rustwide/cargo-home:ro,Z" "-v" "/var/lib/crater-agent-workspace/rustup-home:/opt/rustwide/rustup-home:ro,Z" "-e" "SOURCE_DIR=/opt/rustwide/workdir" "-e" "CARGO_TARGET_DIR=/opt/rustwide/target" "-e" "CARGO_HOME=/opt/rustwide/cargo-home" "-e" "RUSTUP_HOME=/opt/rustwide/rustup-home" "-w" "/opt/rustwide/workdir" "-m" "1610612736" "--user" "0:0" "--network" "none" "ghcr.io/rust-lang/crates-build-env/linux@sha256:2788e3201cd34a07e3172128adcd8b3090168a8e3bcc40d7c032b9dda1df7d1c" "/opt/rustwide/cargo-home/bin/cargo" "+1.75.0" "metadata" "--no-deps" "--format-version=1", kill_on_drop: false }`
[INFO] [stdout] 834ca85e78892f1746496a52cb00b7f0856c37eba8d165505b3a61df9b89b56b
[INFO] running `Command { std: "docker" "start" "-a" "834ca85e78892f1746496a52cb00b7f0856c37eba8d165505b3a61df9b89b56b", kill_on_drop: false }`
[INFO] running `Command { std: "docker" "inspect" "834ca85e78892f1746496a52cb00b7f0856c37eba8d165505b3a61df9b89b56b", kill_on_drop: false }`
[INFO] running `Command { std: "docker" "rm" "-f" "834ca85e78892f1746496a52cb00b7f0856c37eba8d165505b3a61df9b89b56b", kill_on_drop: false }`
[INFO] [stdout] 834ca85e78892f1746496a52cb00b7f0856c37eba8d165505b3a61df9b89b56b
[INFO] running `Command { std: "docker" "create" "-v" "/var/lib/crater-agent-workspace/builds/worker-3-tc1/target:/opt/rustwide/target:rw,Z" "-v" "/var/lib/crater-agent-workspace/builds/worker-3-tc1/source:/opt/rustwide/workdir:ro,Z" "-v" "/var/lib/crater-agent-workspace/cargo-home:/opt/rustwide/cargo-home:ro,Z" "-v" "/var/lib/crater-agent-workspace/rustup-home:/opt/rustwide/rustup-home:ro,Z" "-e" "SOURCE_DIR=/opt/rustwide/workdir" "-e" "CARGO_TARGET_DIR=/opt/rustwide/target" "-e" "CARGO_INCREMENTAL=0" "-e" "RUST_BACKTRACE=full" "-e" "RUSTFLAGS=--cap-lints=warn" "-e" "RUSTDOCFLAGS=--cap-lints=warn" "-e" "CARGO_HOME=/opt/rustwide/cargo-home" "-e" "RUSTUP_HOME=/opt/rustwide/rustup-home" "-w" "/opt/rustwide/workdir" "-m" "1610612736" "--user" "0:0" "--network" "none" "ghcr.io/rust-lang/crates-build-env/linux@sha256:2788e3201cd34a07e3172128adcd8b3090168a8e3bcc40d7c032b9dda1df7d1c" "/opt/rustwide/cargo-home/bin/cargo" "+1.75.0" "build" "--frozen" "--message-format=json", kill_on_drop: false }`
[INFO] [stdout] 8791287d42f1684a20774427c4d66fd154c7804206ade00400b1f525a5417271
[INFO] running `Command { std: "docker" "start" "-a" "8791287d42f1684a20774427c4d66fd154c7804206ade00400b1f525a5417271", kill_on_drop: false }`
[INFO] [stderr] warning: virtual workspace defaulting to `resolver = "1"` despite one or more workspace members being on edition 2021 which implies `resolver = "2"`
[INFO] [stderr] note: to keep the current resolver, specify `workspace.resolver = "1"` in the workspace root's manifest
[INFO] [stderr] note: to use the edition 2021 resolver, specify `workspace.resolver = "2"` in the workspace root's manifest
[INFO] [stderr] note: for more details see https://doc.rust-lang.org/cargo/reference/resolver.html#resolver-versions
[INFO] [stderr]    Compiling proc-macro2 v1.0.63
[INFO] [stderr]    Compiling quote v1.0.29
[INFO] [stderr]    Compiling unicode-ident v1.0.9
[INFO] [stderr]    Compiling autocfg v1.1.0
[INFO] [stderr]    Compiling cfg-if v1.0.0
[INFO] [stderr]    Compiling libc v0.2.147
[INFO] [stderr]    Compiling once_cell v1.18.0
[INFO] [stderr]    Compiling syn v1.0.109
[INFO] [stderr]    Compiling log v0.4.19
[INFO] [stderr]    Compiling version_check v0.9.4
[INFO] [stderr]    Compiling cc v1.0.79
[INFO] [stderr]    Compiling serde v1.0.171
[INFO] [stderr]    Compiling bytes v1.4.0
[INFO] [stderr]    Compiling wasm-bindgen-shared v0.2.84
[INFO] [stderr]    Compiling bumpalo v3.13.0
[INFO] [stderr]    Compiling pin-project-lite v0.2.9
[INFO] [stderr]    Compiling indexmap v1.9.3
[INFO] [stderr]    Compiling futures-core v0.3.28
[INFO] [stderr]    Compiling bitflags v1.3.2
[INFO] [stderr]    Compiling regex-syntax v0.7.2
[INFO] [stderr]    Compiling uncased v0.9.9
[INFO] [stderr]    Compiling itoa v1.0.6
[INFO] [stderr]    Compiling syn v2.0.25
[INFO] [stderr]    Compiling wasm-bindgen v0.2.84
[INFO] [stderr]    Compiling hashbrown v0.12.3
[INFO] [stderr]    Compiling openssl-src v111.26.0+1.1.1u
[INFO] [stderr]    Compiling slab v0.4.8
[INFO] [stderr]    Compiling lock_api v0.4.10
[INFO] [stderr]    Compiling pkg-config v0.3.27
[INFO] [stderr]    Compiling either v1.8.1
[INFO] [stderr]    Compiling parking_lot_core v0.9.8
[INFO] [stderr]    Compiling futures-task v0.3.28
[INFO] [stderr]    Compiling anyhow v1.0.71
[INFO] [stderr]    Compiling regex v1.8.4
[INFO] [stderr]    Compiling memchr v2.5.0
[INFO] [stderr]    Compiling openssl-sys v0.9.90
[INFO] [stderr]    Compiling scopeguard v1.1.0
[INFO] [stderr]    Compiling futures-sink v0.3.28
[INFO] [stderr]    Compiling futures-util v0.3.28
[INFO] [stderr]    Compiling io-lifetimes v1.0.11
[INFO] [stderr]    Compiling smallvec v1.11.0
[INFO] [stderr]    Compiling siphasher v0.3.10
[INFO] [stderr]    Compiling phf_shared v0.11.2
[INFO] [stderr]    Compiling itertools v0.10.5
[INFO] [stderr]    Compiling tokio v1.29.1
[INFO] [stderr]    Compiling rand_core v0.6.4
[INFO] [stderr]    Compiling pin-utils v0.1.0
[INFO] [stderr]    Compiling fnv v1.0.7
[INFO] [stderr]    Compiling rustix v0.37.21
[INFO] [stderr]    Compiling futures-io v0.3.28
[INFO] [stderr]    Compiling heck v0.4.1
[INFO] [stderr]    Compiling tinyvec_macros v0.1.1
[INFO] [stderr]    Compiling tinyvec v1.6.0
[INFO] [stderr]    Compiling http v0.2.9
[INFO] [stderr]    Compiling rand v0.8.5
[INFO] [stderr]    Compiling parking_lot v0.12.1
[INFO] [stderr]    Compiling wasm-bindgen-backend v0.2.84
[INFO] [stderr]    Compiling num_cpus v1.16.0
[INFO] [stderr]    Compiling socket2 v0.4.9
[INFO] [stderr]    Compiling signal-hook-registry v1.4.1
[INFO] [stderr]    Compiling mio v0.8.8
[INFO] [stderr]    Compiling autotools v0.2.6
[INFO] [stderr]    Compiling wasm-bindgen-macro-support v0.2.84
[INFO] [stderr]    Compiling tempfile v3.6.0
[INFO] [stderr]    Compiling typenum v1.16.0
[INFO] [stderr]    Compiling linux-raw-sys v0.3.8
[INFO] [stderr]    Compiling percent-encoding v2.3.0
[INFO] [stderr]    Compiling equivalent v1.0.0
[INFO] [stderr]    Compiling serde_derive v1.0.171
[INFO] [stderr]    Compiling futures-macro v0.3.28
[INFO] [stderr]    Compiling tokio-macros v2.1.0
[INFO] [stderr]    Compiling prettyplease v0.1.25
[INFO] [stderr]    Compiling futures-channel v0.3.28
[INFO] [stderr]    Compiling hashbrown v0.14.0
[INFO] [stderr]    Compiling form_urlencoded v1.2.0
[INFO] [stderr]    Compiling indexmap v2.0.0
[INFO] [stderr]    Compiling protobuf-src v1.1.0+21.5
[INFO] [stderr]    Compiling wasm-bindgen-macro v0.2.84
[INFO] [stderr]    Compiling prost-derive v0.11.9
[INFO] [stderr]    Compiling unicode-normalization v0.1.22
[INFO] [stderr]    Compiling phf_generator v0.11.2
[INFO] [stderr]    Compiling generic-array v0.14.7
[INFO] [stderr]    Compiling tracing-core v0.1.31
[INFO] [stderr]    Compiling js-sys v0.3.61
[INFO] [stderr]    Compiling rustix v0.38.1
[INFO] [stderr]    Compiling foreign-types-shared v0.1.1
[INFO] [stderr]    Compiling openssl v0.10.55
[INFO] [stderr]    Compiling version v0.1.0 (/opt/rustwide/workdir/libs/version)
[INFO] [stderr]    Compiling winnow v0.4.7
[INFO] [stderr]    Compiling unicode-bidi v0.3.13
[INFO] [stderr]    Compiling prost v0.11.9
[INFO] [stderr]    Compiling ryu v1.0.13
[INFO] [stderr]    Compiling fixedbitset v0.4.2
[INFO] [stderr]    Compiling fastrand v1.9.0
[INFO] [stderr]    Compiling petgraph v0.6.3
[INFO] [stderr]    Compiling prost-types v0.11.9
[INFO] [stderr]    Compiling idna v0.4.0
[INFO] [stderr]    Compiling foreign-types v0.3.2
[INFO] [stderr]    Compiling tracing v0.1.37
[INFO] [stderr]    Compiling phf_codegen v0.11.2
[INFO] [stderr]    Compiling openssl-macros v0.1.1
[INFO] [stderr]    Compiling phf v0.11.2
[INFO] [stderr]    Compiling parse-zoneinfo v0.3.0
[INFO] [stderr]    Compiling which v4.4.0
[INFO] [stderr]    Compiling num-traits v0.2.15
[INFO] [stderr]    Compiling multimap v0.8.3
[INFO] [stderr]    Compiling lazy_static v1.4.0
[INFO] [stderr]    Compiling linux-raw-sys v0.4.3
[INFO] [stderr]    Compiling bitflags v2.3.3
[INFO] [stderr]    Compiling httparse v1.8.0
[INFO] [stderr]    Compiling native-tls v0.2.11
[INFO] [stderr]    Compiling prost-build v0.11.9
[INFO] [stderr]    Compiling chrono-tz-build v0.0.3
[INFO] [stderr]    Compiling tokio-util v0.7.8
[INFO] [stderr]    Compiling serde_spanned v0.6.3
[INFO] [stderr]    Compiling toml_datetime v0.6.3
[INFO] [stderr]    Compiling url v2.4.0
[INFO] [stderr]    Compiling wasm-bindgen-futures v0.4.34
[INFO] [stderr]    Compiling toml_edit v0.19.12
[INFO] [stderr]    Compiling web-sys v0.3.61
[INFO] [stderr]    Compiling try-lock v0.2.4
[INFO] [stderr]    Compiling serde_json v1.0.102
[INFO] [stderr]    Compiling async-trait v0.1.68
[INFO] [stderr]    Compiling utf8parse v0.2.1
[INFO] [stderr]    Compiling openssl-probe v0.1.5
[INFO] [stderr]    Compiling thiserror v1.0.40
[INFO] [stderr]    Compiling anstyle-parse v0.2.1
[INFO] [stderr]    Compiling want v0.3.1
[INFO] [stderr]    Compiling h2 v0.3.20
[INFO] [stderr]    Compiling is-terminal v0.4.8
[INFO] [stderr]    Compiling chrono-tz v0.6.3
[INFO] [stderr]    Compiling thiserror-impl v1.0.40
[INFO] [stderr]    Compiling toml v0.7.6
[INFO] [stderr]    Compiling http-body v0.4.5
[INFO] [stderr]    Compiling tower-service v0.3.2
[INFO] [stderr]    Compiling anstyle v1.0.1
[INFO] [stderr]    Compiling files v0.1.0 (/opt/rustwide/workdir/libs/files)
[INFO] [stderr]    Compiling anstyle-query v1.0.0
[INFO] [stderr]    Compiling httpdate v1.0.2
[INFO] [stderr]    Compiling crc32fast v1.3.2
[INFO] [stderr]    Compiling vfs v0.9.0
[INFO] [stderr]    Compiling colorchoice v1.0.0
[INFO] [stderr]    Compiling base64 v0.21.2
[INFO] [stderr]    Compiling hyper v0.14.27
[INFO] [stderr]    Compiling anstream v0.3.2
[INFO] [stderr]    Compiling chrono v0.4.26
[INFO] [stderr]    Compiling worker-sys v0.0.9
[INFO] [stderr]    Compiling crypto-common v0.1.6
[INFO] [stderr]    Compiling block-buffer v0.10.4
[INFO] [stderr]    Compiling serde-wasm-bindgen v0.5.0
[INFO] [stderr]    Compiling pin-project-internal v1.1.1
[INFO] [stderr]    Compiling clap_lex v0.5.0
[INFO] [stderr]    Compiling option-ext v0.2.0
[INFO] [stderr]    Compiling strsim v0.10.0
[INFO] [stderr]    Compiling virtual-io v0.1.0
[INFO] [stderr]    Compiling adler v1.0.2
[INFO] [stderr]    Compiling miniz_oxide v0.7.1
[INFO] [stderr]    Compiling clap_builder v4.3.11
[INFO] [stderr]    Compiling dirs-sys v0.4.1
[INFO] [stderr]    Compiling worker-macros v0.0.9
[INFO] [stderr]    Compiling worker-kv v0.6.0
[INFO] [stderr]    Compiling digest v0.10.7
[INFO] [stderr]    Compiling wasm-streams v0.2.3
[INFO] [stderr]    Compiling pin-project v1.1.1
[INFO] [stderr]    Compiling serde_urlencoded v0.7.1
[INFO] [stderr]    Compiling clap_derive v4.3.2
[INFO] [stderr]    Compiling filetime v0.2.21
[INFO] [stderr]    Compiling xattr v0.2.3
[INFO] [stderr]    Compiling encoding_rs v0.8.32
[INFO] [stderr]    Compiling matchit v0.4.6
[INFO] [stderr]    Compiling cpufeatures v0.2.8
[INFO] [stderr]    Compiling ipnet v2.8.0
[INFO] [stderr]    Compiling mime v0.3.17
[INFO] [stderr]    Compiling macros v0.1.0 (/opt/rustwide/workdir/libs/macros)
[INFO] [stderr]    Compiling sha2 v0.10.7
[INFO] [stderr]    Compiling tar v0.4.38
[INFO] [stderr]    Compiling flate2 v1.0.26
[INFO] [stderr]    Compiling dirs v5.0.1
[INFO] [stderr]    Compiling target v0.1.0 (/opt/rustwide/workdir/libs/target)
[INFO] [stderr]    Compiling hex v0.4.3
[INFO] [stderr]    Compiling build-graph v0.1.0 (/opt/rustwide/workdir/libs/build-graph)
[INFO] [stderr]    Compiling test-utils v0.1.0 (/opt/rustwide/workdir/libs/test)
[INFO] [stderr]    Compiling clap v4.3.11
[INFO] [stderr]    Compiling worker v0.0.17
[INFO] [stderr]    Compiling thor v0.1.0 (/opt/rustwide/workdir/apps/thor)
[INFO] [stderr]    Compiling tokio-native-tls v0.3.1
[INFO] [stderr]    Compiling hyper-tls v0.5.0
[INFO] [stderr]    Compiling reqwest v0.11.18
[INFO] [stderr]    Compiling protos v0.1.0 (/opt/rustwide/workdir/libs/protos)
[INFO] [stderr]    Compiling version-api v0.1.0 (/opt/rustwide/workdir/apps/version-api)
[INFO] [stderr]    Compiling cli v0.1.0 (/opt/rustwide/workdir/apps/cli)
[INFO] [stderr]     Finished dev [unoptimized + debuginfo] target(s) in 1m 23s
[INFO] running `Command { std: "docker" "inspect" "8791287d42f1684a20774427c4d66fd154c7804206ade00400b1f525a5417271", kill_on_drop: false }`
[INFO] running `Command { std: "docker" "rm" "-f" "8791287d42f1684a20774427c4d66fd154c7804206ade00400b1f525a5417271", kill_on_drop: false }`
[INFO] [stdout] 8791287d42f1684a20774427c4d66fd154c7804206ade00400b1f525a5417271
[INFO] running `Command { std: "docker" "create" "-v" "/var/lib/crater-agent-workspace/builds/worker-3-tc1/target:/opt/rustwide/target:rw,Z" "-v" "/var/lib/crater-agent-workspace/builds/worker-3-tc1/source:/opt/rustwide/workdir:ro,Z" "-v" "/var/lib/crater-agent-workspace/cargo-home:/opt/rustwide/cargo-home:ro,Z" "-v" "/var/lib/crater-agent-workspace/rustup-home:/opt/rustwide/rustup-home:ro,Z" "-e" "SOURCE_DIR=/opt/rustwide/workdir" "-e" "CARGO_TARGET_DIR=/opt/rustwide/target" "-e" "CARGO_INCREMENTAL=0" "-e" "RUST_BACKTRACE=full" "-e" "RUSTFLAGS=--cap-lints=warn" "-e" "RUSTDOCFLAGS=--cap-lints=warn" "-e" "CARGO_HOME=/opt/rustwide/cargo-home" "-e" "RUSTUP_HOME=/opt/rustwide/rustup-home" "-w" "/opt/rustwide/workdir" "-m" "1610612736" "--user" "0:0" "--network" "none" "ghcr.io/rust-lang/crates-build-env/linux@sha256:2788e3201cd34a07e3172128adcd8b3090168a8e3bcc40d7c032b9dda1df7d1c" "/opt/rustwide/cargo-home/bin/cargo" "+1.75.0" "test" "--frozen" "--no-run" "--message-format=json", kill_on_drop: false }`
[INFO] [stdout] e74f988f3c875b3436f57b10b617dfbca8aa2c2bb301536f2d24d54c7829f1a5
[INFO] running `Command { std: "docker" "start" "-a" "e74f988f3c875b3436f57b10b617dfbca8aa2c2bb301536f2d24d54c7829f1a5", kill_on_drop: false }`
[INFO] [stderr] warning: virtual workspace defaulting to `resolver = "1"` despite one or more workspace members being on edition 2021 which implies `resolver = "2"`
[INFO] [stderr] note: to keep the current resolver, specify `workspace.resolver = "1"` in the workspace root's manifest
[INFO] [stderr] note: to use the edition 2021 resolver, specify `workspace.resolver = "2"` in the workspace root's manifest
[INFO] [stderr] note: for more details see https://doc.rust-lang.org/cargo/reference/resolver.html#resolver-versions
[INFO] [stderr]    Compiling regex-syntax v0.7.2
[INFO] [stderr]    Compiling either v1.8.1
[INFO] [stderr]    Compiling crossbeam-utils v0.8.16
[INFO] [stderr]    Compiling memoffset v0.9.0
[INFO] [stderr]    Compiling crossbeam-epoch v0.9.15
[INFO] [stderr]    Compiling rayon-core v1.11.0
[INFO] [stderr]    Compiling ciborium-io v0.2.1
[INFO] [stderr]    Compiling plotters-backend v0.3.5
[INFO] [stderr]    Compiling half v1.8.2
[INFO] [stderr]    Compiling itertools v0.10.5
[INFO] [stderr]    Compiling which v4.4.0
[INFO] [stderr]    Compiling ciborium-ll v0.2.1
[INFO] [stderr]    Compiling plotters-svg v0.3.5
[INFO] [stderr]    Compiling cast v0.3.0
[INFO] [stderr]    Compiling same-file v1.0.6
[INFO] [stderr]    Compiling ciborium v0.2.1
[INFO] [stderr]    Compiling plotters v0.3.5
[INFO] [stderr]    Compiling walkdir v2.3.3
[INFO] [stderr]    Compiling tinytemplate v1.2.1
[INFO] [stderr]    Compiling anes v0.1.6
[INFO] [stderr]    Compiling crossbeam-channel v0.5.8
[INFO] [stderr]    Compiling oorandom v11.1.3
[INFO] [stderr]    Compiling crossbeam-deque v0.8.3
[INFO] [stderr]    Compiling build-graph v0.1.0 (/opt/rustwide/workdir/libs/build-graph)
[INFO] [stderr]    Compiling thor v0.1.0 (/opt/rustwide/workdir/apps/thor)
[INFO] [stderr]    Compiling test-utils v0.1.0 (/opt/rustwide/workdir/libs/test)
[INFO] [stderr]    Compiling files v0.1.0 (/opt/rustwide/workdir/libs/files)
[INFO] [stderr]    Compiling regex v1.8.4
[INFO] [stderr]    Compiling prost-derive v0.11.9
[INFO] [stderr]    Compiling criterion-plot v0.5.0
[INFO] [stderr]    Compiling parse-zoneinfo v0.3.0
[INFO] [stderr]    Compiling rayon v1.7.0
[INFO] [stderr]    Compiling version v0.1.0 (/opt/rustwide/workdir/libs/version)
[INFO] [stderr]    Compiling chrono-tz-build v0.0.3
[INFO] [stderr]    Compiling macros v0.1.0 (/opt/rustwide/workdir/libs/macros)
[INFO] [stderr]    Compiling chrono-tz v0.6.3
[INFO] [stderr]    Compiling prost v0.11.9
[INFO] [stderr]    Compiling prost-types v0.11.9
[INFO] [stderr]    Compiling criterion v0.5.1
[INFO] [stderr]    Compiling prost-build v0.11.9
[INFO] [stderr]    Compiling protos v0.1.0 (/opt/rustwide/workdir/libs/protos)
[INFO] [stderr]    Compiling cli v0.1.0 (/opt/rustwide/workdir/apps/cli)
[INFO] [stderr]    Compiling worker v0.0.17
[INFO] [stderr]    Compiling target v0.1.0 (/opt/rustwide/workdir/libs/target)
[INFO] [stderr]    Compiling version-api v0.1.0 (/opt/rustwide/workdir/apps/version-api)
[INFO] [stderr]     Finished test [unoptimized + debuginfo] target(s) in 7.97s
[INFO] running `Command { std: "docker" "inspect" "e74f988f3c875b3436f57b10b617dfbca8aa2c2bb301536f2d24d54c7829f1a5", kill_on_drop: false }`
[INFO] running `Command { std: "docker" "rm" "-f" "e74f988f3c875b3436f57b10b617dfbca8aa2c2bb301536f2d24d54c7829f1a5", kill_on_drop: false }`
[INFO] [stdout] e74f988f3c875b3436f57b10b617dfbca8aa2c2bb301536f2d24d54c7829f1a5
[INFO] running `Command { std: "docker" "create" "-v" "/var/lib/crater-agent-workspace/builds/worker-3-tc1/target:/opt/rustwide/target:rw,Z" "-v" "/var/lib/crater-agent-workspace/builds/worker-3-tc1/source:/opt/rustwide/workdir:ro,Z" "-v" "/var/lib/crater-agent-workspace/cargo-home:/opt/rustwide/cargo-home:ro,Z" "-v" "/var/lib/crater-agent-workspace/rustup-home:/opt/rustwide/rustup-home:ro,Z" "-e" "SOURCE_DIR=/opt/rustwide/workdir" "-e" "CARGO_TARGET_DIR=/opt/rustwide/target" "-e" "CARGO_INCREMENTAL=0" "-e" "RUST_BACKTRACE=full" "-e" "RUSTFLAGS=--cap-lints=warn" "-e" "RUSTDOCFLAGS=--cap-lints=warn" "-e" "CARGO_HOME=/opt/rustwide/cargo-home" "-e" "RUSTUP_HOME=/opt/rustwide/rustup-home" "-w" "/opt/rustwide/workdir" "-m" "1610612736" "--user" "0:0" "--network" "none" "ghcr.io/rust-lang/crates-build-env/linux@sha256:2788e3201cd34a07e3172128adcd8b3090168a8e3bcc40d7c032b9dda1df7d1c" "/opt/rustwide/cargo-home/bin/cargo" "+1.75.0" "test" "--frozen", kill_on_drop: false }`
[INFO] [stdout] 0a83dd48482abb6c3add0d54ac82177e6a97984627151793d281f6bf148239dc
[INFO] running `Command { std: "docker" "start" "-a" "0a83dd48482abb6c3add0d54ac82177e6a97984627151793d281f6bf148239dc", kill_on_drop: false }`
[INFO] [stderr] warning: virtual workspace defaulting to `resolver = "1"` despite one or more workspace members being on edition 2021 which implies `resolver = "2"`
[INFO] [stderr] note: to keep the current resolver, specify `workspace.resolver = "1"` in the workspace root's manifest
[INFO] [stderr] note: to use the edition 2021 resolver, specify `workspace.resolver = "2"` in the workspace root's manifest
[INFO] [stderr] note: for more details see https://doc.rust-lang.org/cargo/reference/resolver.html#resolver-versions
[INFO] [stderr]     Finished test [unoptimized + debuginfo] target(s) in 0.25s
[INFO] [stderr]      Running unittests src/lib.rs (/opt/rustwide/target/debug/deps/build_graph-0db022edd620a703)
[INFO] [stdout] 
[INFO] [stdout] running 12 tests
[INFO] [stdout] test topological_sort::test::errors_if_build_file_does_not_exist ... ok
[INFO] [stdout] test topological_sort::test::errors_if_build_file_does_not_contain_target ... ok
[INFO] [stdout] test topological_sort::test::adds_dependency_to_build_graph ... ok
[INFO] [stdout] test topological_sort::test::errors_if_dependency_build_file_does_not_exist ... ok
[INFO] [stdout] test topological_sort::test::errors_if_dependency_build_file_does_not_include_target ... ok
[INFO] [stdout] test topological_sort::test::errors_with_dependency_cycle ... ok
[INFO] [stdout] test topological_sort::test::only_sorted_one_target_if_target_has_no_dependencies ... ok
[INFO] [stdout] test topological_sort::test::traverses_multiple_build_files ... ok
[INFO] [stdout] test topological_sort::test::output_tracks_files ... ok
[INFO] [stdout] test topological_sort::test::diamond_dependency_produces_one_node ... ok
[INFO] [stdout] test topological_sort::test::traverses_multiple_targets_in_same_build_file ... ok
[INFO] [stdout] test topological_sort::test::topologically_sorts_dependencies ... ok
[INFO] [stdout] 
[INFO] [stdout] test result: ok. 12 passed; 0 failed; 0 ignored; 0 measured; 0 filtered out; finished in 0.00s
[INFO] [stdout] 
[INFO] [stderr]      Running unittests src/main.rs (/opt/rustwide/target/debug/deps/cli-1428c7e9ca2f65e4)
[INFO] [stdout] 
[INFO] [stdout] running 27 tests
[INFO] [stdout] test security::test::checksum_with_invalid_characters_errors ... ok
[INFO] [stdout] test config::test::creates_config_file_if_it_does_not_exist ... ok
[INFO] [stdout] test security::test::errors_if_not_checksum_found ... ok
[INFO] [stdout] test security::test::validates_checksum ... ok
[INFO] [stdout] test security::test::selects_sha256_checksum ... ok
[INFO] [stdout] test config::test::edits_config_file ... ok
[INFO] [stdout] test config::test::overwrites_version_in_file_if_exists ... ok
[INFO] [stdout] test security::test::invalid_checksum_errors ... ok
[INFO] [stdout] test config::test::writes_version_to_file_if_not_exists ... ok
[INFO] [stdout] test thor::test::appends_version_number_to_thor_binary_path ... ok
[INFO] [stdout] test thor::test::return_version_if_config_file_has_version ... ok
[INFO] [stdout] test test::command_that_is_not_init_outside_workspace_errors ... ok
[INFO] [stdout] test thor::test::returns_false_if_thor_binary_does_not_exist ... ok
[INFO] [stdout] test thor::test::returns_none_if_config_file_does_not_exist ... ok
[INFO] [stdout] test test::downloads_latest_thor_version_if_not_configured ... ok
[INFO] [stdout] test thor::test::returns_none_if_config_file_is_empty ... ok
[INFO] [stdout] test thor::test::returns_none_if_config_file_is_directory ... ok
[INFO] [stdout] test test::init_command_downloads_and_runs_thor_even_outside_a_workspace ... ok
[INFO] [stdout] test test::downloads_version_if_configured_but_is_not_downloaded ... ok
[INFO] [stdout] test version_api::tests::build_version_api_request_url_for_version_reaches_correct_endpoint ... ok
[INFO] [stdout] test thor::test::returns_true_if_thor_binary_exists ... ok
[INFO] [stdout] test version_api::tests::different_architectures_give_different_urls ... ok
[INFO] [stdout] test version_api::tests::different_operating_systems_give_different_urls ... ok
[INFO] [stdout] test version_api::tests::build_version_api_request_url_for_latest_reaches_correct_endpoint ... ok
[INFO] [stdout] test version_api::tests::different_versions_give_different_urls ... ok
[INFO] [stdout] test version_api::tests::latest_channel_and_specific_versions_have_different_urls ... ok
[INFO] [stdout] test version_api::tests::the_params_are_base64_encoded ... ok
[INFO] [stdout] 
[INFO] [stdout] test result: ok. 27 passed; 0 failed; 0 ignored; 0 measured; 0 filtered out; finished in 0.00s
[INFO] [stdout] 
[INFO] [stderr]      Running unittests src/lib.rs (/opt/rustwide/target/debug/deps/files-ef9ac05e4fbf0a17)
[INFO] [stdout] 
[INFO] [stdout] running 7 tests
[INFO] [stdout] test cli_config::test::parse_error_on_illegal_version_characters ... ok
[INFO] [stdout] test cli_config::test::normalizes_version ... ok
[INFO] [stdout] test cli_config::test::parses_date_version ... ok
[INFO] [stdout] test cli_config::test::parse_error_on_illegal_character ... ok
[INFO] [stdout] test cli_config::test::errors_with_whitespace_around_version ... ok
[INFO] [stdout] test cli_config::test::parses_file_with_semantic_version_4_5_2 ... ok
[INFO] [stdout] test cli_config::test::parses_semantic_version ... ok
[INFO] [stdout] 
[INFO] [stdout] test result: ok. 7 passed; 0 failed; 0 ignored; 0 measured; 0 filtered out; finished in 0.00s
[INFO] [stdout] 
[INFO] [stderr]      Running unittests src/lib.rs (/opt/rustwide/target/debug/deps/macros-d0a27d88ab3b3c46)
[INFO] [stdout] 
[INFO] [stdout] running 0 tests
[INFO] [stdout] 
[INFO] [stdout] test result: ok. 0 passed; 0 failed; 0 ignored; 0 measured; 0 filtered out; finished in 0.00s
[INFO] [stdout] 
[INFO] [stderr]      Running unittests src/lib.rs (/opt/rustwide/target/debug/deps/protos-faff51ce8bd689f1)
[INFO] [stdout] 
[INFO] [stdout] running 32 tests
[INFO] [stdout] test test::encoding_and_decoding_from_bytes_gets_same_message ... ok
[INFO] [stdout] test test::encoding_and_decoding_from_base_64_gets_same_message ... ok
[INFO] [stdout] test version::test::download_url_cannot_have_password ... ok
[INFO] [stdout] test version::test::download_url_cannot_have_port ... ok
[INFO] [stdout] test version::test::download_url_cannot_have_username ... ok
[INFO] [stdout] test version::test::download_url_must_be_from_a_known_host ... ok
[INFO] [stdout] test version::test::download_url_must_be_valid ... ok
[INFO] [stdout] test version::test::get_version_download_info_request_must_include_architecture ... ok
[INFO] [stdout] test version::test::download_url_must_be_https ... ok
[INFO] [stdout] test version::test::get_version_download_info_request_must_include_program ... ok
[INFO] [stdout] test version::test::get_version_download_info_request_must_include_supported_hash_function ... ok
[INFO] [stdout] test version::test::get_version_download_info_request_must_include_operating_system_family ... ok
[INFO] [stdout] test version::test::get_version_download_info_request_must_include_version ... ok
[INFO] [stdout] test version::test::get_version_download_info_request_must_include_supported_hash_functions ... ok
[INFO] [stdout] test version::test::get_version_download_info_response_must_include_checksum ... ok
[INFO] [stdout] test version::test::get_version_download_info_response_must_include_download_urls ... ok
[INFO] [stdout] test version::test::get_version_download_info_response_must_include_valid_urls ... ok
[INFO] [stdout] test version::test::get_version_download_info_response_must_include_version_number ... ok
[INFO] [stdout] test version::test::github_download_url_is_valid ... ok
[INFO] [stdout] test version::test::github_is_a_known_host ... ok
[INFO] [stdout] test version::test::valid_get_version_download_info_request_succeeds ... ok
[INFO] [stdout] test version::test::valid_get_version_download_info_response_succeeds ... ok
[INFO] [stdout] test version::test::version_info_download_url_must_be_valid ... ok
[INFO] [stdout] test version::test::version_info_must_include_checksum_hash ... ok
[INFO] [stdout] test version::test::valid_version_info_returns_ok ... ok
[INFO] [stdout] test version::test::version_info_must_include_architecture ... ok
[INFO] [stdout] test version::test::version_info_must_include_checksums ... ok
[INFO] [stdout] test version::test::version_info_must_include_checksum_hash_function ... ok
[INFO] [stdout] test version::test::version_info_must_include_program ... ok
[INFO] [stdout] test version::test::version_info_must_include_download_url ... ok
[INFO] [stdout] test version::test::version_info_must_include_operating_system_family ... ok
[INFO] [stdout] test version::test::version_info_must_not_be_empty ... ok
[INFO] [stdout] 
[INFO] [stdout] test result: ok. 32 passed; 0 failed; 0 ignored; 0 measured; 0 filtered out; finished in 0.00s
[INFO] [stdout] 
[INFO] [stderr]      Running unittests src/lib.rs (/opt/rustwide/target/debug/deps/target-3d20886948eb002c)
[INFO] [stdout] 
[INFO] [stdout] running 8 tests
[INFO] [stdout] test parse::test::errors_on_invalid_targets ... ok
[INFO] [stdout] test parse::test::test_recursive_target_directories ... ok
[INFO] [stdout] test parse::test::test_specific_target_directories ... ok
[INFO] [stdout] test parse::test::test_recursive_target_names ... ok
[INFO] [stdout] test parse::test::test_specific_target_names ... ok
[INFO] [stdout] test target_struct::tests::test_build_file_location ... ok
[INFO] [stdout] test target_struct::tests::test_no_directories ... ok
[INFO] [stdout] test target_struct::tests::test_target ... ok
[INFO] [stdout] 
[INFO] [stdout] test result: ok. 8 passed; 0 failed; 0 ignored; 0 measured; 0 filtered out; finished in 0.00s
[INFO] [stdout] 
[INFO] [stderr]      Running unittests src/lib.rs (/opt/rustwide/target/debug/deps/test_utils-28b61c513545c0aa)
[INFO] [stdout] 
[INFO] [stdout] running 0 tests
[INFO] [stdout] 
[INFO] [stdout] test result: ok. 0 passed; 0 failed; 0 ignored; 0 measured; 0 filtered out; finished in 0.00s
[INFO] [stdout] 
[INFO] [stderr]      Running unittests src/main.rs (/opt/rustwide/target/debug/deps/thor-398ff0b4ca9c0780)
[INFO] [stdout] 
[INFO] [stdout] running 6 tests
[INFO] [stdout] test init::test::does_not_overwrite_existing_workspace_file ... ok
[INFO] [stdout] test init::test::prints_that_workspace_file_was_created ... ok
[INFO] [stdout] test init::test::creates_workspace_file ... ok
[INFO] [stdout] test init::test::shows_error_if_workspace_file_exists ... ok
[INFO] [stdout] test verify_cli ... ok
[INFO] [stdout] test init::test::creates_workspace_file_with_name ... ok
[INFO] [stdout] 
[INFO] [stdout] test result: ok. 6 passed; 0 failed; 0 ignored; 0 measured; 0 filtered out; finished in 0.00s
[INFO] [stdout] 
[INFO] [stderr]      Running unittests src/lib.rs (/opt/rustwide/target/debug/deps/version-7bd5764c7ead1c93)
[INFO] [stdout] 
[INFO] [stdout] running 7 tests
[INFO] [stdout] test test::empty_versions_are_not_valid ... ok
[INFO] [stdout] test test::normalize_version_works_with_date_based_versions_with_v ... ok
[INFO] [stdout] test test::normalize_version_works_with_date_based_versions ... ok
[INFO] [stdout] test test::remove_the_v_from_semantic_versions ... ok
[INFO] [stdout] test test::semantic_versions_remain_unchanged ... ok
[INFO] [stdout] test test::version_cannot_contain_at_symbol ... ok
[INFO] [stdout] test test::versions_with_any_whitespace_are_not_valid ... ok
[INFO] [stdout] 
[INFO] [stdout] test result: ok. 7 passed; 0 failed; 0 ignored; 0 measured; 0 filtered out; finished in 0.00s
[INFO] [stdout] 
[INFO] [stderr]      Running unittests src/lib.rs (/opt/rustwide/target/debug/deps/version_api-6765fc6a2ca03e7a)
[INFO] [stdout] 
[INFO] [stdout] running 24 tests
[INFO] [stdout] test kv::test::different_architectures_produce_different_keys ... ok
[INFO] [stdout] test kv::test::different_operating_system_families_produce_different_keys ... ok
[INFO] [stdout] test kv::test::different_version_dates_produce_different_keys ... ok
[INFO] [stdout] test kv::test::different_programs_produce_different_keys ... ok
[INFO] [stdout] test kv::test::different_version_numbers_produce_different_keys ... ok
[INFO] [stdout] test kv::test::different_versions_produce_different_keys ... ok
[INFO] [stdout] test kv::test::test_create_version_info_key_from_request ... ok
[INFO] [stdout] test kv::test::test_get_keys_from_binary_info ... ok
[INFO] [stdout] test kv::test::test_create_version_info ... ok
[INFO] [stdout] test parse_release::test::can_get_hash_from_sha256_file ... ok
[INFO] [stdout] test parse_release::test::can_deserialize_release_data ... ok
[INFO] [stdout] test parse_release::test::parses_architecture ... ok
[INFO] [stdout] test parse_release::test::determines_hash_download_url_from_binary_download_url ... ok
[INFO] [stdout] test parse_release::test::parse_asset_to_binary_info_creates_hash_url ... ok
[INFO] [stdout] test parse_release::test::parse_asset_to_binary_info_preserves_download_url ... ok
[INFO] [stdout] test parse_release::test::can_deserialize_tag_name ... ok
[INFO] [stdout] test parse_release::test::parses_operating_system_family ... ok
[INFO] [stdout] test verifications::test::returns_false_if_architecture_does_not_match ... ok
[INFO] [stdout] test parse_release::test::parses_program ... ok
[INFO] [stdout] test verifications::test::returns_false_if_program_does_not_match ... ok
[INFO] [stdout] test verifications::test::returns_false_if_operating_system_family_does_not_match ... ok
[INFO] [stdout] test verifications::test::returns_false_if_version_number_does_not_match ... ok
[INFO] [stdout] test verifications::test::returns_true_if_request_asks_for_channel ... ok
[INFO] [stdout] test verifications::test::returns_true_if_version_info_matches_request ... ok
[INFO] [stdout] 
[INFO] [stdout] test result: ok. 24 passed; 0 failed; 0 ignored; 0 measured; 0 filtered out; finished in 0.00s
[INFO] [stdout] 
[INFO] [stderr]    Doc-tests build-graph
[INFO] [stdout] 
[INFO] [stdout] running 0 tests
[INFO] [stdout] 
[INFO] [stdout] test result: ok. 0 passed; 0 failed; 0 ignored; 0 measured; 0 filtered out; finished in 0.00s
[INFO] [stdout] 
[INFO] [stderr]    Doc-tests files
[INFO] [stdout] 
[INFO] [stdout] running 0 tests
[INFO] [stdout] 
[INFO] [stdout] test result: ok. 0 passed; 0 failed; 0 ignored; 0 measured; 0 filtered out; finished in 0.00s
[INFO] [stdout] 
[INFO] [stderr]    Doc-tests macros
[INFO] [stdout] 
[INFO] [stdout] running 0 tests
[INFO] [stdout] 
[INFO] [stdout] test result: ok. 0 passed; 0 failed; 0 ignored; 0 measured; 0 filtered out; finished in 0.00s
[INFO] [stdout] 
[INFO] [stderr]    Doc-tests protos
[INFO] [stdout] 
[INFO] [stdout] running 0 tests
[INFO] [stdout] 
[INFO] [stdout] test result: ok. 0 passed; 0 failed; 0 ignored; 0 measured; 0 filtered out; finished in 0.00s
[INFO] [stdout] 
[INFO] [stderr]    Doc-tests target
[INFO] [stdout] 
[INFO] [stdout] running 0 tests
[INFO] [stdout] 
[INFO] [stdout] test result: ok. 0 passed; 0 failed; 0 ignored; 0 measured; 0 filtered out; finished in 0.00s
[INFO] [stdout] 
[INFO] [stderr]    Doc-tests test-utils
[INFO] [stdout] 
[INFO] [stdout] running 0 tests
[INFO] [stdout] 
[INFO] [stdout] test result: ok. 0 passed; 0 failed; 0 ignored; 0 measured; 0 filtered out; finished in 0.00s
[INFO] [stdout] 
[INFO] [stderr]    Doc-tests version
[INFO] [stdout] 
[INFO] [stdout] running 0 tests
[INFO] [stdout] 
[INFO] [stdout] test result: ok. 0 passed; 0 failed; 0 ignored; 0 measured; 0 filtered out; finished in 0.00s
[INFO] [stdout] 
[INFO] [stderr]    Doc-tests version-api
[INFO] [stdout] 
[INFO] [stdout] running 0 tests
[INFO] [stdout] 
[INFO] [stdout] test result: ok. 0 passed; 0 failed; 0 ignored; 0 measured; 0 filtered out; finished in 0.00s
[INFO] [stdout] 
[INFO] running `Command { std: "docker" "inspect" "0a83dd48482abb6c3add0d54ac82177e6a97984627151793d281f6bf148239dc", kill_on_drop: false }`
[INFO] running `Command { std: "docker" "rm" "-f" "0a83dd48482abb6c3add0d54ac82177e6a97984627151793d281f6bf148239dc", kill_on_drop: false }`
[INFO] [stdout] 0a83dd48482abb6c3add0d54ac82177e6a97984627151793d281f6bf148239dc
[INFO] testing cambiata-team/buri against beta-2023-12-22 for beta-1.76-1
[INFO] running `Command { std: "git" "clone" "/workspace/cache/git-repos/https%3A%2F%2Fgithub.com%2Fcambiata-team%2Fburi" "/workspace/builds/worker-3-tc2/source", kill_on_drop: false }`
[INFO] [stderr] Cloning into '/workspace/builds/worker-3-tc2/source'...
[INFO] [stderr] done.
[INFO] validating manifest of git repo https://github.com/cambiata-team/buri on toolchain beta-2023-12-22
[INFO] running `Command { std: CARGO_HOME="/workspace/cargo-home" RUSTUP_HOME="/workspace/rustup-home" "/workspace/cargo-home/bin/cargo" "+beta-2023-12-22" "metadata" "--manifest-path" "Cargo.toml" "--no-deps", kill_on_drop: false }`
[INFO] started tweaking git repo https://github.com/cambiata-team/buri
[INFO] finished tweaking git repo https://github.com/cambiata-team/buri
[INFO] tweaked toml for git repo https://github.com/cambiata-team/buri written to /workspace/builds/worker-3-tc2/source/Cargo.toml
[INFO] crate git repo https://github.com/cambiata-team/buri already has a lockfile, it will not be regenerated
[INFO] running `Command { std: CARGO_HOME="/workspace/cargo-home" RUSTUP_HOME="/workspace/rustup-home" "/workspace/cargo-home/bin/cargo" "+beta-2023-12-22" "fetch" "--manifest-path" "Cargo.toml", kill_on_drop: false }`
[INFO] [stderr] warning: virtual workspace defaulting to `resolver = "1"` despite one or more workspace members being on edition 2021 which implies `resolver = "2"`
[INFO] [stderr] note: to keep the current resolver, specify `workspace.resolver = "1"` in the workspace root's manifest
[INFO] [stderr] note: to use the edition 2021 resolver, specify `workspace.resolver = "2"` in the workspace root's manifest
[INFO] [stderr] note: for more details see https://doc.rust-lang.org/cargo/reference/resolver.html#resolver-versions
[INFO] running `Command { std: "docker" "create" "-v" "/var/lib/crater-agent-workspace/builds/worker-3-tc2/target:/opt/rustwide/target:rw,Z" "-v" "/var/lib/crater-agent-workspace/builds/worker-3-tc2/source:/opt/rustwide/workdir:ro,Z" "-v" "/var/lib/crater-agent-workspace/cargo-home:/opt/rustwide/cargo-home:ro,Z" "-v" "/var/lib/crater-agent-workspace/rustup-home:/opt/rustwide/rustup-home:ro,Z" "-e" "SOURCE_DIR=/opt/rustwide/workdir" "-e" "CARGO_TARGET_DIR=/opt/rustwide/target" "-e" "CARGO_HOME=/opt/rustwide/cargo-home" "-e" "RUSTUP_HOME=/opt/rustwide/rustup-home" "-w" "/opt/rustwide/workdir" "-m" "1610612736" "--user" "0:0" "--network" "none" "ghcr.io/rust-lang/crates-build-env/linux@sha256:2788e3201cd34a07e3172128adcd8b3090168a8e3bcc40d7c032b9dda1df7d1c" "/opt/rustwide/cargo-home/bin/cargo" "+beta-2023-12-22" "metadata" "--no-deps" "--format-version=1", kill_on_drop: false }`
[INFO] [stdout] 311b9a4b8612a65f6f8d09562fd3d6822f4f71e2d1b916d963dec65fc2437929
[INFO] running `Command { std: "docker" "start" "-a" "311b9a4b8612a65f6f8d09562fd3d6822f4f71e2d1b916d963dec65fc2437929", kill_on_drop: false }`
[INFO] running `Command { std: "docker" "inspect" "311b9a4b8612a65f6f8d09562fd3d6822f4f71e2d1b916d963dec65fc2437929", kill_on_drop: false }`
[INFO] running `Command { std: "docker" "rm" "-f" "311b9a4b8612a65f6f8d09562fd3d6822f4f71e2d1b916d963dec65fc2437929", kill_on_drop: false }`
[INFO] [stdout] 311b9a4b8612a65f6f8d09562fd3d6822f4f71e2d1b916d963dec65fc2437929
[INFO] running `Command { std: "docker" "create" "-v" "/var/lib/crater-agent-workspace/builds/worker-3-tc2/target:/opt/rustwide/target:rw,Z" "-v" "/var/lib/crater-agent-workspace/builds/worker-3-tc2/source:/opt/rustwide/workdir:ro,Z" "-v" "/var/lib/crater-agent-workspace/cargo-home:/opt/rustwide/cargo-home:ro,Z" "-v" "/var/lib/crater-agent-workspace/rustup-home:/opt/rustwide/rustup-home:ro,Z" "-e" "SOURCE_DIR=/opt/rustwide/workdir" "-e" "CARGO_TARGET_DIR=/opt/rustwide/target" "-e" "CARGO_INCREMENTAL=0" "-e" "RUST_BACKTRACE=full" "-e" "RUSTFLAGS=--cap-lints=warn" "-e" "RUSTDOCFLAGS=--cap-lints=warn" "-e" "CARGO_HOME=/opt/rustwide/cargo-home" "-e" "RUSTUP_HOME=/opt/rustwide/rustup-home" "-w" "/opt/rustwide/workdir" "-m" "1610612736" "--user" "0:0" "--network" "none" "ghcr.io/rust-lang/crates-build-env/linux@sha256:2788e3201cd34a07e3172128adcd8b3090168a8e3bcc40d7c032b9dda1df7d1c" "/opt/rustwide/cargo-home/bin/cargo" "+beta-2023-12-22" "build" "--frozen" "--message-format=json", kill_on_drop: false }`
[INFO] [stdout] 8f0f8e5bb64ac9f2b4315e5d2eacd203a0c58d8b611e5f24feb56cd9a742b6eb
[INFO] running `Command { std: "docker" "start" "-a" "8f0f8e5bb64ac9f2b4315e5d2eacd203a0c58d8b611e5f24feb56cd9a742b6eb", kill_on_drop: false }`
[INFO] [stderr] warning: virtual workspace defaulting to `resolver = "1"` despite one or more workspace members being on edition 2021 which implies `resolver = "2"`
[INFO] [stderr] note: to keep the current resolver, specify `workspace.resolver = "1"` in the workspace root's manifest
[INFO] [stderr] note: to use the edition 2021 resolver, specify `workspace.resolver = "2"` in the workspace root's manifest
[INFO] [stderr] note: for more details see https://doc.rust-lang.org/cargo/reference/resolver.html#resolver-versions
[INFO] [stderr]    Compiling proc-macro2 v1.0.63
[INFO] [stderr]    Compiling quote v1.0.29
[INFO] [stderr]    Compiling unicode-ident v1.0.9
[INFO] [stderr]    Compiling autocfg v1.1.0
[INFO] [stderr]    Compiling cfg-if v1.0.0
[INFO] [stderr]    Compiling libc v0.2.147
[INFO] [stderr]    Compiling once_cell v1.18.0
[INFO] [stderr]    Compiling syn v1.0.109
[INFO] [stderr]    Compiling log v0.4.19
[INFO] [stderr]    Compiling version_check v0.9.4
[INFO] [stderr]    Compiling cc v1.0.79
[INFO] [stderr]    Compiling bytes v1.4.0
[INFO] [stderr]    Compiling serde v1.0.171
[INFO] [stderr]    Compiling wasm-bindgen-shared v0.2.84
[INFO] [stderr]    Compiling bumpalo v3.13.0
[INFO] [stderr]    Compiling pin-project-lite v0.2.9
[INFO] [stderr]    Compiling indexmap v1.9.3
[INFO] [stderr]    Compiling futures-core v0.3.28
[INFO] [stderr]    Compiling regex-syntax v0.7.2
[INFO] [stderr]    Compiling bitflags v1.3.2
[INFO] [stderr]    Compiling uncased v0.9.9
[INFO] [stderr]    Compiling wasm-bindgen v0.2.84
[INFO] [stderr]    Compiling itoa v1.0.6
[INFO] [stderr]    Compiling hashbrown v0.12.3
[INFO] [stderr]    Compiling syn v2.0.25
[INFO] [stderr]    Compiling openssl-src v111.26.0+1.1.1u
[INFO] [stderr]    Compiling lock_api v0.4.10
[INFO] [stderr]    Compiling slab v0.4.8
[INFO] [stderr]    Compiling parking_lot_core v0.9.8
[INFO] [stderr]    Compiling pkg-config v0.3.27
[INFO] [stderr]    Compiling futures-task v0.3.28
[INFO] [stderr]    Compiling either v1.8.1
[INFO] [stderr]    Compiling memchr v2.5.0
[INFO] [stderr]    Compiling anyhow v1.0.71
[INFO] [stderr]    Compiling scopeguard v1.1.0
[INFO] [stderr]    Compiling regex v1.8.4
[INFO] [stderr]    Compiling siphasher v0.3.10
[INFO] [stderr]    Compiling openssl-sys v0.9.90
[INFO] [stderr]    Compiling smallvec v1.11.0
[INFO] [stderr]    Compiling io-lifetimes v1.0.11
[INFO] [stderr]    Compiling futures-util v0.3.28
[INFO] [stderr]    Compiling futures-sink v0.3.28
[INFO] [stderr]    Compiling phf_shared v0.11.2
[INFO] [stderr]    Compiling itertools v0.10.5
[INFO] [stderr]    Compiling tokio v1.29.1
[INFO] [stderr]    Compiling rustix v0.37.21
[INFO] [stderr]    Compiling fnv v1.0.7
[INFO] [stderr]    Compiling pin-utils v0.1.0
[INFO] [stderr]    Compiling tinyvec_macros v0.1.1
[INFO] [stderr]    Compiling heck v0.4.1
[INFO] [stderr]    Compiling rand_core v0.6.4
[INFO] [stderr]    Compiling futures-io v0.3.28
[INFO] [stderr]    Compiling rand v0.8.5
[INFO] [stderr]    Compiling tinyvec v1.6.0
[INFO] [stderr]    Compiling http v0.2.9
[INFO] [stderr]    Compiling parking_lot v0.12.1
[INFO] [stderr]    Compiling mio v0.8.8
[INFO] [stderr]    Compiling num_cpus v1.16.0
[INFO] [stderr]    Compiling wasm-bindgen-backend v0.2.84
[INFO] [stderr]    Compiling signal-hook-registry v1.4.1
[INFO] [stderr]    Compiling socket2 v0.4.9
[INFO] [stderr]    Compiling autotools v0.2.6
[INFO] [stderr]    Compiling tempfile v3.6.0
[INFO] [stderr]    Compiling hashbrown v0.14.0
[INFO] [stderr]    Compiling percent-encoding v2.3.0
[INFO] [stderr]    Compiling linux-raw-sys v0.3.8
[INFO] [stderr]    Compiling wasm-bindgen-macro-support v0.2.84
[INFO] [stderr]    Compiling futures-channel v0.3.28
[INFO] [stderr]    Compiling prettyplease v0.1.25
[INFO] [stderr]    Compiling typenum v1.16.0
[INFO] [stderr]    Compiling equivalent v1.0.0
[INFO] [stderr]    Compiling indexmap v2.0.0
[INFO] [stderr]    Compiling serde_derive v1.0.171
[INFO] [stderr]    Compiling futures-macro v0.3.28
[INFO] [stderr]    Compiling tokio-macros v2.1.0
[INFO] [stderr]    Compiling form_urlencoded v1.2.0
[INFO] [stderr]    Compiling protobuf-src v1.1.0+21.5
[INFO] [stderr]    Compiling unicode-normalization v0.1.22
[INFO] [stderr]    Compiling phf_generator v0.11.2
[INFO] [stderr]    Compiling generic-array v0.14.7
[INFO] [stderr]    Compiling tracing-core v0.1.31
[INFO] [stderr]    Compiling winnow v0.4.7
[INFO] [stderr]    Compiling wasm-bindgen-macro v0.2.84
[INFO] [stderr]    Compiling prost-derive v0.11.9
[INFO] [stderr]    Compiling ryu v1.0.13
[INFO] [stderr]    Compiling foreign-types-shared v0.1.1
[INFO] [stderr]    Compiling fixedbitset v0.4.2
[INFO] [stderr]    Compiling fastrand v1.9.0
[INFO] [stderr]    Compiling openssl v0.10.55
[INFO] [stderr]    Compiling js-sys v0.3.61
[INFO] [stderr]    Compiling rustix v0.38.1
[INFO] [stderr]    Compiling unicode-bidi v0.3.13
[INFO] [stderr]    Compiling version v0.1.0 (/opt/rustwide/workdir/libs/version)
[INFO] [stderr]    Compiling idna v0.4.0
[INFO] [stderr]    Compiling prost v0.11.9
[INFO] [stderr]    Compiling prost-types v0.11.9
[INFO] [stderr]    Compiling petgraph v0.6.3
[INFO] [stderr]    Compiling foreign-types v0.3.2
[INFO] [stderr]    Compiling tracing v0.1.37
[INFO] [stderr]    Compiling phf_codegen v0.11.2
[INFO] [stderr]    Compiling openssl-macros v0.1.1
[INFO] [stderr]    Compiling phf v0.11.2
[INFO] [stderr]    Compiling parse-zoneinfo v0.3.0
[INFO] [stderr]    Compiling which v4.4.0
[INFO] [stderr]    Compiling num-traits v0.2.15
[INFO] [stderr]    Compiling native-tls v0.2.11
[INFO] [stderr]    Compiling multimap v0.8.3
[INFO] [stderr]    Compiling linux-raw-sys v0.4.3
[INFO] [stderr]    Compiling httparse v1.8.0
[INFO] [stderr]    Compiling lazy_static v1.4.0
[INFO] [stderr]    Compiling bitflags v2.3.3
[INFO] [stderr]    Compiling prost-build v0.11.9
[INFO] [stderr]    Compiling chrono-tz-build v0.0.3
[INFO] [stderr]    Compiling tokio-util v0.7.8
[INFO] [stderr]    Compiling toml_datetime v0.6.3
[INFO] [stderr]    Compiling serde_spanned v0.6.3
[INFO] [stderr]    Compiling toml_edit v0.19.12
[INFO] [stderr]    Compiling web-sys v0.3.61
[INFO] [stderr]    Compiling wasm-bindgen-futures v0.4.34
[INFO] [stderr]    Compiling url v2.4.0
[INFO] [stderr]    Compiling try-lock v0.2.4
[INFO] [stderr]    Compiling thiserror v1.0.40
[INFO] [stderr]    Compiling utf8parse v0.2.1
[INFO] [stderr]    Compiling serde_json v1.0.102
[INFO] [stderr]    Compiling async-trait v0.1.68
[INFO] [stderr]    Compiling openssl-probe v0.1.5
[INFO] [stderr]    Compiling anstyle-parse v0.2.1
[INFO] [stderr]    Compiling want v0.3.1
[INFO] [stderr]    Compiling h2 v0.3.20
[INFO] [stderr]    Compiling is-terminal v0.4.8
[INFO] [stderr]    Compiling chrono-tz v0.6.3
[INFO] [stderr]    Compiling toml v0.7.6
[INFO] [stderr]    Compiling files v0.1.0 (/opt/rustwide/workdir/libs/files)
[INFO] [stderr]    Compiling thiserror-impl v1.0.40
[INFO] [stderr]    Compiling http-body v0.4.5
[INFO] [stderr]    Compiling anstyle v1.0.1
[INFO] [stderr]    Compiling vfs v0.9.0
[INFO] [stderr]    Compiling anstyle-query v1.0.0
[INFO] [stderr]    Compiling colorchoice v1.0.0
[INFO] [stderr]    Compiling base64 v0.21.2
[INFO] [stderr]    Compiling tower-service v0.3.2
[INFO] [stderr]    Compiling crc32fast v1.3.2
[INFO] [stderr]    Compiling httpdate v1.0.2
[INFO] [stderr]    Compiling hyper v0.14.27
[INFO] [stderr]    Compiling anstream v0.3.2
[INFO] [stderr]    Compiling chrono v0.4.26
[INFO] [stderr]    Compiling worker-sys v0.0.9
[INFO] [stderr]    Compiling crypto-common v0.1.6
[INFO] [stderr]    Compiling block-buffer v0.10.4
[INFO] [stderr]    Compiling serde-wasm-bindgen v0.5.0
[INFO] [stderr]    Compiling pin-project-internal v1.1.1
[INFO] [stderr]    Compiling virtual-io v0.1.0
[INFO] [stderr]    Compiling adler v1.0.2
[INFO] [stderr]    Compiling strsim v0.10.0
[INFO] [stderr]    Compiling clap_lex v0.5.0
[INFO] [stderr]    Compiling option-ext v0.2.0
[INFO] [stderr]    Compiling dirs-sys v0.4.1
[INFO] [stderr]    Compiling worker-macros v0.0.9
[INFO] [stderr]    Compiling clap_builder v4.3.11
[INFO] [stderr]    Compiling miniz_oxide v0.7.1
[INFO] [stderr]    Compiling pin-project v1.1.1
[INFO] [stderr]    Compiling worker-kv v0.6.0
[INFO] [stderr]    Compiling wasm-streams v0.2.3
[INFO] [stderr]    Compiling digest v0.10.7
[INFO] [stderr]    Compiling serde_urlencoded v0.7.1
[INFO] [stderr]    Compiling clap_derive v4.3.2
[INFO] [stderr]    Compiling filetime v0.2.21
[INFO] [stderr]    Compiling xattr v0.2.3
[INFO] [stderr]    Compiling encoding_rs v0.8.32
[INFO] [stderr]    Compiling matchit v0.4.6
[INFO] [stderr]    Compiling macros v0.1.0 (/opt/rustwide/workdir/libs/macros)
[INFO] [stderr]    Compiling ipnet v2.8.0
[INFO] [stderr]    Compiling mime v0.3.17
[INFO] [stderr]    Compiling cpufeatures v0.2.8
[INFO] [stderr]    Compiling sha2 v0.10.7
[INFO] [stderr]    Compiling tar v0.4.38
[INFO] [stderr]    Compiling flate2 v1.0.26
[INFO] [stderr]    Compiling dirs v5.0.1
[INFO] [stderr]    Compiling worker v0.0.17
[INFO] [stderr]    Compiling target v0.1.0 (/opt/rustwide/workdir/libs/target)
[INFO] [stderr]    Compiling hex v0.4.3
[INFO] [stderr]    Compiling clap v4.3.11
[INFO] [stderr]    Compiling build-graph v0.1.0 (/opt/rustwide/workdir/libs/build-graph)
[INFO] [stderr]    Compiling test-utils v0.1.0 (/opt/rustwide/workdir/libs/test)
[INFO] [stderr]    Compiling thor v0.1.0 (/opt/rustwide/workdir/apps/thor)
[INFO] [stderr]    Compiling tokio-native-tls v0.3.1
[INFO] [stderr]    Compiling hyper-tls v0.5.0
[INFO] [stderr]    Compiling reqwest v0.11.18
[INFO] [stderr] error: failed to run custom build command for `protobuf-src v1.1.0+21.5`
[INFO] [stderr] note: To improve backtraces for build dependencies, set the CARGO_PROFILE_DEV_BUILD_OVERRIDE_DEBUG=true environment variable to enable debug information generation.
[INFO] [stderr] 
[INFO] [stderr] Caused by:
[INFO] [stderr]   process didn't exit successfully: `/opt/rustwide/target/debug/build/protobuf-src-5ce4a3821f9f585d/build-script-build` (exit status: 101)
[INFO] [stderr]   --- stdout
[INFO] [stderr]   running: cd "/opt/rustwide/target/debug/build/protobuf-src-f46a753cfd389054/out/install/build" && CC="cc" CFLAGS="-O0 -ffunction-sections -fdata-sections -fPIC -m64" CXX="c++" CXXFLAGS="-O0 -ffunction-sections -fdata-sections -fPIC -m64" "sh" "-c" "exec \"$0\" \"$@\"" "/opt/rustwide/cargo-home/registry/src/index.crates.io-6f17d22bba15001f/protobuf-src-1.1.0+21.5/protobuf/configure" "--prefix=/opt/rustwide/target/debug/build/protobuf-src-f46a753cfd389054/out/install" "--disable-shared" "--enable-static" "--disable-maintainer-mode"
[INFO] [stderr]   checking whether to enable maintainer-specific portions of Makefiles... no
[INFO] [stderr]   checking build system type... x86_64-pc-linux-gnu
[INFO] [stderr]   checking host system type... x86_64-pc-linux-gnu
[INFO] [stderr]   checking target system type... x86_64-pc-linux-gnu
[INFO] [stderr]   checking for a BSD-compatible install... /usr/bin/install -c
[INFO] [stderr]   checking whether build environment is sane... yes
[INFO] [stderr]   checking for a race-free mkdir -p... /usr/bin/mkdir -p
[INFO] [stderr]   checking for gawk... no
[INFO] [stderr]   checking for mawk... mawk
[INFO] [stderr]   checking whether make sets $(MAKE)... yes
[INFO] [stderr]   checking whether make supports nested variables... yes
[INFO] [stderr]   checking whether UID '0' is supported by ustar format... yes
[INFO] [stderr]   checking whether GID '0' is supported by ustar format... yes
[INFO] [stderr]   checking how to create a ustar tar archive... gnutar
[INFO] [stderr]   checking whether make supports nested variables... (cached) yes
[INFO] [stderr]   checking for gcc... cc
[INFO] [stderr]   checking whether the C compiler works... yes
[INFO] [stderr]   checking for C compiler default output file name... a.out
[INFO] [stderr]   checking for suffix of executables... 
[INFO] [stderr]   checking whether we are cross compiling... no
[INFO] [stderr]   checking for suffix of object files... o
[INFO] [stderr]   checking whether the compiler supports GNU C... yes
[INFO] [stderr]   checking whether cc accepts -g... yes
[INFO] [stderr]   checking for cc option to enable C11 features... none needed
[INFO] [stderr]   checking whether cc understands -c and -o together... yes
[INFO] [stderr]   checking whether make supports the include directive... yes (GNU style)
[INFO] [stderr]   checking dependency style of cc... gcc3
[INFO] [stderr]   checking whether the compiler supports GNU C++... yes
[INFO] [stderr]   checking whether c++ accepts -g... yes
[INFO] [stderr]   checking for c++ option to enable C++11 features... none needed
[INFO] [stderr]   checking dependency style of c++... gcc3
[INFO] [stderr]   checking how to run the C preprocessor... cc -E
[INFO] [stderr]   checking for gcc... gcc
[INFO] [stderr]   checking whether the compiler supports GNU C... (cached) yes
[INFO] [stderr]   checking whether gcc accepts -g... yes
[INFO] [stderr]   checking for gcc option to enable C11 features... (cached) none needed
[INFO] [stderr]   checking whether gcc understands -c and -o together... (cached) yes
[INFO] [stderr]   checking dependency style of gcc... (cached) gcc3
[INFO] [stderr]   checking how to run the C preprocessor... gcc -E
[INFO] [stderr]   checking how to run the C++ preprocessor... c++ -E
[INFO] [stderr]   checking for g++... g++
[INFO] [stderr]   checking whether the compiler supports GNU C++... (cached) yes
[INFO] [stderr]   checking whether g++ accepts -g... yes
[INFO] [stderr]   checking for g++ option to enable C++11 features... (cached) none needed
[INFO] [stderr]   checking dependency style of g++... (cached) gcc3
[INFO] [stderr]   checking how to run the C++ preprocessor... g++ -E
[INFO] [stderr]   checking for stdio.h... yes
[INFO] [stderr]   checking for stdlib.h... yes
[INFO] [stderr]   checking for string.h... yes
[INFO] [stderr]   checking for inttypes.h... yes
[INFO] [stderr]   checking for stdint.h... yes
[INFO] [stderr]   checking for strings.h... yes
[INFO] [stderr]   checking for sys/stat.h... yes
[INFO] [stderr]   checking for sys/types.h... yes
[INFO] [stderr]   checking for unistd.h... yes
[INFO] [stderr]   checking for wchar.h... yes
[INFO] [stderr]   checking for minix/config.h... no
[INFO] [stderr]   checking whether it is safe to define __EXTENSIONS__... yes
[INFO] [stderr]   checking whether _XOPEN_SOURCE should be defined... no
[INFO] [stderr]   checking for ar... ar
[INFO] [stderr]   checking the archiver (ar) interface... ar
[INFO] [stderr]   checking C++ compiler flags...... use user-supplied: -O0 -ffunction-sections -fdata-sections -fPIC -m64
[INFO] [stderr]   checking for c++ options needed to detect all undeclared functions... none needed
[INFO] [stderr]   checking whether __SUNPRO_CC is declared... no
[INFO] [stderr]   checking how to print strings... printf
[INFO] [stderr]   checking for a sed that does not truncate output... /usr/bin/sed
[INFO] [stderr]   checking for grep that handles long lines and -e... /usr/bin/grep
[INFO] [stderr]   checking for egrep... /usr/bin/grep -E
[INFO] [stderr]   checking for fgrep... /usr/bin/grep -F
[INFO] [stderr]   checking for ld used by cc... /usr/bin/ld
[INFO] [stderr]   checking if the linker (/usr/bin/ld) is GNU ld... yes
[INFO] [stderr]   checking for BSD- or MS-compatible name lister (nm)... /usr/bin/nm -B
[INFO] [stderr]   checking the name lister (/usr/bin/nm -B) interface... BSD nm
[INFO] [stderr]   checking whether ln -s works... yes
[INFO] [stderr]   checking the maximum length of command line arguments... 1572864
[INFO] [stderr]   checking how to convert x86_64-pc-linux-gnu file names to x86_64-pc-linux-gnu format... func_convert_file_noop
[INFO] [stderr]   checking how to convert x86_64-pc-linux-gnu file names to toolchain format... func_convert_file_noop
[INFO] [stderr]   checking for /usr/bin/ld option to reload object files... -r
[INFO] [stderr]   checking for file... file
[INFO] [stderr]   checking for objdump... objdump
[INFO] [stderr]   checking how to recognize dependent libraries... pass_all
[INFO] [stderr]   checking for dlltool... no
[INFO] [stderr]   checking how to associate runtime and link libraries... printf %s\n
[INFO] [stderr]   checking for archiver @FILE support... @
[INFO] [stderr]   checking for strip... strip
[INFO] [stderr]   checking for ranlib... ranlib
[INFO] [stderr]   checking command to parse /usr/bin/nm -B output from cc object... ok
[INFO] [stderr]   checking for sysroot... no
[INFO] [stderr]   checking for a working dd... /usr/bin/dd
[INFO] [stderr]   checking how to truncate binary pipes... /usr/bin/dd bs=4096 count=1
[INFO] [stderr]   checking for mt... no
[INFO] [stderr]   checking if : is a manifest tool... no
[INFO] [stderr]   checking for dlfcn.h... yes
[INFO] [stderr]   checking for objdir... .libs
[INFO] [stderr]   checking if cc supports -fno-rtti -fno-exceptions... no
[INFO] [stderr]   checking for cc option to produce PIC... -fPIC -DPIC
[INFO] [stderr]   checking if cc PIC flag -fPIC -DPIC works... yes
[INFO] [stderr]   checking if cc static flag -static works... yes
[INFO] [stderr]   checking if cc supports -c -o file.o... yes
[INFO] [stderr]   checking if cc supports -c -o file.o... (cached) yes
[INFO] [stderr]   checking whether the cc linker (/usr/bin/ld -m elf_x86_64) supports shared libraries... yes
[INFO] [stderr]   checking dynamic linker characteristics... GNU/Linux ld.so
[INFO] [stderr]   checking how to hardcode library paths into programs... immediate
[INFO] [stderr]   checking whether stripping libraries is possible... yes
[INFO] [stderr]   checking if libtool supports shared libraries... yes
[INFO] [stderr]   checking whether to build shared libraries... no
[INFO] [stderr]   checking whether to build static libraries... yes
[INFO] [stderr]   checking how to run the C++ preprocessor... c++ -E
[INFO] [stderr]   checking for ld used by c++... /usr/bin/ld -m elf_x86_64
[INFO] [stderr]   checking if the linker (/usr/bin/ld -m elf_x86_64) is GNU ld... yes
[INFO] [stderr]   checking whether the c++ linker (/usr/bin/ld -m elf_x86_64) supports shared libraries... yes
[INFO] [stderr]   checking for c++ option to produce PIC... -fPIC -DPIC
[INFO] [stderr]   checking if c++ PIC flag -fPIC -DPIC works... yes
[INFO] [stderr]   checking if c++ static flag -static works... yes
[INFO] [stderr]   checking if c++ supports -c -o file.o... yes
[INFO] [stderr]   checking if c++ supports -c -o file.o... (cached) yes
[INFO] [stderr]   checking whether the c++ linker (/usr/bin/ld -m elf_x86_64) supports shared libraries... yes
[INFO] [stderr]   checking dynamic linker characteristics... (cached) GNU/Linux ld.so
[INFO] [stderr]   checking how to hardcode library paths into programs... immediate
[INFO] [stderr]   checking whether the linker supports version scripts... yes
[INFO] [stderr]   checking for egrep... (cached) /usr/bin/grep -E
[INFO] [stderr]   checking for fcntl.h... yes
[INFO] [stderr]   checking for inttypes.h... (cached) yes
[INFO] [stderr]   checking for limits.h... yes
[INFO] [stderr]   checking for stdlib.h... (cached) yes
[INFO] [stderr]   checking for unistd.h... (cached) yes
[INFO] [stderr]   checking for working memcmp... yes
[INFO] [stderr]   checking for working strtod... yes
[INFO] [stderr]   checking for ftruncate... yes
[INFO] [stderr]   checking for memset... yes
[INFO] [stderr]   checking for mkdir... yes
[INFO] [stderr]   checking for strchr... yes
[INFO] [stderr]   checking for strerror... yes
[INFO] [stderr]   checking for strtol... yes
[INFO] [stderr]   checking zlib version... ok (1.2.0.4 or later)
[INFO] [stderr]   checking for library containing zlibVersion... -lz
[INFO] [stderr]   checking whether c++ supports C++11 features by default... yes
[INFO] [stderr]   checking whether -latomic is needed... no
[INFO] [stderr]   checking whether cc is Clang... no
[INFO] [stderr]   checking whether pthreads work with "-pthread" and "-lpthread"... yes
[INFO] [stderr]   checking for joinable pthread attribute... PTHREAD_CREATE_JOINABLE
[INFO] [stderr]   checking whether more special flags are required for pthreads... no
[INFO] [stderr]   checking for PTHREAD_PRIO_INHERIT... yes
[INFO] [stderr]   checking the location of hash_map... <unordered_map>
[INFO] [stderr]   checking whether -llog is needed... no
[INFO] [stderr]   checking that generated files are newer than configure... done
[INFO] [stderr]   configure: creating ./config.status
[INFO] [stderr]   config.status: creating Makefile
[INFO] [stderr]   config.status: creating src/Makefile
[INFO] [stderr]   config.status: creating benchmarks/Makefile
[INFO] [stderr]   config.status: creating conformance/Makefile
[INFO] [stderr]   config.status: creating protobuf.pc
[INFO] [stderr]   config.status: creating protobuf-lite.pc
[INFO] [stderr]   config.status: creating config.h
[INFO] [stderr]   config.status: executing depfiles commands
[INFO] [stderr]   config.status: executing libtool commands
[INFO] [stderr]   === configuring in third_party/googletest (/opt/rustwide/target/debug/build/protobuf-src-f46a753cfd389054/out/install/build/third_party/googletest)
[INFO] [stderr]   configure: running /bin/bash /opt/rustwide/cargo-home/registry/src/index.crates.io-6f17d22bba15001f/protobuf-src-1.1.0+21.5/protobuf/third_party/googletest/configure --disable-option-checking '--prefix=/opt/rustwide/target/debug/build/protobuf-src-f46a753cfd389054/out/install'  '--disable-shared' '--enable-static' '--disable-maintainer-mode' 'CC=cc' 'CFLAGS=-O0 -ffunction-sections -fdata-sections -fPIC -m64' 'CXX=c++' 'CXXFLAGS=-O0 -ffunction-sections -fdata-sections -fPIC -m64' --cache-file=/dev/null --srcdir=/opt/rustwide/cargo-home/registry/src/index.crates.io-6f17d22bba15001f/protobuf-src-1.1.0+21.5/protobuf/third_party/googletest
[INFO] [stderr]   checking for a BSD-compatible install... /usr/bin/install -c
[INFO] [stderr]   checking whether build environment is sane... yes
[INFO] [stderr]   checking for a race-free mkdir -p... /usr/bin/mkdir -p
[INFO] [stderr]   checking for gawk... no
[INFO] [stderr]   checking for mawk... mawk
[INFO] [stderr]   checking whether make sets $(MAKE)... yes
[INFO] [stderr]   checking whether make supports nested variables... yes
[INFO] [stderr]   checking that generated files are newer than configure... done
[INFO] [stderr]   configure: creating ./config.status
[INFO] [stderr]   config.status: creating Makefile
[INFO] [stderr]   === configuring in googletest (/opt/rustwide/target/debug/build/protobuf-src-f46a753cfd389054/out/install/build/third_party/googletest/googletest)
[INFO] [stderr]   configure: running /bin/bash /opt/rustwide/cargo-home/registry/src/index.crates.io-6f17d22bba15001f/protobuf-src-1.1.0+21.5/protobuf/third_party/googletest/googletest/configure --disable-option-checking '--prefix=/opt/rustwide/target/debug/build/protobuf-src-f46a753cfd389054/out/install'  '--disable-shared' '--enable-static' '--disable-maintainer-mode' 'CC=cc' 'CFLAGS=-O0 -ffunction-sections -fdata-sections -fPIC -m64' 'CXX=c++' 'CXXFLAGS=-O0 -ffunction-sections -fdata-sections -fPIC -m64' --cache-file=/dev/null --srcdir=/opt/rustwide/cargo-home/registry/src/index.crates.io-6f17d22bba15001f/protobuf-src-1.1.0+21.5/protobuf/third_party/googletest/googletest
[INFO] [stderr]   checking for a BSD-compatible install... /usr/bin/install -c
[INFO] [stderr]   checking whether build environment is sane... yes
[INFO] [stderr]   checking for a race-free mkdir -p... /usr/bin/mkdir -p
[INFO] [stderr]   checking for gawk... no
[INFO] [stderr]   checking for mawk... mawk
[INFO] [stderr]   checking whether make sets $(MAKE)... yes
[INFO] [stderr]   checking whether make supports nested variables... yes
[INFO] [stderr]   checking for gcc... cc
[INFO] [stderr]   checking whether the C compiler works... yes
[INFO] [stderr]   checking for C compiler default output file name... a.out
[INFO] [stderr]   checking for suffix of executables... 
[INFO] [stderr]   checking whether we are cross compiling... no
[INFO] [stderr]   checking for suffix of object files... o
[INFO] [stderr]   checking whether the compiler supports GNU C... yes
[INFO] [stderr]   checking whether cc accepts -g... yes
[INFO] [stderr]   checking for cc option to enable C11 features... none needed
[INFO] [stderr]   checking whether cc understands -c and -o together... yes
[INFO] [stderr]   checking whether make supports the include directive... yes (GNU style)
[INFO] [stderr]   checking dependency style of cc... gcc3
[INFO] [stderr]   checking whether the compiler supports GNU C++... yes
[INFO] [stderr]   checking whether c++ accepts -g... yes
[INFO] [stderr]   checking for c++ option to enable C++11 features... none needed
[INFO] [stderr]   checking dependency style of c++... gcc3
[INFO] [stderr]   checking build system type... x86_64-pc-linux-gnu
[INFO] [stderr]   checking host system type... x86_64-pc-linux-gnu
[INFO] [stderr]   checking how to print strings... printf
[INFO] [stderr]   checking for a sed that does not truncate output... /usr/bin/sed
[INFO] [stderr]   checking for grep that handles long lines and -e... /usr/bin/grep
[INFO] [stderr]   checking for egrep... /usr/bin/grep -E
[INFO] [stderr]   checking for fgrep... /usr/bin/grep -F
[INFO] [stderr]   checking for ld used by cc... /usr/bin/ld
[INFO] [stderr]   checking if the linker (/usr/bin/ld) is GNU ld... yes
[INFO] [stderr]   checking for BSD- or MS-compatible name lister (nm)... /usr/bin/nm -B
[INFO] [stderr]   checking the name lister (/usr/bin/nm -B) interface... BSD nm
[INFO] [stderr]   checking whether ln -s works... yes
[INFO] [stderr]   checking the maximum length of command line arguments... 1572864
[INFO] [stderr]   checking how to convert x86_64-pc-linux-gnu file names to x86_64-pc-linux-gnu format... func_convert_file_noop
[INFO] [stderr]   checking how to convert x86_64-pc-linux-gnu file names to toolchain format... func_convert_file_noop
[INFO] [stderr]   checking for /usr/bin/ld option to reload object files... -r
[INFO] [stderr]   checking for file... file
[INFO] [stderr]   checking for objdump... objdump
[INFO] [stderr]   checking how to recognize dependent libraries... pass_all
[INFO] [stderr]   checking for dlltool... no
[INFO] [stderr]   checking how to associate runtime and link libraries... printf %s\n
[INFO] [stderr]   checking for ar... ar
[INFO] [stderr]   checking for archiver @FILE support... @
[INFO] [stderr]   checking for strip... strip
[INFO] [stderr]   checking for ranlib... ranlib
[INFO] [stderr]   checking command to parse /usr/bin/nm -B output from cc object... ok
[INFO] [stderr]   checking for sysroot... no
[INFO] [stderr]   checking for a working dd... /usr/bin/dd
[INFO] [stderr]   checking how to truncate binary pipes... /usr/bin/dd bs=4096 count=1
[INFO] [stderr]   checking for mt... no
[INFO] [stderr]   checking if : is a manifest tool... no
[INFO] [stderr]   checking for stdio.h... yes
[INFO] [stderr]   checking for stdlib.h... yes
[INFO] [stderr]   checking for string.h... yes
[INFO] [stderr]   checking for inttypes.h... yes
[INFO] [stderr]   checking for stdint.h... yes
[INFO] [stderr]   checking for strings.h... yes
[INFO] [stderr]   checking for sys/stat.h... yes
[INFO] [stderr]   checking for sys/types.h... yes
[INFO] [stderr]   checking for unistd.h... yes
[INFO] [stderr]   checking for dlfcn.h... yes
[INFO] [stderr]   checking for objdir... .libs
[INFO] [stderr]   checking if cc supports -fno-rtti -fno-exceptions... no
[INFO] [stderr]   checking for cc option to produce PIC... -fPIC -DPIC
[INFO] [stderr]   checking if cc PIC flag -fPIC -DPIC works... yes
[INFO] [stderr]   checking if cc static flag -static works... yes
[INFO] [stderr]   checking if cc supports -c -o file.o... yes
[INFO] [stderr]   checking if cc supports -c -o file.o... (cached) yes
[INFO] [stderr]   checking whether the cc linker (/usr/bin/ld -m elf_x86_64) supports shared libraries... yes
[INFO] [stderr]   checking dynamic linker characteristics... GNU/Linux ld.so
[INFO] [stderr]   checking how to hardcode library paths into programs... immediate
[INFO] [stderr]   checking whether stripping libraries is possible... yes
[INFO] [stderr]   checking if libtool supports shared libraries... yes
[INFO] [stderr]   checking whether to build shared libraries... no
[INFO] [stderr]   checking whether to build static libraries... yes
[INFO] [stderr]   checking how to run the C++ preprocessor... c++ -E
[INFO] [stderr]   checking for ld used by c++... /usr/bin/ld -m elf_x86_64
[INFO] [stderr]   checking if the linker (/usr/bin/ld -m elf_x86_64) is GNU ld... yes
[INFO] [stderr]   checking whether the c++ linker (/usr/bin/ld -m elf_x86_64) supports shared libraries... yes
[INFO] [stderr]   checking for c++ option to produce PIC... -fPIC -DPIC
[INFO] [stderr]   checking if c++ PIC flag -fPIC -DPIC works... yes
[INFO] [stderr]   checking if c++ static flag -static works... yes
[INFO] [stderr]   checking if c++ supports -c -o file.o... yes
[INFO] [stderr]   checking if c++ supports -c -o file.o... (cached) yes
[INFO] [stderr]   checking whether the c++ linker (/usr/bin/ld -m elf_x86_64) supports shared libraries... yes
[INFO] [stderr]   checking dynamic linker characteristics... (cached) GNU/Linux ld.so
[INFO] [stderr]   checking how to hardcode library paths into programs... immediate
[INFO] [stderr]   checking for python... :
[INFO] [stderr]   checking for the pthreads library -lpthreads... no
[INFO] [stderr]   checking whether pthreads work without any flags... yes
[INFO] [stderr]   checking for joinable pthread attribute... PTHREAD_CREATE_JOINABLE
[INFO] [stderr]   checking if more special flags are required for pthreads... no
[INFO] [stderr]   checking whether to check for GCC pthread/shared inconsistencies... yes
[INFO] [stderr]   checking whether -pthread is sufficient with -shared... yes
[INFO] [stderr]   checking that generated files are newer than configure... done
[INFO] [stderr]   configure: creating ./config.status
[INFO] [stderr]   config.status: creating Makefile
[INFO] [stderr]   config.status: creating scripts/gtest-config
[INFO] [stderr]   config.status: creating build-aux/config.h
[INFO] [stderr]   config.status: executing depfiles commands
[INFO] [stderr]   config.status: executing libtool commands
[INFO] [stderr]   === configuring in googlemock (/opt/rustwide/target/debug/build/protobuf-src-f46a753cfd389054/out/install/build/third_party/googletest/googlemock)
[INFO] [stderr]   configure: running /bin/bash /opt/rustwide/cargo-home/registry/src/index.crates.io-6f17d22bba15001f/protobuf-src-1.1.0+21.5/protobuf/third_party/googletest/googlemock/configure --disable-option-checking '--prefix=/opt/rustwide/target/debug/build/protobuf-src-f46a753cfd389054/out/install'  '--disable-shared' '--enable-static' '--disable-maintainer-mode' 'CC=cc' 'CFLAGS=-O0 -ffunction-sections -fdata-sections -fPIC -m64' 'CXX=c++' 'CXXFLAGS=-O0 -ffunction-sections -fdata-sections -fPIC -m64' --cache-file=/dev/null --srcdir=/opt/rustwide/cargo-home/registry/src/index.crates.io-6f17d22bba15001f/protobuf-src-1.1.0+21.5/protobuf/third_party/googletest/googlemock
[INFO] [stderr]   checking for a BSD-compatible install... /usr/bin/install -c
[INFO] [stderr]   checking whether build environment is sane... yes
[INFO] [stderr]   checking for a race-free mkdir -p... /usr/bin/mkdir -p
[INFO] [stderr]   checking for gawk... no
[INFO] [stderr]   checking for mawk... mawk
[INFO] [stderr]   checking whether make sets $(MAKE)... yes
[INFO] [stderr]   checking whether make supports nested variables... yes
[INFO] [stderr]   checking for gcc... cc
[INFO] [stderr]   checking whether the C compiler works... yes
[INFO] [stderr]   checking for C compiler default output file name... a.out
[INFO] [stderr]   checking for suffix of executables... 
[INFO] [stderr]   checking whether we are cross compiling... no
[INFO] [stderr]   checking for suffix of object files... o
[INFO] [stderr]   checking whether the compiler supports GNU C... yes
[INFO] [stderr]   checking whether cc accepts -g... yes
[INFO] [stderr]   checking for cc option to enable C11 features... none needed
[INFO] [stderr]   checking whether cc understands -c and -o together... yes
[INFO] [stderr]   checking whether make supports the include directive... yes (GNU style)
[INFO] [stderr]   checking dependency style of cc... gcc3
[INFO] [stderr]   checking whether the compiler supports GNU C++... yes
[INFO] [stderr]   checking whether c++ accepts -g... yes
[INFO] [stderr]   checking for c++ option to enable C++11 features... none needed
[INFO] [stderr]   checking dependency style of c++... gcc3
[INFO] [stderr]   checking build system type... x86_64-pc-linux-gnu
[INFO] [stderr]   checking host system type... x86_64-pc-linux-gnu
[INFO] [stderr]   checking how to print strings... printf
[INFO] [stderr]   checking for a sed that does not truncate output... /usr/bin/sed
[INFO] [stderr]   checking for grep that handles long lines and -e... /usr/bin/grep
[INFO] [stderr]   checking for egrep... /usr/bin/grep -E
[INFO] [stderr]   checking for fgrep... /usr/bin/grep -F
[INFO] [stderr]   checking for ld used by cc... /usr/bin/ld
[INFO] [stderr]   checking if the linker (/usr/bin/ld) is GNU ld... yes
[INFO] [stderr]   checking for BSD- or MS-compatible name lister (nm)... /usr/bin/nm -B
[INFO] [stderr]   checking the name lister (/usr/bin/nm -B) interface... BSD nm
[INFO] [stderr]   checking whether ln -s works... yes
[INFO] [stderr]   checking the maximum length of command line arguments... 1572864
[INFO] [stderr]   checking how to convert x86_64-pc-linux-gnu file names to x86_64-pc-linux-gnu format... func_convert_file_noop
[INFO] [stderr]   checking how to convert x86_64-pc-linux-gnu file names to toolchain format... func_convert_file_noop
[INFO] [stderr]   checking for /usr/bin/ld option to reload object files... -r
[INFO] [stderr]   checking for file... file
[INFO] [stderr]   checking for objdump... objdump
[INFO] [stderr]   checking how to recognize dependent libraries... pass_all
[INFO] [stderr]   checking for dlltool... no
[INFO] [stderr]   checking how to associate runtime and link libraries... printf %s\n
[INFO] [stderr]   checking for ar... ar
[INFO] [stderr]   checking for archiver @FILE support... @
[INFO] [stderr]   checking for strip... strip
[INFO] [stderr]   checking for ranlib... ranlib
[INFO] [stderr]   checking command to parse /usr/bin/nm -B output from cc object... ok
[INFO] [stderr]   checking for sysroot... no
[INFO] [stderr]   checking for a working dd... /usr/bin/dd
[INFO] [stderr]   checking how to truncate binary pipes... /usr/bin/dd bs=4096 count=1
[INFO] [stderr]   checking for mt... no
[INFO] [stderr]   checking if : is a manifest tool... no
[INFO] [stderr]   checking for stdio.h... yes
[INFO] [stderr]   checking for stdlib.h... yes
[INFO] [stderr]   checking for string.h... yes
[INFO] [stderr]   checking for inttypes.h... yes
[INFO] [stderr]   checking for stdint.h... yes
[INFO] [stderr]   checking for strings.h... yes
[INFO] [stderr]   checking for sys/stat.h... yes
[INFO] [stderr]   checking for sys/types.h... yes
[INFO] [stderr]   checking for unistd.h... yes
[INFO] [stderr]   checking for dlfcn.h... yes
[INFO] [stderr]   checking for objdir... .libs
[INFO] [stderr]   checking if cc supports -fno-rtti -fno-exceptions... no
[INFO] [stderr]   checking for cc option to produce PIC... -fPIC -DPIC
[INFO] [stderr]   checking if cc PIC flag -fPIC -DPIC works... yes
[INFO] [stderr]   checking if cc static flag -static works... yes
[INFO] [stderr]   checking if cc supports -c -o file.o... yes
[INFO] [stderr]   checking if cc supports -c -o file.o... (cached) yes
[INFO] [stderr]   checking whether the cc linker (/usr/bin/ld -m elf_x86_64) supports shared libraries... yes
[INFO] [stderr]   checking dynamic linker characteristics... GNU/Linux ld.so
[INFO] [stderr]   checking how to hardcode library paths into programs... immediate
[INFO] [stderr]   checking whether stripping libraries is possible... yes
[INFO] [stderr]   checking if libtool supports shared libraries... yes
[INFO] [stderr]   checking whether to build shared libraries... no
[INFO] [stderr]   checking whether to build static libraries... yes
[INFO] [stderr]   checking how to run the C++ preprocessor... c++ -E
[INFO] [stderr]   checking for ld used by c++... /usr/bin/ld -m elf_x86_64
[INFO] [stderr]   checking if the linker (/usr/bin/ld -m elf_x86_64) is GNU ld... yes
[INFO] [stderr]   checking whether the c++ linker (/usr/bin/ld -m elf_x86_64) supports shared libraries... yes
[INFO] [stderr]   checking for c++ option to produce PIC... -fPIC -DPIC
[INFO] [stderr]   checking if c++ PIC flag -fPIC -DPIC works... yes
[INFO] [stderr]   checking if c++ static flag -static works... yes
[INFO] [stderr]   checking if c++ supports -c -o file.o... yes
[INFO] [stderr]   checking if c++ supports -c -o file.o... (cached) yes
[INFO] [stderr]   checking whether the c++ linker (/usr/bin/ld -m elf_x86_64) supports shared libraries... yes
[INFO] [stderr]   checking dynamic linker characteristics... (cached) GNU/Linux ld.so
[INFO] [stderr]   checking how to hardcode library paths into programs... immediate
[INFO] [stderr]   checking for python... :
[INFO] [stderr]   checking for the pthreads library -lpthreads... no
[INFO] [stderr]   checking whether pthreads work without any flags... yes
[INFO] [stderr]   checking for joinable pthread attribute... PTHREAD_CREATE_JOINABLE
[INFO] [stderr]   checking if more special flags are required for pthreads... no
[INFO] [stderr]   checking whether to check for GCC pthread/shared inconsistencies... yes
[INFO] [stderr]   checking whether -pthread is sufficient with -shared... yes
[INFO] [stderr]   checking for gtest-config... no
[INFO] [stderr]   checking that generated files are newer than configure... done
[INFO] [stderr]   configure: creating ./config.status
[INFO] [stderr]   config.status: creating Makefile
[INFO] [stderr]   config.status: creating scripts/gmock-config
[INFO] [stderr]   config.status: creating build-aux/config.h
[INFO] [stderr]   config.status: executing depfiles commands
[INFO] [stderr]   config.status: executing libtool commands
[INFO] [stderr]   running: cd "/opt/rustwide/target/debug/build/protobuf-src-f46a753cfd389054/out/install/build" && MAKEFLAGS="-j --jobserver-fds=7,8 --jobserver-auth=7,8" "sh" "-c" "exec \"$0\" \"$@\"" "make" "install"
[INFO] [stderr]   Making install in .
[INFO] [stderr]   make[1]: Entering directory '/opt/rustwide/target/debug/build/protobuf-src-f46a753cfd389054/out/install/build'
[INFO] [stderr]   make[2]: Entering directory '/opt/rustwide/target/debug/build/protobuf-src-f46a753cfd389054/out/install/build'
[INFO] [stderr]   make[2]: Nothing to be done for 'install-exec-am'.
[INFO] [stderr]    /usr/bin/mkdir -p '/opt/rustwide/target/debug/build/protobuf-src-f46a753cfd389054/out/install/lib/pkgconfig'
[INFO] [stderr]    /usr/bin/install -c -m 644 protobuf.pc protobuf-lite.pc '/opt/rustwide/target/debug/build/protobuf-src-f46a753cfd389054/out/install/lib/pkgconfig'
[INFO] [stderr]   make[2]: Leaving directory '/opt/rustwide/target/debug/build/protobuf-src-f46a753cfd389054/out/install/build'
[INFO] [stderr]   make[1]: Leaving directory '/opt/rustwide/target/debug/build/protobuf-src-f46a753cfd389054/out/install/build'
[INFO] [stderr]   Making install in src
[INFO] [stderr]   make[1]: Entering directory '/opt/rustwide/target/debug/build/protobuf-src-f46a753cfd389054/out/install/build/src'
[INFO] [stderr]     CXX      google/protobuf/map.lo
[INFO] [stderr]     CXX      google/protobuf/message_lite.lo
[INFO] [stderr]     CXX      google/protobuf/parse_context.lo
[INFO] [stderr]     CXX      google/protobuf/repeated_field.lo
[INFO] [stderr]     CXX      google/protobuf/repeated_ptr_field.lo
[INFO] [stderr]     CXX      google/protobuf/wire_format_lite.lo
[INFO] [stderr]     CXX      google/protobuf/any.lo
[INFO] [stderr]     CXX      google/protobuf/any.pb.lo
[INFO] [stderr]     CXX      google/protobuf/api.pb.lo
[INFO] [stderr]     CXX      google/protobuf/compiler/importer.lo
[INFO] [stderr]     CXX      google/protobuf/compiler/parser.lo
[INFO] [stderr]     CXX      google/protobuf/descriptor.lo
[INFO] [stderr]     CXX      google/protobuf/descriptor.pb.lo
[INFO] [stderr]     CXX      google/protobuf/descriptor_database.lo
[INFO] [stderr]     CXX      google/protobuf/duration.pb.lo
[INFO] [stderr]     CXX      google/protobuf/dynamic_message.lo
[INFO] [stderr]     CXX      google/protobuf/empty.pb.lo
[INFO] [stderr]     CXX      google/protobuf/extension_set_heavy.lo
[INFO] [stderr]     CXX      google/protobuf/field_mask.pb.lo
[INFO] [stderr]     CXX      google/protobuf/generated_message_bases.lo
[INFO] [stderr]     CXX      google/protobuf/generated_message_reflection.lo
[INFO] [stderr]     CXX      google/protobuf/generated_message_tctable_full.lo
[INFO] [stderr]     CXX      google/protobuf/io/gzip_stream.lo
[INFO] [stderr]     CXX      google/protobuf/io/printer.lo
[INFO] [stderr]     CXX      google/protobuf/io/tokenizer.lo
[INFO] [stderr]     CXX      google/protobuf/map_field.lo
[INFO] [stderr]     CXX      google/protobuf/message.lo
[INFO] [stderr]     CXX      google/protobuf/reflection_ops.lo
[INFO] [stderr]     CXX      google/protobuf/service.lo
[INFO] [stderr]     CXX      google/protobuf/source_context.pb.lo
[INFO] [stderr]     CXX      google/protobuf/struct.pb.lo
[INFO] [stderr]     CXX      google/protobuf/stubs/substitute.lo
[INFO] [stderr]     CXX      google/protobuf/text_format.lo
[INFO] [stderr]     CXX      google/protobuf/timestamp.pb.lo
[INFO] [stderr]     CXX      google/protobuf/type.pb.lo
[INFO] [stderr]     CXX      google/protobuf/unknown_field_set.lo
[INFO] [stderr]     CXX      google/protobuf/util/json_util.lo
[INFO] [stderr]     CXX      google/protobuf/util/message_differencer.lo
[INFO] [stderr]     CXX      google/protobuf/util/time_util.lo
[INFO] [stderr]     CXX      google/protobuf/util/type_resolver_util.lo
[INFO] [stderr]     CXX      google/protobuf/wire_format.lo
[INFO] [stderr]     CXX      google/protobuf/wrappers.pb.lo
[INFO] [stderr]     CXX      google/protobuf/compiler/code_generator.lo
[INFO] [stderr]     CXX      google/protobuf/compiler/command_line_interface.lo
[INFO] [stderr]     CXX      google/protobuf/compiler/plugin.lo
[INFO] [stderr]     CXX      google/protobuf/compiler/plugin.pb.lo
[INFO] [stderr]     CXX      google/protobuf/compiler/subprocess.lo
[INFO] [stderr]     CXX      google/protobuf/compiler/zip_writer.lo
[INFO] [stderr]     CXX      google/protobuf/compiler/main.o
[INFO] [stderr]     CXX      google/protobuf/any_lite.lo
[INFO] [stderr]     CXX      google/protobuf/arena.lo
[INFO] [stderr]     CXX      google/protobuf/arenastring.lo
[INFO] [stderr]     CXX      google/protobuf/arenaz_sampler.lo
[INFO] [stderr]     CXX      google/protobuf/extension_set.lo
[INFO] [stderr]     CXX      google/protobuf/generated_enum_util.lo
[INFO] [stderr]     CXX      google/protobuf/generated_message_tctable_lite.lo
[INFO] [stderr]     CXX      google/protobuf/generated_message_util.lo
[INFO] [stderr]     CXX      google/protobuf/implicit_weak_message.lo
[INFO] [stderr]     CXX      google/protobuf/inlined_string_field.lo
[INFO] [stderr]     CXX      google/protobuf/io/coded_stream.lo
[INFO] [stderr]     CXX      google/protobuf/io/io_win32.lo
[INFO] [stderr]     CXX      google/protobuf/io/strtod.lo
[INFO] [stderr]     CXX      google/protobuf/io/zero_copy_stream.lo
[INFO] [stderr]     CXX      google/protobuf/io/zero_copy_stream_impl.lo
[INFO] [stderr]     CXX      google/protobuf/io/zero_copy_stream_impl_lite.lo
[INFO] [stderr]     CXX      google/protobuf/stubs/bytestream.lo
[INFO] [stderr]     CXX      google/protobuf/stubs/common.lo
[INFO] [stderr]     CXX      google/protobuf/stubs/int128.lo
[INFO] [stderr]     CXX      google/protobuf/stubs/status.lo
[INFO] [stderr]     CXX      google/protobuf/stubs/statusor.lo
[INFO] [stderr]     CXX      google/protobuf/stubs/stringpiece.lo
[INFO] [stderr]     CXX      google/protobuf/stubs/stringprintf.lo
[INFO] [stderr]     CXX      google/protobuf/stubs/structurally_valid.lo
[INFO] [stderr]     CXX      google/protobuf/stubs/strutil.lo
[INFO] [stderr]     CXX      google/protobuf/stubs/time.lo
[INFO] [stderr]     CXX      google/protobuf/util/delimited_message_util.lo
[INFO] [stderr]     CXX      google/protobuf/util/field_comparator.lo
[INFO] [stderr]     CXX      google/protobuf/util/field_mask_util.lo
[INFO] [stderr]     CXX      google/protobuf/util/internal/datapiece.lo
[INFO] [stderr]     CXX      google/protobuf/util/internal/default_value_objectwriter.lo
[INFO] [stderr]     CXX      google/protobuf/util/internal/error_listener.lo
[INFO] [stderr]     CXX      google/protobuf/util/internal/field_mask_utility.lo
[INFO] [stderr]     CXX      google/protobuf/util/internal/json_escaping.lo
[INFO] [stderr]     CXX      google/protobuf/util/internal/json_objectwriter.lo
[INFO] [stderr]     CXX      google/protobuf/util/internal/json_stream_parser.lo
[INFO] [stderr]     CXX      google/protobuf/util/internal/object_writer.lo
[INFO] [stderr]     CXX      google/protobuf/util/internal/proto_writer.lo
[INFO] [stderr]     CXX      google/protobuf/util/internal/protostream_objectsource.lo
[INFO] [stderr]     CXX      google/protobuf/util/internal/protostream_objectwriter.lo
[INFO] [stderr]     CXX      google/protobuf/util/internal/type_info.lo
[INFO] [stderr]     CXX      google/protobuf/util/internal/utility.lo
[INFO] [stderr]     CXX      google/protobuf/compiler/cpp/enum.lo
[INFO] [stderr]     CXX      google/protobuf/compiler/cpp/enum_field.lo
[INFO] [stderr]     CXX      google/protobuf/compiler/cpp/extension.lo
[INFO] [stderr]     CXX      google/protobuf/compiler/cpp/field.lo
[INFO] [stderr]     CXX      google/protobuf/compiler/cpp/file.lo
[INFO] [stderr]     CXX      google/protobuf/compiler/cpp/generator.lo
[INFO] [stderr]     CXX      google/protobuf/compiler/cpp/helpers.lo
[INFO] [stderr]     CXX      google/protobuf/compiler/cpp/map_field.lo
[INFO] [stderr]     CXX      google/protobuf/compiler/cpp/message.lo
[INFO] [stderr]     CXX      google/protobuf/compiler/cpp/message_field.lo
[INFO] [stderr]     CXX      google/protobuf/compiler/cpp/padding_optimizer.lo
[INFO] [stderr]     CXX      google/protobuf/compiler/cpp/parse_function_generator.lo
[INFO] [stderr]     CXX      google/protobuf/compiler/cpp/primitive_field.lo
[INFO] [stderr]     CXX      google/protobuf/compiler/cpp/service.lo
[INFO] [stderr]   make[1]: Leaving directory '/opt/rustwide/target/debug/build/protobuf-src-f46a753cfd389054/out/install/build/src'
[INFO] [stderr] 
[INFO] [stderr]   --- stderr
[INFO] [stderr]   In file included from /opt/rustwide/cargo-home/registry/src/index.crates.io-6f17d22bba15001f/protobuf-src-1.1.0+21.5/protobuf/src/google/protobuf/generated_message_tctable_lite.cc:36:
[INFO] [stderr]   /opt/rustwide/cargo-home/registry/src/index.crates.io-6f17d22bba15001f/protobuf-src-1.1.0+21.5/protobuf/src/google/protobuf/generated_message_tctable_impl.h: In function 'void google::protobuf::internal::AlignFail(uintptr_t) [with long unsigned int align = 4]':
[INFO] [stderr]   /opt/rustwide/cargo-home/registry/src/index.crates.io-6f17d22bba15001f/protobuf-src-1.1.0+21.5/protobuf/src/google/protobuf/generated_message_tctable_impl.h:256:1: warning: 'noreturn' function does return
[INFO] [stderr]     256 | }
[INFO] [stderr]         | ^
[INFO] [stderr]   /opt/rustwide/cargo-home/registry/src/index.crates.io-6f17d22bba15001f/protobuf-src-1.1.0+21.5/protobuf/src/google/protobuf/generated_message_tctable_impl.h: In function 'void google::protobuf::internal::AlignFail(uintptr_t) [with long unsigned int align = 8]':
[INFO] [stderr]   /opt/rustwide/cargo-home/registry/src/index.crates.io-6f17d22bba15001f/protobuf-src-1.1.0+21.5/protobuf/src/google/protobuf/generated_message_tctable_impl.h:256:1: warning: 'noreturn' function does return
[INFO] [stderr]   c++: fatal error: Killed signal terminated program cc1plus
[INFO] [stderr]   compilation terminated.
[INFO] [stderr]   make[1]: *** [Makefile:4514: google/protobuf/compiler/cpp/file.lo] Error 1
[INFO] [stderr]   make[1]: *** Waiting for unfinished jobs....
[INFO] [stderr]   make: *** [Makefile:1757: install-recursive] Error 1
[INFO] [stderr]   thread 'main' panicked at /opt/rustwide/cargo-home/registry/src/index.crates.io-6f17d22bba15001f/autotools-0.2.6/src/lib.rs:781:5:
[INFO] [stderr] 
[INFO] [stderr]   command did not execute successfully, got: exit status: 2
[INFO] [stderr] 
[INFO] [stderr]   build script failed, must exit now
[INFO] [stderr]   stack backtrace:
[INFO] [stderr]      0:     0x56422e0adb36 - std::backtrace_rs::backtrace::libunwind::trace::h261606ad26a499c1
[INFO] [stderr]                                  at /rustc/0e09125c6c3c2fd70d7de961bcf0e51575235fad/library/std/src/../../backtrace/src/backtrace/libunwind.rs:104:5
[INFO] [stderr]      1:     0x56422e0adb36 - std::backtrace_rs::backtrace::trace_unsynchronized::hd183f0625477fb28
[INFO] [stderr]                                  at /rustc/0e09125c6c3c2fd70d7de961bcf0e51575235fad/library/std/src/../../backtrace/src/backtrace/mod.rs:66:5
[INFO] [stderr]      2:     0x56422e0adb36 - std::sys_common::backtrace::_print_fmt::hd7f8fef21b4eda67
[INFO] [stderr]                                  at /rustc/0e09125c6c3c2fd70d7de961bcf0e51575235fad/library/std/src/sys_common/backtrace.rs:68:5
[INFO] [stderr]      3:     0x56422e0adb36 - <std::sys_common::backtrace::_print::DisplayBacktrace as core::fmt::Display>::fmt::h623d9b51f2f453f1
[INFO] [stderr]                                  at /rustc/0e09125c6c3c2fd70d7de961bcf0e51575235fad/library/std/src/sys_common/backtrace.rs:44:22
[INFO] [stderr]      4:     0x56422e0d3050 - core::fmt::rt::Argument::fmt::h9f417ac76a86f368
[INFO] [stderr]                                  at /rustc/0e09125c6c3c2fd70d7de961bcf0e51575235fad/library/core/src/fmt/rt.rs:142:9
[INFO] [stderr]      5:     0x56422e0d3050 - core::fmt::write::hc9b6faf4ac2aeff7
[INFO] [stderr]                                  at /rustc/0e09125c6c3c2fd70d7de961bcf0e51575235fad/library/core/src/fmt/mod.rs:1120:17
[INFO] [stderr]      6:     0x56422e0ab44f - std::io::Write::write_fmt::hfead1eee52c2e65e
[INFO] [stderr]                                  at /rustc/0e09125c6c3c2fd70d7de961bcf0e51575235fad/library/std/src/io/mod.rs:1810:15
[INFO] [stderr]      7:     0x56422e0ad914 - std::sys_common::backtrace::_print::hd5d66399c7df88a2
[INFO] [stderr]                                  at /rustc/0e09125c6c3c2fd70d7de961bcf0e51575235fad/library/std/src/sys_common/backtrace.rs:47:5
[INFO] [stderr]      8:     0x56422e0ad914 - std::sys_common::backtrace::print::he81ed2da642d37e5
[INFO] [stderr]                                  at /rustc/0e09125c6c3c2fd70d7de961bcf0e51575235fad/library/std/src/sys_common/backtrace.rs:34:9
[INFO] [stderr]      9:     0x56422e0af1f7 - std::panicking::default_hook::{{closure}}::h85773f4fa117163d
[INFO] [stderr]     10:     0x56422e0aef59 - std::panicking::default_hook::h6a1694a91d09b278
[INFO] [stderr]                                  at /rustc/0e09125c6c3c2fd70d7de961bcf0e51575235fad/library/std/src/panicking.rs:292:9
[INFO] [stderr]     11:     0x56422e0af688 - std::panicking::rust_panic_with_hook::h0a7ad96e90f7145b
[INFO] [stderr]                                  at /rustc/0e09125c6c3c2fd70d7de961bcf0e51575235fad/library/std/src/panicking.rs:779:13
[INFO] [stderr]     12:     0x56422e0af562 - std::panicking::begin_panic_handler::{{closure}}::h7919090525c6485e
[INFO] [stderr]                                  at /rustc/0e09125c6c3c2fd70d7de961bcf0e51575235fad/library/std/src/panicking.rs:657:13
[INFO] [stderr]     13:     0x56422e0ae036 - std::sys_common::backtrace::__rust_end_short_backtrace::hf3289479464f7dfe
[INFO] [stderr]                                  at /rustc/0e09125c6c3c2fd70d7de961bcf0e51575235fad/library/std/src/sys_common/backtrace.rs:171:18
[INFO] [stderr]     14:     0x56422e0af2c0 - rust_begin_unwind
[INFO] [stderr]                                  at /rustc/0e09125c6c3c2fd70d7de961bcf0e51575235fad/library/std/src/panicking.rs:645:5
[INFO] [stderr]     15:     0x56422e038845 - core::panicking::panic_fmt::hcc9f77c5c132af55
[INFO] [stderr]                                  at /rustc/0e09125c6c3c2fd70d7de961bcf0e51575235fad/library/core/src/panicking.rs:72:14
[INFO] [stderr]     16:     0x56422e04a371 - autotools::fail::h5c9b2cbdce51b1eb
[INFO] [stderr]     17:     0x56422e0486b5 - autotools::Config::build::h82f2c6f1ae877def
[INFO] [stderr]     18:     0x56422e03fa98 - build_script_build::main::hc23ed002eb9ee8d9
[INFO] [stderr]     19:     0x56422e03e3f3 - core::ops::function::FnOnce::call_once::h418eb85a1258a75d
[INFO] [stderr]     20:     0x56422e039446 - std::sys_common::backtrace::__rust_begin_short_backtrace::h23c79ea68e8a7426
[INFO] [stderr]     21:     0x56422e039739 - std::rt::lang_start::{{closure}}::hd8406ea072415714
[INFO] [stderr]     22:     0x56422e0a6c61 - core::ops::function::impls::<impl core::ops::function::FnOnce<A> for &F>::call_once::h4eb4c5e1620f29b0
[INFO] [stderr]                                  at /rustc/0e09125c6c3c2fd70d7de961bcf0e51575235fad/library/core/src/ops/function.rs:284:13
[INFO] [stderr]     23:     0x56422e0a6c61 - std::panicking::try::do_call::h73fd26535faffcdf
[INFO] [stderr]                                  at /rustc/0e09125c6c3c2fd70d7de961bcf0e51575235fad/library/std/src/panicking.rs:552:40
[INFO] [stderr]     24:     0x56422e0a6c61 - std::panicking::try::h77ff1d98f0fb9f39
[INFO] [stderr]                                  at /rustc/0e09125c6c3c2fd70d7de961bcf0e51575235fad/library/std/src/panicking.rs:516:19
[INFO] [stderr]     25:     0x56422e0a6c61 - std::panic::catch_unwind::hab3caf2448b95e37
[INFO] [stderr]                                  at /rustc/0e09125c6c3c2fd70d7de961bcf0e51575235fad/library/std/src/panic.rs:142:14
[INFO] [stderr]     26:     0x56422e0a6c61 - std::rt::lang_start_internal::{{closure}}::h8086711f9c783f78
[INFO] [stderr]                                  at /rustc/0e09125c6c3c2fd70d7de961bcf0e51575235fad/library/std/src/rt.rs:148:48
[INFO] [stderr]     27:     0x56422e0a6c61 - std::panicking::try::do_call::hf920d4dc291cd6ca
[INFO] [stderr]                                  at /rustc/0e09125c6c3c2fd70d7de961bcf0e51575235fad/library/std/src/panicking.rs:552:40
[INFO] [stderr]     28:     0x56422e0a6c61 - std::panicking::try::h2b806ccc0a85db74
[INFO] [stderr]                                  at /rustc/0e09125c6c3c2fd70d7de961bcf0e51575235fad/library/std/src/panicking.rs:516:19
[INFO] [stderr]     29:     0x56422e0a6c61 - std::panic::catch_unwind::h038489539c507df2
[INFO] [stderr]                                  at /rustc/0e09125c6c3c2fd70d7de961bcf0e51575235fad/library/std/src/panic.rs:142:14
[INFO] [stderr]     30:     0x56422e0a6c61 - std::rt::lang_start_internal::h28503b88912e8a5c
[INFO] [stderr]                                  at /rustc/0e09125c6c3c2fd70d7de961bcf0e51575235fad/library/std/src/rt.rs:148:20
[INFO] [stderr]     31:     0x56422e039717 - std::rt::lang_start::h53e4a242ee13979a
[INFO] [stderr]     32:     0x56422e03ff55 - main
[INFO] [stderr]     33:     0x7fb258579d90 - <unknown>
[INFO] [stderr]     34:     0x7fb258579e40 - __libc_start_main
[INFO] [stderr]     35:     0x56422e039065 - _start
[INFO] [stderr]     36:                0x0 - <unknown>
[INFO] running `Command { std: "docker" "inspect" "8f0f8e5bb64ac9f2b4315e5d2eacd203a0c58d8b611e5f24feb56cd9a742b6eb", kill_on_drop: false }`
[INFO] running `Command { std: "docker" "rm" "-f" "8f0f8e5bb64ac9f2b4315e5d2eacd203a0c58d8b611e5f24feb56cd9a742b6eb", kill_on_drop: false }`
[INFO] [stdout] 8f0f8e5bb64ac9f2b4315e5d2eacd203a0c58d8b611e5f24feb56cd9a742b6eb
