[INFO] cloning repository https://github.com/LG64BIT/web_chat
[INFO] running `Command { std: "git" "-c" "credential.helper=" "-c" "credential.helper=/workspace/cargo-home/bin/git-credential-null" "clone" "--bare" "https://github.com/LG64BIT/web_chat" "/workspace/cache/git-repos/https%3A%2F%2Fgithub.com%2FLG64BIT%2Fweb_chat", kill_on_drop: false }`
[INFO] [stderr] Cloning into bare repository '/workspace/cache/git-repos/https%3A%2F%2Fgithub.com%2FLG64BIT%2Fweb_chat'...
[INFO] running `Command { std: "git" "rev-parse" "HEAD", kill_on_drop: false }`
[INFO] [stdout] e114e62d73699b94e2d0e92ae14ff55f019cab6d
[INFO] testing LG64BIT/web_chat against 1.75.0 for beta-1.76-1
[INFO] running `Command { std: "git" "clone" "/workspace/cache/git-repos/https%3A%2F%2Fgithub.com%2FLG64BIT%2Fweb_chat" "/workspace/builds/worker-5-tc1/source", kill_on_drop: false }`
[INFO] [stderr] Cloning into '/workspace/builds/worker-5-tc1/source'...
[INFO] [stderr] done.
[INFO] validating manifest of git repo https://github.com/LG64BIT/web_chat on toolchain 1.75.0
[INFO] running `Command { std: CARGO_HOME="/workspace/cargo-home" RUSTUP_HOME="/workspace/rustup-home" "/workspace/cargo-home/bin/cargo" "+1.75.0" "metadata" "--manifest-path" "Cargo.toml" "--no-deps", kill_on_drop: false }`
[INFO] started tweaking git repo https://github.com/LG64BIT/web_chat
[INFO] finished tweaking git repo https://github.com/LG64BIT/web_chat
[INFO] tweaked toml for git repo https://github.com/LG64BIT/web_chat written to /workspace/builds/worker-5-tc1/source/Cargo.toml
[INFO] crate git repo https://github.com/LG64BIT/web_chat already has a lockfile, it will not be regenerated
[INFO] running `Command { std: CARGO_HOME="/workspace/cargo-home" RUSTUP_HOME="/workspace/rustup-home" "/workspace/cargo-home/bin/cargo" "+1.75.0" "fetch" "--manifest-path" "Cargo.toml", kill_on_drop: false }`
[INFO] [stderr]  Downloading crates ...
[INFO] [stderr]   Downloaded actix v0.13.0
[INFO] [stderr]   Downloaded actix-web-actors v4.1.0
[INFO] [stderr]   Downloaded time v0.3.12
[INFO] running `Command { std: "docker" "create" "-v" "/var/lib/crater-agent-workspace/builds/worker-5-tc1/target:/opt/rustwide/target:rw,Z" "-v" "/var/lib/crater-agent-workspace/builds/worker-5-tc1/source:/opt/rustwide/workdir:ro,Z" "-v" "/var/lib/crater-agent-workspace/cargo-home:/opt/rustwide/cargo-home:ro,Z" "-v" "/var/lib/crater-agent-workspace/rustup-home:/opt/rustwide/rustup-home:ro,Z" "-e" "SOURCE_DIR=/opt/rustwide/workdir" "-e" "CARGO_TARGET_DIR=/opt/rustwide/target" "-e" "CARGO_HOME=/opt/rustwide/cargo-home" "-e" "RUSTUP_HOME=/opt/rustwide/rustup-home" "-w" "/opt/rustwide/workdir" "-m" "1610612736" "--user" "0:0" "--network" "none" "ghcr.io/rust-lang/crates-build-env/linux@sha256:2788e3201cd34a07e3172128adcd8b3090168a8e3bcc40d7c032b9dda1df7d1c" "/opt/rustwide/cargo-home/bin/cargo" "+1.75.0" "metadata" "--no-deps" "--format-version=1", kill_on_drop: false }`
[INFO] [stdout] 3b6462c61ad26dc277ae3a266d45292bf7f04e1b5fa4f9bb5945c367c013135d
[INFO] running `Command { std: "docker" "start" "-a" "3b6462c61ad26dc277ae3a266d45292bf7f04e1b5fa4f9bb5945c367c013135d", kill_on_drop: false }`
[INFO] running `Command { std: "docker" "inspect" "3b6462c61ad26dc277ae3a266d45292bf7f04e1b5fa4f9bb5945c367c013135d", kill_on_drop: false }`
[INFO] running `Command { std: "docker" "rm" "-f" "3b6462c61ad26dc277ae3a266d45292bf7f04e1b5fa4f9bb5945c367c013135d", kill_on_drop: false }`
[INFO] [stdout] 3b6462c61ad26dc277ae3a266d45292bf7f04e1b5fa4f9bb5945c367c013135d
[INFO] running `Command { std: "docker" "create" "-v" "/var/lib/crater-agent-workspace/builds/worker-5-tc1/target:/opt/rustwide/target:rw,Z" "-v" "/var/lib/crater-agent-workspace/builds/worker-5-tc1/source:/opt/rustwide/workdir:ro,Z" "-v" "/var/lib/crater-agent-workspace/cargo-home:/opt/rustwide/cargo-home:ro,Z" "-v" "/var/lib/crater-agent-workspace/rustup-home:/opt/rustwide/rustup-home:ro,Z" "-e" "SOURCE_DIR=/opt/rustwide/workdir" "-e" "CARGO_TARGET_DIR=/opt/rustwide/target" "-e" "CARGO_INCREMENTAL=0" "-e" "RUST_BACKTRACE=full" "-e" "RUSTFLAGS=--cap-lints=warn" "-e" "RUSTDOCFLAGS=--cap-lints=warn" "-e" "CARGO_HOME=/opt/rustwide/cargo-home" "-e" "RUSTUP_HOME=/opt/rustwide/rustup-home" "-w" "/opt/rustwide/workdir" "-m" "1610612736" "--user" "0:0" "--network" "none" "ghcr.io/rust-lang/crates-build-env/linux@sha256:2788e3201cd34a07e3172128adcd8b3090168a8e3bcc40d7c032b9dda1df7d1c" "/opt/rustwide/cargo-home/bin/cargo" "+1.75.0" "build" "--frozen" "--message-format=json", kill_on_drop: false }`
[INFO] [stdout] 0f49650eaeb4cf51bfc285c4297c52027e6399c340969f85a34d091014fd26f2
[INFO] running `Command { std: "docker" "start" "-a" "0f49650eaeb4cf51bfc285c4297c52027e6399c340969f85a34d091014fd26f2", kill_on_drop: false }`
[INFO] [stderr]    Compiling libc v0.2.126
[INFO] [stderr]    Compiling proc-macro2 v1.0.42
[INFO] [stderr]    Compiling unicode-ident v1.0.2
[INFO] [stderr]    Compiling quote v1.0.20
[INFO] [stderr]    Compiling syn v1.0.98
[INFO] [stderr]    Compiling log v0.4.17
[INFO] [stderr]    Compiling parking_lot_core v0.9.3
[INFO] [stderr]    Compiling smallvec v1.9.0
[INFO] [stderr]    Compiling once_cell v1.13.0
[INFO] [stderr]    Compiling bytes v1.2.1
[INFO] [stderr]    Compiling pin-project-lite v0.2.9
[INFO] [stderr]    Compiling lock_api v0.4.7
[INFO] [stderr]    Compiling serde_derive v1.0.140
[INFO] [stderr]    Compiling itoa v1.0.2
[INFO] [stderr]    Compiling serde v1.0.140
[INFO] [stderr]    Compiling typenum v1.15.0
[INFO] [stderr]    Compiling futures-core v0.3.21
[INFO] [stderr]    Compiling generic-array v0.14.5
[INFO] [stderr]    Compiling tokio v1.20.1
[INFO] [stderr]    Compiling num-traits v0.2.15
[INFO] [stderr]    Compiling futures-task v0.3.21
[INFO] [stderr]    Compiling tracing-core v0.1.29
[INFO] [stderr]    Compiling futures-util v0.3.21
[INFO] [stderr]    Compiling aho-corasick v0.7.18
[INFO] [stderr]    Compiling percent-encoding v2.1.0
[INFO] [stderr]    Compiling regex-syntax v0.6.27
[INFO] [stderr]    Compiling futures-sink v0.3.21
[INFO] [stderr]    Compiling tinyvec_macros v0.1.0
[INFO] [stderr]    Compiling http v0.2.8
[INFO] [stderr]    Compiling matches v0.1.9
[INFO] [stderr]    Compiling bytestring v1.1.0
[INFO] [stderr]    Compiling tinyvec v1.6.0
[INFO] [stderr]    Compiling slab v0.4.7
[INFO] [stderr]    Compiling indexmap v1.9.1
[INFO] [stderr]    Compiling ryu v1.0.10
[INFO] [stderr]    Compiling num_threads v0.1.6
[INFO] [stderr]    Compiling base64 v0.13.0
[INFO] [stderr]    Compiling tracing v0.1.36
[INFO] [stderr]    Compiling serde_json v1.0.82
[INFO] [stderr]    Compiling alloc-no-stdlib v2.0.3
[INFO] [stderr]    Compiling time-macros v0.2.4
[INFO] [stderr]    Compiling zstd-safe v5.0.2+zstd.1.5.2
[INFO] [stderr]    Compiling local-waker v0.1.3
[INFO] [stderr]    Compiling jobserver v0.1.24
[INFO] [stderr]    Compiling signal-hook-registry v1.4.0
[INFO] [stderr]    Compiling socket2 v0.4.4
[INFO] [stderr]    Compiling mio v0.8.4
[INFO] [stderr]    Compiling getrandom v0.2.7
[INFO] [stderr]    Compiling alloc-stdlib v0.2.1
[INFO] [stderr]    Compiling parking_lot v0.12.1
[INFO] [stderr]    Compiling cc v1.0.73
[INFO] [stderr]    Compiling rand_core v0.6.3
[INFO] [stderr]    Compiling unicode-normalization v0.1.21
[INFO] [stderr]    Compiling num-integer v0.1.45
[INFO] [stderr]    Compiling form_urlencoded v1.0.1
[INFO] [stderr]    Compiling ahash v0.7.6
[INFO] [stderr]    Compiling proc-macro-error-attr v1.0.4
[INFO] [stderr]    Compiling paste v1.0.7
[INFO] [stderr]    Compiling firestorm v0.5.1
[INFO] [stderr]    Compiling pq-sys v0.4.7
[INFO] [stderr]    Compiling encoding_rs v0.8.31
[INFO] [stderr]    Compiling httparse v1.7.1
[INFO] [stderr]    Compiling unicode-bidi v0.3.8
[INFO] [stderr]    Compiling crossbeam-utils v0.8.11
[INFO] [stderr]    Compiling ppv-lite86 v0.2.16
[INFO] [stderr]    Compiling miniz_oxide v0.5.3
[INFO] [stderr]    Compiling crypto-common v0.1.6
[INFO] [stderr]    Compiling block-buffer v0.10.2
[INFO] [stderr]    Compiling idna v0.2.3
[INFO] [stderr]    Compiling scheduled-thread-pool v0.2.6
[INFO] [stderr]    Compiling brotli-decompressor v2.3.2
[INFO] [stderr]    Compiling digest v0.10.3
[INFO] [stderr]    Compiling regex v1.6.0
[INFO] [stderr]    Compiling actix-service v2.0.2
[INFO] [stderr]    Compiling rand_chacha v0.3.1
[INFO] [stderr]    Compiling actix-utils v3.0.0
[INFO] [stderr]    Compiling zstd-sys v2.0.1+zstd.1.5.2
[INFO] [stderr]    Compiling time v0.1.44
[INFO] [stderr]    Compiling cookie v0.16.0
[INFO] [stderr]    Compiling num-bigint v0.4.3
[INFO] [stderr]    Compiling time v0.3.12
[INFO] [stderr]    Compiling proc-macro-error v1.0.4
[INFO] [stderr]    Compiling cpufeatures v0.2.2
[INFO] [stderr]    Compiling convert_case v0.4.0
[INFO] [stderr]    Compiling sha1 v0.10.1
[INFO] [stderr]    Compiling url v2.2.2
[INFO] [stderr]    Compiling rand v0.8.5
[INFO] [stderr]    Compiling local-channel v0.1.3
[INFO] [stderr]    Compiling ring v0.16.20
[INFO] [stderr]    Compiling flate2 v1.0.24
[INFO] [stderr]    Compiling r2d2 v0.8.10
[INFO] [stderr]    Compiling brotli v3.3.4
[INFO] [stderr]    Compiling inout v0.1.3
[INFO] [stderr]    Compiling num_cpus v1.13.1
[INFO] [stderr]    Compiling language-tags v0.3.2
[INFO] [stderr]    Compiling mime v0.3.16
[INFO] [stderr]    Compiling crossbeam-channel v0.5.6
[INFO] [stderr]    Compiling cipher v0.4.3
[INFO] [stderr]    Compiling if_chain v1.0.2
[INFO] [stderr]    Compiling pem v1.1.0
[INFO] [stderr]    Compiling zeroize v1.5.7
[INFO] [stderr]    Compiling blowfish v0.9.1
[INFO] [stderr]    Compiling dotenv v0.15.0
[INFO] [stderr]    Compiling bcrypt v0.13.0
[INFO] [stderr]    Compiling validator_types v0.16.0
[INFO] [stderr]    Compiling tokio-util v0.7.3
[INFO] [stderr]    Compiling actix-rt v2.7.0
[INFO] [stderr]    Compiling actix-server v2.1.1
[INFO] [stderr]    Compiling h2 v0.3.13
[INFO] [stderr]    Compiling actix-codec v0.5.0
[INFO] [stderr]    Compiling actix-router v0.5.0
[INFO] [stderr]    Compiling diesel_derives v1.4.1
[INFO] [stderr]    Compiling thiserror-impl v1.0.31
[INFO] [stderr]    Compiling derive_more v0.99.17
[INFO] [stderr]    Compiling actix-web-codegen v4.0.1
[INFO] [stderr]    Compiling actix-macros v0.2.3
[INFO] [stderr]    Compiling actix_derive v0.6.0
[INFO] [stderr]    Compiling validator_derive v0.16.0
[INFO] [stderr]    Compiling actix v0.13.0
[INFO] [stderr]    Compiling thiserror v1.0.31
[INFO] [stderr]    Compiling simple_asn1 v0.6.2
[INFO] [stderr]    Compiling diesel v1.4.8
[INFO] [stderr]    Compiling migrations_internals v1.4.1
[INFO] [stderr]    Compiling chrono v0.4.19
[INFO] [stderr]    Compiling serde_urlencoded v0.7.1
[INFO] [stderr]    Compiling uuid v1.1.2
[INFO] [stderr]    Compiling migrations_macros v1.4.2
[INFO] [stderr]    Compiling validator v0.16.0
[INFO] [stderr]    Compiling jsonwebtoken v8.1.1
[INFO] [stderr]    Compiling zstd v0.11.2+zstd.1.5.2
[INFO] [stderr]    Compiling actix-http v3.2.1
[INFO] [stderr]    Compiling actix-web v4.1.0
[INFO] [stderr]    Compiling actix-web-actors v4.1.0
[INFO] [stderr]    Compiling diesel_migrations v1.4.0
[INFO] [stderr]    Compiling web_chat v0.1.0 (/opt/rustwide/workdir)
[INFO] [stderr]     Finished dev [unoptimized + debuginfo] target(s) in 28.19s
[INFO] running `Command { std: "docker" "inspect" "0f49650eaeb4cf51bfc285c4297c52027e6399c340969f85a34d091014fd26f2", kill_on_drop: false }`
[INFO] running `Command { std: "docker" "rm" "-f" "0f49650eaeb4cf51bfc285c4297c52027e6399c340969f85a34d091014fd26f2", kill_on_drop: false }`
[INFO] [stdout] 0f49650eaeb4cf51bfc285c4297c52027e6399c340969f85a34d091014fd26f2
[INFO] running `Command { std: "docker" "create" "-v" "/var/lib/crater-agent-workspace/builds/worker-5-tc1/target:/opt/rustwide/target:rw,Z" "-v" "/var/lib/crater-agent-workspace/builds/worker-5-tc1/source:/opt/rustwide/workdir:ro,Z" "-v" "/var/lib/crater-agent-workspace/cargo-home:/opt/rustwide/cargo-home:ro,Z" "-v" "/var/lib/crater-agent-workspace/rustup-home:/opt/rustwide/rustup-home:ro,Z" "-e" "SOURCE_DIR=/opt/rustwide/workdir" "-e" "CARGO_TARGET_DIR=/opt/rustwide/target" "-e" "CARGO_INCREMENTAL=0" "-e" "RUST_BACKTRACE=full" "-e" "RUSTFLAGS=--cap-lints=warn" "-e" "RUSTDOCFLAGS=--cap-lints=warn" "-e" "CARGO_HOME=/opt/rustwide/cargo-home" "-e" "RUSTUP_HOME=/opt/rustwide/rustup-home" "-w" "/opt/rustwide/workdir" "-m" "1610612736" "--user" "0:0" "--network" "none" "ghcr.io/rust-lang/crates-build-env/linux@sha256:2788e3201cd34a07e3172128adcd8b3090168a8e3bcc40d7c032b9dda1df7d1c" "/opt/rustwide/cargo-home/bin/cargo" "+1.75.0" "test" "--frozen" "--no-run" "--message-format=json", kill_on_drop: false }`
[INFO] [stdout] 97695135218f4dea164d58d6848a296881c61bbab8d8ad2914559a10543f68d1
[INFO] running `Command { std: "docker" "start" "-a" "97695135218f4dea164d58d6848a296881c61bbab8d8ad2914559a10543f68d1", kill_on_drop: false }`
[INFO] [stderr]    Compiling web_chat v0.1.0 (/opt/rustwide/workdir)
[INFO] [stderr]     Finished test [unoptimized + debuginfo] target(s) in 3.66s
[INFO] running `Command { std: "docker" "inspect" "97695135218f4dea164d58d6848a296881c61bbab8d8ad2914559a10543f68d1", kill_on_drop: false }`
[INFO] running `Command { std: "docker" "rm" "-f" "97695135218f4dea164d58d6848a296881c61bbab8d8ad2914559a10543f68d1", kill_on_drop: false }`
[INFO] [stdout] 97695135218f4dea164d58d6848a296881c61bbab8d8ad2914559a10543f68d1
[INFO] running `Command { std: "docker" "create" "-v" "/var/lib/crater-agent-workspace/builds/worker-5-tc1/target:/opt/rustwide/target:rw,Z" "-v" "/var/lib/crater-agent-workspace/builds/worker-5-tc1/source:/opt/rustwide/workdir:ro,Z" "-v" "/var/lib/crater-agent-workspace/cargo-home:/opt/rustwide/cargo-home:ro,Z" "-v" "/var/lib/crater-agent-workspace/rustup-home:/opt/rustwide/rustup-home:ro,Z" "-e" "SOURCE_DIR=/opt/rustwide/workdir" "-e" "CARGO_TARGET_DIR=/opt/rustwide/target" "-e" "CARGO_INCREMENTAL=0" "-e" "RUST_BACKTRACE=full" "-e" "RUSTFLAGS=--cap-lints=warn" "-e" "RUSTDOCFLAGS=--cap-lints=warn" "-e" "CARGO_HOME=/opt/rustwide/cargo-home" "-e" "RUSTUP_HOME=/opt/rustwide/rustup-home" "-w" "/opt/rustwide/workdir" "-m" "1610612736" "--user" "0:0" "--network" "none" "ghcr.io/rust-lang/crates-build-env/linux@sha256:2788e3201cd34a07e3172128adcd8b3090168a8e3bcc40d7c032b9dda1df7d1c" "/opt/rustwide/cargo-home/bin/cargo" "+1.75.0" "test" "--frozen", kill_on_drop: false }`
[INFO] [stdout] d0d1a2ec1a9ef5350d2c18dc92533477e1b7a2a3807cdeb5fa525cfeae016dcb
[INFO] running `Command { std: "docker" "start" "-a" "d0d1a2ec1a9ef5350d2c18dc92533477e1b7a2a3807cdeb5fa525cfeae016dcb", kill_on_drop: false }`
[INFO] [stderr]     Finished test [unoptimized + debuginfo] target(s) in 0.10s
[INFO] [stderr]      Running unittests src/main.rs (/opt/rustwide/target/debug/deps/web_chat-d75be36181e1e369)
[INFO] [stdout] 
[INFO] [stdout] running 3 tests
[INFO] [stdout] test routes::register::tests::test_register_invalid_password ... FAILED
[INFO] [stdout] test routes::register::tests::test_register_short_username ... FAILED
[INFO] [stdout] test routes::register::tests::test_register_short_password ... FAILED
[INFO] [stdout] 
[INFO] [stdout] failures:
[INFO] [stdout] 
[INFO] [stdout] ---- routes::register::tests::test_register_invalid_password stdout ----
[INFO] [stdout] thread 'routes::register::tests::test_register_invalid_password' panicked at src/utils/mod.rs:50:52:
[INFO] [stdout] DATABASE_URL must be set: EnvVar(NotPresent)
[INFO] [stdout] stack backtrace:
[INFO] [stdout]    0:     0x55befea4b0fc - std::backtrace_rs::backtrace::libunwind::trace::ha637c64ce894333a
[INFO] [stdout]                                at /rustc/82e1608dfa6e0b5569232559e3d385fea5a93112/library/std/src/../../backtrace/src/backtrace/libunwind.rs:104:5
[INFO] [stdout]    1:     0x55befea4b0fc - std::backtrace_rs::backtrace::trace_unsynchronized::h47f62dea28e0c88d
[INFO] [stdout]                                at /rustc/82e1608dfa6e0b5569232559e3d385fea5a93112/library/std/src/../../backtrace/src/backtrace/mod.rs:66:5
[INFO] [stdout]    2:     0x55befea4b0fc - std::sys_common::backtrace::_print_fmt::h9eef0abe20ede486
[INFO] [stdout]                                at /rustc/82e1608dfa6e0b5569232559e3d385fea5a93112/library/std/src/sys_common/backtrace.rs:67:5
[INFO] [stdout]    3:     0x55befea4b0fc - <std::sys_common::backtrace::_print::DisplayBacktrace as core::fmt::Display>::fmt::hed7f999df88cc644
[INFO] [stdout]                                at /rustc/82e1608dfa6e0b5569232559e3d385fea5a93112/library/std/src/sys_common/backtrace.rs:44:22
[INFO] [stdout]    4:     0x55befea76ae0 - core::fmt::rt::Argument::fmt::h1539a9308b8d058d
[INFO] [stdout]                                at /rustc/82e1608dfa6e0b5569232559e3d385fea5a93112/library/core/src/fmt/rt.rs:142:9
[INFO] [stdout]    5:     0x55befea76ae0 - core::fmt::write::h3a39390d8560d9c9
[INFO] [stdout]                                at /rustc/82e1608dfa6e0b5569232559e3d385fea5a93112/library/core/src/fmt/mod.rs:1120:17
[INFO] [stdout]    6:     0x55befea4876f - std::io::Write::write_fmt::h040b369f3a0f9cbc
[INFO] [stdout]                                at /rustc/82e1608dfa6e0b5569232559e3d385fea5a93112/library/std/src/io/mod.rs:1762:15
[INFO] [stdout]    7:     0x55befea4aee4 - std::sys_common::backtrace::_print::h894006fb5c6f3d45
[INFO] [stdout]                                at /rustc/82e1608dfa6e0b5569232559e3d385fea5a93112/library/std/src/sys_common/backtrace.rs:47:5
[INFO] [stdout]    8:     0x55befea4aee4 - std::sys_common::backtrace::print::h23a2d212c6fff936
[INFO] [stdout]                                at /rustc/82e1608dfa6e0b5569232559e3d385fea5a93112/library/std/src/sys_common/backtrace.rs:34:9
[INFO] [stdout]    9:     0x55befea4cba7 - std::panicking::default_hook::{{closure}}::h8a1d2ee00185001a
[INFO] [stdout]   10:     0x55befea4c893 - std::panicking::default_hook::h6038f2eba384e475
[INFO] [stdout]                                at /rustc/82e1608dfa6e0b5569232559e3d385fea5a93112/library/std/src/panicking.rs:289:9
[INFO] [stdout]   11:     0x55befe5ffb57 - <alloc::boxed::Box<F,A> as core::ops::function::Fn<Args>>::call::h0ad024c9bdc6d768
[INFO] [stdout]                                at /rustc/82e1608dfa6e0b5569232559e3d385fea5a93112/library/alloc/src/boxed.rs:2021:9
[INFO] [stdout]   12:     0x55befe5ffb57 - test::test_main::{{closure}}::h7500b54257359db6
[INFO] [stdout]                                at /rustc/82e1608dfa6e0b5569232559e3d385fea5a93112/library/test/src/lib.rs:138:21
[INFO] [stdout]   13:     0x55befea4d1b8 - <alloc::boxed::Box<F,A> as core::ops::function::Fn<Args>>::call::h1f8f335eaa9cfaee
[INFO] [stdout]                                at /rustc/82e1608dfa6e0b5569232559e3d385fea5a93112/library/alloc/src/boxed.rs:2021:9
[INFO] [stdout]   14:     0x55befea4d1b8 - std::panicking::rust_panic_with_hook::h2b5517d590cab22e
[INFO] [stdout]                                at /rustc/82e1608dfa6e0b5569232559e3d385fea5a93112/library/std/src/panicking.rs:783:13
[INFO] [stdout]   15:     0x55befea4cf0e - std::panicking::begin_panic_handler::{{closure}}::h233112c06e0ef43e
[INFO] [stdout]                                at /rustc/82e1608dfa6e0b5569232559e3d385fea5a93112/library/std/src/panicking.rs:657:13
[INFO] [stdout]   16:     0x55befea4b5c6 - std::sys_common::backtrace::__rust_end_short_backtrace::h6e893f24d7ebbff8
[INFO] [stdout]                                at /rustc/82e1608dfa6e0b5569232559e3d385fea5a93112/library/std/src/sys_common/backtrace.rs:170:18
[INFO] [stdout]   17:     0x55befea4cc72 - rust_begin_unwind
[INFO] [stdout]                                at /rustc/82e1608dfa6e0b5569232559e3d385fea5a93112/library/std/src/panicking.rs:645:5
[INFO] [stdout]   18:     0x55befe571515 - core::panicking::panic_fmt::hbf0e066aabfa482c
[INFO] [stdout]                                at /rustc/82e1608dfa6e0b5569232559e3d385fea5a93112/library/core/src/panicking.rs:72:14
[INFO] [stdout]   19:     0x55befe571ae3 - core::result::unwrap_failed::hddb4fea594200c52
[INFO] [stdout]                                at /rustc/82e1608dfa6e0b5569232559e3d385fea5a93112/library/core/src/result.rs:1653:5
[INFO] [stdout]   20:     0x55befe59b45d - core::result::Result<T,E>::expect::h154221b56afe774a
[INFO] [stdout]                                at /rustc/82e1608dfa6e0b5569232559e3d385fea5a93112/library/core/src/result.rs:1034:23
[INFO] [stdout]   21:     0x55befe5a6f8d - web_chat::utils::get_connection_pool::he067537e8ec83a1f
[INFO] [stdout]                                at /opt/rustwide/workdir/src/utils/mod.rs:50:24
[INFO] [stdout]   22:     0x55befe5caff8 - web_chat::routes::register::tests::test_register_invalid_password::{{closure}}::h5b8ee54b810f3303
[INFO] [stdout]                                at /opt/rustwide/workdir/src/routes/register.rs:65:23
[INFO] [stdout]   23:     0x55befe5ad4e0 - <tokio::task::local::RunUntil<T> as core::future::future::Future>::poll::{{closure}}::{{closure}}::h7de383745276122a
[INFO] [stdout]                                at /opt/rustwide/cargo-home/registry/src/index.crates.io-6f17d22bba15001f/tokio-1.20.1/src/task/local.rs:757:65
[INFO] [stdout]   24:     0x55befe5b3680 - tokio::coop::with_budget::{{closure}}::h4ad79e5a5cbaa917
[INFO] [stdout]                                at /opt/rustwide/cargo-home/registry/src/index.crates.io-6f17d22bba15001f/tokio-1.20.1/src/coop.rs:102:9
[INFO] [stdout]   25:     0x55befe59735e - std::thread::local::LocalKey<T>::try_with::hfe1fb86439eb7a7f
[INFO] [stdout]                                at /rustc/82e1608dfa6e0b5569232559e3d385fea5a93112/library/std/src/thread/local.rs:270:16
[INFO] [stdout]   26:     0x55befe5958ba - std::thread::local::LocalKey<T>::with::h41aca7ee789c9eec
[INFO] [stdout]                                at /rustc/82e1608dfa6e0b5569232559e3d385fea5a93112/library/std/src/thread/local.rs:246:9
[INFO] [stdout]   27:     0x55befe5ace8b - tokio::coop::with_budget::h2b7d4deb42951301
[INFO] [stdout]                                at /opt/rustwide/cargo-home/registry/src/index.crates.io-6f17d22bba15001f/tokio-1.20.1/src/coop.rs:95:5
[INFO] [stdout]   28:     0x55befe5ace8b - tokio::coop::budget::h3c75c0411af2b537
[INFO] [stdout]                                at /opt/rustwide/cargo-home/registry/src/index.crates.io-6f17d22bba15001f/tokio-1.20.1/src/coop.rs:72:5
[INFO] [stdout]   29:     0x55befe5ace8b - <tokio::task::local::RunUntil<T> as core::future::future::Future>::poll::{{closure}}::h6af80274488cde05
[INFO] [stdout]                                at /opt/rustwide/cargo-home/registry/src/index.crates.io-6f17d22bba15001f/tokio-1.20.1/src/task/local.rs:757:42
[INFO] [stdout]   30:     0x55befe5a9b87 - tokio::macros::scoped_tls::ScopedKey<T>::set::hef32ce2a637396e8
[INFO] [stdout]                                at /opt/rustwide/cargo-home/registry/src/index.crates.io-6f17d22bba15001f/tokio-1.20.1/src/macros/scoped_tls.rs:61:9
[INFO] [stdout]   31:     0x55befe5a8cb7 - tokio::task::local::LocalSet::with::hd7e246c08fe11f5b
[INFO] [stdout]                                at /opt/rustwide/cargo-home/registry/src/index.crates.io-6f17d22bba15001f/tokio-1.20.1/src/task/local.rs:582:9
[INFO] [stdout]   32:     0x55befe5acc6a - <tokio::task::local::RunUntil<T> as core::future::future::Future>::poll::h45aadea5942f59f1
[INFO] [stdout]                                at /opt/rustwide/cargo-home/registry/src/index.crates.io-6f17d22bba15001f/tokio-1.20.1/src/task/local.rs:747:9
[INFO] [stdout]   33:     0x55befe5a90a5 - tokio::task::local::LocalSet::run_until::{{closure}}::h1f4e7b81a562396b
[INFO] [stdout]                                at /opt/rustwide/cargo-home/registry/src/index.crates.io-6f17d22bba15001f/tokio-1.20.1/src/task/local.rs:502:19
[INFO] [stdout]   34:     0x55befe5ac9bb - <core::pin::Pin<P> as core::future::future::Future>::poll::h1f4b40d0a3440471
[INFO] [stdout]                                at /rustc/82e1608dfa6e0b5569232559e3d385fea5a93112/library/core/src/future/future.rs:125:9
[INFO] [stdout]   35:     0x55befe58fea4 - tokio::runtime::basic_scheduler::CoreGuard::block_on::{{closure}}::{{closure}}::{{closure}}::hcd9edf1eb7b0238f
[INFO] [stdout]                                at /opt/rustwide/cargo-home/registry/src/index.crates.io-6f17d22bba15001f/tokio-1.20.1/src/runtime/basic_scheduler.rs:543:48
[INFO] [stdout]   36:     0x55befe5b3420 - tokio::coop::with_budget::{{closure}}::h1fc7cf39dcaf0037
[INFO] [stdout]                                at /opt/rustwide/cargo-home/registry/src/index.crates.io-6f17d22bba15001f/tokio-1.20.1/src/coop.rs:102:9
[INFO] [stdout]   37:     0x55befe59678e - std::thread::local::LocalKey<T>::try_with::h4d66b3542b852726
[INFO] [stdout]                                at /rustc/82e1608dfa6e0b5569232559e3d385fea5a93112/library/std/src/thread/local.rs:270:16
[INFO] [stdout]   38:     0x55befe59595a - std::thread::local::LocalKey<T>::with::h5e1b1dd1ffe255b0
[INFO] [stdout]                                at /rustc/82e1608dfa6e0b5569232559e3d385fea5a93112/library/std/src/thread/local.rs:246:9
[INFO] [stdout]   39:     0x55befe58fcd6 - tokio::coop::with_budget::hfb4d5ee8dd6167cc
[INFO] [stdout]                                at /opt/rustwide/cargo-home/registry/src/index.crates.io-6f17d22bba15001f/tokio-1.20.1/src/coop.rs:95:5
[INFO] [stdout]   40:     0x55befe58fcd6 - tokio::coop::budget::hf9abcf16a605def2
[INFO] [stdout]                                at /opt/rustwide/cargo-home/registry/src/index.crates.io-6f17d22bba15001f/tokio-1.20.1/src/coop.rs:72:5
[INFO] [stdout]   41:     0x55befe58fcd6 - tokio::runtime::basic_scheduler::CoreGuard::block_on::{{closure}}::{{closure}}::ha92da9819d02d6b5
[INFO] [stdout]                                at /opt/rustwide/cargo-home/registry/src/index.crates.io-6f17d22bba15001f/tokio-1.20.1/src/runtime/basic_scheduler.rs:543:25
[INFO] [stdout]   42:     0x55befe58c54c - tokio::runtime::basic_scheduler::Context::enter::h8a1c9aec0cede181
[INFO] [stdout]                                at /opt/rustwide/cargo-home/registry/src/index.crates.io-6f17d22bba15001f/tokio-1.20.1/src/runtime/basic_scheduler.rs:367:19
[INFO] [stdout]   43:     0x55befe58e1d9 - tokio::runtime::basic_scheduler::CoreGuard::block_on::{{closure}}::h4268bda99d97ff98
[INFO] [stdout]                                at /opt/rustwide/cargo-home/registry/src/index.crates.io-6f17d22bba15001f/tokio-1.20.1/src/runtime/basic_scheduler.rs:542:36
[INFO] [stdout]   44:     0x55befe58ddbb - tokio::runtime::basic_scheduler::CoreGuard::enter::{{closure}}::h2a39e1f741257a91
[INFO] [stdout]                                at /opt/rustwide/cargo-home/registry/src/index.crates.io-6f17d22bba15001f/tokio-1.20.1/src/runtime/basic_scheduler.rs:613:57
[INFO] [stdout]   45:     0x55befe5a990d - tokio::macros::scoped_tls::ScopedKey<T>::set::hc210d4722dcd35db
[INFO] [stdout]                                at /opt/rustwide/cargo-home/registry/src/index.crates.io-6f17d22bba15001f/tokio-1.20.1/src/macros/scoped_tls.rs:61:9
[INFO] [stdout]   46:     0x55befe58d75f - tokio::runtime::basic_scheduler::CoreGuard::enter::h4efc9a539015939b
[INFO] [stdout]                                at /opt/rustwide/cargo-home/registry/src/index.crates.io-6f17d22bba15001f/tokio-1.20.1/src/runtime/basic_scheduler.rs:613:27
[INFO] [stdout]   47:     0x55befe58de6c - tokio::runtime::basic_scheduler::CoreGuard::block_on::h87f226a017bb23b9
[INFO] [stdout]                                at /opt/rustwide/cargo-home/registry/src/index.crates.io-6f17d22bba15001f/tokio-1.20.1/src/runtime/basic_scheduler.rs:533:19
[INFO] [stdout]   48:     0x55befe58b012 - tokio::runtime::basic_scheduler::BasicScheduler::block_on::hc3970c695513e4b9
[INFO] [stdout]                                at /opt/rustwide/cargo-home/registry/src/index.crates.io-6f17d22bba15001f/tokio-1.20.1/src/runtime/basic_scheduler.rs:179:24
[INFO] [stdout]   49:     0x55befe5b7442 - tokio::runtime::Runtime::block_on::haab78ed6c788f124
[INFO] [stdout]                                at /opt/rustwide/cargo-home/registry/src/index.crates.io-6f17d22bba15001f/tokio-1.20.1/src/runtime/mod.rs:482:46
[INFO] [stdout]   50:     0x55befe5a8d1b - tokio::task::local::LocalSet::block_on::h465e362d44e52c29
[INFO] [stdout]                                at /opt/rustwide/cargo-home/registry/src/index.crates.io-6f17d22bba15001f/tokio-1.20.1/src/task/local.rs:463:9
[INFO] [stdout]   51:     0x55befe5ad587 - actix_rt::runtime::Runtime::block_on::h50eca6516e797093
[INFO] [stdout]                                at /opt/rustwide/cargo-home/registry/src/index.crates.io-6f17d22bba15001f/actix-rt-2.7.0/src/runtime.rs:80:9
[INFO] [stdout]   52:     0x55befe59d84a - actix_rt::system::SystemRunner::block_on::ha3f6e3d5629322bd
[INFO] [stdout]                                at /opt/rustwide/cargo-home/registry/src/index.crates.io-6f17d22bba15001f/actix-rt-2.7.0/src/system.rs:209:9
[INFO] [stdout]   53:     0x55befe5caf24 - web_chat::routes::register::tests::test_register_invalid_password::h35b629e8d36760a3
[INFO] [stdout]                                at /opt/rustwide/workdir/src/routes/register.rs:63:5
[INFO] [stdout]   54:     0x55befe5caed7 - web_chat::routes::register::tests::test_register_invalid_password::{{closure}}::hd151f81aadd699e1
[INFO] [stdout]                                at /opt/rustwide/workdir/src/routes/register.rs:64:46
[INFO] [stdout]   55:     0x55befe5ae6e6 - core::ops::function::FnOnce::call_once::hbfcd6d3357c16ed3
[INFO] [stdout]                                at /rustc/82e1608dfa6e0b5569232559e3d385fea5a93112/library/core/src/ops/function.rs:250:5
[INFO] [stdout]   56:     0x55befe6051af - core::ops::function::FnOnce::call_once::h2b5d431d5046312d
[INFO] [stdout]                                at /rustc/82e1608dfa6e0b5569232559e3d385fea5a93112/library/core/src/ops/function.rs:250:5
[INFO] [stdout]   57:     0x55befe6051af - test::__rust_begin_short_backtrace::h7714669af176e207
[INFO] [stdout]                                at /rustc/82e1608dfa6e0b5569232559e3d385fea5a93112/library/test/src/lib.rs:628:18
[INFO] [stdout]   58:     0x55befe6041c5 - test::run_test_in_process::{{closure}}::h85218797dcbcec12
[INFO] [stdout]                                at /rustc/82e1608dfa6e0b5569232559e3d385fea5a93112/library/test/src/lib.rs:651:60
[INFO] [stdout]   59:     0x55befe6041c5 - <core::panic::unwind_safe::AssertUnwindSafe<F> as core::ops::function::FnOnce<()>>::call_once::h76c106ea31c14d7b
[INFO] [stdout]                                at /rustc/82e1608dfa6e0b5569232559e3d385fea5a93112/library/core/src/panic/unwind_safe.rs:272:9
[INFO] [stdout]   60:     0x55befe6041c5 - std::panicking::try::do_call::h3bd5d0f6620ee946
[INFO] [stdout]                                at /rustc/82e1608dfa6e0b5569232559e3d385fea5a93112/library/std/src/panicking.rs:552:40
[INFO] [stdout]   61:     0x55befe6041c5 - std::panicking::try::h232e535e4744fe31
[INFO] [stdout]                                at /rustc/82e1608dfa6e0b5569232559e3d385fea5a93112/library/std/src/panicking.rs:516:19
[INFO] [stdout]   62:     0x55befe6041c5 - std::panic::catch_unwind::h3ce3bd6ca8dbac68
[INFO] [stdout]                                at /rustc/82e1608dfa6e0b5569232559e3d385fea5a93112/library/std/src/panic.rs:142:14
[INFO] [stdout]   63:     0x55befe6041c5 - test::run_test_in_process::hc97b257c9621286a
[INFO] [stdout]                                at /rustc/82e1608dfa6e0b5569232559e3d385fea5a93112/library/test/src/lib.rs:651:27
[INFO] [stdout]   64:     0x55befe6041c5 - test::run_test::{{closure}}::h2aa798823a438d38
[INFO] [stdout]                                at /rustc/82e1608dfa6e0b5569232559e3d385fea5a93112/library/test/src/lib.rs:574:43
[INFO] [stdout]   65:     0x55befe5cc486 - test::run_test::{{closure}}::h87d231c78fb59832
[INFO] [stdout]                                at /rustc/82e1608dfa6e0b5569232559e3d385fea5a93112/library/test/src/lib.rs:602:41
[INFO] [stdout]   66:     0x55befe5cc486 - std::sys_common::backtrace::__rust_begin_short_backtrace::he6df152596625789
[INFO] [stdout]                                at /rustc/82e1608dfa6e0b5569232559e3d385fea5a93112/library/std/src/sys_common/backtrace.rs:154:18
[INFO] [stdout]   67:     0x55befe5d1537 - std::thread::Builder::spawn_unchecked_::{{closure}}::{{closure}}::ha94be15d1e0acf36
[INFO] [stdout]                                at /rustc/82e1608dfa6e0b5569232559e3d385fea5a93112/library/std/src/thread/mod.rs:529:17
[INFO] [stdout]   68:     0x55befe5d1537 - <core::panic::unwind_safe::AssertUnwindSafe<F> as core::ops::function::FnOnce<()>>::call_once::h9dc6bd6372f16606
[INFO] [stdout]                                at /rustc/82e1608dfa6e0b5569232559e3d385fea5a93112/library/core/src/panic/unwind_safe.rs:272:9
[INFO] [stdout]   69:     0x55befe5d1537 - std::panicking::try::do_call::h9057517f80303cd4
[INFO] [stdout]                                at /rustc/82e1608dfa6e0b5569232559e3d385fea5a93112/library/std/src/panicking.rs:552:40
[INFO] [stdout]   70:     0x55befe5d1537 - std::panicking::try::he3a30b11ee45340c
[INFO] [stdout]                                at /rustc/82e1608dfa6e0b5569232559e3d385fea5a93112/library/std/src/panicking.rs:516:19
[INFO] [stdout]   71:     0x55befe5d1537 - std::panic::catch_unwind::h410458cfd3528b8b
[INFO] [stdout]                                at /rustc/82e1608dfa6e0b5569232559e3d385fea5a93112/library/std/src/panic.rs:142:14
[INFO] [stdout]   72:     0x55befe5d1537 - std::thread::Builder::spawn_unchecked_::{{closure}}::h72ac3bdb567b737b
[INFO] [stdout]                                at /rustc/82e1608dfa6e0b5569232559e3d385fea5a93112/library/std/src/thread/mod.rs:528:30
[INFO] [stdout]   73:     0x55befe5d1537 - core::ops::function::FnOnce::call_once{{vtable.shim}}::h38f34da3654a8344
[INFO] [stdout]                                at /rustc/82e1608dfa6e0b5569232559e3d385fea5a93112/library/core/src/ops/function.rs:250:5
[INFO] [stdout]   74:     0x55befea51ed5 - <alloc::boxed::Box<F,A> as core::ops::function::FnOnce<Args>>::call_once::hc7eafaff61e32df9
[INFO] [stdout]                                at /rustc/82e1608dfa6e0b5569232559e3d385fea5a93112/library/alloc/src/boxed.rs:2007:9
[INFO] [stdout]   75:     0x55befea51ed5 - <alloc::boxed::Box<F,A> as core::ops::function::FnOnce<Args>>::call_once::h6ba4a5de48dd2304
[INFO] [stdout]                                at /rustc/82e1608dfa6e0b5569232559e3d385fea5a93112/library/alloc/src/boxed.rs:2007:9
[INFO] [stdout]   76:     0x55befea51ed5 - std::sys::unix::thread::Thread::new::thread_start::he469335aef763e45
[INFO] [stdout]                                at /rustc/82e1608dfa6e0b5569232559e3d385fea5a93112/library/std/src/sys/unix/thread.rs:108:17
[INFO] [stdout]   77:     0x7f16c8379ac3 - <unknown>
[INFO] [stdout]   78:     0x7f16c840abf4 - __clone
[INFO] [stdout]   79:                0x0 - <unknown>
[INFO] [stdout] 
[INFO] [stdout] ---- routes::register::tests::test_register_short_username stdout ----
[INFO] [stdout] thread 'routes::register::tests::test_register_short_username' panicked at src/utils/mod.rs:50:52:
[INFO] [stdout] DATABASE_URL must be set: EnvVar(NotPresent)
[INFO] [stdout] stack backtrace:
[INFO] [stdout]    0:     0x55befea4b0fc - std::backtrace_rs::backtrace::libunwind::trace::ha637c64ce894333a
[INFO] [stdout]                                at /rustc/82e1608dfa6e0b5569232559e3d385fea5a93112/library/std/src/../../backtrace/src/backtrace/libunwind.rs:104:5
[INFO] [stdout]    1:     0x55befea4b0fc - std::backtrace_rs::backtrace::trace_unsynchronized::h47f62dea28e0c88d
[INFO] [stdout]                                at /rustc/82e1608dfa6e0b5569232559e3d385fea5a93112/library/std/src/../../backtrace/src/backtrace/mod.rs:66:5
[INFO] [stdout]    2:     0x55befea4b0fc - std::sys_common::backtrace::_print_fmt::h9eef0abe20ede486
[INFO] [stdout]                                at /rustc/82e1608dfa6e0b5569232559e3d385fea5a93112/library/std/src/sys_common/backtrace.rs:67:5
[INFO] [stdout]    3:     0x55befea4b0fc - <std::sys_common::backtrace::_print::DisplayBacktrace as core::fmt::Display>::fmt::hed7f999df88cc644
[INFO] [stdout]                                at /rustc/82e1608dfa6e0b5569232559e3d385fea5a93112/library/std/src/sys_common/backtrace.rs:44:22
[INFO] [stdout]    4:     0x55befea76ae0 - core::fmt::rt::Argument::fmt::h1539a9308b8d058d
[INFO] [stdout]                                at /rustc/82e1608dfa6e0b5569232559e3d385fea5a93112/library/core/src/fmt/rt.rs:142:9
[INFO] [stdout]    5:     0x55befea76ae0 - core::fmt::write::h3a39390d8560d9c9
[INFO] [stdout]                                at /rustc/82e1608dfa6e0b5569232559e3d385fea5a93112/library/core/src/fmt/mod.rs:1120:17
[INFO] [stdout]    6:     0x55befea4876f - std::io::Write::write_fmt::h040b369f3a0f9cbc
[INFO] [stdout]                                at /rustc/82e1608dfa6e0b5569232559e3d385fea5a93112/library/std/src/io/mod.rs:1762:15
[INFO] [stdout]    7:     0x55befea4aee4 - std::sys_common::backtrace::_print::h894006fb5c6f3d45
[INFO] [stdout]                                at /rustc/82e1608dfa6e0b5569232559e3d385fea5a93112/library/std/src/sys_common/backtrace.rs:47:5
[INFO] [stdout]    8:     0x55befea4aee4 - std::sys_common::backtrace::print::h23a2d212c6fff936
[INFO] [stdout]                                at /rustc/82e1608dfa6e0b5569232559e3d385fea5a93112/library/std/src/sys_common/backtrace.rs:34:9
[INFO] [stdout]    9:     0x55befea4cba7 - std::panicking::default_hook::{{closure}}::h8a1d2ee00185001a
[INFO] [stdout]   10:     0x55befea4c893 - std::panicking::default_hook::h6038f2eba384e475
[INFO] [stdout]                                at /rustc/82e1608dfa6e0b5569232559e3d385fea5a93112/library/std/src/panicking.rs:289:9
[INFO] [stdout]   11:     0x55befe5ffb57 - <alloc::boxed::Box<F,A> as core::ops::function::Fn<Args>>::call::h0ad024c9bdc6d768
[INFO] [stdout]                                at /rustc/82e1608dfa6e0b5569232559e3d385fea5a93112/library/alloc/src/boxed.rs:2021:9
[INFO] [stdout]   12:     0x55befe5ffb57 - test::test_main::{{closure}}::h7500b54257359db6
[INFO] [stdout]                                at /rustc/82e1608dfa6e0b5569232559e3d385fea5a93112/library/test/src/lib.rs:138:21
[INFO] [stdout]   13:     0x55befea4d1b8 - <alloc::boxed::Box<F,A> as core::ops::function::Fn<Args>>::call::h1f8f335eaa9cfaee
[INFO] [stdout]                                at /rustc/82e1608dfa6e0b5569232559e3d385fea5a93112/library/alloc/src/boxed.rs:2021:9
[INFO] [stdout]   14:     0x55befea4d1b8 - std::panicking::rust_panic_with_hook::h2b5517d590cab22e
[INFO] [stdout]                                at /rustc/82e1608dfa6e0b5569232559e3d385fea5a93112/library/std/src/panicking.rs:783:13
[INFO] [stdout]   15:     0x55befea4cf0e - std::panicking::begin_panic_handler::{{closure}}::h233112c06e0ef43e
[INFO] [stdout]                                at /rustc/82e1608dfa6e0b5569232559e3d385fea5a93112/library/std/src/panicking.rs:657:13
[INFO] [stdout]   16:     0x55befea4b5c6 - std::sys_common::backtrace::__rust_end_short_backtrace::h6e893f24d7ebbff8
[INFO] [stdout]                                at /rustc/82e1608dfa6e0b5569232559e3d385fea5a93112/library/std/src/sys_common/backtrace.rs:170:18
[INFO] [stdout]   17:     0x55befea4cc72 - rust_begin_unwind
[INFO] [stdout]                                at /rustc/82e1608dfa6e0b5569232559e3d385fea5a93112/library/std/src/panicking.rs:645:5
[INFO] [stdout]   18:     0x55befe571515 - core::panicking::panic_fmt::hbf0e066aabfa482c
[INFO] [stdout]                                at /rustc/82e1608dfa6e0b5569232559e3d385fea5a93112/library/core/src/panicking.rs:72:14
[INFO] [stdout]   19:     0x55befe571ae3 - core::result::unwrap_failed::hddb4fea594200c52
[INFO] [stdout]                                at /rustc/82e1608dfa6e0b5569232559e3d385fea5a93112/library/core/src/result.rs:1653:5
[INFO] [stdout]   20:     0x55befe59b45d - core::result::Result<T,E>::expect::h154221b56afe774a
[INFO] [stdout]                                at /rustc/82e1608dfa6e0b5569232559e3d385fea5a93112/library/core/src/result.rs:1034:23
[INFO] [stdout]   21:     0x55befe5a6f8d - web_chat::utils::get_connection_pool::he067537e8ec83a1f
[INFO] [stdout]                                at /opt/rustwide/workdir/src/utils/mod.rs:50:24
[INFO] [stdout]   22:     0x55befe5cb958 - web_chat::routes::register::tests::test_register_short_username::{{closure}}::ha213b6bfbbe4527d
[INFO] [stdout]                                at /opt/rustwide/workdir/src/routes/register.rs:84:23
[INFO] [stdout]   23:     0x55befe5ad480 - <tokio::task::local::RunUntil<T> as core::future::future::Future>::poll::{{closure}}::{{closure}}::h56cf948c7eb47032
[INFO] [stdout]                                at /opt/rustwide/cargo-home/registry/src/index.crates.io-6f17d22bba15001f/tokio-1.20.1/src/task/local.rs:757:65
[INFO] [stdout]   24:     0x55befe5b37b0 - tokio::coop::with_budget::{{closure}}::h4e122a1956649aaa
[INFO] [stdout]                                at /opt/rustwide/cargo-home/registry/src/index.crates.io-6f17d22bba15001f/tokio-1.20.1/src/coop.rs:102:9
[INFO] [stdout]   25:     0x55befe596a2e - std::thread::local::LocalKey<T>::try_with::h7522b124e294e2a7
[INFO] [stdout]                                at /rustc/82e1608dfa6e0b5569232559e3d385fea5a93112/library/std/src/thread/local.rs:270:16
[INFO] [stdout]   26:     0x55befe595a3a - std::thread::local::LocalKey<T>::with::h869da17a703df3e0
[INFO] [stdout]                                at /rustc/82e1608dfa6e0b5569232559e3d385fea5a93112/library/std/src/thread/local.rs:246:9
[INFO] [stdout]   27:     0x55befe5ad0eb - tokio::coop::with_budget::h0459cfd83e071933
[INFO] [stdout]                                at /opt/rustwide/cargo-home/registry/src/index.crates.io-6f17d22bba15001f/tokio-1.20.1/src/coop.rs:95:5
[INFO] [stdout]   28:     0x55befe5ad0eb - tokio::coop::budget::h5bd3b86b3ebd287a
[INFO] [stdout]                                at /opt/rustwide/cargo-home/registry/src/index.crates.io-6f17d22bba15001f/tokio-1.20.1/src/coop.rs:72:5
[INFO] [stdout]   29:     0x55befe5ad0eb - <tokio::task::local::RunUntil<T> as core::future::future::Future>::poll::{{closure}}::hab53ee633fc875f5
[INFO] [stdout]                                at /opt/rustwide/cargo-home/registry/src/index.crates.io-6f17d22bba15001f/tokio-1.20.1/src/task/local.rs:757:42
[INFO] [stdout]   30:     0x55befe5a96b7 - tokio::macros::scoped_tls::ScopedKey<T>::set::h12b3d2564530294e
[INFO] [stdout]                                at /opt/rustwide/cargo-home/registry/src/index.crates.io-6f17d22bba15001f/tokio-1.20.1/src/macros/scoped_tls.rs:61:9
[INFO] [stdout]   31:     0x55befe5a8c97 - tokio::task::local::LocalSet::with::h1ffa374c681ed8c6
[INFO] [stdout]                                at /opt/rustwide/cargo-home/registry/src/index.crates.io-6f17d22bba15001f/tokio-1.20.1/src/task/local.rs:582:9
[INFO] [stdout]   32:     0x55befe5accca - <tokio::task::local::RunUntil<T> as core::future::future::Future>::poll::h757da6ae840e067a
[INFO] [stdout]                                at /opt/rustwide/cargo-home/registry/src/index.crates.io-6f17d22bba15001f/tokio-1.20.1/src/task/local.rs:747:9
[INFO] [stdout]   33:     0x55befe5a9585 - tokio::task::local::LocalSet::run_until::{{closure}}::hbf431f5e17fd5092
[INFO] [stdout]                                at /opt/rustwide/cargo-home/registry/src/index.crates.io-6f17d22bba15001f/tokio-1.20.1/src/task/local.rs:502:19
[INFO] [stdout]   34:     0x55befe5aca7b - <core::pin::Pin<P> as core::future::future::Future>::poll::h3e01ae4658570c0a
[INFO] [stdout]                                at /rustc/82e1608dfa6e0b5569232559e3d385fea5a93112/library/core/src/future/future.rs:125:9
[INFO] [stdout]   35:     0x55befe58fe64 - tokio::runtime::basic_scheduler::CoreGuard::block_on::{{closure}}::{{closure}}::{{closure}}::h337408bc0b4df35b
[INFO] [stdout]                                at /opt/rustwide/cargo-home/registry/src/index.crates.io-6f17d22bba15001f/tokio-1.20.1/src/runtime/basic_scheduler.rs:543:48
[INFO] [stdout]   36:     0x55befe5b3c70 - tokio::coop::with_budget::{{closure}}::had0c0356b1643850
[INFO] [stdout]                                at /opt/rustwide/cargo-home/registry/src/index.crates.io-6f17d22bba15001f/tokio-1.20.1/src/coop.rs:102:9
[INFO] [stdout]   37:     0x55befe596f6e - std::thread::local::LocalKey<T>::try_with::hb14d44431aed59fe
[INFO] [stdout]                                at /rustc/82e1608dfa6e0b5569232559e3d385fea5a93112/library/std/src/thread/local.rs:270:16
[INFO] [stdout]   38:     0x55befe595b2a - std::thread::local::LocalKey<T>::with::hccc5fad95808aec9
[INFO] [stdout]                                at /rustc/82e1608dfa6e0b5569232559e3d385fea5a93112/library/std/src/thread/local.rs:246:9
[INFO] [stdout]   39:     0x55befe58fdd6 - tokio::coop::with_budget::h2159bdb04bbbfa68
[INFO] [stdout]                                at /opt/rustwide/cargo-home/registry/src/index.crates.io-6f17d22bba15001f/tokio-1.20.1/src/coop.rs:95:5
[INFO] [stdout]   40:     0x55befe58fdd6 - tokio::coop::budget::h1e5bd92ac645ec1c
[INFO] [stdout]                                at /opt/rustwide/cargo-home/registry/src/index.crates.io-6f17d22bba15001f/tokio-1.20.1/src/coop.rs:72:5
[INFO] [stdout]   41:     0x55befe58fdd6 - tokio::runtime::basic_scheduler::CoreGuard::block_on::{{closure}}::{{closure}}::hcbc4484243e7d125
[INFO] [stdout]                                at /opt/rustwide/cargo-home/registry/src/index.crates.io-6f17d22bba15001f/tokio-1.20.1/src/runtime/basic_scheduler.rs:543:25
[INFO] [stdout]   42:     0x55befe58befc - tokio::runtime::basic_scheduler::Context::enter::h5960fc2b653a491c
[INFO] [stdout]                                at /opt/rustwide/cargo-home/registry/src/index.crates.io-6f17d22bba15001f/tokio-1.20.1/src/runtime/basic_scheduler.rs:367:19
[INFO] [stdout]   43:     0x55befe58f3b9 - tokio::runtime::basic_scheduler::CoreGuard::block_on::{{closure}}::h961e31d9eff3aec4
[INFO] [stdout]                                at /opt/rustwide/cargo-home/registry/src/index.crates.io-6f17d22bba15001f/tokio-1.20.1/src/runtime/basic_scheduler.rs:542:36
[INFO] [stdout]   44:     0x55befe58ddfb - tokio::runtime::basic_scheduler::CoreGuard::enter::{{closure}}::h84bba0313032e62c
[INFO] [stdout]                                at /opt/rustwide/cargo-home/registry/src/index.crates.io-6f17d22bba15001f/tokio-1.20.1/src/runtime/basic_scheduler.rs:613:57
[INFO] [stdout]   45:     0x55befe5a97cd - tokio::macros::scoped_tls::ScopedKey<T>::set::h92e1aaf5b0cfd454
[INFO] [stdout]                                at /opt/rustwide/cargo-home/registry/src/index.crates.io-6f17d22bba15001f/tokio-1.20.1/src/macros/scoped_tls.rs:61:9
[INFO] [stdout]   46:     0x55befe58d36f - tokio::runtime::basic_scheduler::CoreGuard::enter::h4cef7c2133408646
[INFO] [stdout]                                at /opt/rustwide/cargo-home/registry/src/index.crates.io-6f17d22bba15001f/tokio-1.20.1/src/runtime/basic_scheduler.rs:613:27
[INFO] [stdout]   47:     0x55befe58decc - tokio::runtime::basic_scheduler::CoreGuard::block_on::h9fecff0bf32e035c
[INFO] [stdout]                                at /opt/rustwide/cargo-home/registry/src/index.crates.io-6f17d22bba15001f/tokio-1.20.1/src/runtime/basic_scheduler.rs:533:19
[INFO] [stdout]   48:     0x55befe58aba2 - tokio::runtime::basic_scheduler::BasicScheduler::block_on::ha30671df789459f2
[INFO] [stdout]                                at /opt/rustwide/cargo-home/registry/src/index.crates.io-6f17d22bba15001f/tokio-1.20.1/src/runtime/basic_scheduler.rs:179:24
[INFO] [stdout]   49:     0x55befe5b7322 - tokio::runtime::Runtime::block_on::h70863b87e1b2c2fc
[INFO] [stdout]                                at /opt/rustwide/cargo-home/registry/src/index.crates.io-6f17d22bba15001f/tokio-1.20.1/src/runtime/mod.rs:482:46
[INFO] [stdout]   50:     0x55befe5a8dbb - tokio::task::local::LocalSet::block_on::hb867df3c634e9d15
[INFO] [stdout]                                at /opt/rustwide/cargo-home/registry/src/index.crates.io-6f17d22bba15001f/tokio-1.20.1/src/task/local.rs:463:9
[INFO] [stdout]   51:     0x55befe5ad5c7 - actix_rt::runtime::Runtime::block_on::hb5453eaadb8d7f11
[INFO] [stdout]                                at /opt/rustwide/cargo-home/registry/src/index.crates.io-6f17d22bba15001f/actix-rt-2.7.0/src/runtime.rs:80:9
[INFO] [stdout]   52:     0x55befe59d82a - actix_rt::system::SystemRunner::block_on::h47c10d157368bc58
[INFO] [stdout]                                at /opt/rustwide/cargo-home/registry/src/index.crates.io-6f17d22bba15001f/actix-rt-2.7.0/src/system.rs:209:9
[INFO] [stdout]   53:     0x55befe5cb884 - web_chat::routes::register::tests::test_register_short_username::h0a4aaa35ced058d7
[INFO] [stdout]                                at /opt/rustwide/workdir/src/routes/register.rs:82:5
[INFO] [stdout]   54:     0x55befe5cb837 - web_chat::routes::register::tests::test_register_short_username::{{closure}}::h1ba8e52efb2b77c1
[INFO] [stdout]                                at /opt/rustwide/workdir/src/routes/register.rs:83:44
[INFO] [stdout]   55:     0x55befe5ae666 - core::ops::function::FnOnce::call_once::haa23d4c8da330b74
[INFO] [stdout]                                at /rustc/82e1608dfa6e0b5569232559e3d385fea5a93112/library/core/src/ops/function.rs:250:5
[INFO] [stdout]   56:     0x55befe6051af - core::ops::function::FnOnce::call_once::h2b5d431d5046312d
[INFO] [stdout]                                at /rustc/82e1608dfa6e0b5569232559e3d385fea5a93112/library/core/src/ops/function.rs:250:5
[INFO] [stdout]   57:     0x55befe6051af - test::__rust_begin_short_backtrace::h7714669af176e207
[INFO] [stdout]                                at /rustc/82e1608dfa6e0b5569232559e3d385fea5a93112/library/test/src/lib.rs:628:18
[INFO] [stdout]   58:     0x55befe6041c5 - test::run_test_in_process::{{closure}}::h85218797dcbcec12
[INFO] [stdout]                                at /rustc/82e1608dfa6e0b5569232559e3d385fea5a93112/library/test/src/lib.rs:651:60
[INFO] [stdout]   59:     0x55befe6041c5 - <core::panic::unwind_safe::AssertUnwindSafe<F> as core::ops::function::FnOnce<()>>::call_once::h76c106ea31c14d7b
[INFO] [stdout]                                at /rustc/82e1608dfa6e0b5569232559e3d385fea5a93112/library/core/src/panic/unwind_safe.rs:272:9
[INFO] [stdout]   60:     0x55befe6041c5 - std::panicking::try::do_call::h3bd5d0f6620ee946
[INFO] [stdout]                                at /rustc/82e1608dfa6e0b5569232559e3d385fea5a93112/library/std/src/panicking.rs:552:40
[INFO] [stdout]   61:     0x55befe6041c5 - std::panicking::try::h232e535e4744fe31
[INFO] [stdout]                                at /rustc/82e1608dfa6e0b5569232559e3d385fea5a93112/library/std/src/panicking.rs:516:19
[INFO] [stdout]   62:     0x55befe6041c5 - std::panic::catch_unwind::h3ce3bd6ca8dbac68
[INFO] [stdout]                                at /rustc/82e1608dfa6e0b5569232559e3d385fea5a93112/library/std/src/panic.rs:142:14
[INFO] [stdout]   63:     0x55befe6041c5 - test::run_test_in_process::hc97b257c9621286a
[INFO] [stdout]                                at /rustc/82e1608dfa6e0b5569232559e3d385fea5a93112/library/test/src/lib.rs:651:27
[INFO] [stdout]   64:     0x55befe6041c5 - test::run_test::{{closure}}::h2aa798823a438d38
[INFO] [stdout]                                at /rustc/82e1608dfa6e0b5569232559e3d385fea5a93112/library/test/src/lib.rs:574:43
[INFO] [stdout]   65:     0x55befe5cc486 - test::run_test::{{closure}}::h87d231c78fb59832
[INFO] [stdout]                                at /rustc/82e1608dfa6e0b5569232559e3d385fea5a93112/library/test/src/lib.rs:602:41
[INFO] [stdout]   66:     0x55befe5cc486 - std::sys_common::backtrace::__rust_begin_short_backtrace::he6df152596625789
[INFO] [stdout]                                at /rustc/82e1608dfa6e0b5569232559e3d385fea5a93112/library/std/src/sys_common/backtrace.rs:154:18
[INFO] [stdout]   67:     0x55befe5d1537 - std::thread::Builder::spawn_unchecked_::{{closure}}::{{closure}}::ha94be15d1e0acf36
[INFO] [stdout]                                at /rustc/82e1608dfa6e0b5569232559e3d385fea5a93112/library/std/src/thread/mod.rs:529:17
[INFO] [stdout]   68:     0x55befe5d1537 - <core::panic::unwind_safe::AssertUnwindSafe<F> as core::ops::function::FnOnce<()>>::call_once::h9dc6bd6372f16606
[INFO] [stdout]                                at /rustc/82e1608dfa6e0b5569232559e3d385fea5a93112/library/core/src/panic/unwind_safe.rs:272:9
[INFO] [stdout]   69:     0x55befe5d1537 - std::panicking::try::do_call::h9057517f80303cd4
[INFO] [stdout]                                at /rustc/82e1608dfa6e0b5569232559e3d385fea5a93112/library/std/src/panicking.rs:552:40
[INFO] [stdout]   70:     0x55befe5d1537 - std::panicking::try::he3a30b11ee45340c
[INFO] [stdout]                                at /rustc/82e1608dfa6e0b5569232559e3d385fea5a93112/library/std/src/panicking.rs:516:19
[INFO] [stdout]   71:     0x55befe5d1537 - std::panic::catch_unwind::h410458cfd3528b8b
[INFO] [stdout]                                at /rustc/82e1608dfa6e0b5569232559e3d385fea5a93112/library/std/src/panic.rs:142:14
[INFO] [stdout]   72:     0x55befe5d1537 - std::thread::Builder::spawn_unchecked_::{{closure}}::h72ac3bdb567b737b
[INFO] [stdout]                                at /rustc/82e1608dfa6e0b5569232559e3d385fea5a93112/library/std/src/thread/mod.rs:528:30
[INFO] [stdout]   73:     0x55befe5d1537 - core::ops::function::FnOnce::call_once{{vtable.shim}}::h38f34da3654a8344
[INFO] [stdout]                                at /rustc/82e1608dfa6e0b5569232559e3d385fea5a93112/library/core/src/ops/function.rs:250:5
[INFO] [stdout]   74:     0x55befea51ed5 - <alloc::boxed::Box<F,A> as core::ops::function::FnOnce<Args>>::call_once::hc7eafaff61e32df9
[INFO] [stdout]                                at /rustc/82e1608dfa6e0b5569232559e3d385fea5a93112/library/alloc/src/boxed.rs:2007:9
[INFO] [stdout]   75:     0x55befea51ed5 - <alloc::boxed::Box<F,A> as core::ops::function::FnOnce<Args>>::call_once::h6ba4a5de48dd2304
[INFO] [stdout]                                at /rustc/82e1608dfa6e0b5569232559e3d385fea5a93112/library/alloc/src/boxed.rs:2007:9
[INFO] [stdout]   76:     0x55befea51ed5 - std::sys::unix::thread::Thread::new::thread_start::he469335aef763e45
[INFO] [stdout]                                at /rustc/82e1608dfa6e0b5569232559e3d385fea5a93112/library/std/src/sys/unix/thread.rs:108:17
[INFO] [stdout]   77:     0x7f16c8379ac3 - <unknown>
[INFO] [stdout]   78:     0x7f16c840abf4 - __clone
[INFO] [stdout]   79:                0x0 - <unknown>
[INFO] [stdout] 
[INFO] [stdout] ---- routes::register::tests::test_register_short_password stdout ----
[INFO] [stdout] thread 'routes::register::tests::test_register_short_password' panicked at src/utils/mod.rs:50:52:
[INFO] [stdout] DATABASE_URL must be set: EnvVar(NotPresent)
[INFO] [stdout] stack backtrace:
[INFO] [stdout]    0:     0x55befea4b0fc - std::backtrace_rs::backtrace::libunwind::trace::ha637c64ce894333a
[INFO] [stdout]                                at /rustc/82e1608dfa6e0b5569232559e3d385fea5a93112/library/std/src/../../backtrace/src/backtrace/libunwind.rs:104:5
[INFO] [stdout]    1:     0x55befea4b0fc - std::backtrace_rs::backtrace::trace_unsynchronized::h47f62dea28e0c88d
[INFO] [stdout]                                at /rustc/82e1608dfa6e0b5569232559e3d385fea5a93112/library/std/src/../../backtrace/src/backtrace/mod.rs:66:5
[INFO] [stdout]    2:     0x55befea4b0fc - std::sys_common::backtrace::_print_fmt::h9eef0abe20ede486
[INFO] [stdout]                                at /rustc/82e1608dfa6e0b5569232559e3d385fea5a93112/library/std/src/sys_common/backtrace.rs:67:5
[INFO] [stdout]    3:     0x55befea4b0fc - <std::sys_common::backtrace::_print::DisplayBacktrace as core::fmt::Display>::fmt::hed7f999df88cc644
[INFO] [stdout]                                at /rustc/82e1608dfa6e0b5569232559e3d385fea5a93112/library/std/src/sys_common/backtrace.rs:44:22
[INFO] [stdout]    4:     0x55befea76ae0 - core::fmt::rt::Argument::fmt::h1539a9308b8d058d
[INFO] [stdout]                                at /rustc/82e1608dfa6e0b5569232559e3d385fea5a93112/library/core/src/fmt/rt.rs:142:9
[INFO] [stdout]    5:     0x55befea76ae0 - core::fmt::write::h3a39390d8560d9c9
[INFO] [stdout]                                at /rustc/82e1608dfa6e0b5569232559e3d385fea5a93112/library/core/src/fmt/mod.rs:1120:17
[INFO] [stdout]    6:     0x55befea4876f - std::io::Write::write_fmt::h040b369f3a0f9cbc
[INFO] [stdout]                                at /rustc/82e1608dfa6e0b5569232559e3d385fea5a93112/library/std/src/io/mod.rs:1762:15
[INFO] [stdout]    7:     0x55befea4aee4 - std::sys_common::backtrace::_print::h894006fb5c6f3d45
[INFO] [stdout]                                at /rustc/82e1608dfa6e0b5569232559e3d385fea5a93112/library/std/src/sys_common/backtrace.rs:47:5
[INFO] [stdout]    8:     0x55befea4aee4 - std::sys_common::backtrace::print::h23a2d212c6fff936
[INFO] [stdout]                                at /rustc/82e1608dfa6e0b5569232559e3d385fea5a93112/library/std/src/sys_common/backtrace.rs:34:9
[INFO] [stdout]    9:     0x55befea4cba7 - std::panicking::default_hook::{{closure}}::h8a1d2ee00185001a
[INFO] [stdout]   10:     0x55befea4c893 - std::panicking::default_hook::h6038f2eba384e475
[INFO] [stdout]                                at /rustc/82e1608dfa6e0b5569232559e3d385fea5a93112/library/std/src/panicking.rs:289:9
[INFO] [stdout]   11:     0x55befe5ffb57 - <alloc::boxed::Box<F,A> as core::ops::function::Fn<Args>>::call::h0ad024c9bdc6d768
[INFO] [stdout]                                at /rustc/82e1608dfa6e0b5569232559e3d385fea5a93112/library/alloc/src/boxed.rs:2021:9
[INFO] [stdout]   12:     0x55befe5ffb57 - test::test_main::{{closure}}::h7500b54257359db6
[INFO] [stdout]                                at /rustc/82e1608dfa6e0b5569232559e3d385fea5a93112/library/test/src/lib.rs:138:21
[INFO] [stdout]   13:     0x55befea4d1b8 - <alloc::boxed::Box<F,A> as core::ops::function::Fn<Args>>::call::h1f8f335eaa9cfaee
[INFO] [stdout]                                at /rustc/82e1608dfa6e0b5569232559e3d385fea5a93112/library/alloc/src/boxed.rs:2021:9
[INFO] [stdout]   14:     0x55befea4d1b8 - std::panicking::rust_panic_with_hook::h2b5517d590cab22e
[INFO] [stdout]                                at /rustc/82e1608dfa6e0b5569232559e3d385fea5a93112/library/std/src/panicking.rs:783:13
[INFO] [stdout]   15:     0x55befea4cf0e - std::panicking::begin_panic_handler::{{closure}}::h233112c06e0ef43e
[INFO] [stdout]                                at /rustc/82e1608dfa6e0b5569232559e3d385fea5a93112/library/std/src/panicking.rs:657:13
[INFO] [stdout]   16:     0x55befea4b5c6 - std::sys_common::backtrace::__rust_end_short_backtrace::h6e893f24d7ebbff8
[INFO] [stdout]                                at /rustc/82e1608dfa6e0b5569232559e3d385fea5a93112/library/std/src/sys_common/backtrace.rs:170:18
[INFO] [stdout]   17:     0x55befea4cc72 - rust_begin_unwind
[INFO] [stdout]                                at /rustc/82e1608dfa6e0b5569232559e3d385fea5a93112/library/std/src/panicking.rs:645:5
[INFO] [stdout]   18:     0x55befe571515 - core::panicking::panic_fmt::hbf0e066aabfa482c
[INFO] [stdout]                                at /rustc/82e1608dfa6e0b5569232559e3d385fea5a93112/library/core/src/panicking.rs:72:14
[INFO] [stdout]   19:     0x55befe571ae3 - core::result::unwrap_failed::hddb4fea594200c52
[INFO] [stdout]                                at /rustc/82e1608dfa6e0b5569232559e3d385fea5a93112/library/core/src/result.rs:1653:5
[INFO] [stdout]   20:     0x55befe59b45d - core::result::Result<T,E>::expect::h154221b56afe774a
[INFO] [stdout]                                at /rustc/82e1608dfa6e0b5569232559e3d385fea5a93112/library/core/src/result.rs:1034:23
[INFO] [stdout]   21:     0x55befe5a6f8d - web_chat::utils::get_connection_pool::he067537e8ec83a1f
[INFO] [stdout]                                at /opt/rustwide/workdir/src/utils/mod.rs:50:24
[INFO] [stdout]   22:     0x55befe5ca698 - web_chat::routes::register::tests::test_register_short_password::{{closure}}::hb76b6c63340e6127
[INFO] [stdout]                                at /opt/rustwide/workdir/src/routes/register.rs:46:23
[INFO] [stdout]   23:     0x55befe5ad4b0 - <tokio::task::local::RunUntil<T> as core::future::future::Future>::poll::{{closure}}::{{closure}}::h65245905e9ab5e6c
[INFO] [stdout]                                at /opt/rustwide/cargo-home/registry/src/index.crates.io-6f17d22bba15001f/tokio-1.20.1/src/task/local.rs:757:65
[INFO] [stdout]   24:     0x55befe5b4000 - tokio::coop::with_budget::{{closure}}::hfa0656224364e265
[INFO] [stdout]                                at /opt/rustwide/cargo-home/registry/src/index.crates.io-6f17d22bba15001f/tokio-1.20.1/src/coop.rs:102:9
[INFO] [stdout]   25:     0x55befe596b7e - std::thread::local::LocalKey<T>::try_with::h75ceaa23008ff2e6
[INFO] [stdout]                                at /rustc/82e1608dfa6e0b5569232559e3d385fea5a93112/library/std/src/thread/local.rs:270:16
[INFO] [stdout]   26:     0x55befe59588a - std::thread::local::LocalKey<T>::with::h251861e43efe341d
[INFO] [stdout]                                at /rustc/82e1608dfa6e0b5569232559e3d385fea5a93112/library/std/src/thread/local.rs:246:9
[INFO] [stdout]   27:     0x55befe5ad34b - tokio::coop::with_budget::h58f3d854fd861114
[INFO] [stdout]                                at /opt/rustwide/cargo-home/registry/src/index.crates.io-6f17d22bba15001f/tokio-1.20.1/src/coop.rs:95:5
[INFO] [stdout]   28:     0x55befe5ad34b - tokio::coop::budget::hb18a23f412a85100
[INFO] [stdout]                                at /opt/rustwide/cargo-home/registry/src/index.crates.io-6f17d22bba15001f/tokio-1.20.1/src/coop.rs:72:5
[INFO] [stdout]   29:     0x55befe5ad34b - <tokio::task::local::RunUntil<T> as core::future::future::Future>::poll::{{closure}}::hdb0d033b353b5b9b
[INFO] [stdout]                                at /opt/rustwide/cargo-home/registry/src/index.crates.io-6f17d22bba15001f/tokio-1.20.1/src/task/local.rs:757:42
[INFO] [stdout]   30:     0x55befe5a9c97 - tokio::macros::scoped_tls::ScopedKey<T>::set::hfacfe39ff9dc3436
[INFO] [stdout]                                at /opt/rustwide/cargo-home/registry/src/index.crates.io-6f17d22bba15001f/tokio-1.20.1/src/macros/scoped_tls.rs:61:9
[INFO] [stdout]   31:     0x55befe5a8cd7 - tokio::task::local::LocalSet::with::hdb2b04092be3f479
[INFO] [stdout]                                at /opt/rustwide/cargo-home/registry/src/index.crates.io-6f17d22bba15001f/tokio-1.20.1/src/task/local.rs:582:9
[INFO] [stdout]   32:     0x55befe5acd2a - <tokio::task::local::RunUntil<T> as core::future::future::Future>::poll::h7ffa13ca4ca61d6c
[INFO] [stdout]                                at /opt/rustwide/cargo-home/registry/src/index.crates.io-6f17d22bba15001f/tokio-1.20.1/src/task/local.rs:747:9
[INFO] [stdout]   33:     0x55befe5a9315 - tokio::task::local::LocalSet::run_until::{{closure}}::h5a280ae3cf141238
[INFO] [stdout]                                at /opt/rustwide/cargo-home/registry/src/index.crates.io-6f17d22bba15001f/tokio-1.20.1/src/task/local.rs:502:19
[INFO] [stdout]   34:     0x55befe5acb3b - <core::pin::Pin<P> as core::future::future::Future>::poll::ha8d45cd633a97cc9
[INFO] [stdout]                                at /rustc/82e1608dfa6e0b5569232559e3d385fea5a93112/library/core/src/future/future.rs:125:9
[INFO] [stdout]   35:     0x55befe58fee4 - tokio::runtime::basic_scheduler::CoreGuard::block_on::{{closure}}::{{closure}}::{{closure}}::he81f64ea69107836
[INFO] [stdout]                                at /opt/rustwide/cargo-home/registry/src/index.crates.io-6f17d22bba15001f/tokio-1.20.1/src/runtime/basic_scheduler.rs:543:48
[INFO] [stdout]   36:     0x55befe5b3b40 - tokio::coop::with_budget::{{closure}}::ha36e9cdd9f5e3c8e
[INFO] [stdout]                                at /opt/rustwide/cargo-home/registry/src/index.crates.io-6f17d22bba15001f/tokio-1.20.1/src/coop.rs:102:9
[INFO] [stdout]   37:     0x55befe59639e - std::thread::local::LocalKey<T>::try_with::h3d152898165a26ee
[INFO] [stdout]                                at /rustc/82e1608dfa6e0b5569232559e3d385fea5a93112/library/std/src/thread/local.rs:270:16
[INFO] [stdout]   38:     0x55befe595afa - std::thread::local::LocalKey<T>::with::hbd60d53f90aa09dc
[INFO] [stdout]                                at /rustc/82e1608dfa6e0b5569232559e3d385fea5a93112/library/std/src/thread/local.rs:246:9
[INFO] [stdout]   39:     0x55befe58fb96 - tokio::coop::with_budget::h8d6af0837df94f9c
[INFO] [stdout]                                at /opt/rustwide/cargo-home/registry/src/index.crates.io-6f17d22bba15001f/tokio-1.20.1/src/coop.rs:95:5
[INFO] [stdout]   40:     0x55befe58fb96 - tokio::coop::budget::hd130fd3022ccee37
[INFO] [stdout]                                at /opt/rustwide/cargo-home/registry/src/index.crates.io-6f17d22bba15001f/tokio-1.20.1/src/coop.rs:72:5
[INFO] [stdout]   41:     0x55befe58fb96 - tokio::runtime::basic_scheduler::CoreGuard::block_on::{{closure}}::{{closure}}::h591df211bb13e55e
[INFO] [stdout]                                at /opt/rustwide/cargo-home/registry/src/index.crates.io-6f17d22bba15001f/tokio-1.20.1/src/runtime/basic_scheduler.rs:543:25
[INFO] [stdout]   42:     0x55befe58c89c - tokio::runtime::basic_scheduler::Context::enter::hd93cd5618ac08a99
[INFO] [stdout]                                at /opt/rustwide/cargo-home/registry/src/index.crates.io-6f17d22bba15001f/tokio-1.20.1/src/runtime/basic_scheduler.rs:367:19
[INFO] [stdout]   43:     0x55befe58eac9 - tokio::runtime::basic_scheduler::CoreGuard::block_on::{{closure}}::h78c83b879b75c173
[INFO] [stdout]                                at /opt/rustwide/cargo-home/registry/src/index.crates.io-6f17d22bba15001f/tokio-1.20.1/src/runtime/basic_scheduler.rs:542:36
[INFO] [stdout]   44:     0x55befe58de3b - tokio::runtime::basic_scheduler::CoreGuard::enter::{{closure}}::hd1adf552fb9f2470
[INFO] [stdout]                                at /opt/rustwide/cargo-home/registry/src/index.crates.io-6f17d22bba15001f/tokio-1.20.1/src/runtime/basic_scheduler.rs:613:57
[INFO] [stdout]   45:     0x55befe5a9a4d - tokio::macros::scoped_tls::ScopedKey<T>::set::hdf0e2545a877614d
[INFO] [stdout]                                at /opt/rustwide/cargo-home/registry/src/index.crates.io-6f17d22bba15001f/tokio-1.20.1/src/macros/scoped_tls.rs:61:9
[INFO] [stdout]   46:     0x55befe58db4f - tokio::runtime::basic_scheduler::CoreGuard::enter::ha3222b255a50d030
[INFO] [stdout]                                at /opt/rustwide/cargo-home/registry/src/index.crates.io-6f17d22bba15001f/tokio-1.20.1/src/runtime/basic_scheduler.rs:613:27
[INFO] [stdout]   47:     0x55befe58df2c - tokio::runtime::basic_scheduler::CoreGuard::block_on::hcad95d081df202bd
[INFO] [stdout]                                at /opt/rustwide/cargo-home/registry/src/index.crates.io-6f17d22bba15001f/tokio-1.20.1/src/runtime/basic_scheduler.rs:533:19
[INFO] [stdout]   48:     0x55befe58b482 - tokio::runtime::basic_scheduler::BasicScheduler::block_on::he35c71b39aedf418
[INFO] [stdout]                                at /opt/rustwide/cargo-home/registry/src/index.crates.io-6f17d22bba15001f/tokio-1.20.1/src/runtime/basic_scheduler.rs:179:24
[INFO] [stdout]   49:     0x55befe5b7202 - tokio::runtime::Runtime::block_on::h03ee6ebfe5bec074
[INFO] [stdout]                                at /opt/rustwide/cargo-home/registry/src/index.crates.io-6f17d22bba15001f/tokio-1.20.1/src/runtime/mod.rs:482:46
[INFO] [stdout]   50:     0x55befe5a8d6b - tokio::task::local::LocalSet::block_on::h989df1f28f8642eb
[INFO] [stdout]                                at /opt/rustwide/cargo-home/registry/src/index.crates.io-6f17d22bba15001f/tokio-1.20.1/src/task/local.rs:463:9
[INFO] [stdout]   51:     0x55befe5ad5a7 - actix_rt::runtime::Runtime::block_on::h943d9e311dbd3ac9
[INFO] [stdout]                                at /opt/rustwide/cargo-home/registry/src/index.crates.io-6f17d22bba15001f/actix-rt-2.7.0/src/runtime.rs:80:9
[INFO] [stdout]   52:     0x55befe59d83a - actix_rt::system::SystemRunner::block_on::h5e347de69a9e71c4
[INFO] [stdout]                                at /opt/rustwide/cargo-home/registry/src/index.crates.io-6f17d22bba15001f/actix-rt-2.7.0/src/system.rs:209:9
[INFO] [stdout]   53:     0x55befe5ca5c4 - web_chat::routes::register::tests::test_register_short_password::h78211a67e3ca22b6
[INFO] [stdout]                                at /opt/rustwide/workdir/src/routes/register.rs:44:5
[INFO] [stdout]   54:     0x55befe5ca577 - web_chat::routes::register::tests::test_register_short_password::{{closure}}::h425faf762da8845e
[INFO] [stdout]                                at /opt/rustwide/workdir/src/routes/register.rs:45:44
[INFO] [stdout]   55:     0x55befe5ae876 - core::ops::function::FnOnce::call_once::he816dd49ca339756
[INFO] [stdout]                                at /rustc/82e1608dfa6e0b5569232559e3d385fea5a93112/library/core/src/ops/function.rs:250:5
[INFO] [stdout]   56:     0x55befe6051af - core::ops::function::FnOnce::call_once::h2b5d431d5046312d
[INFO] [stdout]                                at /rustc/82e1608dfa6e0b5569232559e3d385fea5a93112/library/core/src/ops/function.rs:250:5
[INFO] [stdout]   57:     0x55befe6051af - test::__rust_begin_short_backtrace::h7714669af176e207
[INFO] [stdout]                                at /rustc/82e1608dfa6e0b5569232559e3d385fea5a93112/library/test/src/lib.rs:628:18
[INFO] [stdout]   58:     0x55befe6041c5 - test::run_test_in_process::{{closure}}::h85218797dcbcec12
[INFO] [stdout]                                at /rustc/82e1608dfa6e0b5569232559e3d385fea5a93112/library/test/src/lib.rs:651:60
[INFO] [stdout]   59:     0x55befe6041c5 - <core::panic::unwind_safe::AssertUnwindSafe<F> as core::ops::function::FnOnce<()>>::call_once::h76c106ea31c14d7b
[INFO] [stdout]                                at /rustc/82e1608dfa6e0b5569232559e3d385fea5a93112/library/core/src/panic/unwind_safe.rs:272:9
[INFO] [stdout]   60:     0x55befe6041c5 - std::panicking::try::do_call::h3bd5d0f6620ee946
[INFO] [stdout]                                at /rustc/82e1608dfa6e0b5569232559e3d385fea5a93112/library/std/src/panicking.rs:552:40
[INFO] [stdout]   61:     0x55befe6041c5 - std::panicking::try::h232e535e4744fe31
[INFO] [stdout]                                at /rustc/82e1608dfa6e0b5569232559e3d385fea5a93112/library/std/src/panicking.rs:516:19
[INFO] [stdout]   62:     0x55befe6041c5 - std::panic::catch_unwind::h3ce3bd6ca8dbac68
[INFO] [stdout]                                at /rustc/82e1608dfa6e0b5569232559e3d385fea5a93112/library/std/src/panic.rs:142:14
[INFO] [stdout]   63:     0x55befe6041c5 - test::run_test_in_process::hc97b257c9621286a
[INFO] [stdout]                                at /rustc/82e1608dfa6e0b5569232559e3d385fea5a93112/library/test/src/lib.rs:651:27
[INFO] [stdout]   64:     0x55befe6041c5 - test::run_test::{{closure}}::h2aa798823a438d38
[INFO] [stdout]                                at /rustc/82e1608dfa6e0b5569232559e3d385fea5a93112/library/test/src/lib.rs:574:43
[INFO] [stdout]   65:     0x55befe5cc486 - test::run_test::{{closure}}::h87d231c78fb59832
[INFO] [stdout]                                at /rustc/82e1608dfa6e0b5569232559e3d385fea5a93112/library/test/src/lib.rs:602:41
[INFO] [stdout]   66:     0x55befe5cc486 - std::sys_common::backtrace::__rust_begin_short_backtrace::he6df152596625789
[INFO] [stdout]                                at /rustc/82e1608dfa6e0b5569232559e3d385fea5a93112/library/std/src/sys_common/backtrace.rs:154:18
[INFO] [stdout]   67:     0x55befe5d1537 - std::thread::Builder::spawn_unchecked_::{{closure}}::{{closure}}::ha94be15d1e0acf36
[INFO] [stdout]                                at /rustc/82e1608dfa6e0b5569232559e3d385fea5a93112/library/std/src/thread/mod.rs:529:17
[INFO] [stdout]   68:     0x55befe5d1537 - <core::panic::unwind_safe::AssertUnwindSafe<F> as core::ops::function::FnOnce<()>>::call_once::h9dc6bd6372f16606
[INFO] [stdout]                                at /rustc/82e1608dfa6e0b5569232559e3d385fea5a93112/library/core/src/panic/unwind_safe.rs:272:9
[INFO] [stdout]   69:     0x55befe5d1537 - std::panicking::try::do_call::h9057517f80303cd4
[INFO] [stdout]                                at /rustc/82e1608dfa6e0b5569232559e3d385fea5a93112/library/std/src/panicking.rs:552:40
[INFO] [stdout]   70:     0x55befe5d1537 - std::panicking::try::he3a30b11ee45340c
[INFO] [stdout]                                at /rustc/82e1608dfa6e0b5569232559e3d385fea5a93112/library/std/src/panicking.rs:516:19
[INFO] [stdout]   71:     0x55befe5d1537 - std::panic::catch_unwind::h410458cfd3528b8b
[INFO] [stdout]                                at /rustc/82e1608dfa6e0b5569232559e3d385fea5a93112/library/std/src/panic.rs:142:14
[INFO] [stdout]   72:     0x55befe5d1537 - std::thread::Builder::spawn_unchecked_::{{closure}}::h72ac3bdb567b737b
[INFO] [stdout]                                at /rustc/82e1608dfa6e0b5569232559e3d385fea5a93112/library/std/src/thread/mod.rs:528:30
[INFO] [stdout]   73:     0x55befe5d1537 - core::ops::function::FnOnce::call_once{{vtable.shim}}::h38f34da3654a8344
[INFO] [stdout]                                at /rustc/82e1608dfa6e0b5569232559e3d385fea5a93112/library/core/src/ops/function.rs:250:5
[INFO] [stdout]   74:     0x55befea51ed5 - <alloc::boxed::Box<F,A> as core::ops::function::FnOnce<Args>>::call_once::hc7eafaff61e32df9
[INFO] [stdout]                                at /rustc/82e1608dfa6e0b5569232559e3d385fea5a93112/library/alloc/src/boxed.rs:2007:9
[INFO] [stdout]   75:     0x55befea51ed5 - <alloc::boxed::Box<F,A> as core::ops::function::FnOnce<Args>>::call_once::h6ba4a5de48dd2304
[INFO] [stdout]                                at /rustc/82e1608dfa6e0b5569232559e3d385fea5a93112/library/alloc/src/boxed.rs:2007:9
[INFO] [stdout]   76:     0x55befea51ed5 - std::sys::unix::thread::Thread::new::thread_start::he469335aef763e45
[INFO] [stdout]                                at /rustc/82e1608dfa6e0b5569232559e3d385fea5a93112/library/std/src/sys/unix/thread.rs:108:17
[INFO] [stdout]   77:     0x7f16c8379ac3 - <unknown>
[INFO] [stdout]   78:     0x7f16c840abf4 - __clone
[INFO] [stdout]   79:                0x0 - <unknown>
[INFO] [stdout] 
[INFO] [stdout] 
[INFO] [stdout] failures:
[INFO] [stdout]     routes::register::tests::test_register_invalid_password
[INFO] [stdout]     routes::register::tests::test_register_short_password
[INFO] [stdout]     routes::register::tests::test_register_short_username
[INFO] [stdout] 
[INFO] [stdout] test result: FAILED. 0 passed; 3 failed; 0 ignored; 0 measured; 0 filtered out; finished in 0.05s
[INFO] [stdout] 
[INFO] [stderr] error: test failed, to rerun pass `--bin web_chat`
[INFO] running `Command { std: "docker" "inspect" "d0d1a2ec1a9ef5350d2c18dc92533477e1b7a2a3807cdeb5fa525cfeae016dcb", kill_on_drop: false }`
[INFO] running `Command { std: "docker" "rm" "-f" "d0d1a2ec1a9ef5350d2c18dc92533477e1b7a2a3807cdeb5fa525cfeae016dcb", kill_on_drop: false }`
[INFO] [stdout] d0d1a2ec1a9ef5350d2c18dc92533477e1b7a2a3807cdeb5fa525cfeae016dcb
[INFO] testing LG64BIT/web_chat against beta-2023-12-22 for beta-1.76-1
[INFO] running `Command { std: "git" "clone" "/workspace/cache/git-repos/https%3A%2F%2Fgithub.com%2FLG64BIT%2Fweb_chat" "/workspace/builds/worker-5-tc2/source", kill_on_drop: false }`
[INFO] [stderr] Cloning into '/workspace/builds/worker-5-tc2/source'...
[INFO] [stderr] done.
[INFO] validating manifest of git repo https://github.com/LG64BIT/web_chat on toolchain beta-2023-12-22
[INFO] running `Command { std: CARGO_HOME="/workspace/cargo-home" RUSTUP_HOME="/workspace/rustup-home" "/workspace/cargo-home/bin/cargo" "+beta-2023-12-22" "metadata" "--manifest-path" "Cargo.toml" "--no-deps", kill_on_drop: false }`
[INFO] started tweaking git repo https://github.com/LG64BIT/web_chat
[INFO] finished tweaking git repo https://github.com/LG64BIT/web_chat
[INFO] tweaked toml for git repo https://github.com/LG64BIT/web_chat written to /workspace/builds/worker-5-tc2/source/Cargo.toml
[INFO] crate git repo https://github.com/LG64BIT/web_chat already has a lockfile, it will not be regenerated
[INFO] running `Command { std: CARGO_HOME="/workspace/cargo-home" RUSTUP_HOME="/workspace/rustup-home" "/workspace/cargo-home/bin/cargo" "+beta-2023-12-22" "fetch" "--manifest-path" "Cargo.toml", kill_on_drop: false }`
[INFO] running `Command { std: "docker" "create" "-v" "/var/lib/crater-agent-workspace/builds/worker-5-tc2/target:/opt/rustwide/target:rw,Z" "-v" "/var/lib/crater-agent-workspace/builds/worker-5-tc2/source:/opt/rustwide/workdir:ro,Z" "-v" "/var/lib/crater-agent-workspace/cargo-home:/opt/rustwide/cargo-home:ro,Z" "-v" "/var/lib/crater-agent-workspace/rustup-home:/opt/rustwide/rustup-home:ro,Z" "-e" "SOURCE_DIR=/opt/rustwide/workdir" "-e" "CARGO_TARGET_DIR=/opt/rustwide/target" "-e" "CARGO_HOME=/opt/rustwide/cargo-home" "-e" "RUSTUP_HOME=/opt/rustwide/rustup-home" "-w" "/opt/rustwide/workdir" "-m" "1610612736" "--user" "0:0" "--network" "none" "ghcr.io/rust-lang/crates-build-env/linux@sha256:2788e3201cd34a07e3172128adcd8b3090168a8e3bcc40d7c032b9dda1df7d1c" "/opt/rustwide/cargo-home/bin/cargo" "+beta-2023-12-22" "metadata" "--no-deps" "--format-version=1", kill_on_drop: false }`
[INFO] [stdout] 3b97a0ed06cf0faeac7875c802ff7c6453e6b6ca98b5c5354e065f67094a099d
[INFO] running `Command { std: "docker" "start" "-a" "3b97a0ed06cf0faeac7875c802ff7c6453e6b6ca98b5c5354e065f67094a099d", kill_on_drop: false }`
[INFO] running `Command { std: "docker" "inspect" "3b97a0ed06cf0faeac7875c802ff7c6453e6b6ca98b5c5354e065f67094a099d", kill_on_drop: false }`
[INFO] running `Command { std: "docker" "rm" "-f" "3b97a0ed06cf0faeac7875c802ff7c6453e6b6ca98b5c5354e065f67094a099d", kill_on_drop: false }`
[INFO] [stdout] 3b97a0ed06cf0faeac7875c802ff7c6453e6b6ca98b5c5354e065f67094a099d
[INFO] running `Command { std: "docker" "create" "-v" "/var/lib/crater-agent-workspace/builds/worker-5-tc2/target:/opt/rustwide/target:rw,Z" "-v" "/var/lib/crater-agent-workspace/builds/worker-5-tc2/source:/opt/rustwide/workdir:ro,Z" "-v" "/var/lib/crater-agent-workspace/cargo-home:/opt/rustwide/cargo-home:ro,Z" "-v" "/var/lib/crater-agent-workspace/rustup-home:/opt/rustwide/rustup-home:ro,Z" "-e" "SOURCE_DIR=/opt/rustwide/workdir" "-e" "CARGO_TARGET_DIR=/opt/rustwide/target" "-e" "CARGO_INCREMENTAL=0" "-e" "RUST_BACKTRACE=full" "-e" "RUSTFLAGS=--cap-lints=warn" "-e" "RUSTDOCFLAGS=--cap-lints=warn" "-e" "CARGO_HOME=/opt/rustwide/cargo-home" "-e" "RUSTUP_HOME=/opt/rustwide/rustup-home" "-w" "/opt/rustwide/workdir" "-m" "1610612736" "--user" "0:0" "--network" "none" "ghcr.io/rust-lang/crates-build-env/linux@sha256:2788e3201cd34a07e3172128adcd8b3090168a8e3bcc40d7c032b9dda1df7d1c" "/opt/rustwide/cargo-home/bin/cargo" "+beta-2023-12-22" "build" "--frozen" "--message-format=json", kill_on_drop: false }`
[INFO] [stdout] ea54c265383e5284fecc8fcd5aa4707ed009c9e373108d37253a1d142526ad36
[INFO] running `Command { std: "docker" "start" "-a" "ea54c265383e5284fecc8fcd5aa4707ed009c9e373108d37253a1d142526ad36", kill_on_drop: false }`
[INFO] [stderr]    Compiling libc v0.2.126
[INFO] [stderr]    Compiling proc-macro2 v1.0.42
[INFO] [stderr]    Compiling quote v1.0.20
[INFO] [stderr]    Compiling unicode-ident v1.0.2
[INFO] [stderr]    Compiling syn v1.0.98
[INFO] [stderr]    Compiling log v0.4.17
[INFO] [stderr]    Compiling parking_lot_core v0.9.3
[INFO] [stderr]    Compiling once_cell v1.13.0
[INFO] [stderr]    Compiling smallvec v1.9.0
[INFO] [stderr]    Compiling bytes v1.2.1
[INFO] [stderr]    Compiling serde_derive v1.0.140
[INFO] [stderr]    Compiling lock_api v0.4.7
[INFO] [stderr]    Compiling itoa v1.0.2
[INFO] [stderr]    Compiling pin-project-lite v0.2.9
[INFO] [stderr]    Compiling typenum v1.15.0
[INFO] [stderr]    Compiling futures-core v0.3.21
[INFO] [stderr]    Compiling serde v1.0.140
[INFO] [stderr]    Compiling generic-array v0.14.5
[INFO] [stderr]    Compiling tokio v1.20.1
[INFO] [stderr]    Compiling num-traits v0.2.15
[INFO] [stderr]    Compiling futures-task v0.3.21
[INFO] [stderr]    Compiling tracing-core v0.1.29
[INFO] [stderr]    Compiling futures-util v0.3.21
[INFO] [stderr]    Compiling aho-corasick v0.7.18
[INFO] [stderr]    Compiling regex-syntax v0.6.27
[INFO] [stderr]    Compiling futures-sink v0.3.21
[INFO] [stderr]    Compiling percent-encoding v2.1.0
[INFO] [stderr]    Compiling http v0.2.8
[INFO] [stderr]    Compiling matches v0.1.9
[INFO] [stderr]    Compiling tinyvec_macros v0.1.0
[INFO] [stderr]    Compiling bytestring v1.1.0
[INFO] [stderr]    Compiling tinyvec v1.6.0
[INFO] [stderr]    Compiling slab v0.4.7
[INFO] [stderr]    Compiling indexmap v1.9.1
[INFO] [stderr]    Compiling zstd-safe v5.0.2+zstd.1.5.2
[INFO] [stderr]    Compiling serde_json v1.0.82
[INFO] [stderr]    Compiling tracing v0.1.36
[INFO] [stderr]    Compiling alloc-no-stdlib v2.0.3
[INFO] [stderr]    Compiling ryu v1.0.10
[INFO] [stderr]    Compiling local-waker v0.1.3
[INFO] [stderr]    Compiling base64 v0.13.0
[INFO] [stderr]    Compiling time-macros v0.2.4
[INFO] [stderr]    Compiling num_threads v0.1.6
[INFO] [stderr]    Compiling jobserver v0.1.24
[INFO] [stderr]    Compiling socket2 v0.4.4
[INFO] [stderr]    Compiling cc v1.0.73
[INFO] [stderr]    Compiling parking_lot v0.12.1
[INFO] [stderr]    Compiling mio v0.8.4
[INFO] [stderr]    Compiling signal-hook-registry v1.4.0
[INFO] [stderr]    Compiling getrandom v0.2.7
[INFO] [stderr]    Compiling alloc-stdlib v0.2.1
[INFO] [stderr]    Compiling rand_core v0.6.3
[INFO] [stderr]    Compiling unicode-normalization v0.1.21
[INFO] [stderr]    Compiling num-integer v0.1.45
[INFO] [stderr]    Compiling form_urlencoded v1.0.1
[INFO] [stderr]    Compiling proc-macro-error-attr v1.0.4
[INFO] [stderr]    Compiling ahash v0.7.6
[INFO] [stderr]    Compiling httparse v1.7.1
[INFO] [stderr]    Compiling ppv-lite86 v0.2.16
[INFO] [stderr]    Compiling crossbeam-utils v0.8.11
[INFO] [stderr]    Compiling pq-sys v0.4.7
[INFO] [stderr]    Compiling encoding_rs v0.8.31
[INFO] [stderr]    Compiling firestorm v0.5.1
[INFO] [stderr]    Compiling paste v1.0.7
[INFO] [stderr]    Compiling unicode-bidi v0.3.8
[INFO] [stderr]    Compiling miniz_oxide v0.5.3
[INFO] [stderr]    Compiling crypto-common v0.1.6
[INFO] [stderr]    Compiling block-buffer v0.10.2
[INFO] [stderr]    Compiling rand_chacha v0.3.1
[INFO] [stderr]    Compiling brotli-decompressor v2.3.2
[INFO] [stderr]    Compiling scheduled-thread-pool v0.2.6
[INFO] [stderr]    Compiling digest v0.10.3
[INFO] [stderr]    Compiling regex v1.6.0
[INFO] [stderr]    Compiling zstd-sys v2.0.1+zstd.1.5.2
[INFO] [stderr]    Compiling idna v0.2.3
[INFO] [stderr]    Compiling time v0.1.44
[INFO] [stderr]    Compiling actix-utils v3.0.0
[INFO] [stderr]    Compiling actix-service v2.0.2
[INFO] [stderr]    Compiling proc-macro-error v1.0.4
[INFO] [stderr]    Compiling cookie v0.16.0
[INFO] [stderr]    Compiling num-bigint v0.4.3
[INFO] [stderr]    Compiling cpufeatures v0.2.2
[INFO] [stderr]    Compiling convert_case v0.4.0
[INFO] [stderr]    Compiling sha1 v0.10.1
[INFO] [stderr]    Compiling time v0.3.12
[INFO] [stderr]    Compiling url v2.2.2
[INFO] [stderr]    Compiling local-channel v0.1.3
[INFO] [stderr]    Compiling flate2 v1.0.24
[INFO] [stderr]    Compiling rand v0.8.5
[INFO] [stderr]    Compiling r2d2 v0.8.10
[INFO] [stderr]    Compiling ring v0.16.20
[INFO] [stderr]    Compiling brotli v3.3.4
[INFO] [stderr]    Compiling inout v0.1.3
[INFO] [stderr]    Compiling num_cpus v1.13.1
[INFO] [stderr]    Compiling language-tags v0.3.2
[INFO] [stderr]    Compiling mime v0.3.16
[INFO] [stderr]    Compiling crossbeam-channel v0.5.6
[INFO] [stderr]    Compiling cipher v0.4.3
[INFO] [stderr]    Compiling if_chain v1.0.2
[INFO] [stderr]    Compiling blowfish v0.9.1
[INFO] [stderr]    Compiling pem v1.1.0
[INFO] [stderr]    Compiling zeroize v1.5.7
[INFO] [stderr]    Compiling dotenv v0.15.0
[INFO] [stderr]    Compiling bcrypt v0.13.0
[INFO] [stderr]    Compiling validator_types v0.16.0
[INFO] [stderr]    Compiling tokio-util v0.7.3
[INFO] [stderr]    Compiling actix-rt v2.7.0
[INFO] [stderr]    Compiling actix-router v0.5.0
[INFO] [stderr]    Compiling actix-server v2.1.1
[INFO] [stderr]    Compiling actix-codec v0.5.0
[INFO] [stderr]    Compiling h2 v0.3.13
[INFO] [stderr]    Compiling diesel_derives v1.4.1
[INFO] [stderr]    Compiling derive_more v0.99.17
[INFO] [stderr]    Compiling thiserror-impl v1.0.31
[INFO] [stderr]    Compiling actix-macros v0.2.3
[INFO] [stderr]    Compiling actix-web-codegen v4.0.1
[INFO] [stderr]    Compiling actix_derive v0.6.0
[INFO] [stderr]    Compiling validator_derive v0.16.0
[INFO] [stderr]    Compiling actix v0.13.0
[INFO] [stderr] error: could not compile `brotli` (lib)
[INFO] [stderr] 
[INFO] [stderr] Caused by:
[INFO] [stderr]   process didn't exit successfully: `/opt/rustwide/rustup-home/toolchains/beta-2023-12-22-x86_64-unknown-linux-gnu/bin/rustc --crate-name brotli /opt/rustwide/cargo-home/registry/src/index.crates.io-6f17d22bba15001f/brotli-3.3.4/src/lib.rs --error-format=json --json=diagnostic-rendered-ansi,artifacts,future-incompat --crate-type lib --emit=dep-info,metadata,link -C embed-bitcode=no -C debuginfo=2 --cfg 'feature="alloc-stdlib"' --cfg 'feature="default"' --cfg 'feature="ffi-api"' --cfg 'feature="std"' -C metadata=b6b5f70164edd52b -C extra-filename=-b6b5f70164edd52b --out-dir /opt/rustwide/target/debug/deps -L dependency=/opt/rustwide/target/debug/deps --extern alloc_no_stdlib=/opt/rustwide/target/debug/deps/liballoc_no_stdlib-5c4e7f566a70b468.rmeta --extern alloc_stdlib=/opt/rustwide/target/debug/deps/liballoc_stdlib-2ce3acab0dcc0e49.rmeta --extern brotli_decompressor=/opt/rustwide/target/debug/deps/libbrotli_decompressor-0b482c762c345166.rmeta --cap-lints allow --cap-lints=warn` (signal: 9, SIGKILL: kill)
[INFO] [stderr] warning: build failed, waiting for other jobs to finish...
[INFO] running `Command { std: "docker" "inspect" "ea54c265383e5284fecc8fcd5aa4707ed009c9e373108d37253a1d142526ad36", kill_on_drop: false }`
[INFO] running `Command { std: "docker" "rm" "-f" "ea54c265383e5284fecc8fcd5aa4707ed009c9e373108d37253a1d142526ad36", kill_on_drop: false }`
[INFO] [stdout] ea54c265383e5284fecc8fcd5aa4707ed009c9e373108d37253a1d142526ad36
