[INFO] cloning repository https://github.com/Emtrixx/wgpu-raytracer
[INFO] running `Command { std: "git" "-c" "credential.helper=" "-c" "credential.helper=/workspace/cargo-home/bin/git-credential-null" "clone" "--bare" "https://github.com/Emtrixx/wgpu-raytracer" "/workspace/cache/git-repos/https%3A%2F%2Fgithub.com%2FEmtrixx%2Fwgpu-raytracer", kill_on_drop: false }`
[INFO] [stderr] Cloning into bare repository '/workspace/cache/git-repos/https%3A%2F%2Fgithub.com%2FEmtrixx%2Fwgpu-raytracer'...
[INFO] running `Command { std: "git" "rev-parse" "HEAD", kill_on_drop: false }`
[INFO] [stdout] 2f19de58b1e92aa83e67861f2aa9b98c7594762f
[INFO] testing Emtrixx/wgpu-raytracer against 1.75.0 for beta-1.76-1
[INFO] running `Command { std: "git" "clone" "/workspace/cache/git-repos/https%3A%2F%2Fgithub.com%2FEmtrixx%2Fwgpu-raytracer" "/workspace/builds/worker-5-tc1/source", kill_on_drop: false }`
[INFO] [stderr] Cloning into '/workspace/builds/worker-5-tc1/source'...
[INFO] [stderr] done.
[INFO] validating manifest of git repo https://github.com/Emtrixx/wgpu-raytracer on toolchain 1.75.0
[INFO] running `Command { std: CARGO_HOME="/workspace/cargo-home" RUSTUP_HOME="/workspace/rustup-home" "/workspace/cargo-home/bin/cargo" "+1.75.0" "metadata" "--manifest-path" "Cargo.toml" "--no-deps", kill_on_drop: false }`
[INFO] started tweaking git repo https://github.com/Emtrixx/wgpu-raytracer
[INFO] finished tweaking git repo https://github.com/Emtrixx/wgpu-raytracer
[INFO] tweaked toml for git repo https://github.com/Emtrixx/wgpu-raytracer written to /workspace/builds/worker-5-tc1/source/Cargo.toml
[INFO] crate git repo https://github.com/Emtrixx/wgpu-raytracer already has a lockfile, it will not be regenerated
[INFO] running `Command { std: CARGO_HOME="/workspace/cargo-home" RUSTUP_HOME="/workspace/rustup-home" "/workspace/cargo-home/bin/cargo" "+1.75.0" "fetch" "--manifest-path" "Cargo.toml", kill_on_drop: false }`
[INFO] running `Command { std: "docker" "create" "-v" "/var/lib/crater-agent-workspace/builds/worker-5-tc1/target:/opt/rustwide/target:rw,Z" "-v" "/var/lib/crater-agent-workspace/builds/worker-5-tc1/source:/opt/rustwide/workdir:ro,Z" "-v" "/var/lib/crater-agent-workspace/cargo-home:/opt/rustwide/cargo-home:ro,Z" "-v" "/var/lib/crater-agent-workspace/rustup-home:/opt/rustwide/rustup-home:ro,Z" "-e" "SOURCE_DIR=/opt/rustwide/workdir" "-e" "CARGO_TARGET_DIR=/opt/rustwide/target" "-e" "CARGO_HOME=/opt/rustwide/cargo-home" "-e" "RUSTUP_HOME=/opt/rustwide/rustup-home" "-w" "/opt/rustwide/workdir" "-m" "1610612736" "--user" "0:0" "--network" "none" "ghcr.io/rust-lang/crates-build-env/linux@sha256:2788e3201cd34a07e3172128adcd8b3090168a8e3bcc40d7c032b9dda1df7d1c" "/opt/rustwide/cargo-home/bin/cargo" "+1.75.0" "metadata" "--no-deps" "--format-version=1", kill_on_drop: false }`
[INFO] [stdout] 6e6315727cc16b0b15c9c48be793d5c0f9e41818babba45bcac68bef7978c4bb
[INFO] running `Command { std: "docker" "start" "-a" "6e6315727cc16b0b15c9c48be793d5c0f9e41818babba45bcac68bef7978c4bb", kill_on_drop: false }`
[INFO] running `Command { std: "docker" "inspect" "6e6315727cc16b0b15c9c48be793d5c0f9e41818babba45bcac68bef7978c4bb", kill_on_drop: false }`
[INFO] running `Command { std: "docker" "rm" "-f" "6e6315727cc16b0b15c9c48be793d5c0f9e41818babba45bcac68bef7978c4bb", kill_on_drop: false }`
[INFO] [stdout] 6e6315727cc16b0b15c9c48be793d5c0f9e41818babba45bcac68bef7978c4bb
[INFO] running `Command { std: "docker" "create" "-v" "/var/lib/crater-agent-workspace/builds/worker-5-tc1/target:/opt/rustwide/target:rw,Z" "-v" "/var/lib/crater-agent-workspace/builds/worker-5-tc1/source:/opt/rustwide/workdir:ro,Z" "-v" "/var/lib/crater-agent-workspace/cargo-home:/opt/rustwide/cargo-home:ro,Z" "-v" "/var/lib/crater-agent-workspace/rustup-home:/opt/rustwide/rustup-home:ro,Z" "-e" "SOURCE_DIR=/opt/rustwide/workdir" "-e" "CARGO_TARGET_DIR=/opt/rustwide/target" "-e" "CARGO_INCREMENTAL=0" "-e" "RUST_BACKTRACE=full" "-e" "RUSTFLAGS=--cap-lints=warn" "-e" "RUSTDOCFLAGS=--cap-lints=warn" "-e" "CARGO_HOME=/opt/rustwide/cargo-home" "-e" "RUSTUP_HOME=/opt/rustwide/rustup-home" "-w" "/opt/rustwide/workdir" "-m" "1610612736" "--user" "0:0" "--network" "none" "ghcr.io/rust-lang/crates-build-env/linux@sha256:2788e3201cd34a07e3172128adcd8b3090168a8e3bcc40d7c032b9dda1df7d1c" "/opt/rustwide/cargo-home/bin/cargo" "+1.75.0" "build" "--frozen" "--message-format=json", kill_on_drop: false }`
[INFO] [stdout] 69b02ba3abacb7a8e24c3ffa979a603f4ac60989b1ebb2b7d9c9c2e48a3d7a50
[INFO] running `Command { std: "docker" "start" "-a" "69b02ba3abacb7a8e24c3ffa979a603f4ac60989b1ebb2b7d9c9c2e48a3d7a50", kill_on_drop: false }`
[INFO] [stderr]    Compiling autocfg v1.1.0
[INFO] [stderr]    Compiling proc-macro2 v1.0.66
[INFO] [stderr]    Compiling unicode-ident v1.0.11
[INFO] [stderr]    Compiling libc v0.2.150
[INFO] [stderr]    Compiling bitflags v1.3.2
[INFO] [stderr]    Compiling memchr v2.5.0
[INFO] [stderr]    Compiling pkg-config v0.3.27
[INFO] [stderr]    Compiling version_check v0.9.4
[INFO] [stderr]    Compiling smallvec v1.11.0
[INFO] [stderr]    Compiling once_cell v1.18.0
[INFO] [stderr]    Compiling libloading v0.8.0
[INFO] [stderr]    Compiling xml-rs v0.8.16
[INFO] [stderr]    Compiling simd-adler32 v0.3.7
[INFO] [stderr]    Compiling adler v1.0.2
[INFO] [stderr]    Compiling bitflags v2.4.0
[INFO] [stderr]    Compiling thiserror v1.0.44
[INFO] [stderr]    Compiling log v0.4.20
[INFO] [stderr]    Compiling crossbeam-utils v0.8.18
[INFO] [stderr]    Compiling miniz_oxide v0.7.1
[INFO] [stderr]    Compiling crc32fast v1.3.2
[INFO] [stderr]    Compiling scopeguard v1.2.0
[INFO] [stderr]    Compiling dlib v0.5.2
[INFO] [stderr]    Compiling rayon-core v1.12.0
[INFO] [stderr]    Compiling unicode-xid v0.2.4
[INFO] [stderr]    Compiling parking_lot_core v0.9.8
[INFO] [stderr]    Compiling minimal-lexical v0.2.1
[INFO] [stderr]    Compiling ahash v0.7.6
[INFO] [stderr]    Compiling slotmap v1.0.6
[INFO] [stderr]    Compiling memoffset v0.6.5
[INFO] [stderr]    Compiling num-traits v0.2.16
[INFO] [stderr]    Compiling lock_api v0.4.10
[INFO] [stderr]    Compiling scoped-tls v1.0.1
[INFO] [stderr]    Compiling downcast-rs v1.2.0
[INFO] [stderr]    Compiling arrayvec v0.7.4
[INFO] [stderr]    Compiling termcolor v1.2.0
[INFO] [stderr]    Compiling quote v1.0.32
[INFO] [stderr]    Compiling futures-core v0.3.29
[INFO] [stderr]    Compiling wayland-sys v0.29.5
[INFO] [stderr]    Compiling flate2 v1.0.28
[INFO] [stderr]    Compiling syn v2.0.32
[INFO] [stderr]    Compiling wayland-scanner v0.29.5
[INFO] [stderr]    Compiling crossbeam-epoch v0.9.17
[INFO] [stderr]    Compiling nom v7.1.3
[INFO] [stderr]    Compiling fdeflate v0.3.1
[INFO] [stderr]    Compiling syn v1.0.109
[INFO] [stderr]    Compiling equivalent v1.0.1
[INFO] [stderr]    Compiling unicode-width v0.1.10
[INFO] [stderr]    Compiling hashbrown v0.14.0
[INFO] [stderr]    Compiling ash v0.37.3+1.3.251
[INFO] [stderr]    Compiling crossbeam-deque v0.8.4
[INFO] [stderr]    Compiling bit-vec v0.6.3
[INFO] [stderr]    Compiling khronos-egl v6.0.0
[INFO] [stderr]    Compiling cc v1.0.82
[INFO] [stderr]    Compiling codespan-reporting v0.11.1
[INFO] [stderr]    Compiling png v0.17.10
[INFO] [stderr]    Compiling bit-set v0.5.3
[INFO] [stderr]    Compiling spin v0.9.8
[INFO] [stderr]    Compiling smithay-client-toolkit v0.16.1
[INFO] [stderr]    Compiling num-integer v0.1.45
[INFO] [stderr]    Compiling gpu-alloc-types v0.3.0
[INFO] [stderr]    Compiling gpu-descriptor-types v0.1.1
[INFO] [stderr]    Compiling indexmap v2.0.0
[INFO] [stderr]    Compiling libloading v0.7.4
[INFO] [stderr]    Compiling vec_map v0.8.2
[INFO] [stderr]    Compiling strict-num v0.1.1
[INFO] [stderr]    Compiling arrayref v0.3.7
[INFO] [stderr]    Compiling futures-sink v0.3.29
[INFO] [stderr]    Compiling ttf-parser v0.19.1
[INFO] [stderr]    Compiling getrandom v0.2.10
[INFO] [stderr]    Compiling nix v0.24.3
[INFO] [stderr]    Compiling nix v0.25.1
[INFO] [stderr]    Compiling hexf-parse v0.2.1
[INFO] [stderr]    Compiling nanorand v0.7.0
[INFO] [stderr]    Compiling rustix v0.38.27
[INFO] [stderr]    Compiling either v1.9.0
[INFO] [stderr]    Compiling spirv v0.2.0+1.5.4
[INFO] [stderr]    Compiling raw-window-handle v0.5.2
[INFO] [stderr]    Compiling wayland-client v0.29.5
[INFO] [stderr]    Compiling wayland-protocols v0.29.5
[INFO] [stderr]    Compiling hashbrown v0.12.3
[INFO] [stderr]    Compiling xcursor v0.3.4
[INFO] [stderr]    Compiling flume v0.11.0
[INFO] [stderr]    Compiling parking_lot v0.12.1
[INFO] [stderr]    Compiling rayon v1.8.0
[INFO] [stderr]    Compiling memmap2 v0.5.10
[INFO] [stderr]    Compiling backtrace v0.3.68
[INFO] [stderr]    Compiling gpu-alloc v0.6.0
[INFO] [stderr]    Compiling aho-corasick v1.0.4
[INFO] [stderr]    Compiling gpu-descriptor v0.2.3
[INFO] [stderr]    Compiling x11-dl v2.21.0
[INFO] [stderr]    Compiling num-rational v0.4.1
[INFO] [stderr]    Compiling wgpu-types v0.18.0
[INFO] [stderr]    Compiling profiling v1.0.9
[INFO] [stderr]    Compiling wayland-commons v0.29.5
[INFO] [stderr]    Compiling linux-raw-sys v0.4.12
[INFO] [stderr]    Compiling ab_glyph_rasterizer v0.1.8
[INFO] [stderr]    Compiling renderdoc-sys v1.0.0
[INFO] [stderr]    Compiling regex-syntax v0.7.4
[INFO] [stderr]    Compiling gimli v0.27.3
[INFO] [stderr]    Compiling glow v0.13.0
[INFO] [stderr]    Compiling weezl v0.1.7
[INFO] [stderr]    Compiling failure_derive v0.1.8
[INFO] [stderr]    Compiling thiserror-impl v1.0.44
[INFO] [stderr]    Compiling bytemuck_derive v1.4.1
[INFO] [stderr]    Compiling owned_ttf_parser v0.19.0
[INFO] [stderr]    Compiling cfg_aliases v0.1.1
[INFO] [stderr]    Compiling ab_glyph v0.2.21
[INFO] [stderr]    Compiling winit v0.28.7
[INFO] [stderr]    Compiling jpeg-decoder v0.3.0
[INFO] [stderr]    Compiling regex-automata v0.3.6
[INFO] [stderr]    Compiling synstructure v0.12.6
[INFO] [stderr]    Compiling bytemuck v1.14.0
[INFO] [stderr]    Compiling object v0.31.1
[INFO] [stderr]    Compiling zune-inflate v0.2.54
[INFO] [stderr]    Compiling rustc-demangle v0.1.23
[INFO] [stderr]    Compiling tiny-skia-path v0.8.4
[INFO] [stderr]    Compiling wayland-cursor v0.29.5
[INFO] [stderr]    Compiling addr2line v0.20.0
[INFO] [stderr]    Compiling color_quant v1.1.0
[INFO] [stderr]    Compiling half v2.2.1
[INFO] [stderr]    Compiling calloop v0.10.6
[INFO] [stderr]    Compiling naga v0.14.2
[INFO] [stderr]    Compiling tiny-skia v0.8.4
[INFO] [stderr]    Compiling lebe v0.5.2
[INFO] [stderr]    Compiling bit_field v0.10.2
[INFO] [stderr]    Compiling cgmath v0.18.0
[INFO] [stderr]    Compiling gif v0.12.0
[INFO] [stderr]    Compiling qoi v0.4.1
[INFO] [stderr]    Compiling tiff v0.9.0
[INFO] [stderr]    Compiling exr v1.71.0
[INFO] [stderr]    Compiling is-terminal v0.4.9
[INFO] [stderr]    Compiling approx v0.4.0
[INFO] [stderr]    Compiling mio v0.8.10
[INFO] [stderr]    Compiling instant v0.1.12
[INFO] [stderr]    Compiling humantime v2.1.0
[INFO] [stderr]    Compiling percent-encoding v2.3.0
[INFO] [stderr]    Compiling byteorder v1.5.0
[INFO] [stderr]    Compiling regex v1.9.3
[INFO] [stderr]    Compiling pollster v0.3.0
[INFO] [stderr]    Compiling env_logger v0.10.0
[INFO] [stderr]    Compiling failure v0.1.8
[INFO] [stderr]    Compiling image v0.24.7
[INFO] [stderr]    Compiling wgpu-hal v0.18.1
[INFO] [stderr]    Compiling wgpu-core v0.18.1
[INFO] [stderr]    Compiling wgpu v0.18.0
[INFO] [stderr]    Compiling sctk-adwaita v0.5.4
[INFO] [stderr]    Compiling wgpu_raytracer v0.1.0 (/opt/rustwide/workdir)
[INFO] [stdout] warning: unused import: `std::thread::sleep`
[INFO] [stdout]  --> src/lib.rs:6:5
[INFO] [stdout]   |
[INFO] [stdout] 6 | use std::thread::sleep;
[INFO] [stdout]   |     ^^^^^^^^^^^^^^^^^^
[INFO] [stdout]   |
[INFO] [stdout]   = note: `#[warn(unused_imports)]` on by default
[INFO] [stdout] 
[INFO] [stdout] 
[INFO] [stdout] warning: unused import: `TextureFormat`
[INFO] [stdout]   --> src/lib.rs:10:76
[INFO] [stdout]    |
[INFO] [stdout] 10 |     BindGroup, Buffer, Device, Gles3MinorVersion, RenderPipeline, Sampler, TextureFormat,
[INFO] [stdout]    |                                                                            ^^^^^^^^^^^^^
[INFO] [stdout] 
[INFO] [stdout] 
[INFO] [stdout] warning: variable does not need to be mutable
[INFO] [stdout]    --> src/lib.rs:287:13
[INFO] [stdout]     |
[INFO] [stdout] 287 |         let mut texture = device.create_texture(&wgpu::TextureDescriptor {
[INFO] [stdout]     |             ----^^^^^^^
[INFO] [stdout]     |             |
[INFO] [stdout]     |             help: remove this `mut`
[INFO] [stdout]     |
[INFO] [stdout]     = note: `#[warn(unused_mut)]` on by default
[INFO] [stdout] 
[INFO] [stdout] 
[INFO] [stdout] warning: function `any_as_u8_slice` is never used
[INFO] [stdout]  --> src/types/material.rs:3:11
[INFO] [stdout]   |
[INFO] [stdout] 3 | unsafe fn any_as_u8_slice<T: Sized>(p: &T) -> &[u8] {
[INFO] [stdout]   |           ^^^^^^^^^^^^^^^
[INFO] [stdout]   |
[INFO] [stdout]   = note: `#[warn(dead_code)]` on by default
[INFO] [stdout] 
[INFO] [stdout] 
[INFO] [stdout] warning: struct `SphereStorage` is never constructed
[INFO] [stdout]   --> src/types/sphere.rs:20:12
[INFO] [stdout]    |
[INFO] [stdout] 20 | pub struct SphereStorage {
[INFO] [stdout]    |            ^^^^^^^^^^^^^
[INFO] [stdout] 
[INFO] [stdout] 
[INFO] [stdout] warning: field `uniforms` is never read
[INFO] [stdout]   --> src/types/sphere.rs:31:9
[INFO] [stdout]    |
[INFO] [stdout] 25 | pub(crate) struct SphereState {
[INFO] [stdout]    |                   ----------- field in this struct
[INFO] [stdout] ...
[INFO] [stdout] 31 |     pub uniforms: Vec<SphereUniform>,
[INFO] [stdout]    |         ^^^^^^^^
[INFO] [stdout] 
[INFO] [stdout] 
[INFO] [stdout] warning: function `save_gif` is never used
[INFO] [stdout]  --> src/utils/mod.rs:3:15
[INFO] [stdout]   |
[INFO] [stdout] 3 | pub(crate) fn save_gif(
[INFO] [stdout]   |               ^^^^^^^^
[INFO] [stdout] 
[INFO] [stdout] 
[INFO] [stdout] warning: 7 warnings emitted
[INFO] [stdout] 
[INFO] [stdout] 
[INFO] [stderr]     Finished dev [unoptimized + debuginfo] target(s) in 1m 05s
[INFO] running `Command { std: "docker" "inspect" "69b02ba3abacb7a8e24c3ffa979a603f4ac60989b1ebb2b7d9c9c2e48a3d7a50", kill_on_drop: false }`
[INFO] running `Command { std: "docker" "rm" "-f" "69b02ba3abacb7a8e24c3ffa979a603f4ac60989b1ebb2b7d9c9c2e48a3d7a50", kill_on_drop: false }`
[INFO] [stdout] 69b02ba3abacb7a8e24c3ffa979a603f4ac60989b1ebb2b7d9c9c2e48a3d7a50
[INFO] running `Command { std: "docker" "create" "-v" "/var/lib/crater-agent-workspace/builds/worker-5-tc1/target:/opt/rustwide/target:rw,Z" "-v" "/var/lib/crater-agent-workspace/builds/worker-5-tc1/source:/opt/rustwide/workdir:ro,Z" "-v" "/var/lib/crater-agent-workspace/cargo-home:/opt/rustwide/cargo-home:ro,Z" "-v" "/var/lib/crater-agent-workspace/rustup-home:/opt/rustwide/rustup-home:ro,Z" "-e" "SOURCE_DIR=/opt/rustwide/workdir" "-e" "CARGO_TARGET_DIR=/opt/rustwide/target" "-e" "CARGO_INCREMENTAL=0" "-e" "RUST_BACKTRACE=full" "-e" "RUSTFLAGS=--cap-lints=warn" "-e" "RUSTDOCFLAGS=--cap-lints=warn" "-e" "CARGO_HOME=/opt/rustwide/cargo-home" "-e" "RUSTUP_HOME=/opt/rustwide/rustup-home" "-w" "/opt/rustwide/workdir" "-m" "1610612736" "--user" "0:0" "--network" "none" "ghcr.io/rust-lang/crates-build-env/linux@sha256:2788e3201cd34a07e3172128adcd8b3090168a8e3bcc40d7c032b9dda1df7d1c" "/opt/rustwide/cargo-home/bin/cargo" "+1.75.0" "test" "--frozen" "--no-run" "--message-format=json", kill_on_drop: false }`
[INFO] [stdout] 4cf13385c9a8fa9e6b30d831be4b475522ca61bba801c3dde9dcff36d352c7f5
[INFO] running `Command { std: "docker" "start" "-a" "4cf13385c9a8fa9e6b30d831be4b475522ca61bba801c3dde9dcff36d352c7f5", kill_on_drop: false }`
[INFO] [stdout] warning: unused import: `std::thread::sleep`
[INFO] [stdout]  --> src/lib.rs:6:5
[INFO] [stdout]   |
[INFO] [stdout] 6 | use std::thread::sleep;
[INFO] [stdout]   |     ^^^^^^^^^^^^^^^^^^
[INFO] [stdout]   |
[INFO] [stdout]   = note: `#[warn(unused_imports)]` on by default
[INFO] [stdout] 
[INFO] [stdout] 
[INFO] [stdout] warning: unused import: `TextureFormat`
[INFO] [stdout]   --> src/lib.rs:10:76
[INFO] [stdout]    |
[INFO] [stdout] 10 |     BindGroup, Buffer, Device, Gles3MinorVersion, RenderPipeline, Sampler, TextureFormat,
[INFO] [stdout]    |                                                                            ^^^^^^^^^^^^^
[INFO] [stdout] 
[INFO] [stdout] 
[INFO] [stdout] warning: variable does not need to be mutable
[INFO] [stdout]    --> src/lib.rs:287:13
[INFO] [stdout]     |
[INFO] [stdout] 287 |         let mut texture = device.create_texture(&wgpu::TextureDescriptor {
[INFO] [stdout]     |             ----^^^^^^^
[INFO] [stdout]     |             |
[INFO] [stdout]     |             help: remove this `mut`
[INFO] [stdout]     |
[INFO] [stdout]     = note: `#[warn(unused_mut)]` on by default
[INFO] [stdout] 
[INFO] [stdout] 
[INFO] [stdout] warning: function `any_as_u8_slice` is never used
[INFO] [stdout]  --> src/types/material.rs:3:11
[INFO] [stdout]   |
[INFO] [stdout] 3 | unsafe fn any_as_u8_slice<T: Sized>(p: &T) -> &[u8] {
[INFO] [stdout]   |           ^^^^^^^^^^^^^^^
[INFO] [stdout]   |
[INFO] [stdout]   = note: `#[warn(dead_code)]` on by default
[INFO] [stdout] 
[INFO] [stdout] 
[INFO] [stdout] warning: struct `SphereStorage` is never constructed
[INFO] [stdout]   --> src/types/sphere.rs:20:12
[INFO] [stdout]    |
[INFO] [stdout] 20 | pub struct SphereStorage {
[INFO] [stdout]    |            ^^^^^^^^^^^^^
[INFO] [stdout] 
[INFO] [stdout] 
[INFO] [stdout] warning: field `uniforms` is never read
[INFO] [stdout]   --> src/types/sphere.rs:31:9
[INFO] [stdout]    |
[INFO] [stdout] 25 | pub(crate) struct SphereState {
[INFO] [stdout]    |                   ----------- field in this struct
[INFO] [stdout] ...
[INFO] [stdout] 31 |     pub uniforms: Vec<SphereUniform>,
[INFO] [stdout]    |         ^^^^^^^^
[INFO] [stdout] 
[INFO] [stdout] 
[INFO] [stdout] warning: function `save_gif` is never used
[INFO] [stdout]  --> src/utils/mod.rs:3:15
[INFO] [stdout]   |
[INFO] [stdout] 3 | pub(crate) fn save_gif(
[INFO] [stdout]   |               ^^^^^^^^
[INFO] [stdout] 
[INFO] [stdout] 
[INFO] [stderr]    Compiling wgpu_raytracer v0.1.0 (/opt/rustwide/workdir)
[INFO] [stdout] warning: 7 warnings emitted
[INFO] [stdout] 
[INFO] [stdout] 
[INFO] [stdout] warning: unused import: `std::thread::sleep`
[INFO] [stdout]  --> src/lib.rs:6:5
[INFO] [stdout]   |
[INFO] [stdout] 6 | use std::thread::sleep;
[INFO] [stdout]   |     ^^^^^^^^^^^^^^^^^^
[INFO] [stdout]   |
[INFO] [stdout]   = note: `#[warn(unused_imports)]` on by default
[INFO] [stdout] 
[INFO] [stdout] 
[INFO] [stdout] warning: unused import: `TextureFormat`
[INFO] [stdout]   --> src/lib.rs:10:76
[INFO] [stdout]    |
[INFO] [stdout] 10 |     BindGroup, Buffer, Device, Gles3MinorVersion, RenderPipeline, Sampler, TextureFormat,
[INFO] [stdout]    |                                                                            ^^^^^^^^^^^^^
[INFO] [stdout] 
[INFO] [stdout] 
[INFO] [stdout] warning: variable does not need to be mutable
[INFO] [stdout]    --> src/lib.rs:287:13
[INFO] [stdout]     |
[INFO] [stdout] 287 |         let mut texture = device.create_texture(&wgpu::TextureDescriptor {
[INFO] [stdout]     |             ----^^^^^^^
[INFO] [stdout]     |             |
[INFO] [stdout]     |             help: remove this `mut`
[INFO] [stdout]     |
[INFO] [stdout]     = note: `#[warn(unused_mut)]` on by default
[INFO] [stdout] 
[INFO] [stdout] 
[INFO] [stdout] warning: function `any_as_u8_slice` is never used
[INFO] [stdout]  --> src/types/material.rs:3:11
[INFO] [stdout]   |
[INFO] [stdout] 3 | unsafe fn any_as_u8_slice<T: Sized>(p: &T) -> &[u8] {
[INFO] [stdout]   |           ^^^^^^^^^^^^^^^
[INFO] [stdout]   |
[INFO] [stdout]   = note: `#[warn(dead_code)]` on by default
[INFO] [stdout] 
[INFO] [stdout] 
[INFO] [stdout] warning: struct `SphereStorage` is never constructed
[INFO] [stdout]   --> src/types/sphere.rs:20:12
[INFO] [stdout]    |
[INFO] [stdout] 20 | pub struct SphereStorage {
[INFO] [stdout]    |            ^^^^^^^^^^^^^
[INFO] [stdout] 
[INFO] [stdout] 
[INFO] [stdout] warning: field `uniforms` is never read
[INFO] [stdout]   --> src/types/sphere.rs:31:9
[INFO] [stdout]    |
[INFO] [stdout] 25 | pub(crate) struct SphereState {
[INFO] [stdout]    |                   ----------- field in this struct
[INFO] [stdout] ...
[INFO] [stdout] 31 |     pub uniforms: Vec<SphereUniform>,
[INFO] [stdout]    |         ^^^^^^^^
[INFO] [stdout] 
[INFO] [stdout] 
[INFO] [stdout] warning: function `save_gif` is never used
[INFO] [stdout]  --> src/utils/mod.rs:3:15
[INFO] [stdout]   |
[INFO] [stdout] 3 | pub(crate) fn save_gif(
[INFO] [stdout]   |               ^^^^^^^^
[INFO] [stdout] 
[INFO] [stdout] 
[INFO] [stdout] warning: 7 warnings emitted
[INFO] [stdout] 
[INFO] [stdout] 
[INFO] [stderr]     Finished test [unoptimized + debuginfo] target(s) in 1.72s
[INFO] running `Command { std: "docker" "inspect" "4cf13385c9a8fa9e6b30d831be4b475522ca61bba801c3dde9dcff36d352c7f5", kill_on_drop: false }`
[INFO] running `Command { std: "docker" "rm" "-f" "4cf13385c9a8fa9e6b30d831be4b475522ca61bba801c3dde9dcff36d352c7f5", kill_on_drop: false }`
[INFO] [stdout] 4cf13385c9a8fa9e6b30d831be4b475522ca61bba801c3dde9dcff36d352c7f5
[INFO] running `Command { std: "docker" "create" "-v" "/var/lib/crater-agent-workspace/builds/worker-5-tc1/target:/opt/rustwide/target:rw,Z" "-v" "/var/lib/crater-agent-workspace/builds/worker-5-tc1/source:/opt/rustwide/workdir:ro,Z" "-v" "/var/lib/crater-agent-workspace/cargo-home:/opt/rustwide/cargo-home:ro,Z" "-v" "/var/lib/crater-agent-workspace/rustup-home:/opt/rustwide/rustup-home:ro,Z" "-e" "SOURCE_DIR=/opt/rustwide/workdir" "-e" "CARGO_TARGET_DIR=/opt/rustwide/target" "-e" "CARGO_INCREMENTAL=0" "-e" "RUST_BACKTRACE=full" "-e" "RUSTFLAGS=--cap-lints=warn" "-e" "RUSTDOCFLAGS=--cap-lints=warn" "-e" "CARGO_HOME=/opt/rustwide/cargo-home" "-e" "RUSTUP_HOME=/opt/rustwide/rustup-home" "-w" "/opt/rustwide/workdir" "-m" "1610612736" "--user" "0:0" "--network" "none" "ghcr.io/rust-lang/crates-build-env/linux@sha256:2788e3201cd34a07e3172128adcd8b3090168a8e3bcc40d7c032b9dda1df7d1c" "/opt/rustwide/cargo-home/bin/cargo" "+1.75.0" "test" "--frozen", kill_on_drop: false }`
[INFO] [stdout] 492d5b47931508cda61c61b78a5ebc4ac7851ce4e4f2864fa2c87b1e00a0612a
[INFO] running `Command { std: "docker" "start" "-a" "492d5b47931508cda61c61b78a5ebc4ac7851ce4e4f2864fa2c87b1e00a0612a", kill_on_drop: false }`
[INFO] [stderr] warning: unused import: `std::thread::sleep`
[INFO] [stderr]  --> src/lib.rs:6:5
[INFO] [stderr]   |
[INFO] [stderr] 6 | use std::thread::sleep;
[INFO] [stderr]   |     ^^^^^^^^^^^^^^^^^^
[INFO] [stderr]   |
[INFO] [stderr]   = note: `#[warn(unused_imports)]` on by default
[INFO] [stderr] 
[INFO] [stderr] warning: unused import: `TextureFormat`
[INFO] [stderr]   --> src/lib.rs:10:76
[INFO] [stderr]    |
[INFO] [stderr] 10 |     BindGroup, Buffer, Device, Gles3MinorVersion, RenderPipeline, Sampler, TextureFormat,
[INFO] [stderr]    |                                                                            ^^^^^^^^^^^^^
[INFO] [stderr] 
[INFO] [stderr] warning: variable does not need to be mutable
[INFO] [stderr]    --> src/lib.rs:287:13
[INFO] [stderr]     |
[INFO] [stderr] 287 |         let mut texture = device.create_texture(&wgpu::TextureDescriptor {
[INFO] [stderr]     |             ----^^^^^^^
[INFO] [stderr]     |             |
[INFO] [stderr]     |             help: remove this `mut`
[INFO] [stderr]     |
[INFO] [stderr]     = note: `#[warn(unused_mut)]` on by default
[INFO] [stderr] 
[INFO] [stderr] warning: function `any_as_u8_slice` is never used
[INFO] [stderr]  --> src/types/material.rs:3:11
[INFO] [stderr]   |
[INFO] [stderr] 3 | unsafe fn any_as_u8_slice<T: Sized>(p: &T) -> &[u8] {
[INFO] [stderr]   |           ^^^^^^^^^^^^^^^
[INFO] [stderr]   |
[INFO] [stderr]   = note: `#[warn(dead_code)]` on by default
[INFO] [stderr] 
[INFO] [stderr] warning: struct `SphereStorage` is never constructed
[INFO] [stderr]   --> src/types/sphere.rs:20:12
[INFO] [stderr]    |
[INFO] [stderr] 20 | pub struct SphereStorage {
[INFO] [stderr]    |            ^^^^^^^^^^^^^
[INFO] [stderr] 
[INFO] [stderr] warning: field `uniforms` is never read
[INFO] [stderr]   --> src/types/sphere.rs:31:9
[INFO] [stderr]    |
[INFO] [stderr] 25 | pub(crate) struct SphereState {
[INFO] [stderr]    |                   ----------- field in this struct
[INFO] [stderr] ...
[INFO] [stderr] 31 |     pub uniforms: Vec<SphereUniform>,
[INFO] [stderr]    |         ^^^^^^^^
[INFO] [stderr] 
[INFO] [stderr] warning: function `save_gif` is never used
[INFO] [stderr]  --> src/utils/mod.rs:3:15
[INFO] [stderr]   |
[INFO] [stderr] 3 | pub(crate) fn save_gif(
[INFO] [stderr]   |               ^^^^^^^^
[INFO] [stderr] 
[INFO] [stderr] warning: `wgpu_raytracer` (lib) generated 7 warnings (run `cargo fix --lib -p wgpu_raytracer` to apply 3 suggestions)
[INFO] [stderr] warning: `wgpu_raytracer` (lib test) generated 7 warnings (7 duplicates)
[INFO] [stderr]     Finished test [unoptimized + debuginfo] target(s) in 0.12s
[INFO] [stderr]      Running unittests src/lib.rs (/opt/rustwide/target/debug/deps/wgpu_raytracer-0aac7d96946f8ef0)
[INFO] [stdout] 
[INFO] [stdout] running 0 tests
[INFO] [stdout] 
[INFO] [stdout] test result: ok. 0 passed; 0 failed; 0 ignored; 0 measured; 0 filtered out; finished in 0.00s
[INFO] [stdout] 
[INFO] [stderr]      Running unittests src/main.rs (/opt/rustwide/target/debug/deps/wgpu_raytracer-9c1c08139ea93c93)
[INFO] [stdout] 
[INFO] [stdout] running 0 tests
[INFO] [stdout] 
[INFO] [stdout] test result: ok. 0 passed; 0 failed; 0 ignored; 0 measured; 0 filtered out; finished in 0.00s
[INFO] [stdout] 
[INFO] [stderr]    Doc-tests wgpu_raytracer
[INFO] [stdout] 
[INFO] [stdout] running 1 test
[INFO] [stdout] test src/pipelines/render_pipeline.rs - pipelines::render_pipeline::create_render_pipeline (line 17) ... FAILED
[INFO] [stdout] 
[INFO] [stdout] failures:
[INFO] [stdout] 
[INFO] [stdout] ---- src/pipelines/render_pipeline.rs - pipelines::render_pipeline::create_render_pipeline (line 17) stdout ----
[INFO] [stdout] error[E0425]: cannot find value `config` in this scope
[INFO] [stdout]  --> src/pipelines/render_pipeline.rs:18:47
[INFO] [stdout]   |
[INFO] [stdout] 3 | let render_pipeline = create_render_pipeline(&config, &device, &render_bind_group_layout);
[INFO] [stdout]   |                                               ^^^^^^ not found in this scope
[INFO] [stdout] 
[INFO] [stdout] error[E0425]: cannot find value `device` in this scope
[INFO] [stdout]  --> src/pipelines/render_pipeline.rs:18:56
[INFO] [stdout]   |
[INFO] [stdout] 3 | let render_pipeline = create_render_pipeline(&config, &device, &render_bind_group_layout);
[INFO] [stdout]   |                                                        ^^^^^^ not found in this scope
[INFO] [stdout] 
[INFO] [stdout] error[E0425]: cannot find value `render_bind_group_layout` in this scope
[INFO] [stdout]  --> src/pipelines/render_pipeline.rs:18:65
[INFO] [stdout]   |
[INFO] [stdout] 3 | let render_pipeline = create_render_pipeline(&config, &device, &render_bind_group_layout);
[INFO] [stdout]   |                                                                 ^^^^^^^^^^^^^^^^^^^^^^^^ not found in this scope
[INFO] [stdout] 
[INFO] [stdout] error[E0425]: cannot find function `create_render_pipeline` in this scope
[INFO] [stdout]  --> src/pipelines/render_pipeline.rs:18:23
[INFO] [stdout]   |
[INFO] [stdout] 3 | let render_pipeline = create_render_pipeline(&config, &device, &render_bind_group_layout);
[INFO] [stdout]   |                       ^^^^^^^^^^^^^^^^^^^^^^ not found in this scope
[INFO] [stdout] 
[INFO] [stdout] error: aborting due to 4 previous errors
[INFO] [stdout] 
[INFO] [stdout] For more information about this error, try `rustc --explain E0425`.
[INFO] [stdout] Couldn't compile the test.
[INFO] [stdout] 
[INFO] [stdout] failures:
[INFO] [stdout]     src/pipelines/render_pipeline.rs - pipelines::render_pipeline::create_render_pipeline (line 17)
[INFO] [stdout] 
[INFO] [stdout] test result: FAILED. 0 passed; 1 failed; 0 ignored; 0 measured; 0 filtered out; finished in 0.37s
[INFO] [stdout] 
[INFO] [stderr] error: doctest failed, to rerun pass `--doc`
[INFO] running `Command { std: "docker" "inspect" "492d5b47931508cda61c61b78a5ebc4ac7851ce4e4f2864fa2c87b1e00a0612a", kill_on_drop: false }`
[INFO] running `Command { std: "docker" "rm" "-f" "492d5b47931508cda61c61b78a5ebc4ac7851ce4e4f2864fa2c87b1e00a0612a", kill_on_drop: false }`
[INFO] [stdout] 492d5b47931508cda61c61b78a5ebc4ac7851ce4e4f2864fa2c87b1e00a0612a
[INFO] testing Emtrixx/wgpu-raytracer against beta-2023-12-22 for beta-1.76-1
[INFO] running `Command { std: "git" "clone" "/workspace/cache/git-repos/https%3A%2F%2Fgithub.com%2FEmtrixx%2Fwgpu-raytracer" "/workspace/builds/worker-5-tc2/source", kill_on_drop: false }`
[INFO] [stderr] Cloning into '/workspace/builds/worker-5-tc2/source'...
[INFO] [stderr] done.
[INFO] validating manifest of git repo https://github.com/Emtrixx/wgpu-raytracer on toolchain beta-2023-12-22
[INFO] running `Command { std: CARGO_HOME="/workspace/cargo-home" RUSTUP_HOME="/workspace/rustup-home" "/workspace/cargo-home/bin/cargo" "+beta-2023-12-22" "metadata" "--manifest-path" "Cargo.toml" "--no-deps", kill_on_drop: false }`
[INFO] started tweaking git repo https://github.com/Emtrixx/wgpu-raytracer
[INFO] finished tweaking git repo https://github.com/Emtrixx/wgpu-raytracer
[INFO] tweaked toml for git repo https://github.com/Emtrixx/wgpu-raytracer written to /workspace/builds/worker-5-tc2/source/Cargo.toml
[INFO] crate git repo https://github.com/Emtrixx/wgpu-raytracer already has a lockfile, it will not be regenerated
[INFO] running `Command { std: CARGO_HOME="/workspace/cargo-home" RUSTUP_HOME="/workspace/rustup-home" "/workspace/cargo-home/bin/cargo" "+beta-2023-12-22" "fetch" "--manifest-path" "Cargo.toml", kill_on_drop: false }`
[INFO] running `Command { std: "docker" "create" "-v" "/var/lib/crater-agent-workspace/builds/worker-5-tc2/target:/opt/rustwide/target:rw,Z" "-v" "/var/lib/crater-agent-workspace/builds/worker-5-tc2/source:/opt/rustwide/workdir:ro,Z" "-v" "/var/lib/crater-agent-workspace/cargo-home:/opt/rustwide/cargo-home:ro,Z" "-v" "/var/lib/crater-agent-workspace/rustup-home:/opt/rustwide/rustup-home:ro,Z" "-e" "SOURCE_DIR=/opt/rustwide/workdir" "-e" "CARGO_TARGET_DIR=/opt/rustwide/target" "-e" "CARGO_HOME=/opt/rustwide/cargo-home" "-e" "RUSTUP_HOME=/opt/rustwide/rustup-home" "-w" "/opt/rustwide/workdir" "-m" "1610612736" "--user" "0:0" "--network" "none" "ghcr.io/rust-lang/crates-build-env/linux@sha256:2788e3201cd34a07e3172128adcd8b3090168a8e3bcc40d7c032b9dda1df7d1c" "/opt/rustwide/cargo-home/bin/cargo" "+beta-2023-12-22" "metadata" "--no-deps" "--format-version=1", kill_on_drop: false }`
[INFO] [stdout] 0bab3092acb3e9f5d1bf253671b9d0967c5d253daf7023017c478d257da7d3d5
[INFO] running `Command { std: "docker" "start" "-a" "0bab3092acb3e9f5d1bf253671b9d0967c5d253daf7023017c478d257da7d3d5", kill_on_drop: false }`
[INFO] running `Command { std: "docker" "inspect" "0bab3092acb3e9f5d1bf253671b9d0967c5d253daf7023017c478d257da7d3d5", kill_on_drop: false }`
[INFO] running `Command { std: "docker" "rm" "-f" "0bab3092acb3e9f5d1bf253671b9d0967c5d253daf7023017c478d257da7d3d5", kill_on_drop: false }`
[INFO] [stdout] 0bab3092acb3e9f5d1bf253671b9d0967c5d253daf7023017c478d257da7d3d5
[INFO] running `Command { std: "docker" "create" "-v" "/var/lib/crater-agent-workspace/builds/worker-5-tc2/target:/opt/rustwide/target:rw,Z" "-v" "/var/lib/crater-agent-workspace/builds/worker-5-tc2/source:/opt/rustwide/workdir:ro,Z" "-v" "/var/lib/crater-agent-workspace/cargo-home:/opt/rustwide/cargo-home:ro,Z" "-v" "/var/lib/crater-agent-workspace/rustup-home:/opt/rustwide/rustup-home:ro,Z" "-e" "SOURCE_DIR=/opt/rustwide/workdir" "-e" "CARGO_TARGET_DIR=/opt/rustwide/target" "-e" "CARGO_INCREMENTAL=0" "-e" "RUST_BACKTRACE=full" "-e" "RUSTFLAGS=--cap-lints=warn" "-e" "RUSTDOCFLAGS=--cap-lints=warn" "-e" "CARGO_HOME=/opt/rustwide/cargo-home" "-e" "RUSTUP_HOME=/opt/rustwide/rustup-home" "-w" "/opt/rustwide/workdir" "-m" "1610612736" "--user" "0:0" "--network" "none" "ghcr.io/rust-lang/crates-build-env/linux@sha256:2788e3201cd34a07e3172128adcd8b3090168a8e3bcc40d7c032b9dda1df7d1c" "/opt/rustwide/cargo-home/bin/cargo" "+beta-2023-12-22" "build" "--frozen" "--message-format=json", kill_on_drop: false }`
[INFO] [stdout] 9cd97615369ba915b3d1ce60aac0cc07a13b7d53ae7db97bac0c45a3206cfc93
[INFO] running `Command { std: "docker" "start" "-a" "9cd97615369ba915b3d1ce60aac0cc07a13b7d53ae7db97bac0c45a3206cfc93", kill_on_drop: false }`
[INFO] [stderr]    Compiling autocfg v1.1.0
[INFO] [stderr]    Compiling proc-macro2 v1.0.66
[INFO] [stderr]    Compiling unicode-ident v1.0.11
[INFO] [stderr]    Compiling libc v0.2.150
[INFO] [stderr]    Compiling bitflags v1.3.2
[INFO] [stderr]    Compiling memchr v2.5.0
[INFO] [stderr]    Compiling version_check v0.9.4
[INFO] [stderr]    Compiling pkg-config v0.3.27
[INFO] [stderr]    Compiling once_cell v1.18.0
[INFO] [stderr]    Compiling smallvec v1.11.0
[INFO] [stderr]    Compiling libloading v0.8.0
[INFO] [stderr]    Compiling simd-adler32 v0.3.7
[INFO] [stderr]    Compiling xml-rs v0.8.16
[INFO] [stderr]    Compiling adler v1.0.2
[INFO] [stderr]    Compiling bitflags v2.4.0
[INFO] [stderr]    Compiling log v0.4.20
[INFO] [stderr]    Compiling thiserror v1.0.44
[INFO] [stderr]    Compiling crossbeam-utils v0.8.18
[INFO] [stderr]    Compiling miniz_oxide v0.7.1
[INFO] [stderr]    Compiling crc32fast v1.3.2
[INFO] [stderr]    Compiling scopeguard v1.2.0
[INFO] [stderr]    Compiling dlib v0.5.2
[INFO] [stderr]    Compiling rayon-core v1.12.0
[INFO] [stderr]    Compiling unicode-xid v0.2.4
[INFO] [stderr]    Compiling memoffset v0.6.5
[INFO] [stderr]    Compiling num-traits v0.2.16
[INFO] [stderr]    Compiling lock_api v0.4.10
[INFO] [stderr]    Compiling ahash v0.7.6
[INFO] [stderr]    Compiling slotmap v1.0.6
[INFO] [stderr]    Compiling arrayvec v0.7.4
[INFO] [stderr]    Compiling futures-core v0.3.29
[INFO] [stderr]    Compiling termcolor v1.2.0
[INFO] [stderr]    Compiling minimal-lexical v0.2.1
[INFO] [stderr]    Compiling downcast-rs v1.2.0
[INFO] [stderr]    Compiling wayland-sys v0.29.5
[INFO] [stderr]    Compiling parking_lot_core v0.9.8
[INFO] [stderr]    Compiling scoped-tls v1.0.1
[INFO] [stderr]    Compiling quote v1.0.32
[INFO] [stderr]    Compiling flate2 v1.0.28
[INFO] [stderr]    Compiling crossbeam-epoch v0.9.17
[INFO] [stderr]    Compiling fdeflate v0.3.1
[INFO] [stderr]    Compiling equivalent v1.0.1
[INFO] [stderr]    Compiling nom v7.1.3
[INFO] [stderr]    Compiling hashbrown v0.14.0
[INFO] [stderr]    Compiling syn v2.0.32
[INFO] [stderr]    Compiling wayland-scanner v0.29.5
[INFO] [stderr]    Compiling crossbeam-deque v0.8.4
[INFO] [stderr]    Compiling bit-vec v0.6.3
[INFO] [stderr]    Compiling unicode-width v0.1.10
[INFO] [stderr]    Compiling syn v1.0.109
[INFO] [stderr]    Compiling ash v0.37.3+1.3.251
[INFO] [stderr]    Compiling khronos-egl v6.0.0
[INFO] [stderr]    Compiling png v0.17.10
[INFO] [stderr]    Compiling codespan-reporting v0.11.1
[INFO] [stderr]    Compiling cc v1.0.82
[INFO] [stderr]    Compiling bit-set v0.5.3
[INFO] [stderr]    Compiling spin v0.9.8
[INFO] [stderr]    Compiling indexmap v2.0.0
[INFO] [stderr]    Compiling getrandom v0.2.10
[INFO] [stderr]    Compiling nix v0.24.3
[INFO] [stderr]    Compiling nanorand v0.7.0
[INFO] [stderr]    Compiling nix v0.25.1
[INFO] [stderr]    Compiling smithay-client-toolkit v0.16.1
[INFO] [stderr]    Compiling hashbrown v0.12.3
[INFO] [stderr]    Compiling spirv v0.2.0+1.5.4
[INFO] [stderr]    Compiling num-integer v0.1.45
[INFO] [stderr]    Compiling gpu-alloc-types v0.3.0
[INFO] [stderr]    Compiling gpu-descriptor-types v0.1.1
[INFO] [stderr]    Compiling libloading v0.7.4
[INFO] [stderr]    Compiling hexf-parse v0.2.1
[INFO] [stderr]    Compiling rustix v0.38.27
[INFO] [stderr]    Compiling raw-window-handle v0.5.2
[INFO] [stderr]    Compiling arrayref v0.3.7
[INFO] [stderr]    Compiling futures-sink v0.3.29
[INFO] [stderr]    Compiling strict-num v0.1.1
[INFO] [stderr]    Compiling either v1.9.0
[INFO] [stderr]    Compiling ttf-parser v0.19.1
[INFO] [stderr]    Compiling wayland-client v0.29.5
[INFO] [stderr]    Compiling wayland-protocols v0.29.5
[INFO] [stderr]    Compiling vec_map v0.8.2
[INFO] [stderr]    Compiling rayon v1.8.0
[INFO] [stderr]    Compiling flume v0.11.0
[INFO] [stderr]    Compiling gpu-descriptor v0.2.3
[INFO] [stderr]    Compiling gpu-alloc v0.6.0
[INFO] [stderr]    Compiling parking_lot v0.12.1
[INFO] [stderr]    Compiling xcursor v0.3.4
[INFO] [stderr]    Compiling backtrace v0.3.68
[INFO] [stderr]    Compiling memmap2 v0.5.10
[INFO] [stderr]    Compiling wayland-commons v0.29.5
[INFO] [stderr]    Compiling aho-corasick v1.0.4
[INFO] [stderr]    Compiling x11-dl v2.21.0
[INFO] [stderr]    Compiling num-rational v0.4.1
[INFO] [stderr]    Compiling wgpu-types v0.18.0
[INFO] [stderr]    Compiling cfg_aliases v0.1.1
[INFO] [stderr]    Compiling failure_derive v0.1.8
[INFO] [stderr]    Compiling gimli v0.27.3
[INFO] [stderr]    Compiling renderdoc-sys v1.0.0
[INFO] [stderr]    Compiling regex-syntax v0.7.4
[INFO] [stderr]    Compiling ab_glyph_rasterizer v0.1.8
[INFO] [stderr]    Compiling weezl v0.1.7
[INFO] [stderr]    Compiling profiling v1.0.9
[INFO] [stderr]    Compiling linux-raw-sys v0.4.12
[INFO] [stderr]    Compiling glow v0.13.0
[INFO] [stderr]    Compiling winit v0.28.7
[INFO] [stderr]    Compiling thiserror-impl v1.0.44
[INFO] [stderr]    Compiling bytemuck_derive v1.4.1
[INFO] [stderr]    Compiling owned_ttf_parser v0.19.0
[INFO] [stderr]    Compiling jpeg-decoder v0.3.0
[INFO] [stderr]    Compiling synstructure v0.12.6
[INFO] [stderr]    Compiling regex-automata v0.3.6
[INFO] [stderr]    Compiling ab_glyph v0.2.21
[INFO] [stderr]    Compiling bytemuck v1.14.0
[INFO] [stderr]    Compiling object v0.31.1
[INFO] [stderr]    Compiling tiny-skia-path v0.8.4
[INFO] [stderr]    Compiling zune-inflate v0.2.54
[INFO] [stderr]    Compiling lebe v0.5.2
[INFO] [stderr]    Compiling addr2line v0.20.0
[INFO] [stderr] error: could not compile `gimli` (lib)
[INFO] [stderr] 
[INFO] [stderr] Caused by:
[INFO] [stderr]   process didn't exit successfully: `/opt/rustwide/rustup-home/toolchains/beta-2023-12-22-x86_64-unknown-linux-gnu/bin/rustc --crate-name gimli --edition=2018 /opt/rustwide/cargo-home/registry/src/index.crates.io-6f17d22bba15001f/gimli-0.27.3/src/lib.rs --error-format=json --json=diagnostic-rendered-ansi,artifacts,future-incompat --crate-type lib --emit=dep-info,metadata,link -C embed-bitcode=no -C debuginfo=2 --cfg 'feature="read"' --cfg 'feature="read-core"' -C metadata=d1ff3b4b6006de60 -C extra-filename=-d1ff3b4b6006de60 --out-dir /opt/rustwide/target/debug/deps -L dependency=/opt/rustwide/target/debug/deps --cap-lints allow --cap-lints=warn` (signal: 9, SIGKILL: kill)
[INFO] [stderr] warning: build failed, waiting for other jobs to finish...
[INFO] [stderr] error: could not compile `ash` (lib)
[INFO] [stderr] 
[INFO] [stderr] Caused by:
[INFO] [stderr]   process didn't exit successfully: `/opt/rustwide/rustup-home/toolchains/beta-2023-12-22-x86_64-unknown-linux-gnu/bin/rustc --crate-name ash --edition=2021 /opt/rustwide/cargo-home/registry/src/index.crates.io-6f17d22bba15001f/ash-0.37.3+1.3.251/src/lib.rs --error-format=json --json=diagnostic-rendered-ansi,artifacts,future-incompat --crate-type lib --emit=dep-info,metadata,link -C embed-bitcode=no -C debuginfo=2 --cfg 'feature="debug"' --cfg 'feature="default"' --cfg 'feature="libloading"' --cfg 'feature="loaded"' -C metadata=08ec6ef3f1a200a1 -C extra-filename=-08ec6ef3f1a200a1 --out-dir /opt/rustwide/target/debug/deps -L dependency=/opt/rustwide/target/debug/deps --extern libloading=/opt/rustwide/target/debug/deps/liblibloading-8fc60105e6f7f82d.rmeta --cap-lints allow --cap-lints=warn` (signal: 9, SIGKILL: kill)
[INFO] running `Command { std: "docker" "inspect" "9cd97615369ba915b3d1ce60aac0cc07a13b7d53ae7db97bac0c45a3206cfc93", kill_on_drop: false }`
[INFO] running `Command { std: "docker" "rm" "-f" "9cd97615369ba915b3d1ce60aac0cc07a13b7d53ae7db97bac0c45a3206cfc93", kill_on_drop: false }`
[INFO] [stdout] 9cd97615369ba915b3d1ce60aac0cc07a13b7d53ae7db97bac0c45a3206cfc93
