[INFO] fetching crate witty-jsonrpc 0.1.3...
[INFO] testing witty-jsonrpc-0.1.3 against 1.75.0 for beta-1.76-1
[INFO] extracting crate witty-jsonrpc 0.1.3 into /workspace/builds/worker-2-tc1/source
[INFO] validating manifest of crates.io crate witty-jsonrpc 0.1.3 on toolchain 1.75.0
[INFO] running `Command { std: CARGO_HOME="/workspace/cargo-home" RUSTUP_HOME="/workspace/rustup-home" "/workspace/cargo-home/bin/cargo" "+1.75.0" "metadata" "--manifest-path" "Cargo.toml" "--no-deps", kill_on_drop: false }`
[INFO] started tweaking crates.io crate witty-jsonrpc 0.1.3
[INFO] finished tweaking crates.io crate witty-jsonrpc 0.1.3
[INFO] tweaked toml for crates.io crate witty-jsonrpc 0.1.3 written to /workspace/builds/worker-2-tc1/source/Cargo.toml
[INFO] crate crates.io crate witty-jsonrpc 0.1.3 already has a lockfile, it will not be regenerated
[INFO] running `Command { std: CARGO_HOME="/workspace/cargo-home" RUSTUP_HOME="/workspace/rustup-home" "/workspace/cargo-home/bin/cargo" "+1.75.0" "fetch" "--manifest-path" "Cargo.toml", kill_on_drop: false }`
[INFO] [stderr]     Updating crates.io index
[INFO] [stderr]  Downloading crates ...
[INFO] [stderr]   Downloaded actix_derive v0.6.0
[INFO] [stderr]   Downloaded jsonrpc-pubsub v18.0.0
[INFO] [stderr]   Downloaded ctrlc v3.3.1
[INFO] [stderr]   Downloaded jsonrpc-http-server v18.0.0
[INFO] [stderr]   Downloaded jsonrpc-tcp-server v18.0.0
[INFO] [stderr]   Downloaded jsonrpc-ws-server v18.0.0
[INFO] [stderr]   Downloaded parity-ws v0.11.1
[INFO] [stderr]   Downloaded actix v0.13.0
[INFO] running `Command { std: "docker" "create" "-v" "/var/lib/crater-agent-workspace/builds/worker-2-tc1/target:/opt/rustwide/target:rw,Z" "-v" "/var/lib/crater-agent-workspace/builds/worker-2-tc1/source:/opt/rustwide/workdir:ro,Z" "-v" "/var/lib/crater-agent-workspace/cargo-home:/opt/rustwide/cargo-home:ro,Z" "-v" "/var/lib/crater-agent-workspace/rustup-home:/opt/rustwide/rustup-home:ro,Z" "-e" "SOURCE_DIR=/opt/rustwide/workdir" "-e" "CARGO_TARGET_DIR=/opt/rustwide/target" "-e" "CARGO_HOME=/opt/rustwide/cargo-home" "-e" "RUSTUP_HOME=/opt/rustwide/rustup-home" "-w" "/opt/rustwide/workdir" "-m" "1610612736" "--user" "0:0" "--network" "none" "ghcr.io/rust-lang/crates-build-env/linux@sha256:2788e3201cd34a07e3172128adcd8b3090168a8e3bcc40d7c032b9dda1df7d1c" "/opt/rustwide/cargo-home/bin/cargo" "+1.75.0" "metadata" "--no-deps" "--format-version=1", kill_on_drop: false }`
[INFO] [stdout] 28b8b3002ec76de3c999d9eda70c6d88aacb881d11d8ebee36f868a62080208e
[INFO] running `Command { std: "docker" "start" "-a" "28b8b3002ec76de3c999d9eda70c6d88aacb881d11d8ebee36f868a62080208e", kill_on_drop: false }`
[INFO] running `Command { std: "docker" "inspect" "28b8b3002ec76de3c999d9eda70c6d88aacb881d11d8ebee36f868a62080208e", kill_on_drop: false }`
[INFO] running `Command { std: "docker" "rm" "-f" "28b8b3002ec76de3c999d9eda70c6d88aacb881d11d8ebee36f868a62080208e", kill_on_drop: false }`
[INFO] [stdout] 28b8b3002ec76de3c999d9eda70c6d88aacb881d11d8ebee36f868a62080208e
[INFO] running `Command { std: "docker" "create" "-v" "/var/lib/crater-agent-workspace/builds/worker-2-tc1/target:/opt/rustwide/target:rw,Z" "-v" "/var/lib/crater-agent-workspace/builds/worker-2-tc1/source:/opt/rustwide/workdir:ro,Z" "-v" "/var/lib/crater-agent-workspace/cargo-home:/opt/rustwide/cargo-home:ro,Z" "-v" "/var/lib/crater-agent-workspace/rustup-home:/opt/rustwide/rustup-home:ro,Z" "-e" "SOURCE_DIR=/opt/rustwide/workdir" "-e" "CARGO_TARGET_DIR=/opt/rustwide/target" "-e" "CARGO_INCREMENTAL=0" "-e" "RUST_BACKTRACE=full" "-e" "RUSTFLAGS=--cap-lints=warn" "-e" "RUSTDOCFLAGS=--cap-lints=warn" "-e" "CARGO_HOME=/opt/rustwide/cargo-home" "-e" "RUSTUP_HOME=/opt/rustwide/rustup-home" "-w" "/opt/rustwide/workdir" "-m" "1610612736" "--user" "0:0" "--network" "none" "ghcr.io/rust-lang/crates-build-env/linux@sha256:2788e3201cd34a07e3172128adcd8b3090168a8e3bcc40d7c032b9dda1df7d1c" "/opt/rustwide/cargo-home/bin/cargo" "+1.75.0" "build" "--frozen" "--message-format=json", kill_on_drop: false }`
[INFO] [stdout] 4a05eb0c05bcef76f2eabea5e1e635c8ac59d37ef710db21e530539134183f04
[INFO] running `Command { std: "docker" "start" "-a" "4a05eb0c05bcef76f2eabea5e1e635c8ac59d37ef710db21e530539134183f04", kill_on_drop: false }`
[INFO] [stderr]    Compiling libc v0.2.144
[INFO] [stderr]    Compiling memchr v2.5.0
[INFO] [stderr]    Compiling proc-macro2 v1.0.59
[INFO] [stderr]    Compiling quote v1.0.28
[INFO] [stderr]    Compiling unicode-ident v1.0.9
[INFO] [stderr]    Compiling slab v0.4.8
[INFO] [stderr]    Compiling log v0.4.17
[INFO] [stderr]    Compiling pin-project-lite v0.2.9
[INFO] [stderr]    Compiling futures-channel v0.3.28
[INFO] [stderr]    Compiling futures-util v0.3.28
[INFO] [stderr]    Compiling futures-io v0.3.28
[INFO] [stderr]    Compiling bytes v1.4.0
[INFO] [stderr]    Compiling itoa v1.0.6
[INFO] [stderr]    Compiling tokio v1.28.2
[INFO] [stderr]    Compiling serde v1.0.163
[INFO] [stderr]    Compiling typenum v1.16.0
[INFO] [stderr]    Compiling serde_json v1.0.96
[INFO] [stderr]    Compiling lock_api v0.4.9
[INFO] [stderr]    Compiling parking_lot_core v0.8.6
[INFO] [stderr]    Compiling syn v2.0.18
[INFO] [stderr]    Compiling ryu v1.0.13
[INFO] [stderr]    Compiling num_cpus v1.15.0
[INFO] [stderr]    Compiling socket2 v0.4.9
[INFO] [stderr]    Compiling mio v0.8.7
[INFO] [stderr]    Compiling unicase v2.6.0
[INFO] [stderr]    Compiling getrandom v0.1.16
[INFO] [stderr]    Compiling aho-corasick v1.0.1
[INFO] [stderr]    Compiling instant v0.1.12
[INFO] [stderr]    Compiling smallvec v1.10.0
[INFO] [stderr]    Compiling scopeguard v1.1.0
[INFO] [stderr]    Compiling regex-syntax v0.7.2
[INFO] [stderr]    Compiling cfg-if v0.1.10
[INFO] [stderr]    Compiling net2 v0.2.38
[INFO] [stderr]    Compiling generic-array v0.12.4
[INFO] [stderr]    Compiling rand_core v0.5.1
[INFO] [stderr]    Compiling iovec v0.1.4
[INFO] [stderr]    Compiling aho-corasick v0.7.20
[INFO] [stderr]    Compiling bstr v1.5.0
[INFO] [stderr]    Compiling byte-tools v0.3.1
[INFO] [stderr]    Compiling byteorder v1.4.3
[INFO] [stderr]    Compiling rand_chacha v0.2.2
[INFO] [stderr]    Compiling block-padding v0.1.5
[INFO] [stderr]    Compiling parking_lot v0.11.2
[INFO] [stderr]    Compiling regex v1.8.3
[INFO] [stderr]    Compiling once_cell v1.17.2
[INFO] [stderr]    Compiling percent-encoding v2.2.0
[INFO] [stderr]    Compiling globset v0.4.10
[INFO] [stderr]    Compiling unicode-bidi v0.3.13
[INFO] [stderr]    Compiling idna v0.3.0
[INFO] [stderr]    Compiling form_urlencoded v1.1.0
[INFO] [stderr]    Compiling tracing-core v0.1.31
[INFO] [stderr]    Compiling block-buffer v0.7.3
[INFO] [stderr]    Compiling rand v0.7.3
[INFO] [stderr]    Compiling futures-macro v0.3.28
[INFO] [stderr]    Compiling serde_derive v1.0.163
[INFO] [stderr]    Compiling mio v0.6.23
[INFO] [stderr]    Compiling tokio-util v0.6.10
[INFO] [stderr]    Compiling tokio-stream v0.1.14
[INFO] [stderr]    Compiling digest v0.8.1
[INFO] [stderr]    Compiling http v0.2.9
[INFO] [stderr]    Compiling try-lock v0.2.4
[INFO] [stderr]    Compiling tower-service v0.3.2
[INFO] [stderr]    Compiling fake-simd v0.1.2
[INFO] [stderr]    Compiling lazycell v1.3.0
[INFO] [stderr]    Compiling opaque-debug v0.2.3
[INFO] [stderr]    Compiling mio-extras v2.0.6
[INFO] [stderr]    Compiling sha-1 v0.8.2
[INFO] [stderr]    Compiling want v0.3.0
[INFO] [stderr]    Compiling tracing v0.1.37
[INFO] [stderr]    Compiling url v2.3.1
[INFO] [stderr]    Compiling bytes v0.4.12
[INFO] [stderr]    Compiling httpdate v1.0.2
[INFO] [stderr]    Compiling http-body v0.4.5
[INFO] [stderr]    Compiling parity-ws v0.11.1
[INFO] [stderr]    Compiling futures-executor v0.3.28
[INFO] [stderr]    Compiling hyper v0.14.26
[INFO] [stderr]    Compiling futures v0.3.28
[INFO] [stderr]    Compiling jsonrpc-core v18.0.0
[INFO] [stderr]    Compiling jsonrpc-server-utils v18.0.0
[INFO] [stderr]    Compiling jsonrpc-pubsub v18.0.0
[INFO] [stderr]    Compiling jsonrpc-ws-server v18.0.0
[INFO] [stderr]    Compiling jsonrpc-tcp-server v18.0.0
[INFO] [stderr]    Compiling jsonrpc-http-server v18.0.0
[INFO] [stderr]    Compiling witty-jsonrpc v0.1.3 (/opt/rustwide/workdir)
[INFO] [stderr]     Finished dev [unoptimized + debuginfo] target(s) in 28.82s
[INFO] running `Command { std: "docker" "inspect" "4a05eb0c05bcef76f2eabea5e1e635c8ac59d37ef710db21e530539134183f04", kill_on_drop: false }`
[INFO] running `Command { std: "docker" "rm" "-f" "4a05eb0c05bcef76f2eabea5e1e635c8ac59d37ef710db21e530539134183f04", kill_on_drop: false }`
[INFO] [stdout] 4a05eb0c05bcef76f2eabea5e1e635c8ac59d37ef710db21e530539134183f04
[INFO] running `Command { std: "docker" "create" "-v" "/var/lib/crater-agent-workspace/builds/worker-2-tc1/target:/opt/rustwide/target:rw,Z" "-v" "/var/lib/crater-agent-workspace/builds/worker-2-tc1/source:/opt/rustwide/workdir:ro,Z" "-v" "/var/lib/crater-agent-workspace/cargo-home:/opt/rustwide/cargo-home:ro,Z" "-v" "/var/lib/crater-agent-workspace/rustup-home:/opt/rustwide/rustup-home:ro,Z" "-e" "SOURCE_DIR=/opt/rustwide/workdir" "-e" "CARGO_TARGET_DIR=/opt/rustwide/target" "-e" "CARGO_INCREMENTAL=0" "-e" "RUST_BACKTRACE=full" "-e" "RUSTFLAGS=--cap-lints=warn" "-e" "RUSTDOCFLAGS=--cap-lints=warn" "-e" "CARGO_HOME=/opt/rustwide/cargo-home" "-e" "RUSTUP_HOME=/opt/rustwide/rustup-home" "-w" "/opt/rustwide/workdir" "-m" "1610612736" "--user" "0:0" "--network" "none" "ghcr.io/rust-lang/crates-build-env/linux@sha256:2788e3201cd34a07e3172128adcd8b3090168a8e3bcc40d7c032b9dda1df7d1c" "/opt/rustwide/cargo-home/bin/cargo" "+1.75.0" "test" "--frozen" "--no-run" "--message-format=json", kill_on_drop: false }`
[INFO] [stdout] 3d6e0199c3bb3a60cfcca20a81c1876d8b339d7d8e67d568e110edec1fbac860
[INFO] running `Command { std: "docker" "start" "-a" "3d6e0199c3bb3a60cfcca20a81c1876d8b339d7d8e67d568e110edec1fbac860", kill_on_drop: false }`
[INFO] [stderr]    Compiling libc v0.2.144
[INFO] [stderr]    Compiling num_cpus v1.15.0
[INFO] [stderr]    Compiling mio v0.8.7
[INFO] [stderr]    Compiling socket2 v0.4.9
[INFO] [stderr]    Compiling getrandom v0.1.16
[INFO] [stderr]    Compiling iovec v0.1.4
[INFO] [stderr]    Compiling net2 v0.2.38
[INFO] [stderr]    Compiling parking_lot_core v0.8.6
[INFO] [stderr]    Compiling bytes v0.4.12
[INFO] [stderr]    Compiling futures-executor v0.3.28
[INFO] [stderr]    Compiling rand_core v0.5.1
[INFO] [stderr]    Compiling tokio v1.28.2
[INFO] [stderr]    Compiling futures v0.3.28
[INFO] [stderr]    Compiling jsonrpc-core v18.0.0
[INFO] [stderr]    Compiling rand_chacha v0.2.2
[INFO] [stderr]    Compiling parking_lot v0.11.2
[INFO] [stderr]    Compiling mio v0.6.23
[INFO] [stderr]    Compiling rand v0.7.3
[INFO] [stderr]    Compiling nix v0.26.2
[INFO] [stderr]    Compiling mio-extras v2.0.6
[INFO] [stderr]    Compiling parity-ws v0.11.1
[INFO] [stderr]    Compiling jsonrpc-pubsub v18.0.0
[INFO] [stderr]    Compiling ctrlc v3.3.1
[INFO] [stderr]    Compiling tokio-stream v0.1.14
[INFO] [stderr]    Compiling tokio-util v0.6.10
[INFO] [stderr]    Compiling hyper v0.14.26
[INFO] [stderr]    Compiling jsonrpc-server-utils v18.0.0
[INFO] [stderr]    Compiling jsonrpc-ws-server v18.0.0
[INFO] [stderr]    Compiling jsonrpc-tcp-server v18.0.0
[INFO] [stderr]    Compiling jsonrpc-http-server v18.0.0
[INFO] [stderr]    Compiling witty-jsonrpc v0.1.3 (/opt/rustwide/workdir)
[INFO] [stdout] error: linking with `cc` failed: exit status: 1
[INFO] [stdout]   |
[INFO] [stdout]   = note: LC_ALL="C" PATH="/opt/rustwide/rustup-home/toolchains/1.75.0-x86_64-unknown-linux-gnu/lib/rustlib/x86_64-unknown-linux-gnu/bin:/opt/rustwide/cargo-home/bin:/usr/local/sbin:/usr/local/bin:/usr/sbin:/usr/bin:/sbin:/bin" VSLANG="1033" "cc" "-m64" "/tmp/rustchDzamu/symbols.o" "/opt/rustwide/target/debug/examples/tcp_and_http-7a9267d237587557.tcp_and_http.960d2f93244bca72-cgu.00.rcgu.o" "/opt/rustwide/target/debug/examples/tcp_and_http-7a9267d237587557.tcp_and_http.960d2f93244bca72-cgu.01.rcgu.o" "/opt/rustwide/target/debug/examples/tcp_and_http-7a9267d237587557.tcp_and_http.960d2f93244bca72-cgu.02.rcgu.o" "/opt/rustwide/target/debug/examples/tcp_and_http-7a9267d237587557.tcp_and_http.960d2f93244bca72-cgu.03.rcgu.o" "/opt/rustwide/target/debug/examples/tcp_and_http-7a9267d237587557.tcp_and_http.960d2f93244bca72-cgu.04.rcgu.o" "/opt/rustwide/target/debug/examples/tcp_and_http-7a9267d237587557.tcp_and_http.960d2f93244bca72-cgu.05.rcgu.o" "/opt/rustwide/target/debug/examples/tcp_and_http-7a9267d237587557.tcp_and_http.960d2f93244bca72-cgu.06.rcgu.o" "/opt/rustwide/target/debug/examples/tcp_and_http-7a9267d237587557.tcp_and_http.960d2f93244bca72-cgu.07.rcgu.o" "/opt/rustwide/target/debug/examples/tcp_and_http-7a9267d237587557.tcp_and_http.960d2f93244bca72-cgu.08.rcgu.o" "/opt/rustwide/target/debug/examples/tcp_and_http-7a9267d237587557.tcp_and_http.960d2f93244bca72-cgu.09.rcgu.o" "/opt/rustwide/target/debug/examples/tcp_and_http-7a9267d237587557.tcp_and_http.960d2f93244bca72-cgu.10.rcgu.o" "/opt/rustwide/target/debug/examples/tcp_and_http-7a9267d237587557.tcp_and_http.960d2f93244bca72-cgu.11.rcgu.o" "/opt/rustwide/target/debug/examples/tcp_and_http-7a9267d237587557.tcp_and_http.960d2f93244bca72-cgu.12.rcgu.o" "/opt/rustwide/target/debug/examples/tcp_and_http-7a9267d237587557.tcp_and_http.960d2f93244bca72-cgu.13.rcgu.o" "/opt/rustwide/target/debug/examples/tcp_and_http-7a9267d237587557.tcp_and_http.960d2f93244bca72-cgu.14.rcgu.o" "/opt/rustwide/target/debug/examples/tcp_and_http-7a9267d237587557.tcp_and_http.960d2f93244bca72-cgu.15.rcgu.o" "/opt/rustwide/target/debug/examples/tcp_and_http-7a9267d237587557.2wt18goj81dxf58r.rcgu.o" "-Wl,--as-needed" "-L" "/opt/rustwide/target/debug/deps" "-L" "/opt/rustwide/rustup-home/toolchains/1.75.0-x86_64-unknown-linux-gnu/lib/rustlib/x86_64-unknown-linux-gnu/lib" "-Wl,-Bstatic" "/opt/rustwide/target/debug/deps/libctrlc-790f680e74cc9672.rlib" "/opt/rustwide/target/debug/deps/libnix-dff5ee25b88f4d03.rlib" "/opt/rustwide/target/debug/deps/libbitflags-b7cee2ca4fb438d0.rlib" "/opt/rustwide/target/debug/deps/libwitty_jsonrpc-b1a7247d1490e169.rlib" "/opt/rustwide/target/debug/deps/libjsonrpc_tcp_server-a0ffa5a41217e877.rlib" "/opt/rustwide/target/debug/deps/libjsonrpc_http_server-dbf2f117266312f1.rlib" "/opt/rustwide/target/debug/deps/libhyper-1548b30c66d0f6a8.rlib" "/opt/rustwide/target/debug/deps/libtower_service-104d6e83d5ce383d.rlib" "/opt/rustwide/target/debug/deps/libtracing-4346f3fc7284a558.rlib" "/opt/rustwide/target/debug/deps/libtracing_core-434705a6d331fbef.rlib" "/opt/rustwide/target/debug/deps/libonce_cell-6ecee5b0a97fe27b.rlib" "/opt/rustwide/target/debug/deps/libhttp_body-7e22d86f2e012d16.rlib" "/opt/rustwide/target/debug/deps/libhttpdate-07ccb2bff48c32b9.rlib" "/opt/rustwide/target/debug/deps/libhttp-1bfd600a9633f538.rlib" "/opt/rustwide/target/debug/deps/libjsonrpc_ws_server-3c10b413c3344f03.rlib" "/opt/rustwide/target/debug/deps/libparity_ws-fbd2de89213ec6f6.rlib" "/opt/rustwide/target/debug/deps/liburl-835209bb06fa4b66.rlib" "/opt/rustwide/target/debug/deps/libidna-b88b16256f94c1f5.rlib" "/opt/rustwide/target/debug/deps/libunicode_normalization-e1c1be84a555e587.rlib" "/opt/rustwide/target/debug/deps/libtinyvec-cf6c9f6b792a5507.rlib" "/opt/rustwide/target/debug/deps/libtinyvec_macros-b1cb7f53f58c9f87.rlib" "/opt/rustwide/target/debug/deps/libunicode_bidi-282ea4eeb343ff18.rlib" "/opt/rustwide/target/debug/deps/libform_urlencoded-e8c43e838ad28fa4.rlib" "/opt/rustwide/target/debug/deps/libpercent_encoding-c39f6500503dd269.rlib" "/opt/rustwide/target/debug/deps/libsha1-b1bdc9ac5928c318.rlib" "/opt/rustwide/target/debug/deps/libfake_simd-f5f63bdff85047cd.rlib" "/opt/rustwide/target/debug/deps/libdigest-9e75f4e239392ba6.rlib" "/opt/rustwide/target/debug/deps/libopaque_debug-804d9e13b6282a7a.rlib" "/opt/rustwide/target/debug/deps/libblock_buffer-5f7cb281b6c1b61a.rlib" "/opt/rustwide/target/debug/deps/libgeneric_array-107a25425a078e3b.rlib" "/opt/rustwide/target/debug/deps/libtypenum-10066d62666e55cd.rlib" "/opt/rustwide/target/debug/deps/libblock_padding-2267d541f673c456.rlib" "/opt/rustwide/target/debug/deps/libbyte_tools-2219004c21e9b9ac.rlib" "/opt/rustwide/target/debug/deps/libmio_extras-7c45c1cc1c9b2a41.rlib" "/opt/rustwide/target/debug/deps/liblazycell-4a65d633f88cb90e.rlib" "/opt/rustwide/target/debug/deps/libmio-00359f0d78deaea6.rlib" "/opt/rustwide/target/debug/deps/libnet2-02500e692f991daa.rlib" "/opt/rustwide/target/debug/deps/libcfg_if-925b73a2e437f0c3.rlib" "/opt/rustwide/target/debug/deps/libhttparse-64f1ffbeda450424.rlib" "/opt/rustwide/target/debug/deps/libbytes-e2eb006dbc653fc5.rlib" "/opt/rustwide/target/debug/deps/libiovec-392bc32ba71d54fd.rlib" "/opt/rustwide/target/debug/deps/libbyteorder-b7588b59c1d17615.rlib" "/opt/rustwide/target/debug/deps/libjsonrpc_server_utils-93228cd29ba376f9.rlib" "/opt/rustwide/target/debug/deps/libglobset-0f1780a0b258d408.rlib" "/opt/rustwide/target/debug/deps/libfnv-18bf5144d055e772.rlib" "/opt/rustwide/target/debug/deps/libregex-0ab5d7a99d6bd4cd.rlib" "/opt/rustwide/target/debug/deps/libaho_corasick-07444be8bb34ef9e.rlib" "/opt/rustwide/target/debug/deps/libregex_syntax-fff3ed7633d8729e.rlib" "/opt/rustwide/target/debug/deps/libbstr-966d49f1002d44be.rlib" "/opt/rustwide/target/debug/deps/libaho_corasick-fec14e281eb19588.rlib" "/opt/rustwide/target/debug/deps/libunicase-b17828595a2c57e7.rlib" "/opt/rustwide/target/debug/deps/libtokio_util-67dc7aa85857f5be.rlib" "/opt/rustwide/target/debug/deps/libtokio_stream-205cabd2129516bd.rlib" "/opt/rustwide/target/debug/deps/libtokio-631589d63c6e7285.rlib" "/opt/rustwide/target/debug/deps/libsocket2-e840e4c104734fed.rlib" "/opt/rustwide/target/debug/deps/libbytes-3fc98b508f6e4a28.rlib" "/opt/rustwide/target/debug/deps/libmio-30b6f57426a2f002.rlib" "/opt/rustwide/target/debug/deps/libjsonrpc_pubsub-d948f61ee91c27ad.rlib" "/opt/rustwide/target/debug/deps/liblazy_static-591486ebcb9a7ead.rlib" "/opt/rustwide/target/debug/deps/librand-708d15e68a1eb65d.rlib" "/opt/rustwide/target/debug/deps/librand_chacha-201a84cf06d6b2ab.rlib" "/opt/rustwide/target/debug/deps/libppv_lite86-9f808eb911999ef2.rlib" "/opt/rustwide/target/debug/deps/librand_core-4752deb91114ee4d.rlib" "/opt/rustwide/target/debug/deps/libgetrandom-ceae248dab27a5ca.rlib" "/opt/rustwide/target/debug/deps/libparking_lot-396a77041b65cc64.rlib" "/opt/rustwide/target/debug/deps/libparking_lot_core-999aa8477d749308.rlib" "/opt/rustwide/target/debug/deps/libsmallvec-75a5879a2c4c0c6c.rlib" "/opt/rustwide/target/debug/deps/liblock_api-400daf411a1c055a.rlib" "/opt/rustwide/target/debug/deps/libscopeguard-b35f5c652940acc2.rlib" "/opt/rustwide/target/debug/deps/libinstant-65b44248b363c7fa.rlib" "/opt/rustwide/target/debug/deps/libjsonrpc_core-5b8635e3766c85f3.rlib" "/opt/rustwide/target/debug/deps/libserde_json-30af531473bd7961.rlib" "/opt/rustwide/target/debug/deps/libryu-07c77bcabf6ee02b.rlib" "/opt/rustwide/target/debug/deps/libitoa-807e41d963466eb2.rlib" "/opt/rustwide/target/debug/deps/libserde-54f005a1984464ca.rlib" "/opt/rustwide/target/debug/deps/liblog-3ad322dff60a4fea.rlib" "/opt/rustwide/target/debug/deps/libcfg_if-61dc7a6799e72b18.rlib" "/opt/rustwide/target/debug/deps/libfutures-bb41e6396eea6595.rlib" "/opt/rustwide/target/debug/deps/libfutures_executor-9161d9e3507062aa.rlib" "/opt/rustwide/target/debug/deps/libnum_cpus-2cb24f7903739999.rlib" "/opt/rustwide/target/debug/deps/liblibc-78b1c78285414f87.rlib" "/opt/rustwide/target/debug/deps/libfutures_util-dc83dec2b056db6f.rlib" "/opt/rustwide/target/debug/deps/libmemchr-4fdcfd9ddfba30cb.rlib" "/opt/rustwide/target/debug/deps/libfutures_io-e29e1f931c78f5ad.rlib" "/opt/rustwide/target/debug/deps/libslab-7742106a97732125.rlib" "/opt/rustwide/target/debug/deps/libfutures_channel-b11b4e3e73ae8576.rlib" "/opt/rustwide/target/debug/deps/libpin_project_lite-cead9f5d94689600.rlib" "/opt/rustwide/target/debug/deps/libfutures_sink-4afe6e57e5588fde.rlib" "/opt/rustwide/target/debug/deps/libfutures_task-ec207c36a8b1b716.rlib" "/opt/rustwide/target/debug/deps/libpin_utils-741f7d9d160e4a16.rlib" "/opt/rustwide/target/debug/deps/libfutures_core-02b74ed2f49284a7.rlib" "/opt/rustwide/rustup-home/toolchains/1.75.0-x86_64-unknown-linux-gnu/lib/rustlib/x86_64-unknown-linux-gnu/lib/libstd-90f6ddbf82de36ec.rlib" "/opt/rustwide/rustup-home/toolchains/1.75.0-x86_64-unknown-linux-gnu/lib/rustlib/x86_64-unknown-linux-gnu/lib/libpanic_unwind-480c41e9d4e1f677.rlib" "/opt/rustwide/rustup-home/toolchains/1.75.0-x86_64-unknown-linux-gnu/lib/rustlib/x86_64-unknown-linux-gnu/lib/libobject-db744c0ca03eed1d.rlib" "/opt/rustwide/rustup-home/toolchains/1.75.0-x86_64-unknown-linux-gnu/lib/rustlib/x86_64-unknown-linux-gnu/lib/libmemchr-8ba652dc7d4b285a.rlib" "/opt/rustwide/rustup-home/toolchains/1.75.0-x86_64-unknown-linux-gnu/lib/rustlib/x86_64-unknown-linux-gnu/lib/libaddr2line-d5f4520a9ebc0d58.rlib" "/opt/rustwide/rustup-home/toolchains/1.75.0-x86_64-unknown-linux-gnu/lib/rustlib/x86_64-unknown-linux-gnu/lib/libgimli-4ad84de58f0cb463.rlib" "/opt/rustwide/rustup-home/toolchains/1.75.0-x86_64-unknown-linux-gnu/lib/rustlib/x86_64-unknown-linux-gnu/lib/librustc_demangle-0d10aae2e0f38735.rlib" "/opt/rustwide/rustup-home/toolchains/1.75.0-x86_64-unknown-linux-gnu/lib/rustlib/x86_64-unknown-linux-gnu/lib/libstd_detect-0c17cff739e6745b.rlib" "/opt/rustwide/rustup-home/toolchains/1.75.0-x86_64-unknown-linux-gnu/lib/rustlib/x86_64-unknown-linux-gnu/lib/libhashbrown-b29e17139dde1aa8.rlib" "/opt/rustwide/rustup-home/toolchains/1.75.0-x86_64-unknown-linux-gnu/lib/rustlib/x86_64-unknown-linux-gnu/lib/librustc_std_workspace_alloc-1f975299829cc7bd.rlib" "/opt/rustwide/rustup-home/toolchains/1.75.0-x86_64-unknown-linux-gnu/lib/rustlib/x86_64-unknown-linux-gnu/lib/libminiz_oxide-86bae3bc3079f89b.rlib" "/opt/rustwide/rustup-home/toolchains/1.75.0-x86_64-unknown-linux-gnu/lib/rustlib/x86_64-unknown-linux-gnu/lib/libadler-321b82c30dffdf5f.rlib" "/opt/rustwide/rustup-home/toolchains/1.75.0-x86_64-unknown-linux-gnu/lib/rustlib/x86_64-unknown-linux-gnu/lib/libunwind-3dd8a6810a0bdfef.rlib" "/opt/rustwide/rustup-home/toolchains/1.75.0-x86_64-unknown-linux-gnu/lib/rustlib/x86_64-unknown-linux-gnu/lib/libcfg_if-eb39a61c0c879984.rlib" "/opt/rustwide/rustup-home/toolchains/1.75.0-x86_64-unknown-linux-gnu/lib/rustlib/x86_64-unknown-linux-gnu/lib/liblibc-aa769569f91c3548.rlib" "/opt/rustwide/rustup-home/toolchains/1.75.0-x86_64-unknown-linux-gnu/lib/rustlib/x86_64-unknown-linux-gnu/lib/liballoc-510a192a50a983ed.rlib" "/opt/rustwide/rustup-home/toolchains/1.75.0-x86_64-unknown-linux-gnu/lib/rustlib/x86_64-unknown-linux-gnu/lib/librustc_std_workspace_core-0577018320f99037.rlib" "/opt/rustwide/rustup-home/toolchains/1.75.0-x86_64-unknown-linux-gnu/lib/rustlib/x86_64-unknown-linux-gnu/lib/libcore-193cf992125ccd4c.rlib" "/opt/rustwide/rustup-home/toolchains/1.75.0-x86_64-unknown-linux-gnu/lib/rustlib/x86_64-unknown-linux-gnu/lib/libcompiler_builtins-8e138eaf26ebb4a8.rlib" "-Wl,-Bdynamic" "-lgcc_s" "-lutil" "-lrt" "-lpthread" "-lm" "-ldl" "-lc" "-Wl,--eh-frame-hdr" "-Wl,-z,noexecstack" "-L" "/opt/rustwide/rustup-home/toolchains/1.75.0-x86_64-unknown-linux-gnu/lib/rustlib/x86_64-unknown-linux-gnu/lib" "-o" "/opt/rustwide/target/debug/examples/tcp_and_http-7a9267d237587557" "-Wl,--gc-sections" "-pie" "-Wl,-z,relro,-z,now" "-nodefaultlibs"
[INFO] [stdout]   = note: collect2: fatal error: ld terminated with signal 9 [Killed]
[INFO] [stdout]           compilation terminated.
[INFO] [stdout]           
[INFO] [stdout] 
[INFO] [stdout] 
[INFO] [stdout] error: aborting due to previous error
[INFO] [stdout] 
[INFO] [stdout] 
[INFO] [stderr] error: could not compile `witty-jsonrpc` (example "tcp_and_http") due to 2 previous errors
[INFO] [stderr] warning: build failed, waiting for other jobs to finish...
[INFO] running `Command { std: "docker" "inspect" "3d6e0199c3bb3a60cfcca20a81c1876d8b339d7d8e67d568e110edec1fbac860", kill_on_drop: false }`
[INFO] running `Command { std: "docker" "rm" "-f" "3d6e0199c3bb3a60cfcca20a81c1876d8b339d7d8e67d568e110edec1fbac860", kill_on_drop: false }`
[INFO] [stdout] 3d6e0199c3bb3a60cfcca20a81c1876d8b339d7d8e67d568e110edec1fbac860
[INFO] testing witty-jsonrpc-0.1.3 against beta-2023-12-22 for beta-1.76-1
[INFO] extracting crate witty-jsonrpc 0.1.3 into /workspace/builds/worker-2-tc2/source
[INFO] validating manifest of crates.io crate witty-jsonrpc 0.1.3 on toolchain beta-2023-12-22
[INFO] running `Command { std: CARGO_HOME="/workspace/cargo-home" RUSTUP_HOME="/workspace/rustup-home" "/workspace/cargo-home/bin/cargo" "+beta-2023-12-22" "metadata" "--manifest-path" "Cargo.toml" "--no-deps", kill_on_drop: false }`
[INFO] started tweaking crates.io crate witty-jsonrpc 0.1.3
[INFO] finished tweaking crates.io crate witty-jsonrpc 0.1.3
[INFO] tweaked toml for crates.io crate witty-jsonrpc 0.1.3 written to /workspace/builds/worker-2-tc2/source/Cargo.toml
[INFO] crate crates.io crate witty-jsonrpc 0.1.3 already has a lockfile, it will not be regenerated
[INFO] running `Command { std: CARGO_HOME="/workspace/cargo-home" RUSTUP_HOME="/workspace/rustup-home" "/workspace/cargo-home/bin/cargo" "+beta-2023-12-22" "fetch" "--manifest-path" "Cargo.toml", kill_on_drop: false }`
[INFO] running `Command { std: "docker" "create" "-v" "/var/lib/crater-agent-workspace/builds/worker-2-tc2/target:/opt/rustwide/target:rw,Z" "-v" "/var/lib/crater-agent-workspace/builds/worker-2-tc2/source:/opt/rustwide/workdir:ro,Z" "-v" "/var/lib/crater-agent-workspace/cargo-home:/opt/rustwide/cargo-home:ro,Z" "-v" "/var/lib/crater-agent-workspace/rustup-home:/opt/rustwide/rustup-home:ro,Z" "-e" "SOURCE_DIR=/opt/rustwide/workdir" "-e" "CARGO_TARGET_DIR=/opt/rustwide/target" "-e" "CARGO_HOME=/opt/rustwide/cargo-home" "-e" "RUSTUP_HOME=/opt/rustwide/rustup-home" "-w" "/opt/rustwide/workdir" "-m" "1610612736" "--user" "0:0" "--network" "none" "ghcr.io/rust-lang/crates-build-env/linux@sha256:2788e3201cd34a07e3172128adcd8b3090168a8e3bcc40d7c032b9dda1df7d1c" "/opt/rustwide/cargo-home/bin/cargo" "+beta-2023-12-22" "metadata" "--no-deps" "--format-version=1", kill_on_drop: false }`
[INFO] [stdout] dfcc5913b139f5be3026883079d58eba982b2483fb2950af4453e223800a71fd
[INFO] running `Command { std: "docker" "start" "-a" "dfcc5913b139f5be3026883079d58eba982b2483fb2950af4453e223800a71fd", kill_on_drop: false }`
[INFO] running `Command { std: "docker" "inspect" "dfcc5913b139f5be3026883079d58eba982b2483fb2950af4453e223800a71fd", kill_on_drop: false }`
[INFO] running `Command { std: "docker" "rm" "-f" "dfcc5913b139f5be3026883079d58eba982b2483fb2950af4453e223800a71fd", kill_on_drop: false }`
[INFO] [stdout] dfcc5913b139f5be3026883079d58eba982b2483fb2950af4453e223800a71fd
[INFO] running `Command { std: "docker" "create" "-v" "/var/lib/crater-agent-workspace/builds/worker-2-tc2/target:/opt/rustwide/target:rw,Z" "-v" "/var/lib/crater-agent-workspace/builds/worker-2-tc2/source:/opt/rustwide/workdir:ro,Z" "-v" "/var/lib/crater-agent-workspace/cargo-home:/opt/rustwide/cargo-home:ro,Z" "-v" "/var/lib/crater-agent-workspace/rustup-home:/opt/rustwide/rustup-home:ro,Z" "-e" "SOURCE_DIR=/opt/rustwide/workdir" "-e" "CARGO_TARGET_DIR=/opt/rustwide/target" "-e" "CARGO_INCREMENTAL=0" "-e" "RUST_BACKTRACE=full" "-e" "RUSTFLAGS=--cap-lints=warn" "-e" "RUSTDOCFLAGS=--cap-lints=warn" "-e" "CARGO_HOME=/opt/rustwide/cargo-home" "-e" "RUSTUP_HOME=/opt/rustwide/rustup-home" "-w" "/opt/rustwide/workdir" "-m" "1610612736" "--user" "0:0" "--network" "none" "ghcr.io/rust-lang/crates-build-env/linux@sha256:2788e3201cd34a07e3172128adcd8b3090168a8e3bcc40d7c032b9dda1df7d1c" "/opt/rustwide/cargo-home/bin/cargo" "+beta-2023-12-22" "build" "--frozen" "--message-format=json", kill_on_drop: false }`
[INFO] [stdout] 5d1047ccd54731c5416581a01aded95c92ebb9c0bc758abb6a3716799f714f0a
[INFO] running `Command { std: "docker" "start" "-a" "5d1047ccd54731c5416581a01aded95c92ebb9c0bc758abb6a3716799f714f0a", kill_on_drop: false }`
[INFO] [stderr]    Compiling libc v0.2.144
[INFO] [stderr]    Compiling memchr v2.5.0
[INFO] [stderr]    Compiling proc-macro2 v1.0.59
[INFO] [stderr]    Compiling pin-project-lite v0.2.9
[INFO] [stderr]    Compiling unicode-ident v1.0.9
[INFO] [stderr]    Compiling slab v0.4.8
[INFO] [stderr]    Compiling quote v1.0.28
[INFO] [stderr]    Compiling log v0.4.17
[INFO] [stderr]    Compiling futures-channel v0.3.28
[INFO] [stderr]    Compiling futures-util v0.3.28
[INFO] [stderr]    Compiling futures-io v0.3.28
[INFO] [stderr]    Compiling bytes v1.4.0
[INFO] [stderr]    Compiling itoa v1.0.6
[INFO] [stderr]    Compiling tokio v1.28.2
[INFO] [stderr]    Compiling serde v1.0.163
[INFO] [stderr]    Compiling serde_json v1.0.96
[INFO] [stderr]    Compiling typenum v1.16.0
[INFO] [stderr]    Compiling lock_api v0.4.9
[INFO] [stderr]    Compiling num_cpus v1.15.0
[INFO] [stderr]    Compiling syn v2.0.18
[INFO] [stderr]    Compiling mio v0.8.7
[INFO] [stderr]    Compiling socket2 v0.4.9
[INFO] [stderr]    Compiling ryu v1.0.13
[INFO] [stderr]    Compiling parking_lot_core v0.8.6
[INFO] [stderr]    Compiling unicase v2.6.0
[INFO] [stderr]    Compiling getrandom v0.1.16
[INFO] [stderr]    Compiling aho-corasick v1.0.1
[INFO] [stderr]    Compiling instant v0.1.12
[INFO] [stderr]    Compiling scopeguard v1.1.0
[INFO] [stderr]    Compiling cfg-if v0.1.10
[INFO] [stderr]    Compiling smallvec v1.10.0
[INFO] [stderr]    Compiling regex-syntax v0.7.2
[INFO] [stderr]    Compiling generic-array v0.12.4
[INFO] [stderr]    Compiling net2 v0.2.38
[INFO] [stderr]    Compiling rand_core v0.5.1
[INFO] [stderr]    Compiling iovec v0.1.4
[INFO] [stderr]    Compiling bstr v1.5.0
[INFO] [stderr]    Compiling aho-corasick v0.7.20
[INFO] [stderr]    Compiling byteorder v1.4.3
[INFO] [stderr]    Compiling byte-tools v0.3.1
[INFO] [stderr]    Compiling block-padding v0.1.5
[INFO] [stderr]    Compiling regex v1.8.3
[INFO] [stderr]    Compiling rand_chacha v0.2.2
[INFO] [stderr]    Compiling globset v0.4.10
[INFO] [stderr]    Compiling parking_lot v0.11.2
[INFO] [stderr]    Compiling unicode-bidi v0.3.13
[INFO] [stderr]    Compiling percent-encoding v2.2.0
[INFO] [stderr]    Compiling once_cell v1.17.2
[INFO] [stderr]    Compiling idna v0.3.0
[INFO] [stderr]    Compiling tracing-core v0.1.31
[INFO] [stderr]    Compiling form_urlencoded v1.1.0
[INFO] [stderr]    Compiling rand v0.7.3
[INFO] [stderr]    Compiling block-buffer v0.7.3
[INFO] [stderr]    Compiling mio v0.6.23
[INFO] [stderr]    Compiling digest v0.8.1
[INFO] [stderr]    Compiling tokio-stream v0.1.14
[INFO] [stderr]    Compiling tokio-util v0.6.10
[INFO] [stderr]    Compiling futures-macro v0.3.28
[INFO] [stderr]    Compiling serde_derive v1.0.163
[INFO] [stderr]    Compiling http v0.2.9
[INFO] [stderr]    Compiling fake-simd v0.1.2
[INFO] [stderr]    Compiling lazycell v1.3.0
[INFO] [stderr]    Compiling opaque-debug v0.2.3
[INFO] [stderr]    Compiling tower-service v0.3.2
[INFO] [stderr]    Compiling try-lock v0.2.4
[INFO] [stderr]    Compiling mio-extras v2.0.6
[INFO] [stderr]    Compiling sha-1 v0.8.2
[INFO] [stderr]    Compiling want v0.3.0
[INFO] [stderr]    Compiling url v2.3.1
[INFO] [stderr]    Compiling tracing v0.1.37
[INFO] [stderr]    Compiling bytes v0.4.12
[INFO] [stderr]    Compiling httpdate v1.0.2
[INFO] [stderr]    Compiling http-body v0.4.5
[INFO] [stderr]    Compiling parity-ws v0.11.1
[INFO] [stderr]    Compiling futures-executor v0.3.28
[INFO] [stderr]    Compiling hyper v0.14.26
[INFO] [stderr]    Compiling futures v0.3.28
[INFO] [stderr]    Compiling jsonrpc-core v18.0.0
[INFO] [stderr]    Compiling jsonrpc-server-utils v18.0.0
[INFO] [stderr]    Compiling jsonrpc-pubsub v18.0.0
[INFO] [stderr]    Compiling jsonrpc-ws-server v18.0.0
[INFO] [stderr]    Compiling jsonrpc-tcp-server v18.0.0
[INFO] [stderr]    Compiling jsonrpc-http-server v18.0.0
[INFO] [stderr]    Compiling witty-jsonrpc v0.1.3 (/opt/rustwide/workdir)
[INFO] [stderr]     Finished dev [unoptimized + debuginfo] target(s) in 35.02s
[INFO] running `Command { std: "docker" "inspect" "5d1047ccd54731c5416581a01aded95c92ebb9c0bc758abb6a3716799f714f0a", kill_on_drop: false }`
[INFO] running `Command { std: "docker" "rm" "-f" "5d1047ccd54731c5416581a01aded95c92ebb9c0bc758abb6a3716799f714f0a", kill_on_drop: false }`
[INFO] [stdout] 5d1047ccd54731c5416581a01aded95c92ebb9c0bc758abb6a3716799f714f0a
[INFO] running `Command { std: "docker" "create" "-v" "/var/lib/crater-agent-workspace/builds/worker-2-tc2/target:/opt/rustwide/target:rw,Z" "-v" "/var/lib/crater-agent-workspace/builds/worker-2-tc2/source:/opt/rustwide/workdir:ro,Z" "-v" "/var/lib/crater-agent-workspace/cargo-home:/opt/rustwide/cargo-home:ro,Z" "-v" "/var/lib/crater-agent-workspace/rustup-home:/opt/rustwide/rustup-home:ro,Z" "-e" "SOURCE_DIR=/opt/rustwide/workdir" "-e" "CARGO_TARGET_DIR=/opt/rustwide/target" "-e" "CARGO_INCREMENTAL=0" "-e" "RUST_BACKTRACE=full" "-e" "RUSTFLAGS=--cap-lints=warn" "-e" "RUSTDOCFLAGS=--cap-lints=warn" "-e" "CARGO_HOME=/opt/rustwide/cargo-home" "-e" "RUSTUP_HOME=/opt/rustwide/rustup-home" "-w" "/opt/rustwide/workdir" "-m" "1610612736" "--user" "0:0" "--network" "none" "ghcr.io/rust-lang/crates-build-env/linux@sha256:2788e3201cd34a07e3172128adcd8b3090168a8e3bcc40d7c032b9dda1df7d1c" "/opt/rustwide/cargo-home/bin/cargo" "+beta-2023-12-22" "test" "--frozen" "--no-run" "--message-format=json", kill_on_drop: false }`
[INFO] [stdout] cd561e5bf9e826998a7c7908892636ee3f3a6322f3a8ba4eebf276f5d665b1be
[INFO] running `Command { std: "docker" "start" "-a" "cd561e5bf9e826998a7c7908892636ee3f3a6322f3a8ba4eebf276f5d665b1be", kill_on_drop: false }`
[INFO] [stderr]    Compiling libc v0.2.144
[INFO] [stderr]    Compiling num_cpus v1.15.0
[INFO] [stderr]    Compiling socket2 v0.4.9
[INFO] [stderr]    Compiling mio v0.8.7
[INFO] [stderr]    Compiling getrandom v0.1.16
[INFO] [stderr]    Compiling net2 v0.2.38
[INFO] [stderr]    Compiling parking_lot_core v0.8.6
[INFO] [stderr]    Compiling iovec v0.1.4
[INFO] [stderr]    Compiling futures-executor v0.3.28
[INFO] [stderr]    Compiling rand_core v0.5.1
[INFO] [stderr]    Compiling parking_lot v0.11.2
[INFO] [stderr]    Compiling mio v0.6.23
[INFO] [stderr]    Compiling futures v0.3.28
[INFO] [stderr]    Compiling rand_chacha v0.2.2
[INFO] [stderr]    Compiling jsonrpc-core v18.0.0
[INFO] [stderr]    Compiling tokio v1.28.2
[INFO] [stderr]    Compiling rand v0.7.3
[INFO] [stderr]    Compiling bytes v0.4.12
[INFO] [stderr]    Compiling nix v0.26.2
[INFO] [stderr]    Compiling mio-extras v2.0.6
[INFO] [stderr]    Compiling parity-ws v0.11.1
[INFO] [stderr]    Compiling jsonrpc-pubsub v18.0.0
[INFO] [stderr]    Compiling ctrlc v3.3.1
[INFO] [stderr]    Compiling tokio-stream v0.1.14
[INFO] [stderr]    Compiling tokio-util v0.6.10
[INFO] [stderr]    Compiling hyper v0.14.26
[INFO] [stderr]    Compiling jsonrpc-server-utils v18.0.0
[INFO] [stderr]    Compiling jsonrpc-tcp-server v18.0.0
[INFO] [stderr]    Compiling jsonrpc-ws-server v18.0.0
[INFO] [stderr]    Compiling jsonrpc-http-server v18.0.0
[INFO] [stderr]    Compiling witty-jsonrpc v0.1.3 (/opt/rustwide/workdir)
[INFO] [stderr]     Finished test [unoptimized + debuginfo] target(s) in 36.60s
[INFO] running `Command { std: "docker" "inspect" "cd561e5bf9e826998a7c7908892636ee3f3a6322f3a8ba4eebf276f5d665b1be", kill_on_drop: false }`
[INFO] running `Command { std: "docker" "rm" "-f" "cd561e5bf9e826998a7c7908892636ee3f3a6322f3a8ba4eebf276f5d665b1be", kill_on_drop: false }`
[INFO] [stdout] cd561e5bf9e826998a7c7908892636ee3f3a6322f3a8ba4eebf276f5d665b1be
[INFO] running `Command { std: "docker" "create" "-v" "/var/lib/crater-agent-workspace/builds/worker-2-tc2/target:/opt/rustwide/target:rw,Z" "-v" "/var/lib/crater-agent-workspace/builds/worker-2-tc2/source:/opt/rustwide/workdir:ro,Z" "-v" "/var/lib/crater-agent-workspace/cargo-home:/opt/rustwide/cargo-home:ro,Z" "-v" "/var/lib/crater-agent-workspace/rustup-home:/opt/rustwide/rustup-home:ro,Z" "-e" "SOURCE_DIR=/opt/rustwide/workdir" "-e" "CARGO_TARGET_DIR=/opt/rustwide/target" "-e" "CARGO_INCREMENTAL=0" "-e" "RUST_BACKTRACE=full" "-e" "RUSTFLAGS=--cap-lints=warn" "-e" "RUSTDOCFLAGS=--cap-lints=warn" "-e" "CARGO_HOME=/opt/rustwide/cargo-home" "-e" "RUSTUP_HOME=/opt/rustwide/rustup-home" "-w" "/opt/rustwide/workdir" "-m" "1610612736" "--user" "0:0" "--network" "none" "ghcr.io/rust-lang/crates-build-env/linux@sha256:2788e3201cd34a07e3172128adcd8b3090168a8e3bcc40d7c032b9dda1df7d1c" "/opt/rustwide/cargo-home/bin/cargo" "+beta-2023-12-22" "test" "--frozen", kill_on_drop: false }`
[INFO] [stdout] 35553404d2ee20a0fe529328e046190986139321ed40d5bdc4c445bb273510ce
[INFO] running `Command { std: "docker" "start" "-a" "35553404d2ee20a0fe529328e046190986139321ed40d5bdc4c445bb273510ce", kill_on_drop: false }`
[INFO] [stderr]     Finished test [unoptimized + debuginfo] target(s) in 0.20s
[INFO] [stderr]      Running unittests src/lib.rs (/opt/rustwide/target/debug/deps/witty_jsonrpc-230a6024df719122)
[INFO] [stdout] 
[INFO] [stdout] running 3 tests
[INFO] [stdout] test transports::tcp::tests::test_invalid_socket_address ... ok
[INFO] [stdout] test transports::tcp::tests::test_address_already_in_use ... ok
[INFO] [stdout] test transports::tcp::tests::test_permission_denied ... FAILED
[INFO] [stdout] 
[INFO] [stdout] failures:
[INFO] [stdout] 
[INFO] [stdout] ---- transports::tcp::tests::test_permission_denied stdout ----
[INFO] [stdout] thread 'transports::tcp::tests::test_permission_denied' panicked at src/transports/tcp.rs:124:36:
[INFO] [stdout] called `Result::unwrap_err()` on an `Ok` value: ()
[INFO] [stdout] stack backtrace:
[INFO] [stdout]    0:     0x55f68e004846 - std::backtrace_rs::backtrace::libunwind::trace::h261606ad26a499c1
[INFO] [stdout]                                at /rustc/0e09125c6c3c2fd70d7de961bcf0e51575235fad/library/std/src/../../backtrace/src/backtrace/libunwind.rs:104:5
[INFO] [stdout]    1:     0x55f68e004846 - std::backtrace_rs::backtrace::trace_unsynchronized::hd183f0625477fb28
[INFO] [stdout]                                at /rustc/0e09125c6c3c2fd70d7de961bcf0e51575235fad/library/std/src/../../backtrace/src/backtrace/mod.rs:66:5
[INFO] [stdout]    2:     0x55f68e004846 - std::sys_common::backtrace::_print_fmt::hd7f8fef21b4eda67
[INFO] [stdout]                                at /rustc/0e09125c6c3c2fd70d7de961bcf0e51575235fad/library/std/src/sys_common/backtrace.rs:68:5
[INFO] [stdout]    3:     0x55f68e004846 - <std::sys_common::backtrace::_print::DisplayBacktrace as core::fmt::Display>::fmt::h623d9b51f2f453f1
[INFO] [stdout]                                at /rustc/0e09125c6c3c2fd70d7de961bcf0e51575235fad/library/std/src/sys_common/backtrace.rs:44:22
[INFO] [stdout]    4:     0x55f68e0301d0 - core::fmt::rt::Argument::fmt::h9f417ac76a86f368
[INFO] [stdout]                                at /rustc/0e09125c6c3c2fd70d7de961bcf0e51575235fad/library/core/src/fmt/rt.rs:142:9
[INFO] [stdout]    5:     0x55f68e0301d0 - core::fmt::write::hc9b6faf4ac2aeff7
[INFO] [stdout]                                at /rustc/0e09125c6c3c2fd70d7de961bcf0e51575235fad/library/core/src/fmt/mod.rs:1120:17
[INFO] [stdout]    6:     0x55f68e001f8f - std::io::Write::write_fmt::he04625a3a989fec3
[INFO] [stdout]                                at /rustc/0e09125c6c3c2fd70d7de961bcf0e51575235fad/library/std/src/io/mod.rs:1810:15
[INFO] [stdout]    7:     0x55f68e004624 - std::sys_common::backtrace::_print::hd5d66399c7df88a2
[INFO] [stdout]                                at /rustc/0e09125c6c3c2fd70d7de961bcf0e51575235fad/library/std/src/sys_common/backtrace.rs:47:5
[INFO] [stdout]    8:     0x55f68e004624 - std::sys_common::backtrace::print::he81ed2da642d37e5
[INFO] [stdout]                                at /rustc/0e09125c6c3c2fd70d7de961bcf0e51575235fad/library/std/src/sys_common/backtrace.rs:34:9
[INFO] [stdout]    9:     0x55f68e006397 - std::panicking::default_hook::{{closure}}::h85773f4fa117163d
[INFO] [stdout]   10:     0x55f68e00607d - std::panicking::default_hook::h6a1694a91d09b278
[INFO] [stdout]                                at /rustc/0e09125c6c3c2fd70d7de961bcf0e51575235fad/library/std/src/panicking.rs:289:9
[INFO] [stdout]   11:     0x55f68debbad7 - <alloc::boxed::Box<F,A> as core::ops::function::Fn<Args>>::call::h616ac37fa3cd6c8f
[INFO] [stdout]                                at /rustc/0e09125c6c3c2fd70d7de961bcf0e51575235fad/library/alloc/src/boxed.rs:2029:9
[INFO] [stdout]   12:     0x55f68debbad7 - test::test_main::{{closure}}::h00d84697cefdcbb6
[INFO] [stdout]                                at /rustc/0e09125c6c3c2fd70d7de961bcf0e51575235fad/library/test/src/lib.rs:138:21
[INFO] [stdout]   13:     0x55f68e0069b6 - <alloc::boxed::Box<F,A> as core::ops::function::Fn<Args>>::call::hcb3fe3b9bb537ba8
[INFO] [stdout]                                at /rustc/0e09125c6c3c2fd70d7de961bcf0e51575235fad/library/alloc/src/boxed.rs:2029:9
[INFO] [stdout]   14:     0x55f68e0069b6 - std::panicking::rust_panic_with_hook::h0a7ad96e90f7145b
[INFO] [stdout]                                at /rustc/0e09125c6c3c2fd70d7de961bcf0e51575235fad/library/std/src/panicking.rs:783:13
[INFO] [stdout]   15:     0x55f68e006702 - std::panicking::begin_panic_handler::{{closure}}::h7919090525c6485e
[INFO] [stdout]                                at /rustc/0e09125c6c3c2fd70d7de961bcf0e51575235fad/library/std/src/panicking.rs:657:13
[INFO] [stdout]   16:     0x55f68e004d46 - std::sys_common::backtrace::__rust_end_short_backtrace::hf3289479464f7dfe
[INFO] [stdout]                                at /rustc/0e09125c6c3c2fd70d7de961bcf0e51575235fad/library/std/src/sys_common/backtrace.rs:171:18
[INFO] [stdout]   17:     0x55f68e006460 - rust_begin_unwind
[INFO] [stdout]                                at /rustc/0e09125c6c3c2fd70d7de961bcf0e51575235fad/library/std/src/panicking.rs:645:5
[INFO] [stdout]   18:     0x55f68de35db5 - core::panicking::panic_fmt::hcc9f77c5c132af55
[INFO] [stdout]                                at /rustc/0e09125c6c3c2fd70d7de961bcf0e51575235fad/library/core/src/panicking.rs:72:14
[INFO] [stdout]   19:     0x55f68de36353 - core::result::unwrap_failed::hbe14f498be1452f9
[INFO] [stdout]                                at /rustc/0e09125c6c3c2fd70d7de961bcf0e51575235fad/library/core/src/result.rs:1649:5
[INFO] [stdout]   20:     0x55f68de80180 - core::result::Result<T,E>::unwrap_err::hcbe11f0e03fd0957
[INFO] [stdout]                                at /rustc/0e09125c6c3c2fd70d7de961bcf0e51575235fad/library/core/src/result.rs:1167:22
[INFO] [stdout]   21:     0x55f68de75158 - witty_jsonrpc::transports::tcp::tests::test_permission_denied::h446c5e8b88b1b0a7
[INFO] [stdout]                                at /opt/rustwide/workdir/src/transports/tcp.rs:124:21
[INFO] [stdout]   22:     0x55f68de75087 - witty_jsonrpc::transports::tcp::tests::test_permission_denied::{{closure}}::h19f5953ca6fab901
[INFO] [stdout]                                at /opt/rustwide/workdir/src/transports/tcp.rs:118:32
[INFO] [stdout]   23:     0x55f68de486c6 - core::ops::function::FnOnce::call_once::h9864c9f51d592653
[INFO] [stdout]                                at /rustc/0e09125c6c3c2fd70d7de961bcf0e51575235fad/library/core/src/ops/function.rs:250:5
[INFO] [stdout]   24:     0x55f68dec13af - core::ops::function::FnOnce::call_once::hd64d26f405258157
[INFO] [stdout]                                at /rustc/0e09125c6c3c2fd70d7de961bcf0e51575235fad/library/core/src/ops/function.rs:250:5
[INFO] [stdout]   25:     0x55f68dec13af - test::__rust_begin_short_backtrace::he21b0b7a6d731bf9
[INFO] [stdout]                                at /rustc/0e09125c6c3c2fd70d7de961bcf0e51575235fad/library/test/src/lib.rs:627:18
[INFO] [stdout]   26:     0x55f68dec0131 - test::run_test_in_process::{{closure}}::hf5c73986d7bdfde2
[INFO] [stdout]                                at /rustc/0e09125c6c3c2fd70d7de961bcf0e51575235fad/library/test/src/lib.rs:650:60
[INFO] [stdout]   27:     0x55f68dec0131 - <core::panic::unwind_safe::AssertUnwindSafe<F> as core::ops::function::FnOnce<()>>::call_once::h330011ad032aadc0
[INFO] [stdout]                                at /rustc/0e09125c6c3c2fd70d7de961bcf0e51575235fad/library/core/src/panic/unwind_safe.rs:272:9
[INFO] [stdout]   28:     0x55f68dec0131 - std::panicking::try::do_call::he61b0a958b795a41
[INFO] [stdout]                                at /rustc/0e09125c6c3c2fd70d7de961bcf0e51575235fad/library/std/src/panicking.rs:552:40
[INFO] [stdout]   29:     0x55f68dec0131 - std::panicking::try::h7309da130f906eb7
[INFO] [stdout]                                at /rustc/0e09125c6c3c2fd70d7de961bcf0e51575235fad/library/std/src/panicking.rs:516:19
[INFO] [stdout]   30:     0x55f68dec0131 - std::panic::catch_unwind::hc5c3a06fdaf0a92a
[INFO] [stdout]                                at /rustc/0e09125c6c3c2fd70d7de961bcf0e51575235fad/library/std/src/panic.rs:142:14
[INFO] [stdout]   31:     0x55f68dec0131 - test::run_test_in_process::h7e7b7c71c3324e0f
[INFO] [stdout]                                at /rustc/0e09125c6c3c2fd70d7de961bcf0e51575235fad/library/test/src/lib.rs:650:27
[INFO] [stdout]   32:     0x55f68dec0131 - test::run_test::{{closure}}::h1f509f28f5cf20b1
[INFO] [stdout]                                at /rustc/0e09125c6c3c2fd70d7de961bcf0e51575235fad/library/test/src/lib.rs:573:43
[INFO] [stdout]   33:     0x55f68de87466 - test::run_test::{{closure}}::h1754218abf443f6d
[INFO] [stdout]                                at /rustc/0e09125c6c3c2fd70d7de961bcf0e51575235fad/library/test/src/lib.rs:601:41
[INFO] [stdout]   34:     0x55f68de87466 - std::sys_common::backtrace::__rust_begin_short_backtrace::h2ee174b9d5954948
[INFO] [stdout]                                at /rustc/0e09125c6c3c2fd70d7de961bcf0e51575235fad/library/std/src/sys_common/backtrace.rs:155:18
[INFO] [stdout]   35:     0x55f68de8c4c7 - std::thread::Builder::spawn_unchecked_::{{closure}}::{{closure}}::hf60bee9c1a17ef09
[INFO] [stdout]                                at /rustc/0e09125c6c3c2fd70d7de961bcf0e51575235fad/library/std/src/thread/mod.rs:529:17
[INFO] [stdout]   36:     0x55f68de8c4c7 - <core::panic::unwind_safe::AssertUnwindSafe<F> as core::ops::function::FnOnce<()>>::call_once::h33d0dddec5216160
[INFO] [stdout]                                at /rustc/0e09125c6c3c2fd70d7de961bcf0e51575235fad/library/core/src/panic/unwind_safe.rs:272:9
[INFO] [stdout]   37:     0x55f68de8c4c7 - std::panicking::try::do_call::h144b3048b546f835
[INFO] [stdout]                                at /rustc/0e09125c6c3c2fd70d7de961bcf0e51575235fad/library/std/src/panicking.rs:552:40
[INFO] [stdout]   38:     0x55f68de8c4c7 - std::panicking::try::h978244d04646189f
[INFO] [stdout]                                at /rustc/0e09125c6c3c2fd70d7de961bcf0e51575235fad/library/std/src/panicking.rs:516:19
[INFO] [stdout]   39:     0x55f68de8c4c7 - std::panic::catch_unwind::hdf436369d188fe86
[INFO] [stdout]                                at /rustc/0e09125c6c3c2fd70d7de961bcf0e51575235fad/library/std/src/panic.rs:142:14
[INFO] [stdout]   40:     0x55f68de8c4c7 - std::thread::Builder::spawn_unchecked_::{{closure}}::h87329cbdd33c79ec
[INFO] [stdout]                                at /rustc/0e09125c6c3c2fd70d7de961bcf0e51575235fad/library/std/src/thread/mod.rs:528:30
[INFO] [stdout]   41:     0x55f68de8c4c7 - core::ops::function::FnOnce::call_once{{vtable.shim}}::h401abbe67897d450
[INFO] [stdout]                                at /rustc/0e09125c6c3c2fd70d7de961bcf0e51575235fad/library/core/src/ops/function.rs:250:5
[INFO] [stdout]   42:     0x55f68e00b5e5 - <alloc::boxed::Box<F,A> as core::ops::function::FnOnce<Args>>::call_once::h5d7c8f150ab9c84c
[INFO] [stdout]                                at /rustc/0e09125c6c3c2fd70d7de961bcf0e51575235fad/library/alloc/src/boxed.rs:2015:9
[INFO] [stdout]   43:     0x55f68e00b5e5 - <alloc::boxed::Box<F,A> as core::ops::function::FnOnce<Args>>::call_once::h570d5b005c242c15
[INFO] [stdout]                                at /rustc/0e09125c6c3c2fd70d7de961bcf0e51575235fad/library/alloc/src/boxed.rs:2015:9
[INFO] [stdout]   44:     0x55f68e00b5e5 - std::sys::unix::thread::Thread::new::thread_start::h36b0a20c0b2361ad
[INFO] [stdout]                                at /rustc/0e09125c6c3c2fd70d7de961bcf0e51575235fad/library/std/src/sys/unix/thread.rs:108:17
[INFO] [stdout]   45:     0x7fc51356bac3 - <unknown>
[INFO] [stdout]   46:     0x7fc5135fcbf4 - __clone
[INFO] [stdout]   47:                0x0 - <unknown>
[INFO] [stdout] 
[INFO] [stdout] 
[INFO] [stdout] failures:
[INFO] [stdout]     transports::tcp::tests::test_permission_denied
[INFO] [stdout] 
[INFO] [stdout] test result: FAILED. 2 passed; 1 failed; 0 ignored; 0 measured; 0 filtered out; finished in 0.12s
[INFO] [stdout] 
[INFO] [stderr] error: test failed, to rerun pass `--lib`
[INFO] running `Command { std: "docker" "inspect" "35553404d2ee20a0fe529328e046190986139321ed40d5bdc4c445bb273510ce", kill_on_drop: false }`
[INFO] running `Command { std: "docker" "rm" "-f" "35553404d2ee20a0fe529328e046190986139321ed40d5bdc4c445bb273510ce", kill_on_drop: false }`
[INFO] [stdout] 35553404d2ee20a0fe529328e046190986139321ed40d5bdc4c445bb273510ce
