[INFO] fetching crate warc-parquet 0.6.1...
[INFO] testing warc-parquet-0.6.1 against 1.75.0 for beta-1.76-1
[INFO] extracting crate warc-parquet 0.6.1 into /workspace/builds/worker-0-tc1/source
[INFO] validating manifest of crates.io crate warc-parquet 0.6.1 on toolchain 1.75.0
[INFO] running `Command { std: CARGO_HOME="/workspace/cargo-home" RUSTUP_HOME="/workspace/rustup-home" "/workspace/cargo-home/bin/cargo" "+1.75.0" "metadata" "--manifest-path" "Cargo.toml" "--no-deps", kill_on_drop: false }`
[INFO] started tweaking crates.io crate warc-parquet 0.6.1
[INFO] finished tweaking crates.io crate warc-parquet 0.6.1
[INFO] tweaked toml for crates.io crate warc-parquet 0.6.1 written to /workspace/builds/worker-0-tc1/source/Cargo.toml
[INFO] crate crates.io crate warc-parquet 0.6.1 already has a lockfile, it will not be regenerated
[INFO] running `Command { std: CARGO_HOME="/workspace/cargo-home" RUSTUP_HOME="/workspace/rustup-home" "/workspace/cargo-home/bin/cargo" "+1.75.0" "fetch" "--manifest-path" "Cargo.toml", kill_on_drop: false }`
[INFO] [stderr]     Updating crates.io index
[INFO] [stderr]  Downloading crates ...
[INFO] [stderr]   Downloaded zstd v0.12.4
[INFO] [stderr]   Downloaded ryu v1.0.10
[INFO] [stderr]   Downloaded lz4 v1.23.3
[INFO] [stderr]   Downloaded const-random-macro v0.1.15
[INFO] [stderr]   Downloaded const-random v0.1.15
[INFO] [stderr]   Downloaded libflate_lz77 v2.0.0
[INFO] [stderr]   Downloaded anstyle v1.0.2
[INFO] [stderr]   Downloaded dary_heap v0.3.6
[INFO] [stderr]   Downloaded alloc-stdlib v0.2.1
[INFO] [stderr]   Downloaded pkg-config v0.3.27
[INFO] [stderr]   Downloaded getrandom v0.2.7
[INFO] [stderr]   Downloaded syn v2.0.29
[INFO] [stderr]   Downloaded rustix v0.38.12
[INFO] [stderr]   Downloaded regex-automata v0.3.7
[INFO] [stderr]   Downloaded brotli v3.3.4
[INFO] [stderr]   Downloaded lz4-sys v1.9.4
[INFO] [stderr]   Downloaded zstd-sys v2.0.8+zstd.1.5.5
[INFO] [stderr]   Downloaded parquet v46.0.0
[INFO] [stderr]   Downloaded lexical-write-float v0.8.5
[INFO] [stderr]   Downloaded lexical-util v0.8.5
[INFO] [stderr]   Downloaded lexical-write-integer v0.8.5
[INFO] [stderr]   Downloaded arrow-cast v46.0.0
[INFO] [stderr]   Downloaded arrow-ipc v46.0.0
[INFO] [stderr]   Downloaded serde_json v1.0.81
[INFO] [stderr]   Downloaded regex v1.9.4
[INFO] [stderr]   Downloaded arrow v46.0.0
[INFO] [stderr]   Downloaded clap_builder v4.4.0
[INFO] [stderr]   Downloaded clap v4.4.0
[INFO] [stderr]   Downloaded arrow-array v46.0.0
[INFO] [stderr]   Downloaded arrow-buffer v46.0.0
[INFO] [stderr]   Downloaded brotli-decompressor v2.3.2
[INFO] [stderr]   Downloaded thrift v0.17.0
[INFO] [stderr]   Downloaded lexical-parse-float v0.8.5
[INFO] [stderr]   Downloaded base64 v0.21.3
[INFO] [stderr]   Downloaded arrow-arith v46.0.0
[INFO] [stderr]   Downloaded lexical-parse-integer v0.8.6
[INFO] [stderr]   Downloaded lexical-core v0.8.5
[INFO] [stderr]   Downloaded flatbuffers v23.5.26
[INFO] [stderr]   Downloaded clap_derive v4.4.0
[INFO] [stderr]   Downloaded libflate v2.0.0
[INFO] [stderr]   Downloaded arrow-select v46.0.0
[INFO] [stderr]   Downloaded half v2.3.1
[INFO] [stderr]   Downloaded arrow-data v46.0.0
[INFO] [stderr]   Downloaded arrow-schema v46.0.0
[INFO] [stderr]   Downloaded seq-macro v0.3.5
[INFO] [stderr]   Downloaded snap v1.0.5
[INFO] [stderr]   Downloaded arrow-ord v46.0.0
[INFO] [stderr]   Downloaded arrow-string v46.0.0
[INFO] [stderr]   Downloaded arrow-row v46.0.0
[INFO] [stderr]   Downloaded warc v0.3.1
[INFO] [stderr]   Downloaded zstd-safe v6.0.6
[INFO] [stderr]   Downloaded arrow-csv v46.0.0
[INFO] [stderr]   Downloaded clap_lex v0.5.1
[INFO] [stderr]   Downloaded alloc-no-stdlib v2.0.3
[INFO] [stderr]   Downloaded ordered-float v2.10.0
[INFO] [stderr]   Downloaded chrono v0.4.26
[INFO] [stderr]   Downloaded arrow-json v46.0.0
[INFO] [stderr]   Downloaded integer-encoding v3.0.4
[INFO] running `Command { std: "docker" "create" "-v" "/var/lib/crater-agent-workspace/builds/worker-0-tc1/target:/opt/rustwide/target:rw,Z" "-v" "/var/lib/crater-agent-workspace/builds/worker-0-tc1/source:/opt/rustwide/workdir:ro,Z" "-v" "/var/lib/crater-agent-workspace/cargo-home:/opt/rustwide/cargo-home:ro,Z" "-v" "/var/lib/crater-agent-workspace/rustup-home:/opt/rustwide/rustup-home:ro,Z" "-e" "SOURCE_DIR=/opt/rustwide/workdir" "-e" "CARGO_TARGET_DIR=/opt/rustwide/target" "-e" "CARGO_HOME=/opt/rustwide/cargo-home" "-e" "RUSTUP_HOME=/opt/rustwide/rustup-home" "-w" "/opt/rustwide/workdir" "-m" "1610612736" "--user" "0:0" "--network" "none" "ghcr.io/rust-lang/crates-build-env/linux@sha256:2788e3201cd34a07e3172128adcd8b3090168a8e3bcc40d7c032b9dda1df7d1c" "/opt/rustwide/cargo-home/bin/cargo" "+1.75.0" "metadata" "--no-deps" "--format-version=1", kill_on_drop: false }`
[INFO] [stdout] 1040ebb2b20fd4931b004e2cda2f27fe1e3766e75c9b405a47c44d012b77b728
[INFO] running `Command { std: "docker" "start" "-a" "1040ebb2b20fd4931b004e2cda2f27fe1e3766e75c9b405a47c44d012b77b728", kill_on_drop: false }`
[INFO] running `Command { std: "docker" "inspect" "1040ebb2b20fd4931b004e2cda2f27fe1e3766e75c9b405a47c44d012b77b728", kill_on_drop: false }`
[INFO] running `Command { std: "docker" "rm" "-f" "1040ebb2b20fd4931b004e2cda2f27fe1e3766e75c9b405a47c44d012b77b728", kill_on_drop: false }`
[INFO] [stdout] 1040ebb2b20fd4931b004e2cda2f27fe1e3766e75c9b405a47c44d012b77b728
[INFO] running `Command { std: "docker" "create" "-v" "/var/lib/crater-agent-workspace/builds/worker-0-tc1/target:/opt/rustwide/target:rw,Z" "-v" "/var/lib/crater-agent-workspace/builds/worker-0-tc1/source:/opt/rustwide/workdir:ro,Z" "-v" "/var/lib/crater-agent-workspace/cargo-home:/opt/rustwide/cargo-home:ro,Z" "-v" "/var/lib/crater-agent-workspace/rustup-home:/opt/rustwide/rustup-home:ro,Z" "-e" "SOURCE_DIR=/opt/rustwide/workdir" "-e" "CARGO_TARGET_DIR=/opt/rustwide/target" "-e" "CARGO_INCREMENTAL=0" "-e" "RUST_BACKTRACE=full" "-e" "RUSTFLAGS=--cap-lints=warn" "-e" "RUSTDOCFLAGS=--cap-lints=warn" "-e" "CARGO_HOME=/opt/rustwide/cargo-home" "-e" "RUSTUP_HOME=/opt/rustwide/rustup-home" "-w" "/opt/rustwide/workdir" "-m" "1610612736" "--user" "0:0" "--network" "none" "ghcr.io/rust-lang/crates-build-env/linux@sha256:2788e3201cd34a07e3172128adcd8b3090168a8e3bcc40d7c032b9dda1df7d1c" "/opt/rustwide/cargo-home/bin/cargo" "+1.75.0" "build" "--frozen" "--message-format=json", kill_on_drop: false }`
[INFO] [stdout] 8bb236e217d0c48204d3bf99c688b61da604518c53d73cf8c1b1a900056d03f3
[INFO] running `Command { std: "docker" "start" "-a" "8bb236e217d0c48204d3bf99c688b61da604518c53d73cf8c1b1a900056d03f3", kill_on_drop: false }`
[INFO] [stderr]    Compiling autocfg v1.1.0
[INFO] [stderr]    Compiling libc v0.2.147
[INFO] [stderr]    Compiling cfg-if v1.0.0
[INFO] [stderr]    Compiling libm v0.2.7
[INFO] [stderr]    Compiling version_check v0.9.4
[INFO] [stderr]    Compiling once_cell v1.18.0
[INFO] [stderr]    Compiling memchr v2.5.0
[INFO] [stderr]    Compiling static_assertions v1.1.0
[INFO] [stderr]    Compiling iana-time-zone v0.1.57
[INFO] [stderr]    Compiling bytes v1.4.0
[INFO] [stderr]    Compiling hashbrown v0.14.0
[INFO] [stderr]    Compiling arrow-schema v46.0.0
[INFO] [stderr]    Compiling semver v1.0.18
[INFO] [stderr]    Compiling serde v1.0.137
[INFO] [stderr]    Compiling ryu v1.0.10
[INFO] [stderr]    Compiling bitflags v1.3.2
[INFO] [stderr]    Compiling pkg-config v0.3.27
[INFO] [stderr]    Compiling lexical-util v0.8.5
[INFO] [stderr]    Compiling crc32fast v1.3.2
[INFO] [stderr]    Compiling proc-macro2 v1.0.66
[INFO] [stderr]    Compiling tinyvec_macros v0.1.0
[INFO] [stderr]    Compiling regex-syntax v0.7.5
[INFO] [stderr]    Compiling rle-decode-fast v1.0.3
[INFO] [stderr]    Compiling unicode-ident v1.0.1
[INFO] [stderr]    Compiling num-traits v0.2.15
[INFO] [stderr]    Compiling num-integer v0.1.45
[INFO] [stderr]    Compiling num-bigint v0.4.3
[INFO] [stderr]    Compiling ahash v0.8.3
[INFO] [stderr]    Compiling num-rational v0.4.1
[INFO] [stderr]    Compiling num-iter v0.1.43
[INFO] [stderr]    Compiling lexical-parse-integer v0.8.6
[INFO] [stderr]    Compiling lexical-write-integer v0.8.5
[INFO] [stderr]    Compiling rustc_version v0.4.0
[INFO] [stderr]    Compiling lexical-write-float v0.8.5
[INFO] [stderr]    Compiling lexical-parse-float v0.8.5
[INFO] [stderr]    Compiling aho-corasick v1.0.4
[INFO] [stderr]    Compiling tinyvec v1.6.0
[INFO] [stderr]    Compiling serde_json v1.0.81
[INFO] [stderr]    Compiling zstd-safe v6.0.6
[INFO] [stderr]    Compiling flatbuffers v23.5.26
[INFO] [stderr]    Compiling matches v0.1.9
[INFO] [stderr]    Compiling alloc-no-stdlib v2.0.3
[INFO] [stderr]    Compiling lexical-core v0.7.6
[INFO] [stderr]    Compiling utf8parse v0.2.1
[INFO] [stderr]    Compiling lazy_static v1.4.0
[INFO] [stderr]    Compiling regex-automata v0.1.10
[INFO] [stderr]    Compiling alloc-stdlib v0.2.1
[INFO] [stderr]    Compiling lexical-core v0.8.5
[INFO] [stderr]    Compiling anstyle-parse v0.2.1
[INFO] [stderr]    Compiling csv-core v0.1.10
[INFO] [stderr]    Compiling nom v5.1.2
[INFO] [stderr]    Compiling paste v1.0.14
[INFO] [stderr]    Compiling colorchoice v1.0.0
[INFO] [stderr]    Compiling anstyle-query v1.0.0
[INFO] [stderr]    Compiling getrandom v0.2.7
[INFO] [stderr]    Compiling time v0.1.44
[INFO] [stderr]    Compiling jobserver v0.1.24
[INFO] [stderr]    Compiling anstyle v1.0.2
[INFO] [stderr]    Compiling itoa v0.4.8
[INFO] [stderr]    Compiling equivalent v1.0.1
[INFO] [stderr]    Compiling quote v1.0.33
[INFO] [stderr]    Compiling cc v1.0.83
[INFO] [stderr]    Compiling percent-encoding v2.1.0
[INFO] [stderr]    Compiling unicode-normalization v0.1.19
[INFO] [stderr]    Compiling adler32 v1.2.0
[INFO] [stderr]    Compiling itoa v1.0.2
[INFO] [stderr]    Compiling unicode-bidi v0.3.8
[INFO] [stderr]    Compiling adler v1.0.2
[INFO] [stderr]    Compiling snap v1.0.5
[INFO] [stderr]    Compiling arrayvec v0.5.2
[INFO] [stderr]    Compiling syn v2.0.29
[INFO] [stderr]    Compiling hashbrown v0.13.2
[INFO] [stderr]    Compiling miniz_oxide v0.5.3
[INFO] [stderr]    Compiling form_urlencoded v1.0.1
[INFO] [stderr]    Compiling num-complex v0.4.4
[INFO] [stderr]    Compiling half v2.3.1
[INFO] [stderr]    Compiling chrono v0.4.26
[INFO] [stderr]    Compiling ordered-float v2.10.0
[INFO] [stderr]    Compiling anstream v0.5.0
[INFO] [stderr]    Compiling indexmap v2.0.0
[INFO] [stderr]    Compiling regex-automata v0.3.7
[INFO] [stderr]    Compiling brotli-decompressor v2.3.2
[INFO] [stderr]    Compiling core2 v0.4.0
[INFO] [stderr]    Compiling libflate_lz77 v1.1.0
[INFO] [stderr]    Compiling strsim v0.10.0
[INFO] [stderr]    Compiling clap_lex v0.5.1
[INFO] [stderr]    Compiling idna v0.2.3
[INFO] [stderr]    Compiling byteorder v1.4.3
[INFO] [stderr]    Compiling integer-encoding v3.0.4
[INFO] [stderr]    Compiling heck v0.4.0
[INFO] [stderr]    Compiling clap_builder v4.4.0
[INFO] [stderr]    Compiling thrift v0.17.0
[INFO] [stderr]    Compiling libflate v1.2.0
[INFO] [stderr]    Compiling libflate_lz77 v2.0.0
[INFO] [stderr]    Compiling flate2 v1.0.24
[INFO] [stderr]    Compiling zstd-sys v2.0.8+zstd.1.5.5
[INFO] [stderr]    Compiling lz4-sys v1.9.4
[INFO] [stderr]    Compiling bstr v0.2.17
[INFO] [stderr]    Compiling brotli v3.3.4
[INFO] [stderr]    Compiling num v0.4.1
[INFO] [stderr]    Compiling csv v1.1.6
[INFO] [stderr]    Compiling url v2.2.2
[INFO] [stderr]    Compiling arrow-buffer v46.0.0
[INFO] [stderr]    Compiling uuid v0.8.2
[INFO] [stderr]    Compiling twox-hash v1.6.3
[INFO] [stderr]    Compiling dary_heap v0.3.6
[INFO] [stderr]    Compiling seq-macro v0.3.5
[INFO] [stderr]    Compiling base64 v0.21.3
[INFO] [stderr]    Compiling libflate v2.0.0
[INFO] [stderr]    Compiling regex v1.9.4
[INFO] [stderr]    Compiling arrow-data v46.0.0
[INFO] [stderr]    Compiling warc v0.3.1
[INFO] [stderr]    Compiling arrow-array v46.0.0
[INFO] [stderr]    Compiling clap_derive v4.4.0
[INFO] [stderr]    Compiling arrow-select v46.0.0
[INFO] [stderr]    Compiling arrow-arith v46.0.0
[INFO] [stderr]    Compiling arrow-row v46.0.0
[INFO] [stderr]    Compiling clap v4.4.0
[INFO] [stderr]    Compiling arrow-cast v46.0.0
[INFO] [stderr]    Compiling arrow-string v46.0.0
[INFO] [stderr]    Compiling arrow-ord v46.0.0
[INFO] [stderr]    Compiling arrow-ipc v46.0.0
[INFO] [stderr]    Compiling arrow-csv v46.0.0
[INFO] [stderr]    Compiling arrow-json v46.0.0
[INFO] [stderr]    Compiling zstd v0.12.4
[INFO] [stderr]    Compiling arrow v46.0.0
[INFO] [stderr]    Compiling lz4 v1.23.3
[INFO] [stderr]    Compiling parquet v46.0.0
[INFO] [stderr]    Compiling warc-parquet v0.6.1 (/opt/rustwide/workdir)
[INFO] [stderr]     Finished dev [unoptimized + debuginfo] target(s) in 41.33s
[INFO] [stderr] warning: the following packages contain code that will be rejected by a future version of Rust: nom v5.1.2
[INFO] [stderr] note: to see what the problems were, use the option `--future-incompat-report`, or run `cargo report future-incompatibilities --id 1`
[INFO] running `Command { std: "docker" "inspect" "8bb236e217d0c48204d3bf99c688b61da604518c53d73cf8c1b1a900056d03f3", kill_on_drop: false }`
[INFO] running `Command { std: "docker" "rm" "-f" "8bb236e217d0c48204d3bf99c688b61da604518c53d73cf8c1b1a900056d03f3", kill_on_drop: false }`
[INFO] [stdout] 8bb236e217d0c48204d3bf99c688b61da604518c53d73cf8c1b1a900056d03f3
[INFO] running `Command { std: "docker" "create" "-v" "/var/lib/crater-agent-workspace/builds/worker-0-tc1/target:/opt/rustwide/target:rw,Z" "-v" "/var/lib/crater-agent-workspace/builds/worker-0-tc1/source:/opt/rustwide/workdir:ro,Z" "-v" "/var/lib/crater-agent-workspace/cargo-home:/opt/rustwide/cargo-home:ro,Z" "-v" "/var/lib/crater-agent-workspace/rustup-home:/opt/rustwide/rustup-home:ro,Z" "-e" "SOURCE_DIR=/opt/rustwide/workdir" "-e" "CARGO_TARGET_DIR=/opt/rustwide/target" "-e" "CARGO_INCREMENTAL=0" "-e" "RUST_BACKTRACE=full" "-e" "RUSTFLAGS=--cap-lints=warn" "-e" "RUSTDOCFLAGS=--cap-lints=warn" "-e" "CARGO_HOME=/opt/rustwide/cargo-home" "-e" "RUSTUP_HOME=/opt/rustwide/rustup-home" "-w" "/opt/rustwide/workdir" "-m" "1610612736" "--user" "0:0" "--network" "none" "ghcr.io/rust-lang/crates-build-env/linux@sha256:2788e3201cd34a07e3172128adcd8b3090168a8e3bcc40d7c032b9dda1df7d1c" "/opt/rustwide/cargo-home/bin/cargo" "+1.75.0" "test" "--frozen" "--no-run" "--message-format=json", kill_on_drop: false }`
[INFO] [stdout] 2dfd37b4978b34524e5c8f2c0c94d649b1a267d6f762be579a5bcd1fadba309a
[INFO] running `Command { std: "docker" "start" "-a" "2dfd37b4978b34524e5c8f2c0c94d649b1a267d6f762be579a5bcd1fadba309a", kill_on_drop: false }`
[INFO] [stderr]    Compiling rustix v0.38.12
[INFO] [stderr]    Compiling bitflags v2.4.0
[INFO] [stderr]    Compiling linux-raw-sys v0.4.7
[INFO] [stderr]    Compiling fastrand v2.0.0
[INFO] [stderr]    Compiling tempfile v3.8.0
[INFO] [stderr]    Compiling warc-parquet v0.6.1 (/opt/rustwide/workdir)
[INFO] [stderr]     Finished test [unoptimized + debuginfo] target(s) in 2.88s
[INFO] [stderr] warning: the following packages contain code that will be rejected by a future version of Rust: nom v5.1.2
[INFO] [stderr] note: to see what the problems were, use the option `--future-incompat-report`, or run `cargo report future-incompatibilities --id 1`
[INFO] running `Command { std: "docker" "inspect" "2dfd37b4978b34524e5c8f2c0c94d649b1a267d6f762be579a5bcd1fadba309a", kill_on_drop: false }`
[INFO] running `Command { std: "docker" "rm" "-f" "2dfd37b4978b34524e5c8f2c0c94d649b1a267d6f762be579a5bcd1fadba309a", kill_on_drop: false }`
[INFO] [stdout] 2dfd37b4978b34524e5c8f2c0c94d649b1a267d6f762be579a5bcd1fadba309a
[INFO] running `Command { std: "docker" "create" "-v" "/var/lib/crater-agent-workspace/builds/worker-0-tc1/target:/opt/rustwide/target:rw,Z" "-v" "/var/lib/crater-agent-workspace/builds/worker-0-tc1/source:/opt/rustwide/workdir:ro,Z" "-v" "/var/lib/crater-agent-workspace/cargo-home:/opt/rustwide/cargo-home:ro,Z" "-v" "/var/lib/crater-agent-workspace/rustup-home:/opt/rustwide/rustup-home:ro,Z" "-e" "SOURCE_DIR=/opt/rustwide/workdir" "-e" "CARGO_TARGET_DIR=/opt/rustwide/target" "-e" "CARGO_INCREMENTAL=0" "-e" "RUST_BACKTRACE=full" "-e" "RUSTFLAGS=--cap-lints=warn" "-e" "RUSTDOCFLAGS=--cap-lints=warn" "-e" "CARGO_HOME=/opt/rustwide/cargo-home" "-e" "RUSTUP_HOME=/opt/rustwide/rustup-home" "-w" "/opt/rustwide/workdir" "-m" "1610612736" "--user" "0:0" "--network" "none" "ghcr.io/rust-lang/crates-build-env/linux@sha256:2788e3201cd34a07e3172128adcd8b3090168a8e3bcc40d7c032b9dda1df7d1c" "/opt/rustwide/cargo-home/bin/cargo" "+1.75.0" "test" "--frozen", kill_on_drop: false }`
[INFO] [stdout] a888bd57a038dbb65d4b44c7c69aefb127aaff73c7d24992829b3bdb1f100ddc
[INFO] running `Command { std: "docker" "start" "-a" "a888bd57a038dbb65d4b44c7c69aefb127aaff73c7d24992829b3bdb1f100ddc", kill_on_drop: false }`
[INFO] [stderr]     Finished test [unoptimized + debuginfo] target(s) in 0.12s
[INFO] [stderr] warning: the following packages contain code that will be rejected by a future version of Rust: nom v5.1.2
[INFO] [stderr] note: to see what the problems were, use the option `--future-incompat-report`, or run `cargo report future-incompatibilities --id 1`
[INFO] [stderr]      Running unittests src/lib.rs (/opt/rustwide/target/debug/deps/warc_parquet-34f2137d9546e80b)
[INFO] [stdout] 
[INFO] [stdout] running 0 tests
[INFO] [stdout] 
[INFO] [stdout] test result: ok. 0 passed; 0 failed; 0 ignored; 0 measured; 0 filtered out; finished in 0.00s
[INFO] [stdout] 
[INFO] [stderr]      Running unittests src/main.rs (/opt/rustwide/target/debug/deps/warc_parquet-5b7b75280f818b5a)
[INFO] [stdout] 
[INFO] [stdout] running 0 tests
[INFO] [stdout] 
[INFO] [stdout] test result: ok. 0 passed; 0 failed; 0 ignored; 0 measured; 0 filtered out; finished in 0.00s
[INFO] [stdout] 
[INFO] [stderr]    Doc-tests warc-parquet
[INFO] [stdout] 
[INFO] [stdout] running 3 tests
[INFO] [stdout] test src/lib.rs - (line 17) ... FAILED
[INFO] [stdout] test src/reader.rs - reader::WarcToArrowReaderBuilder<R>::new (line 30) ... ok
[INFO] [stdout] test src/reader.rs - reader::WarcToArrowReader (line 77) ... ok
[INFO] [stdout] 
[INFO] [stdout] failures:
[INFO] [stdout] 
[INFO] [stdout] ---- src/lib.rs - (line 17) stdout ----
[INFO] [stdout] error: linking with `cc` failed: exit status: 1
[INFO] [stdout]   |
[INFO] [stdout]   = note: LC_ALL="C" PATH="/opt/rustwide/rustup-home/toolchains/1.75.0-x86_64-unknown-linux-gnu/lib/rustlib/x86_64-unknown-linux-gnu/bin:/opt/rustwide/cargo-home/bin:/usr/local/sbin:/usr/local/bin:/usr/sbin:/usr/bin:/sbin:/bin" VSLANG="1033" "cc" "-m64" "/tmp/rustc7HOI35/symbols.o" "/tmp/rustdoctest7jvrM4/rust_out.rust_out.263fb70ac1c95110-cgu.0.rcgu.o" "/tmp/rustdoctest7jvrM4/rust_out.2uel00cfmdh5ufit.rcgu.o" "-Wl,--as-needed" "-L" "/opt/rustwide/target/debug/deps" "-L" "/opt/rustwide/target/debug/deps" "-L" "/opt/rustwide/target/debug/build/lz4-sys-81760f8f6a96c7e1/out" "-L" "/opt/rustwide/target/debug/build/zstd-sys-28c06e275b201930/out" "-L" "/opt/rustwide/rustup-home/toolchains/1.75.0-x86_64-unknown-linux-gnu/lib/rustlib/x86_64-unknown-linux-gnu/lib" "-Wl,-Bstatic" "/opt/rustwide/target/debug/deps/libtempfile-8afc3d7d51c890a0.rlib" "/opt/rustwide/target/debug/deps/libfastrand-d107eca59cf81e96.rlib" "/opt/rustwide/target/debug/deps/librustix-05616faa04ecdd28.rlib" "/opt/rustwide/target/debug/deps/libbitflags-78da337a9db99d1b.rlib" "/opt/rustwide/target/debug/deps/liblinux_raw_sys-2efceb4baa75f1a9.rlib" "/opt/rustwide/target/debug/deps/libwarc_parquet-51898e81ee1ff169.rlib" "/opt/rustwide/target/debug/deps/libwarc-cca8e64cf1b2b226.rlib" "/opt/rustwide/target/debug/deps/libuuid-0fafee1f01d0b484.rlib" "/opt/rustwide/target/debug/deps/libnom-cbc7ae39a1a4d55a.rlib" "/opt/rustwide/target/debug/deps/liblexical_core-7009e6cf80dd9a40.rlib" "/opt/rustwide/target/debug/deps/libarrayvec-1c365209deac1d4b.rlib" "/opt/rustwide/target/debug/deps/liblibflate-235030d134b846b9.rlib" "/opt/rustwide/target/debug/deps/libadler32-8dd0b9a34d7f5b64.rlib" "/opt/rustwide/target/debug/deps/liblibflate_lz77-0c7150f7867b0a35.rlib" "/opt/rustwide/target/debug/deps/librle_decode_fast-52e5739432589f3f.rlib" "/opt/rustwide/target/debug/deps/libparquet-6750d41700131933.rlib" "/opt/rustwide/target/debug/deps/libzstd-ec8dae60d11b1186.rlib" "/opt/rustwide/target/debug/deps/libzstd_safe-6d741302569bc307.rlib" "/opt/rustwide/target/debug/deps/libzstd_sys-19449b9f45dd42e2.rlib" "/opt/rustwide/target/debug/deps/liblz4-4ec2e9cc554ae6e1.rlib" "/opt/rustwide/target/debug/deps/liblz4_sys-6e34cfac512f789c.rlib" "/opt/rustwide/target/debug/deps/libbrotli-7258bafc193a30cf.rlib" "/opt/rustwide/target/debug/deps/libbrotli_decompressor-daca6858628f5196.rlib" "/opt/rustwide/target/debug/deps/liballoc_stdlib-a5c9a3ee1858b016.rlib" "/opt/rustwide/target/debug/deps/liballoc_no_stdlib-8dec8a86ad2c2131.rlib" "/opt/rustwide/target/debug/deps/libflate2-5a44d3cde2f99339.rlib" "/opt/rustwide/target/debug/deps/libminiz_oxide-112daa4ddc21539a.rlib" "/opt/rustwide/target/debug/deps/libadler-c8f2240c56a0abca.rlib" "/opt/rustwide/target/debug/deps/libcrc32fast-664446237529ebff.rlib" "/opt/rustwide/target/debug/deps/libsnap-9c5b778a1074cef9.rlib" "/opt/rustwide/target/debug/deps/libbase64-9d6b12a0490dc89b.rlib" "/opt/rustwide/target/debug/deps/libtwox_hash-d71184825c160cf7.rlib" "/opt/rustwide/target/debug/deps/libthrift-30d70ca154424823.rlib" "/opt/rustwide/target/debug/deps/libordered_float-6ce74fcecb00c9e7.rlib" "/opt/rustwide/target/debug/deps/libinteger_encoding-6fc734fed0be9e61.rlib" "/opt/rustwide/target/debug/deps/libbyteorder-b7588b59c1d17615.rlib" "/opt/rustwide/target/debug/deps/libarrow-79ae5fe15c90b818.rlib" "/opt/rustwide/target/debug/deps/libarrow_row-2047112c4cf6af3e.rlib" "/opt/rustwide/target/debug/deps/libarrow_json-2d36c4d753ad19bc.rlib" "/opt/rustwide/target/debug/deps/libserde_json-03523f2ab129e756.rlib" "/opt/rustwide/target/debug/deps/libitoa-ebe4b4bb3bb063ec.rlib" "/opt/rustwide/target/debug/deps/libindexmap-04eaf7887f994ffa.rlib" "/opt/rustwide/target/debug/deps/libequivalent-daf5c71f5fc642dd.rlib" "/opt/rustwide/target/debug/deps/libarrow_ipc-a380d1b4a940406e.rlib" "/opt/rustwide/target/debug/deps/libflatbuffers-85d27aca849b7de7.rlib" "/opt/rustwide/target/debug/deps/libbitflags-b7cee2ca4fb438d0.rlib" "/opt/rustwide/target/debug/deps/libarrow_csv-70db6461dc3b78c1.rlib" "/opt/rustwide/target/debug/deps/libcsv-de8a80153dc047bb.rlib" "/opt/rustwide/target/debug/deps/libryu-f221ec40c1aace88.rlib" "/opt/rustwide/target/debug/deps/libitoa-88dc5e7d606068cc.rlib" "/opt/rustwide/target/debug/deps/libbstr-8d82122d74e9681f.rlib" "/opt/rustwide/target/debug/deps/liblazy_static-591486ebcb9a7ead.rlib" "/opt/rustwide/target/debug/deps/libregex_automata-41ea749691d9ce70.rlib" "/opt/rustwide/target/debug/deps/libserde-0f09a6c7f0bddd8d.rlib" "/opt/rustwide/target/debug/deps/libcsv_core-2b34284b657ad1d9.rlib" "/opt/rustwide/target/debug/deps/libarrow_string-01f5328581d12ef6.rlib" "/opt/rustwide/target/debug/deps/libregex-17e408ee45898ca7.rlib" "/opt/rustwide/target/debug/deps/libregex_automata-09741f73df7ffa26.rlib" "/opt/rustwide/target/debug/deps/libaho_corasick-0598947bbd15e2f8.rlib" "/opt/rustwide/target/debug/deps/libmemchr-1072add811bdc208.rlib" "/opt/rustwide/target/debug/deps/libregex_syntax-1b6d25517a9db475.rlib" "/opt/rustwide/target/debug/deps/libarrow_cast-6e441f71218c0e31.rlib" "/opt/rustwide/target/debug/deps/liblexical_core-b95b5b495ca5955a.rlib" "/opt/rustwide/target/debug/deps/liblexical_write_float-97a4d13bdc728a2e.rlib" "/opt/rustwide/target/debug/deps/liblexical_write_integer-c5622d8051a25bf8.rlib" "/opt/rustwide/target/debug/deps/liblexical_parse_float-95ccb3ebc17d3be8.rlib" "/opt/rustwide/target/debug/deps/liblexical_parse_integer-5022861c9403bec7.rlib" "/opt/rustwide/target/debug/deps/liblexical_util-b8ae3f621323f08d.rlib" "/opt/rustwide/target/debug/deps/libstatic_assertions-06b6572b5d394a0a.rlib" "/opt/rustwide/target/debug/deps/libarrow_arith-1385336504ebee86.rlib" "/opt/rustwide/target/debug/deps/libarrow_ord-b31ec03f969c5695.rlib" "/opt/rustwide/target/debug/deps/libarrow_select-47d52c10aed139ae.rlib" "/opt/rustwide/target/debug/deps/libarrow_array-401c7719fc688da5.rlib" "/opt/rustwide/target/debug/deps/libahash-f09afda0bc25c672.rlib" "/opt/rustwide/target/debug/deps/libgetrandom-ade21f0c355afdd7.rlib" "/opt/rustwide/target/debug/deps/libonce_cell-a342312cc2ec3f6b.rlib" "/opt/rustwide/target/debug/deps/libhashbrown-aeeef82563d858cb.rlib" "/opt/rustwide/target/debug/deps/libchrono-b3db9647bcd77f91.rlib" "/opt/rustwide/target/debug/deps/libiana_time_zone-4d940f736806fce6.rlib" "/opt/rustwide/target/debug/deps/libtime-92577c00ca7ce3ec.rlib" "/opt/rustwide/target/debug/deps/liblibc-80caa61b614001af.rlib" "/opt/rustwide/target/debug/deps/libarrow_data-5b5d7ad13e4375e1.rlib" "/opt/rustwide/target/debug/deps/libarrow_schema-c85eb3f0353e75a5.rlib" "/opt/rustwide/target/debug/deps/libarrow_buffer-27c8c5dc9b2d46b4.rlib" "/opt/rustwide/target/debug/deps/libbytes-3fc98b508f6e4a28.rlib" "/opt/rustwide/target/debug/deps/libhalf-c5d9d60dbfbb7a90.rlib" "/opt/rustwide/target/debug/deps/libcfg_if-61dc7a6799e72b18.rlib" "/opt/rustwide/target/debug/deps/libnum-5111aaf2e83cba9f.rlib" "/opt/rustwide/target/debug/deps/libnum_iter-df79f9731b0a1d68.rlib" "/opt/rustwide/target/debug/deps/libnum_rational-e029e18d6de0dee7.rlib" "/opt/rustwide/target/debug/deps/libnum_complex-4f8c463f3b9a759d.rlib" "/opt/rustwide/target/debug/deps/libnum_bigint-6a4660d445cd7f24.rlib" "/opt/rustwide/target/debug/deps/libnum_integer-0bd99ccf2a58895a.rlib" "/opt/rustwide/target/debug/deps/libnum_traits-97127313167a6ef2.rlib" "/opt/rustwide/rustup-home/toolchains/1.75.0-x86_64-unknown-linux-gnu/lib/rustlib/x86_64-unknown-linux-gnu/lib/libstd-90f6ddbf82de36ec.rlib" "/opt/rustwide/rustup-home/toolchains/1.75.0-x86_64-unknown-linux-gnu/lib/rustlib/x86_64-unknown-linux-gnu/lib/libpanic_unwind-480c41e9d4e1f677.rlib" "/opt/rustwide/rustup-home/toolchains/1.75.0-x86_64-unknown-linux-gnu/lib/rustlib/x86_64-unknown-linux-gnu/lib/libobject-db744c0ca03eed1d.rlib" "/opt/rustwide/rustup-home/toolchains/1.75.0-x86_64-unknown-linux-gnu/lib/rustlib/x86_64-unknown-linux-gnu/lib/libmemchr-8ba652dc7d4b285a.rlib" "/opt/rustwide/rustup-home/toolchains/1.75.0-x86_64-unknown-linux-gnu/lib/rustlib/x86_64-unknown-linux-gnu/lib/libaddr2line-d5f4520a9ebc0d58.rlib" "/opt/rustwide/rustup-home/toolchains/1.75.0-x86_64-unknown-linux-gnu/lib/rustlib/x86_64-unknown-linux-gnu/lib/libgimli-4ad84de58f0cb463.rlib" "/opt/rustwide/rustup-home/toolchains/1.75.0-x86_64-unknown-linux-gnu/lib/rustlib/x86_64-unknown-linux-gnu/lib/librustc_demangle-0d10aae2e0f38735.rlib" "/opt/rustwide/rustup-home/toolchains/1.75.0-x86_64-unknown-linux-gnu/lib/rustlib/x86_64-unknown-linux-gnu/lib/libstd_detect-0c17cff739e6745b.rlib" "/opt/rustwide/rustup-home/toolchains/1.75.0-x86_64-unknown-linux-gnu/lib/rustlib/x86_64-unknown-linux-gnu/lib/libhashbrown-b29e17139dde1aa8.rlib" "/opt/rustwide/rustup-home/toolchains/1.75.0-x86_64-unknown-linux-gnu/lib/rustlib/x86_64-unknown-linux-gnu/lib/librustc_std_workspace_alloc-1f975299829cc7bd.rlib" "/opt/rustwide/rustup-home/toolchains/1.75.0-x86_64-unknown-linux-gnu/lib/rustlib/x86_64-unknown-linux-gnu/lib/libminiz_oxide-86bae3bc3079f89b.rlib" "/opt/rustwide/rustup-home/toolchains/1.75.0-x86_64-unknown-linux-gnu/lib/rustlib/x86_64-unknown-linux-gnu/lib/libadler-321b82c30dffdf5f.rlib" "/opt/rustwide/rustup-home/toolchains/1.75.0-x86_64-unknown-linux-gnu/lib/rustlib/x86_64-unknown-linux-gnu/lib/libunwind-3dd8a6810a0bdfef.rlib" "/opt/rustwide/rustup-home/toolchains/1.75.0-x86_64-unknown-linux-gnu/lib/rustlib/x86_64-unknown-linux-gnu/lib/libcfg_if-eb39a61c0c879984.rlib" "/opt/rustwide/rustup-home/toolchains/1.75.0-x86_64-unknown-linux-gnu/lib/rustlib/x86_64-unknown-linux-gnu/lib/liblibc-aa769569f91c3548.rlib" "/opt/rustwide/rustup-home/toolchains/1.75.0-x86_64-unknown-linux-gnu/lib/rustlib/x86_64-unknown-linux-gnu/lib/liballoc-510a192a50a983ed.rlib" "/opt/rustwide/rustup-home/toolchains/1.75.0-x86_64-unknown-linux-gnu/lib/rustlib/x86_64-unknown-linux-gnu/lib/librustc_std_workspace_core-0577018320f99037.rlib" "/opt/rustwide/rustup-home/toolchains/1.75.0-x86_64-unknown-linux-gnu/lib/rustlib/x86_64-unknown-linux-gnu/lib/libcore-193cf992125ccd4c.rlib" "/opt/rustwide/rustup-home/toolchains/1.75.0-x86_64-unknown-linux-gnu/lib/rustlib/x86_64-unknown-linux-gnu/lib/libcompiler_builtins-8e138eaf26ebb4a8.rlib" "-Wl,-Bdynamic" "-lgcc_s" "-lutil" "-lrt" "-lpthread" "-lm" "-ldl" "-lc" "-Wl,--eh-frame-hdr" "-Wl,-z,noexecstack" "-L" "/opt/rustwide/rustup-home/toolchains/1.75.0-x86_64-unknown-linux-gnu/lib/rustlib/x86_64-unknown-linux-gnu/lib" "-o" "/tmp/rustdoctest7jvrM4/rust_out" "-Wl,--gc-sections" "-pie" "-Wl,-z,relro,-z,now" "-nodefaultlibs"
[INFO] [stdout]   = note: collect2: fatal error: ld terminated with signal 9 [Killed]
[INFO] [stdout]           compilation terminated.
[INFO] [stdout]           
[INFO] [stdout] 
[INFO] [stdout] error: aborting due to previous error
[INFO] [stdout] 
[INFO] [stdout] Couldn't compile the test.
[INFO] [stdout] 
[INFO] [stdout] failures:
[INFO] [stdout]     src/lib.rs - (line 17)
[INFO] [stdout] 
[INFO] [stdout] test result: FAILED. 2 passed; 1 failed; 0 ignored; 0 measured; 0 filtered out; finished in 6.07s
[INFO] [stdout] 
[INFO] [stderr] error: doctest failed, to rerun pass `--doc`
[INFO] running `Command { std: "docker" "inspect" "a888bd57a038dbb65d4b44c7c69aefb127aaff73c7d24992829b3bdb1f100ddc", kill_on_drop: false }`
[INFO] running `Command { std: "docker" "rm" "-f" "a888bd57a038dbb65d4b44c7c69aefb127aaff73c7d24992829b3bdb1f100ddc", kill_on_drop: false }`
[INFO] [stdout] a888bd57a038dbb65d4b44c7c69aefb127aaff73c7d24992829b3bdb1f100ddc
[INFO] testing warc-parquet-0.6.1 against beta-2023-12-22 for beta-1.76-1
[INFO] extracting crate warc-parquet 0.6.1 into /workspace/builds/worker-0-tc2/source
[INFO] validating manifest of crates.io crate warc-parquet 0.6.1 on toolchain beta-2023-12-22
[INFO] running `Command { std: CARGO_HOME="/workspace/cargo-home" RUSTUP_HOME="/workspace/rustup-home" "/workspace/cargo-home/bin/cargo" "+beta-2023-12-22" "metadata" "--manifest-path" "Cargo.toml" "--no-deps", kill_on_drop: false }`
[INFO] started tweaking crates.io crate warc-parquet 0.6.1
[INFO] finished tweaking crates.io crate warc-parquet 0.6.1
[INFO] tweaked toml for crates.io crate warc-parquet 0.6.1 written to /workspace/builds/worker-0-tc2/source/Cargo.toml
[INFO] crate crates.io crate warc-parquet 0.6.1 already has a lockfile, it will not be regenerated
[INFO] running `Command { std: CARGO_HOME="/workspace/cargo-home" RUSTUP_HOME="/workspace/rustup-home" "/workspace/cargo-home/bin/cargo" "+beta-2023-12-22" "fetch" "--manifest-path" "Cargo.toml", kill_on_drop: false }`
[INFO] running `Command { std: "docker" "create" "-v" "/var/lib/crater-agent-workspace/builds/worker-0-tc2/target:/opt/rustwide/target:rw,Z" "-v" "/var/lib/crater-agent-workspace/builds/worker-0-tc2/source:/opt/rustwide/workdir:ro,Z" "-v" "/var/lib/crater-agent-workspace/cargo-home:/opt/rustwide/cargo-home:ro,Z" "-v" "/var/lib/crater-agent-workspace/rustup-home:/opt/rustwide/rustup-home:ro,Z" "-e" "SOURCE_DIR=/opt/rustwide/workdir" "-e" "CARGO_TARGET_DIR=/opt/rustwide/target" "-e" "CARGO_HOME=/opt/rustwide/cargo-home" "-e" "RUSTUP_HOME=/opt/rustwide/rustup-home" "-w" "/opt/rustwide/workdir" "-m" "1610612736" "--user" "0:0" "--network" "none" "ghcr.io/rust-lang/crates-build-env/linux@sha256:2788e3201cd34a07e3172128adcd8b3090168a8e3bcc40d7c032b9dda1df7d1c" "/opt/rustwide/cargo-home/bin/cargo" "+beta-2023-12-22" "metadata" "--no-deps" "--format-version=1", kill_on_drop: false }`
[INFO] [stdout] 41acdadf9dd1e2f4c4c177d206241e5e0b34b4f82783ee8de3cfcea9e65bbf75
[INFO] running `Command { std: "docker" "start" "-a" "41acdadf9dd1e2f4c4c177d206241e5e0b34b4f82783ee8de3cfcea9e65bbf75", kill_on_drop: false }`
[INFO] running `Command { std: "docker" "inspect" "41acdadf9dd1e2f4c4c177d206241e5e0b34b4f82783ee8de3cfcea9e65bbf75", kill_on_drop: false }`
[INFO] running `Command { std: "docker" "rm" "-f" "41acdadf9dd1e2f4c4c177d206241e5e0b34b4f82783ee8de3cfcea9e65bbf75", kill_on_drop: false }`
[INFO] [stdout] 41acdadf9dd1e2f4c4c177d206241e5e0b34b4f82783ee8de3cfcea9e65bbf75
[INFO] running `Command { std: "docker" "create" "-v" "/var/lib/crater-agent-workspace/builds/worker-0-tc2/target:/opt/rustwide/target:rw,Z" "-v" "/var/lib/crater-agent-workspace/builds/worker-0-tc2/source:/opt/rustwide/workdir:ro,Z" "-v" "/var/lib/crater-agent-workspace/cargo-home:/opt/rustwide/cargo-home:ro,Z" "-v" "/var/lib/crater-agent-workspace/rustup-home:/opt/rustwide/rustup-home:ro,Z" "-e" "SOURCE_DIR=/opt/rustwide/workdir" "-e" "CARGO_TARGET_DIR=/opt/rustwide/target" "-e" "CARGO_INCREMENTAL=0" "-e" "RUST_BACKTRACE=full" "-e" "RUSTFLAGS=--cap-lints=warn" "-e" "RUSTDOCFLAGS=--cap-lints=warn" "-e" "CARGO_HOME=/opt/rustwide/cargo-home" "-e" "RUSTUP_HOME=/opt/rustwide/rustup-home" "-w" "/opt/rustwide/workdir" "-m" "1610612736" "--user" "0:0" "--network" "none" "ghcr.io/rust-lang/crates-build-env/linux@sha256:2788e3201cd34a07e3172128adcd8b3090168a8e3bcc40d7c032b9dda1df7d1c" "/opt/rustwide/cargo-home/bin/cargo" "+beta-2023-12-22" "build" "--frozen" "--message-format=json", kill_on_drop: false }`
[INFO] [stdout] 5c5790eafefd01e681a2771018d87f6b1d3d242db8e218de148ddcd091fb011f
[INFO] running `Command { std: "docker" "start" "-a" "5c5790eafefd01e681a2771018d87f6b1d3d242db8e218de148ddcd091fb011f", kill_on_drop: false }`
[INFO] [stderr]    Compiling autocfg v1.1.0
[INFO] [stderr]    Compiling libc v0.2.147
[INFO] [stderr]    Compiling cfg-if v1.0.0
[INFO] [stderr]    Compiling libm v0.2.7
[INFO] [stderr]    Compiling version_check v0.9.4
[INFO] [stderr]    Compiling once_cell v1.18.0
[INFO] [stderr]    Compiling static_assertions v1.1.0
[INFO] [stderr]    Compiling memchr v2.5.0
[INFO] [stderr]    Compiling bytes v1.4.0
[INFO] [stderr]    Compiling iana-time-zone v0.1.57
[INFO] [stderr]    Compiling arrow-schema v46.0.0
[INFO] [stderr]    Compiling hashbrown v0.14.0
[INFO] [stderr]    Compiling semver v1.0.18
[INFO] [stderr]    Compiling serde v1.0.137
[INFO] [stderr]    Compiling ryu v1.0.10
[INFO] [stderr]    Compiling bitflags v1.3.2
[INFO] [stderr]    Compiling lexical-util v0.8.5
[INFO] [stderr]    Compiling pkg-config v0.3.27
[INFO] [stderr]    Compiling crc32fast v1.3.2
[INFO] [stderr]    Compiling proc-macro2 v1.0.66
[INFO] [stderr]    Compiling rle-decode-fast v1.0.3
[INFO] [stderr]    Compiling num-traits v0.2.15
[INFO] [stderr]    Compiling num-integer v0.1.45
[INFO] [stderr]    Compiling num-bigint v0.4.3
[INFO] [stderr]    Compiling ahash v0.8.3
[INFO] [stderr]    Compiling num-rational v0.4.1
[INFO] [stderr]    Compiling num-iter v0.1.43
[INFO] [stderr]    Compiling lexical-parse-integer v0.8.6
[INFO] [stderr]    Compiling lexical-write-integer v0.8.5
[INFO] [stderr]    Compiling lexical-parse-float v0.8.5
[INFO] [stderr]    Compiling lexical-write-float v0.8.5
[INFO] [stderr]    Compiling tinyvec_macros v0.1.0
[INFO] [stderr]    Compiling unicode-ident v1.0.1
[INFO] [stderr]    Compiling rustc_version v0.4.0
[INFO] [stderr]    Compiling regex-syntax v0.7.5
[INFO] [stderr]    Compiling tinyvec v1.6.0
[INFO] [stderr]    Compiling aho-corasick v1.0.4
[INFO] [stderr]    Compiling alloc-no-stdlib v2.0.3
[INFO] [stderr]    Compiling regex-automata v0.1.10
[INFO] [stderr]    Compiling matches v0.1.9
[INFO] [stderr]    Compiling serde_json v1.0.81
[INFO] [stderr]    Compiling zstd-safe v6.0.6
[INFO] [stderr]    Compiling getrandom v0.2.7
[INFO] [stderr]    Compiling time v0.1.44
[INFO] [stderr]    Compiling jobserver v0.1.24
[INFO] [stderr]    Compiling lexical-core v0.8.5
[INFO] [stderr]    Compiling flatbuffers v23.5.26
[INFO] [stderr]    Compiling lexical-core v0.7.6
[INFO] [stderr]    Compiling lazy_static v1.4.0
[INFO] [stderr]    Compiling utf8parse v0.2.1
[INFO] [stderr]    Compiling cc v1.0.83
[INFO] [stderr]    Compiling anstyle-parse v0.2.1
[INFO] [stderr]    Compiling quote v1.0.33
[INFO] [stderr]    Compiling alloc-stdlib v0.2.1
[INFO] [stderr]    Compiling csv-core v0.1.10
[INFO] [stderr]    Compiling nom v5.1.2
[INFO] [stderr]    Compiling itoa v1.0.2
[INFO] [stderr]    Compiling equivalent v1.0.1
[INFO] [stderr]    Compiling adler v1.0.2
[INFO] [stderr]    Compiling paste v1.0.14
[INFO] [stderr]    Compiling anstyle v1.0.2
[INFO] [stderr]    Compiling snap v1.0.5
[INFO] [stderr]    Compiling itoa v0.4.8
[INFO] [stderr]    Compiling arrayvec v0.5.2
[INFO] [stderr]    Compiling unicode-normalization v0.1.19
[INFO] [stderr]    Compiling percent-encoding v2.1.0
[INFO] [stderr]    Compiling unicode-bidi v0.3.8
[INFO] [stderr]    Compiling colorchoice v1.0.0
[INFO] [stderr]    Compiling adler32 v1.2.0
[INFO] [stderr]    Compiling anstyle-query v1.0.0
[INFO] [stderr]    Compiling num-complex v0.4.4
[INFO] [stderr]    Compiling half v2.3.1
[INFO] [stderr]    Compiling chrono v0.4.26
[INFO] [stderr]    Compiling form_urlencoded v1.0.1
[INFO] [stderr]    Compiling anstream v0.5.0
[INFO] [stderr]    Compiling ordered-float v2.10.0
[INFO] [stderr]    Compiling miniz_oxide v0.5.3
[INFO] [stderr]    Compiling syn v2.0.29
[INFO] [stderr]    Compiling indexmap v2.0.0
[INFO] [stderr]    Compiling brotli-decompressor v2.3.2
[INFO] [stderr]    Compiling hashbrown v0.13.2
[INFO] [stderr]    Compiling core2 v0.4.0
[INFO] [stderr]    Compiling libflate_lz77 v1.1.0
[INFO] [stderr]    Compiling byteorder v1.4.3
[INFO] [stderr]    Compiling idna v0.2.3
[INFO] [stderr]    Compiling clap_lex v0.5.1
[INFO] [stderr]    Compiling integer-encoding v3.0.4
[INFO] [stderr]    Compiling strsim v0.10.0
[INFO] [stderr]    Compiling heck v0.4.0
[INFO] [stderr]    Compiling clap_builder v4.4.0
[INFO] [stderr]    Compiling thrift v0.17.0
[INFO] [stderr]    Compiling libflate_lz77 v2.0.0
[INFO] [stderr]    Compiling flate2 v1.0.24
[INFO] [stderr]    Compiling zstd-sys v2.0.8+zstd.1.5.5
[INFO] [stderr]    Compiling lz4-sys v1.9.4
[INFO] [stderr]    Compiling regex-automata v0.3.7
[INFO] [stderr]    Compiling url v2.2.2
[INFO] [stderr]    Compiling brotli v3.3.4
[INFO] [stderr]    Compiling libflate v1.2.0
[INFO] [stderr]    Compiling num v0.4.1
[INFO] [stderr]    Compiling arrow-buffer v46.0.0
[INFO] [stderr]    Compiling bstr v0.2.17
[INFO] [stderr]    Compiling uuid v0.8.2
[INFO] [stderr]    Compiling twox-hash v1.6.3
[INFO] [stderr]    Compiling dary_heap v0.3.6
[INFO] [stderr]    Compiling base64 v0.21.3
[INFO] [stderr]    Compiling seq-macro v0.3.5
[INFO] [stderr]    Compiling libflate v2.0.0
[INFO] [stderr]    Compiling arrow-data v46.0.0
[INFO] [stderr]    Compiling csv v1.1.6
[INFO] [stderr]    Compiling warc v0.3.1
[INFO] [stderr]    Compiling arrow-array v46.0.0
[INFO] [stderr]    Compiling regex v1.9.4
[INFO] [stderr]    Compiling clap_derive v4.4.0
[INFO] [stderr]    Compiling arrow-select v46.0.0
[INFO] [stderr]    Compiling arrow-row v46.0.0
[INFO] [stderr]    Compiling arrow-arith v46.0.0
[INFO] [stderr]    Compiling arrow-cast v46.0.0
[INFO] [stderr]    Compiling arrow-string v46.0.0
[INFO] [stderr]    Compiling arrow-ord v46.0.0
[INFO] [stderr]    Compiling clap v4.4.0
[INFO] [stderr]    Compiling arrow-ipc v46.0.0
[INFO] [stderr]    Compiling arrow-json v46.0.0
[INFO] [stderr]    Compiling arrow-csv v46.0.0
[INFO] [stderr]    Compiling zstd v0.12.4
[INFO] [stderr]    Compiling lz4 v1.23.3
[INFO] [stderr]    Compiling arrow v46.0.0
[INFO] [stderr]    Compiling parquet v46.0.0
[INFO] [stderr]    Compiling warc-parquet v0.6.1 (/opt/rustwide/workdir)
[INFO] [stderr]     Finished dev [unoptimized + debuginfo] target(s) in 29.23s
[INFO] [stderr] warning: the following packages contain code that will be rejected by a future version of Rust: nom v5.1.2
[INFO] [stderr] note: to see what the problems were, use the option `--future-incompat-report`, or run `cargo report future-incompatibilities --id 1`
[INFO] running `Command { std: "docker" "inspect" "5c5790eafefd01e681a2771018d87f6b1d3d242db8e218de148ddcd091fb011f", kill_on_drop: false }`
[INFO] running `Command { std: "docker" "rm" "-f" "5c5790eafefd01e681a2771018d87f6b1d3d242db8e218de148ddcd091fb011f", kill_on_drop: false }`
[INFO] [stdout] 5c5790eafefd01e681a2771018d87f6b1d3d242db8e218de148ddcd091fb011f
[INFO] running `Command { std: "docker" "create" "-v" "/var/lib/crater-agent-workspace/builds/worker-0-tc2/target:/opt/rustwide/target:rw,Z" "-v" "/var/lib/crater-agent-workspace/builds/worker-0-tc2/source:/opt/rustwide/workdir:ro,Z" "-v" "/var/lib/crater-agent-workspace/cargo-home:/opt/rustwide/cargo-home:ro,Z" "-v" "/var/lib/crater-agent-workspace/rustup-home:/opt/rustwide/rustup-home:ro,Z" "-e" "SOURCE_DIR=/opt/rustwide/workdir" "-e" "CARGO_TARGET_DIR=/opt/rustwide/target" "-e" "CARGO_INCREMENTAL=0" "-e" "RUST_BACKTRACE=full" "-e" "RUSTFLAGS=--cap-lints=warn" "-e" "RUSTDOCFLAGS=--cap-lints=warn" "-e" "CARGO_HOME=/opt/rustwide/cargo-home" "-e" "RUSTUP_HOME=/opt/rustwide/rustup-home" "-w" "/opt/rustwide/workdir" "-m" "1610612736" "--user" "0:0" "--network" "none" "ghcr.io/rust-lang/crates-build-env/linux@sha256:2788e3201cd34a07e3172128adcd8b3090168a8e3bcc40d7c032b9dda1df7d1c" "/opt/rustwide/cargo-home/bin/cargo" "+beta-2023-12-22" "test" "--frozen" "--no-run" "--message-format=json", kill_on_drop: false }`
[INFO] [stdout] 46c95659a96331d878a5b56597ff09cd2d53eaa10c2806b9f51a6b8cfcdc335a
[INFO] running `Command { std: "docker" "start" "-a" "46c95659a96331d878a5b56597ff09cd2d53eaa10c2806b9f51a6b8cfcdc335a", kill_on_drop: false }`
[INFO] [stderr]    Compiling rustix v0.38.12
[INFO] [stderr]    Compiling linux-raw-sys v0.4.7
[INFO] [stderr]    Compiling bitflags v2.4.0
[INFO] [stderr]    Compiling fastrand v2.0.0
[INFO] [stderr]    Compiling tempfile v3.8.0
[INFO] [stderr]    Compiling warc-parquet v0.6.1 (/opt/rustwide/workdir)
[INFO] [stderr]     Finished test [unoptimized + debuginfo] target(s) in 2.84s
[INFO] [stderr] warning: the following packages contain code that will be rejected by a future version of Rust: nom v5.1.2
[INFO] [stderr] note: to see what the problems were, use the option `--future-incompat-report`, or run `cargo report future-incompatibilities --id 1`
[INFO] running `Command { std: "docker" "inspect" "46c95659a96331d878a5b56597ff09cd2d53eaa10c2806b9f51a6b8cfcdc335a", kill_on_drop: false }`
[INFO] running `Command { std: "docker" "rm" "-f" "46c95659a96331d878a5b56597ff09cd2d53eaa10c2806b9f51a6b8cfcdc335a", kill_on_drop: false }`
[INFO] [stdout] 46c95659a96331d878a5b56597ff09cd2d53eaa10c2806b9f51a6b8cfcdc335a
[INFO] running `Command { std: "docker" "create" "-v" "/var/lib/crater-agent-workspace/builds/worker-0-tc2/target:/opt/rustwide/target:rw,Z" "-v" "/var/lib/crater-agent-workspace/builds/worker-0-tc2/source:/opt/rustwide/workdir:ro,Z" "-v" "/var/lib/crater-agent-workspace/cargo-home:/opt/rustwide/cargo-home:ro,Z" "-v" "/var/lib/crater-agent-workspace/rustup-home:/opt/rustwide/rustup-home:ro,Z" "-e" "SOURCE_DIR=/opt/rustwide/workdir" "-e" "CARGO_TARGET_DIR=/opt/rustwide/target" "-e" "CARGO_INCREMENTAL=0" "-e" "RUST_BACKTRACE=full" "-e" "RUSTFLAGS=--cap-lints=warn" "-e" "RUSTDOCFLAGS=--cap-lints=warn" "-e" "CARGO_HOME=/opt/rustwide/cargo-home" "-e" "RUSTUP_HOME=/opt/rustwide/rustup-home" "-w" "/opt/rustwide/workdir" "-m" "1610612736" "--user" "0:0" "--network" "none" "ghcr.io/rust-lang/crates-build-env/linux@sha256:2788e3201cd34a07e3172128adcd8b3090168a8e3bcc40d7c032b9dda1df7d1c" "/opt/rustwide/cargo-home/bin/cargo" "+beta-2023-12-22" "test" "--frozen", kill_on_drop: false }`
[INFO] [stdout] e1a1782311b988d5eb3472ff4a660851cc2dddaf26eecfc65a0fc935285a81f0
[INFO] running `Command { std: "docker" "start" "-a" "e1a1782311b988d5eb3472ff4a660851cc2dddaf26eecfc65a0fc935285a81f0", kill_on_drop: false }`
[INFO] [stderr]     Finished test [unoptimized + debuginfo] target(s) in 0.12s
[INFO] [stderr] warning: the following packages contain code that will be rejected by a future version of Rust: nom v5.1.2
[INFO] [stderr] note: to see what the problems were, use the option `--future-incompat-report`, or run `cargo report future-incompatibilities --id 1`
[INFO] [stderr]      Running unittests src/lib.rs (/opt/rustwide/target/debug/deps/warc_parquet-ca19ab5c0d22c581)
[INFO] [stdout] 
[INFO] [stdout] running 0 tests
[INFO] [stdout] 
[INFO] [stdout] test result: ok. 0 passed; 0 failed; 0 ignored; 0 measured; 0 filtered out; finished in 0.00s
[INFO] [stdout] 
[INFO] [stderr]      Running unittests src/main.rs (/opt/rustwide/target/debug/deps/warc_parquet-070a790cea1a50dd)
[INFO] [stdout] 
[INFO] [stdout] running 0 tests
[INFO] [stdout] 
[INFO] [stdout] test result: ok. 0 passed; 0 failed; 0 ignored; 0 measured; 0 filtered out; finished in 0.00s
[INFO] [stdout] 
[INFO] [stderr]    Doc-tests warc-parquet
[INFO] [stdout] 
[INFO] [stdout] running 3 tests
[INFO] [stdout] test src/reader.rs - reader::WarcToArrowReaderBuilder<R>::new (line 30) ... ok
[INFO] [stdout] test src/reader.rs - reader::WarcToArrowReader (line 77) ... ok
[INFO] [stdout] test src/lib.rs - (line 17) ... ok
[INFO] [stdout] 
[INFO] [stdout] test result: ok. 3 passed; 0 failed; 0 ignored; 0 measured; 0 filtered out; finished in 6.10s
[INFO] [stdout] 
[INFO] running `Command { std: "docker" "inspect" "e1a1782311b988d5eb3472ff4a660851cc2dddaf26eecfc65a0fc935285a81f0", kill_on_drop: false }`
[INFO] running `Command { std: "docker" "rm" "-f" "e1a1782311b988d5eb3472ff4a660851cc2dddaf26eecfc65a0fc935285a81f0", kill_on_drop: false }`
[INFO] [stdout] e1a1782311b988d5eb3472ff4a660851cc2dddaf26eecfc65a0fc935285a81f0
