[INFO] fetching crate trade_vision 0.1.1...
[INFO] testing trade_vision-0.1.1 against 1.75.0 for beta-1.76-1
[INFO] extracting crate trade_vision 0.1.1 into /workspace/builds/worker-3-tc1/source
[INFO] validating manifest of crates.io crate trade_vision 0.1.1 on toolchain 1.75.0
[INFO] running `Command { std: CARGO_HOME="/workspace/cargo-home" RUSTUP_HOME="/workspace/rustup-home" "/workspace/cargo-home/bin/cargo" "+1.75.0" "metadata" "--manifest-path" "Cargo.toml" "--no-deps", kill_on_drop: false }`
[INFO] started tweaking crates.io crate trade_vision 0.1.1
[INFO] finished tweaking crates.io crate trade_vision 0.1.1
[INFO] tweaked toml for crates.io crate trade_vision 0.1.1 written to /workspace/builds/worker-3-tc1/source/Cargo.toml
[INFO] crate crates.io crate trade_vision 0.1.1 already has a lockfile, it will not be regenerated
[INFO] running `Command { std: CARGO_HOME="/workspace/cargo-home" RUSTUP_HOME="/workspace/rustup-home" "/workspace/cargo-home/bin/cargo" "+1.75.0" "fetch" "--manifest-path" "Cargo.toml", kill_on_drop: false }`
[INFO] [stderr]  Downloading crates ...
[INFO] [stderr]   Downloaded tokio-tungstenite v0.19.0
[INFO] [stderr]   Downloaded tungstenite v0.19.0
[INFO] running `Command { std: "docker" "create" "-v" "/var/lib/crater-agent-workspace/builds/worker-3-tc1/target:/opt/rustwide/target:rw,Z" "-v" "/var/lib/crater-agent-workspace/builds/worker-3-tc1/source:/opt/rustwide/workdir:ro,Z" "-v" "/var/lib/crater-agent-workspace/cargo-home:/opt/rustwide/cargo-home:ro,Z" "-v" "/var/lib/crater-agent-workspace/rustup-home:/opt/rustwide/rustup-home:ro,Z" "-e" "SOURCE_DIR=/opt/rustwide/workdir" "-e" "CARGO_TARGET_DIR=/opt/rustwide/target" "-e" "CARGO_HOME=/opt/rustwide/cargo-home" "-e" "RUSTUP_HOME=/opt/rustwide/rustup-home" "-w" "/opt/rustwide/workdir" "-m" "1610612736" "--user" "0:0" "--network" "none" "ghcr.io/rust-lang/crates-build-env/linux@sha256:2788e3201cd34a07e3172128adcd8b3090168a8e3bcc40d7c032b9dda1df7d1c" "/opt/rustwide/cargo-home/bin/cargo" "+1.75.0" "metadata" "--no-deps" "--format-version=1", kill_on_drop: false }`
[INFO] [stdout] abc203537fc61e108ba248cce7d500971273ae91942d2e8af2299cf96d7059d0
[INFO] running `Command { std: "docker" "start" "-a" "abc203537fc61e108ba248cce7d500971273ae91942d2e8af2299cf96d7059d0", kill_on_drop: false }`
[INFO] running `Command { std: "docker" "inspect" "abc203537fc61e108ba248cce7d500971273ae91942d2e8af2299cf96d7059d0", kill_on_drop: false }`
[INFO] running `Command { std: "docker" "rm" "-f" "abc203537fc61e108ba248cce7d500971273ae91942d2e8af2299cf96d7059d0", kill_on_drop: false }`
[INFO] [stdout] abc203537fc61e108ba248cce7d500971273ae91942d2e8af2299cf96d7059d0
[INFO] running `Command { std: "docker" "create" "-v" "/var/lib/crater-agent-workspace/builds/worker-3-tc1/target:/opt/rustwide/target:rw,Z" "-v" "/var/lib/crater-agent-workspace/builds/worker-3-tc1/source:/opt/rustwide/workdir:ro,Z" "-v" "/var/lib/crater-agent-workspace/cargo-home:/opt/rustwide/cargo-home:ro,Z" "-v" "/var/lib/crater-agent-workspace/rustup-home:/opt/rustwide/rustup-home:ro,Z" "-e" "SOURCE_DIR=/opt/rustwide/workdir" "-e" "CARGO_TARGET_DIR=/opt/rustwide/target" "-e" "CARGO_INCREMENTAL=0" "-e" "RUST_BACKTRACE=full" "-e" "RUSTFLAGS=--cap-lints=warn" "-e" "RUSTDOCFLAGS=--cap-lints=warn" "-e" "CARGO_HOME=/opt/rustwide/cargo-home" "-e" "RUSTUP_HOME=/opt/rustwide/rustup-home" "-w" "/opt/rustwide/workdir" "-m" "1610612736" "--user" "0:0" "--network" "none" "ghcr.io/rust-lang/crates-build-env/linux@sha256:2788e3201cd34a07e3172128adcd8b3090168a8e3bcc40d7c032b9dda1df7d1c" "/opt/rustwide/cargo-home/bin/cargo" "+1.75.0" "build" "--frozen" "--message-format=json", kill_on_drop: false }`
[INFO] [stdout] 94bf068d87e2bd4712c67cd78ec4074afab7b142f75fc054b3a74c46cb2dc9b6
[INFO] running `Command { std: "docker" "start" "-a" "94bf068d87e2bd4712c67cd78ec4074afab7b142f75fc054b3a74c46cb2dc9b6", kill_on_drop: false }`
[INFO] [stderr]    Compiling libc v0.2.139
[INFO] [stderr]    Compiling proc-macro2 v1.0.59
[INFO] [stderr]    Compiling unicode-ident v1.0.6
[INFO] [stderr]    Compiling quote v1.0.28
[INFO] [stderr]    Compiling syn v1.0.109
[INFO] [stderr]    Compiling once_cell v1.17.1
[INFO] [stderr]    Compiling log v0.4.17
[INFO] [stderr]    Compiling parking_lot_core v0.9.7
[INFO] [stderr]    Compiling pin-project-lite v0.2.9
[INFO] [stderr]    Compiling scopeguard v1.1.0
[INFO] [stderr]    Compiling smallvec v1.10.0
[INFO] [stderr]    Compiling lock_api v0.4.9
[INFO] [stderr]    Compiling tokio v1.25.0
[INFO] [stderr]    Compiling itoa v1.0.5
[INFO] [stderr]    Compiling pkg-config v0.3.26
[INFO] [stderr]    Compiling typenum v1.16.0
[INFO] [stderr]    Compiling generic-array v0.14.6
[INFO] [stderr]    Compiling openssl-probe v0.1.5
[INFO] [stderr]    Compiling futures-util v0.3.28
[INFO] [stderr]    Compiling http v0.2.9
[INFO] [stderr]    Compiling tracing-core v0.1.30
[INFO] [stderr]    Compiling indexmap v1.9.2
[INFO] [stderr]    Compiling serde_derive v1.0.152
[INFO] [stderr]    Compiling foreign-types-shared v0.1.1
[INFO] [stderr]    Compiling openssl v0.10.45
[INFO] [stderr]    Compiling percent-encoding v2.2.0
[INFO] [stderr]    Compiling foreign-types v0.3.2
[INFO] [stderr]    Compiling rustls v0.21.1
[INFO] [stderr]    Compiling serde v1.0.152
[INFO] [stderr]    Compiling futures-channel v0.3.26
[INFO] [stderr]    Compiling native-tls v0.2.11
[INFO] [stderr]    Compiling form_urlencoded v1.1.0
[INFO] [stderr]    Compiling unicode-bidi v0.3.10
[INFO] [stderr]    Compiling base64 v0.21.0
[INFO] [stderr]    Compiling thiserror v1.0.38
[INFO] [stderr]    Compiling want v0.3.0
[INFO] [stderr]    Compiling openssl-sys v0.9.80
[INFO] [stderr]    Compiling ryu v1.0.12
[INFO] [stderr]    Compiling tracing v0.1.37
[INFO] [stderr]    Compiling cpufeatures v0.2.5
[INFO] [stderr]    Compiling serde_json v1.0.93
[INFO] [stderr]    Compiling data-encoding v2.4.0
[INFO] [stderr]    Compiling utf-8 v0.7.6
[INFO] [stderr]    Compiling idna v0.3.0
[INFO] [stderr]    Compiling rustls-pemfile v1.0.2
[INFO] [stderr]    Compiling syn v2.0.18
[INFO] [stderr]    Compiling aho-corasick v0.7.20
[INFO] [stderr]    Compiling rustls-native-certs v0.6.2
[INFO] [stderr]    Compiling http-body v0.4.5
[INFO] [stderr]    Compiling regex-syntax v0.6.28
[INFO] [stderr]    Compiling ipnet v2.7.1
[INFO] [stderr]    Compiling signal-hook-registry v1.4.1
[INFO] [stderr]    Compiling mio v0.8.6
[INFO] [stderr]    Compiling socket2 v0.4.7
[INFO] [stderr]    Compiling parking_lot v0.12.1
[INFO] [stderr]    Compiling num_cpus v1.15.0
[INFO] [stderr]    Compiling ring v0.16.20
[INFO] [stderr]    Compiling getrandom v0.2.8
[INFO] [stderr]    Compiling url v2.3.1
[INFO] [stderr]    Compiling rand_core v0.6.4
[INFO] [stderr]    Compiling mime v0.3.16
[INFO] [stderr]    Compiling rand_chacha v0.3.1
[INFO] [stderr]    Compiling rand v0.8.5
[INFO] [stderr]    Compiling block-buffer v0.10.3
[INFO] [stderr]    Compiling crypto-common v0.1.6
[INFO] [stderr]    Compiling digest v0.10.6
[INFO] [stderr]    Compiling sha1 v0.10.5
[INFO] [stderr]    Compiling sct v0.7.0
[INFO] [stderr]    Compiling rustls-webpki v0.100.1
[INFO] [stderr]    Compiling webpki v0.22.0
[INFO] [stderr]    Compiling regex v1.7.1
[INFO] [stderr]    Compiling tokio-macros v1.8.2
[INFO] [stderr]    Compiling openssl-macros v0.1.0
[INFO] [stderr]    Compiling thiserror-impl v1.0.38
[INFO] [stderr]    Compiling futures-macro v0.3.28
[INFO] [stderr]    Compiling tungstenite v0.19.0
[INFO] [stderr]    Compiling tokio-util v0.7.7
[INFO] [stderr]    Compiling tokio-native-tls v0.3.1
[INFO] [stderr]    Compiling tokio-rustls v0.24.0
[INFO] [stderr]    Compiling tokio-tungstenite v0.19.0
[INFO] [stderr]    Compiling h2 v0.3.15
[INFO] [stderr]    Compiling serde_urlencoded v0.7.1
[INFO] [stderr]    Compiling hyper v0.14.24
[INFO] [stderr]    Compiling hyper-tls v0.5.0
[INFO] [stderr]    Compiling reqwest v0.11.14
[INFO] [stderr]    Compiling trade_vision v0.1.1 (/opt/rustwide/workdir)
[INFO] [stderr]     Finished dev [unoptimized + debuginfo] target(s) in 13.59s
[INFO] running `Command { std: "docker" "inspect" "94bf068d87e2bd4712c67cd78ec4074afab7b142f75fc054b3a74c46cb2dc9b6", kill_on_drop: false }`
[INFO] running `Command { std: "docker" "rm" "-f" "94bf068d87e2bd4712c67cd78ec4074afab7b142f75fc054b3a74c46cb2dc9b6", kill_on_drop: false }`
[INFO] [stdout] 94bf068d87e2bd4712c67cd78ec4074afab7b142f75fc054b3a74c46cb2dc9b6
[INFO] running `Command { std: "docker" "create" "-v" "/var/lib/crater-agent-workspace/builds/worker-3-tc1/target:/opt/rustwide/target:rw,Z" "-v" "/var/lib/crater-agent-workspace/builds/worker-3-tc1/source:/opt/rustwide/workdir:ro,Z" "-v" "/var/lib/crater-agent-workspace/cargo-home:/opt/rustwide/cargo-home:ro,Z" "-v" "/var/lib/crater-agent-workspace/rustup-home:/opt/rustwide/rustup-home:ro,Z" "-e" "SOURCE_DIR=/opt/rustwide/workdir" "-e" "CARGO_TARGET_DIR=/opt/rustwide/target" "-e" "CARGO_INCREMENTAL=0" "-e" "RUST_BACKTRACE=full" "-e" "RUSTFLAGS=--cap-lints=warn" "-e" "RUSTDOCFLAGS=--cap-lints=warn" "-e" "CARGO_HOME=/opt/rustwide/cargo-home" "-e" "RUSTUP_HOME=/opt/rustwide/rustup-home" "-w" "/opt/rustwide/workdir" "-m" "1610612736" "--user" "0:0" "--network" "none" "ghcr.io/rust-lang/crates-build-env/linux@sha256:2788e3201cd34a07e3172128adcd8b3090168a8e3bcc40d7c032b9dda1df7d1c" "/opt/rustwide/cargo-home/bin/cargo" "+1.75.0" "test" "--frozen" "--no-run" "--message-format=json", kill_on_drop: false }`
[INFO] [stdout] 235fe122e544b07cf6d83456ddf31315d2bdf49de04f76ac93ee18ab8ec49c4a
[INFO] running `Command { std: "docker" "start" "-a" "235fe122e544b07cf6d83456ddf31315d2bdf49de04f76ac93ee18ab8ec49c4a", kill_on_drop: false }`
[INFO] [stderr]    Compiling trade_vision v0.1.1 (/opt/rustwide/workdir)
[INFO] [stderr]     Finished test [unoptimized + debuginfo] target(s) in 3.05s
[INFO] running `Command { std: "docker" "inspect" "235fe122e544b07cf6d83456ddf31315d2bdf49de04f76ac93ee18ab8ec49c4a", kill_on_drop: false }`
[INFO] running `Command { std: "docker" "rm" "-f" "235fe122e544b07cf6d83456ddf31315d2bdf49de04f76ac93ee18ab8ec49c4a", kill_on_drop: false }`
[INFO] [stdout] 235fe122e544b07cf6d83456ddf31315d2bdf49de04f76ac93ee18ab8ec49c4a
[INFO] running `Command { std: "docker" "create" "-v" "/var/lib/crater-agent-workspace/builds/worker-3-tc1/target:/opt/rustwide/target:rw,Z" "-v" "/var/lib/crater-agent-workspace/builds/worker-3-tc1/source:/opt/rustwide/workdir:ro,Z" "-v" "/var/lib/crater-agent-workspace/cargo-home:/opt/rustwide/cargo-home:ro,Z" "-v" "/var/lib/crater-agent-workspace/rustup-home:/opt/rustwide/rustup-home:ro,Z" "-e" "SOURCE_DIR=/opt/rustwide/workdir" "-e" "CARGO_TARGET_DIR=/opt/rustwide/target" "-e" "CARGO_INCREMENTAL=0" "-e" "RUST_BACKTRACE=full" "-e" "RUSTFLAGS=--cap-lints=warn" "-e" "RUSTDOCFLAGS=--cap-lints=warn" "-e" "CARGO_HOME=/opt/rustwide/cargo-home" "-e" "RUSTUP_HOME=/opt/rustwide/rustup-home" "-w" "/opt/rustwide/workdir" "-m" "1610612736" "--user" "0:0" "--network" "none" "ghcr.io/rust-lang/crates-build-env/linux@sha256:2788e3201cd34a07e3172128adcd8b3090168a8e3bcc40d7c032b9dda1df7d1c" "/opt/rustwide/cargo-home/bin/cargo" "+1.75.0" "test" "--frozen", kill_on_drop: false }`
[INFO] [stdout] f325d0515ad1ac2c3e015b457aeb8258dd993eb924062ea9ae1e075af2b506d7
[INFO] running `Command { std: "docker" "start" "-a" "f325d0515ad1ac2c3e015b457aeb8258dd993eb924062ea9ae1e075af2b506d7", kill_on_drop: false }`
[INFO] [stderr]     Finished test [unoptimized + debuginfo] target(s) in 0.09s
[INFO] [stderr]      Running unittests src/lib.rs (/opt/rustwide/target/debug/deps/trade_vision-b98a5aefe87ad487)
[INFO] [stdout] 
[INFO] [stdout] running 8 tests
[INFO] [stdout] test protocol::tests::test_format_ws_ping ... ok
[INFO] [stdout] test misc_requests::test_get_screener ... ok
[INFO] [stdout] test protocol::tests::test_format_ws_packet ... ok
[INFO] [stdout] test protocol::tests::test_ws_packet ... ok
[INFO] [stdout] test quote::session::tests::test_field_types ... ok
[INFO] [stdout] test quote::session::tests::test_get_quote_fields ... ok
[INFO] [stdout] test utils::test_generate_session_id ... ok
[INFO] [stdout] test protocol::tests::test_packet_parse ... ok
[INFO] [stdout] 
[INFO] [stdout] test result: ok. 8 passed; 0 failed; 0 ignored; 0 measured; 0 filtered out; finished in 0.00s
[INFO] [stdout] 
[INFO] [stderr]    Doc-tests trade_vision
[INFO] [stdout] 
[INFO] [stdout] running 7 tests
[INFO] [stdout] test src/misc_requests.rs - misc_requests::get_ta (line 90) ... ok
[INFO] [stdout] test src/protocol.rs - protocol::parse_ws_packet (line 95) ... FAILED
[INFO] [stdout] test src/protocol.rs - protocol::format_ws_packet (line 34) ... ok
[INFO] [stdout] test src/utils.rs - utils::generate_session_id (line 17) ... ok
[INFO] [stdout] test src/protocol.rs - protocol::format_ws_ping (line 67) ... ok
[INFO] [stdout] test src/misc_requests.rs - misc_requests::get_screener (line 14) ... ok
[INFO] [stdout] test src/quote/session.rs - quote::session::constructor (line 316) ... ok
[INFO] [stdout] 
[INFO] [stdout] failures:
[INFO] [stdout] 
[INFO] [stdout] ---- src/protocol.rs - protocol::parse_ws_packet (line 95) stdout ----
[INFO] [stdout] error: linking with `cc` failed: exit status: 1
[INFO] [stdout]   |
[INFO] [stdout]   = note: LC_ALL="C" PATH="/opt/rustwide/rustup-home/toolchains/1.75.0-x86_64-unknown-linux-gnu/lib/rustlib/x86_64-unknown-linux-gnu/bin:/opt/rustwide/cargo-home/bin:/usr/local/sbin:/usr/local/bin:/usr/sbin:/usr/bin:/sbin:/bin" VSLANG="1033" "cc" "-m64" "/tmp/rustcQ659uN/symbols.o" "/tmp/rustdoctestZpzwcP/rust_out.rust_out.263fb70ac1c95110-cgu.0.rcgu.o" "/tmp/rustdoctestZpzwcP/rust_out.2uel00cfmdh5ufit.rcgu.o" "-Wl,--as-needed" "-L" "/opt/rustwide/target/debug/deps" "-L" "/opt/rustwide/target/debug/deps" "-L" "/opt/rustwide/target/debug/build/ring-0cd49e87d4d55b88/out" "-L" "/opt/rustwide/rustup-home/toolchains/1.75.0-x86_64-unknown-linux-gnu/lib/rustlib/x86_64-unknown-linux-gnu/lib" "-Wl,-Bstatic" "/opt/rustwide/target/debug/deps/libtrade_vision-90e435b449298a1e.rlib" "/opt/rustwide/target/debug/deps/libreqwest-46520cfca5289d90.rlib" "/opt/rustwide/target/debug/deps/libhyper_tls-d0b5d7adb15ec166.rlib" "/opt/rustwide/target/debug/deps/libserde_urlencoded-9e1a3940a22ec502.rlib" "/opt/rustwide/target/debug/deps/libipnet-e3bdafb8758a028b.rlib" "/opt/rustwide/target/debug/deps/libtokio_native_tls-a302f26a6d5d700e.rlib" "/opt/rustwide/target/debug/deps/libmime-450b243d21db2a61.rlib" "/opt/rustwide/target/debug/deps/libencoding_rs-7cc5730ecb0d79b3.rlib" "/opt/rustwide/target/debug/deps/libserde_json-8fef6f82ba208a98.rlib" "/opt/rustwide/target/debug/deps/libryu-c770e4eb8410b4e4.rlib" "/opt/rustwide/target/debug/deps/libnative_tls-edc0541c834bcdb7.rlib" "/opt/rustwide/target/debug/deps/libopenssl-344dd6131c7d6ade.rlib" "/opt/rustwide/target/debug/deps/libbitflags-b7cee2ca4fb438d0.rlib" "/opt/rustwide/target/debug/deps/libforeign_types-c05743815e5b8a9d.rlib" "/opt/rustwide/target/debug/deps/libforeign_types_shared-d149f5491fde2862.rlib" "/opt/rustwide/target/debug/deps/libopenssl_sys-d64272116ff6c48e.rlib" "/opt/rustwide/target/debug/deps/libhyper-6cbb425f19045953.rlib" "/opt/rustwide/target/debug/deps/libwant-29a2634b7bb60b0f.rlib" "/opt/rustwide/target/debug/deps/libtry_lock-51271589248cd7d9.rlib" "/opt/rustwide/target/debug/deps/libh2-a24fd94591bf6ade.rlib" "/opt/rustwide/target/debug/deps/libindexmap-6a53f35a9491509c.rlib" "/opt/rustwide/target/debug/deps/libhashbrown-567986452cb9bc94.rlib" "/opt/rustwide/target/debug/deps/libtokio_util-d32bdaa07b100ba7.rlib" "/opt/rustwide/target/debug/deps/libtower_service-104d6e83d5ce383d.rlib" "/opt/rustwide/target/debug/deps/libtracing-668659c19909380c.rlib" "/opt/rustwide/target/debug/deps/libtracing_core-298e25f98621a58a.rlib" "/opt/rustwide/target/debug/deps/libfutures_channel-92c63dbb4c937478.rlib" "/opt/rustwide/target/debug/deps/libhttp_body-34a9bf1cf01b39f9.rlib" "/opt/rustwide/target/debug/deps/libtokio_tungstenite-50ca23aef2dd75e6.rlib" "/opt/rustwide/target/debug/deps/libtokio_rustls-1a207f00a6dbc658.rlib" "/opt/rustwide/target/debug/deps/libtungstenite-ca25e589e76fb82c.rlib" "/opt/rustwide/target/debug/deps/librustls_native_certs-f41ea7a2aeb446cb.rlib" "/opt/rustwide/target/debug/deps/librustls_pemfile-f0183db769845301.rlib" "/opt/rustwide/target/debug/deps/libbase64-01d5e7f2237ad80c.rlib" "/opt/rustwide/target/debug/deps/libopenssl_probe-d850575132083d7c.rlib" "/opt/rustwide/target/debug/deps/libdata_encoding-ee0993e6a6bc4037.rlib" "/opt/rustwide/target/debug/deps/libwebpki-c0eb49aa4f25e374.rlib" "/opt/rustwide/target/debug/deps/librustls-44c79489fea137aa.rlib" "/opt/rustwide/target/debug/deps/libsct-3ec574c9ef761da8.rlib" "/opt/rustwide/target/debug/deps/libwebpki-898da61946c776f1.rlib" "/opt/rustwide/target/debug/deps/libring-4c834d4c2cf9df0a.rlib" "/opt/rustwide/target/debug/deps/libspin-c4098cd951aef6c9.rlib" "/opt/rustwide/target/debug/deps/libuntrusted-5ec0aa78ed8cda5c.rlib" "/opt/rustwide/target/debug/deps/libonce_cell-a1c572e34ca85e55.rlib" "/opt/rustwide/target/debug/deps/libutf8-9b4563d058a684d7.rlib" "/opt/rustwide/target/debug/deps/libbyteorder-b7588b59c1d17615.rlib" "/opt/rustwide/target/debug/deps/libsha1-0ddefaf1d164142e.rlib" "/opt/rustwide/target/debug/deps/libcpufeatures-68ff2c2a83d8484f.rlib" "/opt/rustwide/target/debug/deps/libdigest-d5ba41844bf74bf4.rlib" "/opt/rustwide/target/debug/deps/libblock_buffer-4903853bd75eb765.rlib" "/opt/rustwide/target/debug/deps/libcrypto_common-e036c303a98e509c.rlib" "/opt/rustwide/target/debug/deps/libgeneric_array-b737503772575288.rlib" "/opt/rustwide/target/debug/deps/libtypenum-10066d62666e55cd.rlib" "/opt/rustwide/target/debug/deps/libhttparse-64f1ffbeda450424.rlib" "/opt/rustwide/target/debug/deps/libthiserror-8164d16097e36c7c.rlib" "/opt/rustwide/target/debug/deps/liburl-7de698eaba5316fd.rlib" "/opt/rustwide/target/debug/deps/libidna-c73c19433ac42807.rlib" "/opt/rustwide/target/debug/deps/libunicode_normalization-e1c1be84a555e587.rlib" "/opt/rustwide/target/debug/deps/libtinyvec-cf6c9f6b792a5507.rlib" "/opt/rustwide/target/debug/deps/libtinyvec_macros-b1cb7f53f58c9f87.rlib" "/opt/rustwide/target/debug/deps/libunicode_bidi-cbe1be37fef7c2aa.rlib" "/opt/rustwide/target/debug/deps/libform_urlencoded-e8c43e838ad28fa4.rlib" "/opt/rustwide/target/debug/deps/libpercent_encoding-c39f6500503dd269.rlib" "/opt/rustwide/target/debug/deps/libhttp-00fab7d826a55fab.rlib" "/opt/rustwide/target/debug/deps/libitoa-a6ef745b0a0d98d5.rlib" "/opt/rustwide/target/debug/deps/libfnv-18bf5144d055e772.rlib" "/opt/rustwide/target/debug/deps/libtokio-63527baa86f67da1.rlib" "/opt/rustwide/target/debug/deps/libsignal_hook_registry-c7ed33ff855b6f1a.rlib" "/opt/rustwide/target/debug/deps/libnum_cpus-27e0ef034e40cec4.rlib" "/opt/rustwide/target/debug/deps/libsocket2-94cd4cb9801767fa.rlib" "/opt/rustwide/target/debug/deps/libbytes-3fc98b508f6e4a28.rlib" "/opt/rustwide/target/debug/deps/libmio-ae46b10e20aa8df9.rlib" "/opt/rustwide/target/debug/deps/liblog-3ad322dff60a4fea.rlib" "/opt/rustwide/target/debug/deps/libparking_lot-010afcddb0afbb7f.rlib" "/opt/rustwide/target/debug/deps/libparking_lot_core-74b4784d4350fba4.rlib" "/opt/rustwide/target/debug/deps/libsmallvec-75a5879a2c4c0c6c.rlib" "/opt/rustwide/target/debug/deps/liblock_api-400daf411a1c055a.rlib" "/opt/rustwide/target/debug/deps/libscopeguard-b35f5c652940acc2.rlib" "/opt/rustwide/target/debug/deps/libfutures_util-78a79abc95aab8cf.rlib" "/opt/rustwide/target/debug/deps/libslab-7742106a97732125.rlib" "/opt/rustwide/target/debug/deps/libpin_project_lite-cead9f5d94689600.rlib" "/opt/rustwide/target/debug/deps/libfutures_sink-4afe6e57e5588fde.rlib" "/opt/rustwide/target/debug/deps/libfutures_task-ec207c36a8b1b716.rlib" "/opt/rustwide/target/debug/deps/libpin_utils-741f7d9d160e4a16.rlib" "/opt/rustwide/target/debug/deps/libfutures_core-02b74ed2f49284a7.rlib" "/opt/rustwide/target/debug/deps/librand-a813dd5a3296522d.rlib" "/opt/rustwide/target/debug/deps/librand_chacha-f3096920faa4cd17.rlib" "/opt/rustwide/target/debug/deps/libppv_lite86-9f808eb911999ef2.rlib" "/opt/rustwide/target/debug/deps/librand_core-d5251dd96ea34460.rlib" "/opt/rustwide/target/debug/deps/libgetrandom-2d84991226c463d6.rlib" "/opt/rustwide/target/debug/deps/liblibc-9c2267a594730902.rlib" "/opt/rustwide/target/debug/deps/libcfg_if-61dc7a6799e72b18.rlib" "/opt/rustwide/target/debug/deps/libregex-8c926fe50e559bd0.rlib" "/opt/rustwide/target/debug/deps/libaho_corasick-fec14e281eb19588.rlib" "/opt/rustwide/target/debug/deps/libmemchr-4fdcfd9ddfba30cb.rlib" "/opt/rustwide/target/debug/deps/libregex_syntax-d3814c8360f64d09.rlib" "/opt/rustwide/target/debug/deps/libserde-0323bbc536bee872.rlib" "/opt/rustwide/rustup-home/toolchains/1.75.0-x86_64-unknown-linux-gnu/lib/rustlib/x86_64-unknown-linux-gnu/lib/libstd-90f6ddbf82de36ec.rlib" "/opt/rustwide/rustup-home/toolchains/1.75.0-x86_64-unknown-linux-gnu/lib/rustlib/x86_64-unknown-linux-gnu/lib/libpanic_unwind-480c41e9d4e1f677.rlib" "/opt/rustwide/rustup-home/toolchains/1.75.0-x86_64-unknown-linux-gnu/lib/rustlib/x86_64-unknown-linux-gnu/lib/libobject-db744c0ca03eed1d.rlib" "/opt/rustwide/rustup-home/toolchains/1.75.0-x86_64-unknown-linux-gnu/lib/rustlib/x86_64-unknown-linux-gnu/lib/libmemchr-8ba652dc7d4b285a.rlib" "/opt/rustwide/rustup-home/toolchains/1.75.0-x86_64-unknown-linux-gnu/lib/rustlib/x86_64-unknown-linux-gnu/lib/libaddr2line-d5f4520a9ebc0d58.rlib" "/opt/rustwide/rustup-home/toolchains/1.75.0-x86_64-unknown-linux-gnu/lib/rustlib/x86_64-unknown-linux-gnu/lib/libgimli-4ad84de58f0cb463.rlib" "/opt/rustwide/rustup-home/toolchains/1.75.0-x86_64-unknown-linux-gnu/lib/rustlib/x86_64-unknown-linux-gnu/lib/librustc_demangle-0d10aae2e0f38735.rlib" "/opt/rustwide/rustup-home/toolchains/1.75.0-x86_64-unknown-linux-gnu/lib/rustlib/x86_64-unknown-linux-gnu/lib/libstd_detect-0c17cff739e6745b.rlib" "/opt/rustwide/rustup-home/toolchains/1.75.0-x86_64-unknown-linux-gnu/lib/rustlib/x86_64-unknown-linux-gnu/lib/libhashbrown-b29e17139dde1aa8.rlib" "/opt/rustwide/rustup-home/toolchains/1.75.0-x86_64-unknown-linux-gnu/lib/rustlib/x86_64-unknown-linux-gnu/lib/librustc_std_workspace_alloc-1f975299829cc7bd.rlib" "/opt/rustwide/rustup-home/toolchains/1.75.0-x86_64-unknown-linux-gnu/lib/rustlib/x86_64-unknown-linux-gnu/lib/libminiz_oxide-86bae3bc3079f89b.rlib" "/opt/rustwide/rustup-home/toolchains/1.75.0-x86_64-unknown-linux-gnu/lib/rustlib/x86_64-unknown-linux-gnu/lib/libadler-321b82c30dffdf5f.rlib" "/opt/rustwide/rustup-home/toolchains/1.75.0-x86_64-unknown-linux-gnu/lib/rustlib/x86_64-unknown-linux-gnu/lib/libunwind-3dd8a6810a0bdfef.rlib" "/opt/rustwide/rustup-home/toolchains/1.75.0-x86_64-unknown-linux-gnu/lib/rustlib/x86_64-unknown-linux-gnu/lib/libcfg_if-eb39a61c0c879984.rlib" "/opt/rustwide/rustup-home/toolchains/1.75.0-x86_64-unknown-linux-gnu/lib/rustlib/x86_64-unknown-linux-gnu/lib/liblibc-aa769569f91c3548.rlib" "/opt/rustwide/rustup-home/toolchains/1.75.0-x86_64-unknown-linux-gnu/lib/rustlib/x86_64-unknown-linux-gnu/lib/liballoc-510a192a50a983ed.rlib" "/opt/rustwide/rustup-home/toolchains/1.75.0-x86_64-unknown-linux-gnu/lib/rustlib/x86_64-unknown-linux-gnu/lib/librustc_std_workspace_core-0577018320f99037.rlib" "/opt/rustwide/rustup-home/toolchains/1.75.0-x86_64-unknown-linux-gnu/lib/rustlib/x86_64-unknown-linux-gnu/lib/libcore-193cf992125ccd4c.rlib" "/opt/rustwide/rustup-home/toolchains/1.75.0-x86_64-unknown-linux-gnu/lib/rustlib/x86_64-unknown-linux-gnu/lib/libcompiler_builtins-8e138eaf26ebb4a8.rlib" "-Wl,-Bdynamic" "-lssl" "-lcrypto" "-lgcc_s" "-lutil" "-lrt" "-lpthread" "-lm" "-ldl" "-lc" "-Wl,--eh-frame-hdr" "-Wl,-z,noexecstack" "-L" "/opt/rustwide/rustup-home/toolchains/1.75.0-x86_64-unknown-linux-gnu/lib/rustlib/x86_64-unknown-linux-gnu/lib" "-o" "/tmp/rustdoctestZpzwcP/rust_out" "-Wl,--gc-sections" "-pie" "-Wl,-z,relro,-z,now" "-nodefaultlibs"
[INFO] [stdout]   = note: collect2: fatal error: ld terminated with signal 9 [Killed]
[INFO] [stdout]           compilation terminated.
[INFO] [stdout]           
[INFO] [stdout] 
[INFO] [stdout] error: aborting due to previous error
[INFO] [stdout] 
[INFO] [stdout] Couldn't compile the test.
[INFO] [stdout] 
[INFO] [stdout] failures:
[INFO] [stdout]     src/protocol.rs - protocol::parse_ws_packet (line 95)
[INFO] [stdout] 
[INFO] [stdout] test result: FAILED. 6 passed; 1 failed; 0 ignored; 0 measured; 0 filtered out; finished in 2.90s
[INFO] [stdout] 
[INFO] [stderr] error: doctest failed, to rerun pass `--doc`
[INFO] running `Command { std: "docker" "inspect" "f325d0515ad1ac2c3e015b457aeb8258dd993eb924062ea9ae1e075af2b506d7", kill_on_drop: false }`
[INFO] running `Command { std: "docker" "rm" "-f" "f325d0515ad1ac2c3e015b457aeb8258dd993eb924062ea9ae1e075af2b506d7", kill_on_drop: false }`
[INFO] [stdout] f325d0515ad1ac2c3e015b457aeb8258dd993eb924062ea9ae1e075af2b506d7
[INFO] testing trade_vision-0.1.1 against beta-2023-12-22 for beta-1.76-1
[INFO] extracting crate trade_vision 0.1.1 into /workspace/builds/worker-3-tc2/source
[INFO] validating manifest of crates.io crate trade_vision 0.1.1 on toolchain beta-2023-12-22
[INFO] running `Command { std: CARGO_HOME="/workspace/cargo-home" RUSTUP_HOME="/workspace/rustup-home" "/workspace/cargo-home/bin/cargo" "+beta-2023-12-22" "metadata" "--manifest-path" "Cargo.toml" "--no-deps", kill_on_drop: false }`
[INFO] started tweaking crates.io crate trade_vision 0.1.1
[INFO] finished tweaking crates.io crate trade_vision 0.1.1
[INFO] tweaked toml for crates.io crate trade_vision 0.1.1 written to /workspace/builds/worker-3-tc2/source/Cargo.toml
[INFO] crate crates.io crate trade_vision 0.1.1 already has a lockfile, it will not be regenerated
[INFO] running `Command { std: CARGO_HOME="/workspace/cargo-home" RUSTUP_HOME="/workspace/rustup-home" "/workspace/cargo-home/bin/cargo" "+beta-2023-12-22" "fetch" "--manifest-path" "Cargo.toml", kill_on_drop: false }`
[INFO] running `Command { std: "docker" "create" "-v" "/var/lib/crater-agent-workspace/builds/worker-3-tc2/target:/opt/rustwide/target:rw,Z" "-v" "/var/lib/crater-agent-workspace/builds/worker-3-tc2/source:/opt/rustwide/workdir:ro,Z" "-v" "/var/lib/crater-agent-workspace/cargo-home:/opt/rustwide/cargo-home:ro,Z" "-v" "/var/lib/crater-agent-workspace/rustup-home:/opt/rustwide/rustup-home:ro,Z" "-e" "SOURCE_DIR=/opt/rustwide/workdir" "-e" "CARGO_TARGET_DIR=/opt/rustwide/target" "-e" "CARGO_HOME=/opt/rustwide/cargo-home" "-e" "RUSTUP_HOME=/opt/rustwide/rustup-home" "-w" "/opt/rustwide/workdir" "-m" "1610612736" "--user" "0:0" "--network" "none" "ghcr.io/rust-lang/crates-build-env/linux@sha256:2788e3201cd34a07e3172128adcd8b3090168a8e3bcc40d7c032b9dda1df7d1c" "/opt/rustwide/cargo-home/bin/cargo" "+beta-2023-12-22" "metadata" "--no-deps" "--format-version=1", kill_on_drop: false }`
[INFO] [stdout] 05d71e9098de49568abe8653ca31ddee99713c65b91d1fdea4b2aa6b52a431d2
[INFO] running `Command { std: "docker" "start" "-a" "05d71e9098de49568abe8653ca31ddee99713c65b91d1fdea4b2aa6b52a431d2", kill_on_drop: false }`
[INFO] running `Command { std: "docker" "inspect" "05d71e9098de49568abe8653ca31ddee99713c65b91d1fdea4b2aa6b52a431d2", kill_on_drop: false }`
[INFO] running `Command { std: "docker" "rm" "-f" "05d71e9098de49568abe8653ca31ddee99713c65b91d1fdea4b2aa6b52a431d2", kill_on_drop: false }`
[INFO] [stdout] 05d71e9098de49568abe8653ca31ddee99713c65b91d1fdea4b2aa6b52a431d2
[INFO] running `Command { std: "docker" "create" "-v" "/var/lib/crater-agent-workspace/builds/worker-3-tc2/target:/opt/rustwide/target:rw,Z" "-v" "/var/lib/crater-agent-workspace/builds/worker-3-tc2/source:/opt/rustwide/workdir:ro,Z" "-v" "/var/lib/crater-agent-workspace/cargo-home:/opt/rustwide/cargo-home:ro,Z" "-v" "/var/lib/crater-agent-workspace/rustup-home:/opt/rustwide/rustup-home:ro,Z" "-e" "SOURCE_DIR=/opt/rustwide/workdir" "-e" "CARGO_TARGET_DIR=/opt/rustwide/target" "-e" "CARGO_INCREMENTAL=0" "-e" "RUST_BACKTRACE=full" "-e" "RUSTFLAGS=--cap-lints=warn" "-e" "RUSTDOCFLAGS=--cap-lints=warn" "-e" "CARGO_HOME=/opt/rustwide/cargo-home" "-e" "RUSTUP_HOME=/opt/rustwide/rustup-home" "-w" "/opt/rustwide/workdir" "-m" "1610612736" "--user" "0:0" "--network" "none" "ghcr.io/rust-lang/crates-build-env/linux@sha256:2788e3201cd34a07e3172128adcd8b3090168a8e3bcc40d7c032b9dda1df7d1c" "/opt/rustwide/cargo-home/bin/cargo" "+beta-2023-12-22" "build" "--frozen" "--message-format=json", kill_on_drop: false }`
[INFO] [stdout] 14dfca998e244bfd3604d024f9bad29764d1e718ba026759fd66e8b709444c14
[INFO] running `Command { std: "docker" "start" "-a" "14dfca998e244bfd3604d024f9bad29764d1e718ba026759fd66e8b709444c14", kill_on_drop: false }`
[INFO] [stderr]    Compiling libc v0.2.139
[INFO] [stderr]    Compiling proc-macro2 v1.0.59
[INFO] [stderr]    Compiling quote v1.0.28
[INFO] [stderr]    Compiling unicode-ident v1.0.6
[INFO] [stderr]    Compiling syn v1.0.109
[INFO] [stderr]    Compiling once_cell v1.17.1
[INFO] [stderr]    Compiling log v0.4.17
[INFO] [stderr]    Compiling lock_api v0.4.9
[INFO] [stderr]    Compiling pin-project-lite v0.2.9
[INFO] [stderr]    Compiling parking_lot_core v0.9.7
[INFO] [stderr]    Compiling smallvec v1.10.0
[INFO] [stderr]    Compiling scopeguard v1.1.0
[INFO] [stderr]    Compiling tokio v1.25.0
[INFO] [stderr]    Compiling pkg-config v0.3.26
[INFO] [stderr]    Compiling itoa v1.0.5
[INFO] [stderr]    Compiling typenum v1.16.0
[INFO] [stderr]    Compiling generic-array v0.14.6
[INFO] [stderr]    Compiling futures-util v0.3.28
[INFO] [stderr]    Compiling openssl-probe v0.1.5
[INFO] [stderr]    Compiling http v0.2.9
[INFO] [stderr]    Compiling tracing-core v0.1.30
[INFO] [stderr]    Compiling indexmap v1.9.2
[INFO] [stderr]    Compiling serde_derive v1.0.152
[INFO] [stderr]    Compiling foreign-types-shared v0.1.1
[INFO] [stderr]    Compiling percent-encoding v2.2.0
[INFO] [stderr]    Compiling openssl v0.10.45
[INFO] [stderr]    Compiling foreign-types v0.3.2
[INFO] [stderr]    Compiling unicode-bidi v0.3.10
[INFO] [stderr]    Compiling serde v1.0.152
[INFO] [stderr]    Compiling futures-channel v0.3.26
[INFO] [stderr]    Compiling form_urlencoded v1.1.0
[INFO] [stderr]    Compiling rustls v0.21.1
[INFO] [stderr]    Compiling base64 v0.21.0
[INFO] [stderr]    Compiling native-tls v0.2.11
[INFO] [stderr]    Compiling thiserror v1.0.38
[INFO] [stderr]    Compiling want v0.3.0
[INFO] [stderr]    Compiling tracing v0.1.37
[INFO] [stderr]    Compiling openssl-sys v0.9.80
[INFO] [stderr]    Compiling idna v0.3.0
[INFO] [stderr]    Compiling serde_json v1.0.93
[INFO] [stderr]    Compiling cpufeatures v0.2.5
[INFO] [stderr]    Compiling ryu v1.0.12
[INFO] [stderr]    Compiling rustls-pemfile v1.0.2
[INFO] [stderr]    Compiling utf-8 v0.7.6
[INFO] [stderr]    Compiling rustls-native-certs v0.6.2
[INFO] [stderr]    Compiling data-encoding v2.4.0
[INFO] [stderr]    Compiling aho-corasick v0.7.20
[INFO] [stderr]    Compiling mime v0.3.16
[INFO] [stderr]    Compiling ipnet v2.7.1
[INFO] [stderr]    Compiling syn v2.0.18
[INFO] [stderr]    Compiling http-body v0.4.5
[INFO] [stderr]    Compiling num_cpus v1.15.0
[INFO] [stderr]    Compiling signal-hook-registry v1.4.1
[INFO] [stderr]    Compiling mio v0.8.6
[INFO] [stderr]    Compiling socket2 v0.4.7
[INFO] [stderr]    Compiling ring v0.16.20
[INFO] [stderr]    Compiling parking_lot v0.12.1
[INFO] [stderr]    Compiling getrandom v0.2.8
[INFO] [stderr]    Compiling rand_core v0.6.4
[INFO] [stderr]    Compiling url v2.3.1
[INFO] [stderr]    Compiling regex-syntax v0.6.28
[INFO] [stderr]    Compiling rand_chacha v0.3.1
[INFO] [stderr]    Compiling rand v0.8.5
[INFO] [stderr]    Compiling crypto-common v0.1.6
[INFO] [stderr]    Compiling block-buffer v0.10.3
[INFO] [stderr]    Compiling digest v0.10.6
[INFO] [stderr]    Compiling rustls-webpki v0.100.1
[INFO] [stderr]    Compiling sct v0.7.0
[INFO] [stderr]    Compiling webpki v0.22.0
[INFO] [stderr]    Compiling sha1 v0.10.5
[INFO] [stderr]    Compiling regex v1.7.1
[INFO] [stderr]    Compiling futures-macro v0.3.28
[INFO] [stderr]    Compiling tokio-macros v1.8.2
[INFO] [stderr]    Compiling openssl-macros v0.1.0
[INFO] [stderr]    Compiling thiserror-impl v1.0.38
[INFO] [stderr]    Compiling tungstenite v0.19.0
[INFO] [stderr]    Compiling tokio-util v0.7.7
[INFO] [stderr]    Compiling tokio-native-tls v0.3.1
[INFO] [stderr]    Compiling tokio-rustls v0.24.0
[INFO] [stderr]    Compiling tokio-tungstenite v0.19.0
[INFO] [stderr]    Compiling h2 v0.3.15
[INFO] [stderr]    Compiling serde_urlencoded v0.7.1
[INFO] [stderr]    Compiling hyper v0.14.24
[INFO] [stderr]    Compiling hyper-tls v0.5.0
[INFO] [stderr]    Compiling reqwest v0.11.14
[INFO] [stderr]    Compiling trade_vision v0.1.1 (/opt/rustwide/workdir)
[INFO] [stderr]     Finished dev [unoptimized + debuginfo] target(s) in 13.32s
[INFO] running `Command { std: "docker" "inspect" "14dfca998e244bfd3604d024f9bad29764d1e718ba026759fd66e8b709444c14", kill_on_drop: false }`
[INFO] running `Command { std: "docker" "rm" "-f" "14dfca998e244bfd3604d024f9bad29764d1e718ba026759fd66e8b709444c14", kill_on_drop: false }`
[INFO] [stdout] 14dfca998e244bfd3604d024f9bad29764d1e718ba026759fd66e8b709444c14
[INFO] running `Command { std: "docker" "create" "-v" "/var/lib/crater-agent-workspace/builds/worker-3-tc2/target:/opt/rustwide/target:rw,Z" "-v" "/var/lib/crater-agent-workspace/builds/worker-3-tc2/source:/opt/rustwide/workdir:ro,Z" "-v" "/var/lib/crater-agent-workspace/cargo-home:/opt/rustwide/cargo-home:ro,Z" "-v" "/var/lib/crater-agent-workspace/rustup-home:/opt/rustwide/rustup-home:ro,Z" "-e" "SOURCE_DIR=/opt/rustwide/workdir" "-e" "CARGO_TARGET_DIR=/opt/rustwide/target" "-e" "CARGO_INCREMENTAL=0" "-e" "RUST_BACKTRACE=full" "-e" "RUSTFLAGS=--cap-lints=warn" "-e" "RUSTDOCFLAGS=--cap-lints=warn" "-e" "CARGO_HOME=/opt/rustwide/cargo-home" "-e" "RUSTUP_HOME=/opt/rustwide/rustup-home" "-w" "/opt/rustwide/workdir" "-m" "1610612736" "--user" "0:0" "--network" "none" "ghcr.io/rust-lang/crates-build-env/linux@sha256:2788e3201cd34a07e3172128adcd8b3090168a8e3bcc40d7c032b9dda1df7d1c" "/opt/rustwide/cargo-home/bin/cargo" "+beta-2023-12-22" "test" "--frozen" "--no-run" "--message-format=json", kill_on_drop: false }`
[INFO] [stdout] bea4a875b6ad8b3e07c5e0961a47fe1e1eb6372f089853da89f92952ca8e5615
[INFO] running `Command { std: "docker" "start" "-a" "bea4a875b6ad8b3e07c5e0961a47fe1e1eb6372f089853da89f92952ca8e5615", kill_on_drop: false }`
[INFO] [stderr]    Compiling trade_vision v0.1.1 (/opt/rustwide/workdir)
[INFO] [stderr]     Finished test [unoptimized + debuginfo] target(s) in 2.97s
[INFO] running `Command { std: "docker" "inspect" "bea4a875b6ad8b3e07c5e0961a47fe1e1eb6372f089853da89f92952ca8e5615", kill_on_drop: false }`
[INFO] running `Command { std: "docker" "rm" "-f" "bea4a875b6ad8b3e07c5e0961a47fe1e1eb6372f089853da89f92952ca8e5615", kill_on_drop: false }`
[INFO] [stdout] bea4a875b6ad8b3e07c5e0961a47fe1e1eb6372f089853da89f92952ca8e5615
[INFO] running `Command { std: "docker" "create" "-v" "/var/lib/crater-agent-workspace/builds/worker-3-tc2/target:/opt/rustwide/target:rw,Z" "-v" "/var/lib/crater-agent-workspace/builds/worker-3-tc2/source:/opt/rustwide/workdir:ro,Z" "-v" "/var/lib/crater-agent-workspace/cargo-home:/opt/rustwide/cargo-home:ro,Z" "-v" "/var/lib/crater-agent-workspace/rustup-home:/opt/rustwide/rustup-home:ro,Z" "-e" "SOURCE_DIR=/opt/rustwide/workdir" "-e" "CARGO_TARGET_DIR=/opt/rustwide/target" "-e" "CARGO_INCREMENTAL=0" "-e" "RUST_BACKTRACE=full" "-e" "RUSTFLAGS=--cap-lints=warn" "-e" "RUSTDOCFLAGS=--cap-lints=warn" "-e" "CARGO_HOME=/opt/rustwide/cargo-home" "-e" "RUSTUP_HOME=/opt/rustwide/rustup-home" "-w" "/opt/rustwide/workdir" "-m" "1610612736" "--user" "0:0" "--network" "none" "ghcr.io/rust-lang/crates-build-env/linux@sha256:2788e3201cd34a07e3172128adcd8b3090168a8e3bcc40d7c032b9dda1df7d1c" "/opt/rustwide/cargo-home/bin/cargo" "+beta-2023-12-22" "test" "--frozen", kill_on_drop: false }`
[INFO] [stdout] cd24b32639baaf407ef7d5dc248025d0f0e83fdf83dfed02b66ae6fd77647994
[INFO] running `Command { std: "docker" "start" "-a" "cd24b32639baaf407ef7d5dc248025d0f0e83fdf83dfed02b66ae6fd77647994", kill_on_drop: false }`
[INFO] [stderr]     Finished test [unoptimized + debuginfo] target(s) in 0.08s
[INFO] [stderr]      Running unittests src/lib.rs (/opt/rustwide/target/debug/deps/trade_vision-01d93ced6e589635)
[INFO] [stdout] 
[INFO] [stdout] running 8 tests
[INFO] [stdout] test protocol::tests::test_format_ws_ping ... ok
[INFO] [stdout] test protocol::tests::test_format_ws_packet ... ok
[INFO] [stdout] test misc_requests::test_get_screener ... ok
[INFO] [stdout] test protocol::tests::test_ws_packet ... ok
[INFO] [stdout] test quote::session::tests::test_field_types ... ok
[INFO] [stdout] test quote::session::tests::test_get_quote_fields ... ok
[INFO] [stdout] test utils::test_generate_session_id ... ok
[INFO] [stdout] test protocol::tests::test_packet_parse ... ok
[INFO] [stdout] 
[INFO] [stdout] test result: ok. 8 passed; 0 failed; 0 ignored; 0 measured; 0 filtered out; finished in 0.01s
[INFO] [stdout] 
[INFO] [stderr]    Doc-tests trade_vision
[INFO] [stdout] 
[INFO] [stdout] running 7 tests
[INFO] [stdout] test src/misc_requests.rs - misc_requests::get_ta (line 90) ... ok
[INFO] [stdout] test src/misc_requests.rs - misc_requests::get_screener (line 14) ... ok
[INFO] [stdout] test src/protocol.rs - protocol::format_ws_ping (line 67) ... ok
[INFO] [stdout] test src/utils.rs - utils::generate_session_id (line 17) ... ok
[INFO] [stdout] test src/protocol.rs - protocol::format_ws_packet (line 34) ... ok
[INFO] [stdout] test src/quote/session.rs - quote::session::constructor (line 316) ... ok
[INFO] [stdout] test src/protocol.rs - protocol::parse_ws_packet (line 95) ... ok
[INFO] [stdout] 
[INFO] [stdout] test result: ok. 7 passed; 0 failed; 0 ignored; 0 measured; 0 filtered out; finished in 2.63s
[INFO] [stdout] 
[INFO] running `Command { std: "docker" "inspect" "cd24b32639baaf407ef7d5dc248025d0f0e83fdf83dfed02b66ae6fd77647994", kill_on_drop: false }`
[INFO] running `Command { std: "docker" "rm" "-f" "cd24b32639baaf407ef7d5dc248025d0f0e83fdf83dfed02b66ae6fd77647994", kill_on_drop: false }`
[INFO] [stdout] cd24b32639baaf407ef7d5dc248025d0f0e83fdf83dfed02b66ae6fd77647994
