[INFO] fetching crate surreal_derive_plus 1.0.7...
[INFO] testing surreal_derive_plus-1.0.7 against 1.75.0 for beta-1.76-1
[INFO] extracting crate surreal_derive_plus 1.0.7 into /workspace/builds/worker-4-tc1/source
[INFO] validating manifest of crates.io crate surreal_derive_plus 1.0.7 on toolchain 1.75.0
[INFO] running `Command { std: CARGO_HOME="/workspace/cargo-home" RUSTUP_HOME="/workspace/rustup-home" "/workspace/cargo-home/bin/cargo" "+1.75.0" "metadata" "--manifest-path" "Cargo.toml" "--no-deps", kill_on_drop: false }`
[INFO] removed /workspace/builds/worker-4-tc1/source/rust-toolchain.toml
[INFO] started tweaking crates.io crate surreal_derive_plus 1.0.7
[INFO] finished tweaking crates.io crate surreal_derive_plus 1.0.7
[INFO] tweaked toml for crates.io crate surreal_derive_plus 1.0.7 written to /workspace/builds/worker-4-tc1/source/Cargo.toml
[INFO] running `Command { std: CARGO_HOME="/workspace/cargo-home" RUSTUP_HOME="/workspace/rustup-home" "/workspace/cargo-home/bin/cargo" "+1.75.0" "generate-lockfile" "--manifest-path" "Cargo.toml", kill_on_drop: false }`
[INFO] [stderr]     Updating crates.io index
[INFO] running `Command { std: CARGO_HOME="/workspace/cargo-home" RUSTUP_HOME="/workspace/rustup-home" "/workspace/cargo-home/bin/cargo" "+1.75.0" "fetch" "--manifest-path" "Cargo.toml", kill_on_drop: false }`
[INFO] [stderr]  Downloading crates ...
[INFO] [stderr]   Downloaded ulid v1.1.0
[INFO] [stderr]   Downloaded rstar v0.11.0
[INFO] [stderr]   Downloaded float_next_after v1.0.0
[INFO] [stderr]   Downloaded storekey v0.5.0
[INFO] [stderr]   Downloaded revision v0.5.0
[INFO] [stderr]   Downloaded futures-concurrency v7.4.3
[INFO] [stderr]   Downloaded surrealdb-derive v0.12.0
[INFO] [stderr]   Downloaded blowfish v0.9.1
[INFO] [stderr]   Downloaded bcrypt v0.14.0
[INFO] [stderr]   Downloaded path-clean v1.0.1
[INFO] [stderr]   Downloaded lexicmp v0.1.0
[INFO] [stderr]   Downloaded rustc_lexer v0.1.0
[INFO] [stderr]   Downloaded surrealdb-jsonwebtoken v8.3.0-surreal.1
[INFO] [stderr]   Downloaded addr v0.15.6
[INFO] [stderr]   Downloaded geo v0.25.1
[INFO] [stderr]   Downloaded earcutr v0.4.3
[INFO] [stderr]   Downloaded robust v1.1.0
[INFO] [stderr]   Downloaded surrealdb v1.0.2
[INFO] [stderr]   Downloaded surreal_devl v1.0.3
[INFO] [stderr]   Downloaded geo v0.26.0
[INFO] [stderr]   Downloaded cedar-policy-core v2.4.2
[INFO] [stderr]   Downloaded any_ascii v0.3.2
[INFO] [stderr]   Downloaded unicode-security v0.1.0
[INFO] [stderr]   Downloaded cedar-policy-validator v2.4.2
[INFO] [stderr]   Downloaded dmp v0.2.0
[INFO] [stderr]   Downloaded rstar v0.10.0
[INFO] [stderr]   Downloaded wasmtimer v0.2.0
[INFO] [stderr]   Downloaded cedar-policy v2.4.2
[INFO] [stderr]   Downloaded revision-derive v0.5.0
[INFO] [stderr]   Downloaded roaring v0.10.2
[INFO] [stderr]   Downloaded trice v0.3.1
[INFO] running `Command { std: "docker" "create" "-v" "/var/lib/crater-agent-workspace/builds/worker-4-tc1/target:/opt/rustwide/target:rw,Z" "-v" "/var/lib/crater-agent-workspace/builds/worker-4-tc1/source:/opt/rustwide/workdir:ro,Z" "-v" "/var/lib/crater-agent-workspace/cargo-home:/opt/rustwide/cargo-home:ro,Z" "-v" "/var/lib/crater-agent-workspace/rustup-home:/opt/rustwide/rustup-home:ro,Z" "-e" "SOURCE_DIR=/opt/rustwide/workdir" "-e" "CARGO_TARGET_DIR=/opt/rustwide/target" "-e" "CARGO_HOME=/opt/rustwide/cargo-home" "-e" "RUSTUP_HOME=/opt/rustwide/rustup-home" "-w" "/opt/rustwide/workdir" "-m" "1610612736" "--user" "0:0" "--network" "none" "ghcr.io/rust-lang/crates-build-env/linux@sha256:2788e3201cd34a07e3172128adcd8b3090168a8e3bcc40d7c032b9dda1df7d1c" "/opt/rustwide/cargo-home/bin/cargo" "+1.75.0" "metadata" "--no-deps" "--format-version=1", kill_on_drop: false }`
[INFO] [stdout] 26776fdc5c2959de2eac637b5f1d7360a4840c876cdf108a7c84d2395f2752ba
[INFO] running `Command { std: "docker" "start" "-a" "26776fdc5c2959de2eac637b5f1d7360a4840c876cdf108a7c84d2395f2752ba", kill_on_drop: false }`
[INFO] running `Command { std: "docker" "inspect" "26776fdc5c2959de2eac637b5f1d7360a4840c876cdf108a7c84d2395f2752ba", kill_on_drop: false }`
[INFO] running `Command { std: "docker" "rm" "-f" "26776fdc5c2959de2eac637b5f1d7360a4840c876cdf108a7c84d2395f2752ba", kill_on_drop: false }`
[INFO] [stdout] 26776fdc5c2959de2eac637b5f1d7360a4840c876cdf108a7c84d2395f2752ba
[INFO] running `Command { std: "docker" "create" "-v" "/var/lib/crater-agent-workspace/builds/worker-4-tc1/target:/opt/rustwide/target:rw,Z" "-v" "/var/lib/crater-agent-workspace/builds/worker-4-tc1/source:/opt/rustwide/workdir:ro,Z" "-v" "/var/lib/crater-agent-workspace/cargo-home:/opt/rustwide/cargo-home:ro,Z" "-v" "/var/lib/crater-agent-workspace/rustup-home:/opt/rustwide/rustup-home:ro,Z" "-e" "SOURCE_DIR=/opt/rustwide/workdir" "-e" "CARGO_TARGET_DIR=/opt/rustwide/target" "-e" "CARGO_INCREMENTAL=0" "-e" "RUST_BACKTRACE=full" "-e" "RUSTFLAGS=--cap-lints=warn" "-e" "RUSTDOCFLAGS=--cap-lints=warn" "-e" "CARGO_HOME=/opt/rustwide/cargo-home" "-e" "RUSTUP_HOME=/opt/rustwide/rustup-home" "-w" "/opt/rustwide/workdir" "-m" "1610612736" "--user" "0:0" "--network" "none" "ghcr.io/rust-lang/crates-build-env/linux@sha256:2788e3201cd34a07e3172128adcd8b3090168a8e3bcc40d7c032b9dda1df7d1c" "/opt/rustwide/cargo-home/bin/cargo" "+1.75.0" "build" "--frozen" "--message-format=json", kill_on_drop: false }`
[INFO] [stdout] 1435018fc2ec51c4d75b8e30ac87843458dc884c43ac577c54e1449d6564df81
[INFO] running `Command { std: "docker" "start" "-a" "1435018fc2ec51c4d75b8e30ac87843458dc884c43ac577c54e1449d6564df81", kill_on_drop: false }`
[INFO] [stderr]    Compiling cfg-if v1.0.0
[INFO] [stderr]    Compiling serde v1.0.194
[INFO] [stderr]    Compiling scopeguard v1.2.0
[INFO] [stderr]    Compiling libc v0.2.151
[INFO] [stderr]    Compiling lock_api v0.4.11
[INFO] [stderr]    Compiling generic-array v0.14.7
[INFO] [stderr]    Compiling typenum v1.17.0
[INFO] [stderr]    Compiling serde_derive v1.0.194
[INFO] [stderr]    Compiling smallvec v1.11.2
[INFO] [stderr]    Compiling libm v0.2.8
[INFO] [stderr]    Compiling memchr v2.7.1
[INFO] [stderr]    Compiling num-traits v0.2.17
[INFO] [stderr]    Compiling log v0.4.20
[INFO] [stderr]    Compiling spin v0.9.8
[INFO] [stderr]    Compiling subtle v2.5.0
[INFO] [stderr]    Compiling byteorder v1.5.0
[INFO] [stderr]    Compiling semver v1.0.21
[INFO] [stderr]    Compiling cc v1.0.83
[INFO] [stderr]    Compiling getrandom v0.2.11
[INFO] [stderr]    Compiling thiserror v1.0.56
[INFO] [stderr]    Compiling itoa v1.0.10
[INFO] [stderr]    Compiling pin-project-lite v0.2.13
[INFO] [stderr]    Compiling either v1.9.0
[INFO] [stderr]    Compiling rand_core v0.6.4
[INFO] [stderr]    Compiling aho-corasick v1.1.2
[INFO] [stderr]    Compiling parking_lot_core v0.9.9
[INFO] [stderr]    Compiling futures-core v0.3.30
[INFO] [stderr]    Compiling regex-syntax v0.8.2
[INFO] [stderr]    Compiling darling_core v0.20.3
[INFO] [stderr]    Compiling dirs-sys-next v0.1.2
[INFO] [stderr]    Compiling crypto-common v0.1.6
[INFO] [stderr]    Compiling block-buffer v0.10.4
[INFO] [stderr]    Compiling tinyvec_macros v0.1.1
[INFO] [stderr]    Compiling rustix v0.38.28
[INFO] [stderr]    Compiling digest v0.10.7
[INFO] [stderr]    Compiling crunchy v0.2.2
[INFO] [stderr]    Compiling tinyvec v1.6.0
[INFO] [stderr]    Compiling dirs-next v2.0.0
[INFO] [stderr]    Compiling ring v0.17.7
[INFO] [stderr]    Compiling ring v0.16.20
[INFO] [stderr]    Compiling slab v0.4.9
[INFO] [stderr]    Compiling linux-raw-sys v0.4.12
[INFO] [stderr]    Compiling serde_json v1.0.111
[INFO] [stderr]    Compiling crossbeam-utils v0.8.18
[INFO] [stderr]    Compiling siphasher v0.3.11
[INFO] [stderr]    Compiling untrusted v0.9.0
[INFO] [stderr]    Compiling cpufeatures v0.2.12
[INFO] [stderr]    Compiling bitflags v2.4.1
[INFO] [stderr]    Compiling tiny-keccak v2.0.2
[INFO] [stderr]    Compiling phf_shared v0.10.0
[INFO] [stderr]    Compiling unicode-normalization v0.1.22
[INFO] [stderr]    Compiling regex-automata v0.4.3
[INFO] [stderr]    Compiling parking_lot v0.12.1
[INFO] [stderr]    Compiling term v0.7.0
[INFO] [stderr]    Compiling darling_macro v0.20.3
[INFO] [stderr]    Compiling hash32 v0.2.1
[INFO] [stderr]    Compiling bit-vec v0.6.3
[INFO] [stderr]    Compiling fixedbitset v0.4.2
[INFO] [stderr]    Compiling ryu v1.0.16
[INFO] [stderr]    Compiling new_debug_unreachable v1.0.4
[INFO] [stderr]    Compiling lazy_static v1.4.0
[INFO] [stderr]    Compiling precomputed-hash v0.1.1
[INFO] [stderr]    Compiling stable_deref_trait v1.2.0
[INFO] [stderr]    Compiling petgraph v0.6.4
[INFO] [stderr]    Compiling string_cache v0.8.7
[INFO] [stderr]    Compiling bit-set v0.5.3
[INFO] [stderr]    Compiling ascii-canvas v3.0.0
[INFO] [stderr]    Compiling is-terminal v0.4.10
[INFO] [stderr]    Compiling darling v0.20.3
[INFO] [stderr]    Compiling psm v0.1.21
[INFO] [stderr]    Compiling itertools v0.10.5
[INFO] [stderr]    Compiling ena v0.14.2
[INFO] [stderr]    Compiling ppv-lite86 v0.2.17
[INFO] [stderr]    Compiling untrusted v0.7.1
[INFO] [stderr]    Compiling syn v1.0.109
[INFO] [stderr]    Compiling spin v0.5.2
[INFO] [stderr]    Compiling diff v0.1.13
[INFO] [stderr]    Compiling regex-syntax v0.7.5
[INFO] [stderr]    Compiling pico-args v0.5.0
[INFO] [stderr]    Compiling futures-sink v0.3.30
[INFO] [stderr]    Compiling regex v1.10.2
[INFO] [stderr]    Compiling rand_chacha v0.3.1
[INFO] [stderr]    Compiling lalrpop-util v0.20.0
[INFO] [stderr]    Compiling webpki v0.22.4
[INFO] [stderr]    Compiling concurrent-queue v2.4.0
[INFO] [stderr]    Compiling stacker v0.1.15
[INFO] [stderr]    Compiling inout v0.1.3
[INFO] [stderr]    Compiling proc-macro-error-attr v1.0.4
[INFO] [stderr]    Compiling bytes v1.5.0
[INFO] [stderr]    Compiling rustls v0.20.9
[INFO] [stderr]    Compiling num-integer v0.1.45
[INFO] [stderr]    Compiling cipher v0.4.4
[INFO] [stderr]    Compiling rand v0.8.5
[INFO] [stderr]    Compiling sct v0.7.1
[INFO] [stderr]    Compiling futures-channel v0.3.30
[INFO] [stderr]    Compiling serde_with_macros v3.4.0
[INFO] [stderr]    Compiling approx v0.5.1
[INFO] [stderr]    Compiling itertools v0.11.0
[INFO] [stderr]    Compiling futures-macro v0.3.30
[INFO] [stderr]    Compiling ahash v0.8.7
[INFO] [stderr]    Compiling lalrpop v0.20.0
[INFO] [stderr]    Compiling num-bigint v0.4.4
[INFO] [stderr]    Compiling rustc_version v0.4.0
[INFO] [stderr]    Compiling heapless v0.7.17
[INFO] [stderr]    Compiling proc-macro-error v1.0.4
[INFO] [stderr]    Compiling futures-io v0.3.30
[INFO] [stderr]    Compiling time-core v0.1.2
[INFO] [stderr]    Compiling futures-task v0.3.30
[INFO] [stderr]    Compiling unicode-width v0.1.11
[INFO] [stderr]    Compiling base64ct v1.6.0
[INFO] [stderr]    Compiling httparse v1.8.0
[INFO] [stderr]    Compiling parking v2.2.0
[INFO] [stderr]    Compiling powerfmt v0.2.0
[INFO] [stderr]    Compiling percent-encoding v2.3.1
[INFO] [stderr]    Compiling pin-utils v0.1.0
[INFO] [stderr]    Compiling radium v0.7.0
[INFO] [stderr]    Compiling unicode-bidi v0.3.14
[INFO] [stderr]    Compiling form_urlencoded v1.2.1
[INFO] [stderr]    Compiling password-hash v0.5.0
[INFO] [stderr]    Compiling futures-util v0.3.30
[INFO] [stderr]    Compiling deranged v0.3.11
[INFO] [stderr]    Compiling event-listener v4.0.2
[INFO] [stderr]    Compiling rstar v0.11.0
[INFO] [stderr]    Compiling rstar v0.10.0
[INFO] [stderr]    Compiling idna v0.5.0
[INFO] [stderr]    Compiling serde_with v3.4.0
[INFO] [stderr]    Compiling miette v5.10.0
[INFO] [stderr]    Compiling time-macros v0.2.16
[INFO] [stderr]    Compiling geo-types v0.7.12
[INFO] [stderr]    Compiling earcutr v0.4.3
[INFO] [stderr]    Compiling smol_str v0.2.0
[INFO] [stderr]    Compiling rustc_lexer v0.1.0
[INFO] [stderr]    Compiling geographiclib-rs v0.2.3
[INFO] [stderr]    Compiling socket2 v0.5.5
[INFO] [stderr]    Compiling num_cpus v1.16.0
[INFO] [stderr]    Compiling mio v0.8.10
[INFO] [stderr]    Compiling tokio-macros v2.2.0
[INFO] [stderr]    Compiling pin-project-internal v1.1.3
[INFO] [stderr]    Compiling float_next_after v1.0.0
[INFO] [stderr]    Compiling tap v1.0.1
[INFO] [stderr]    Compiling base64 v0.21.5
[INFO] [stderr]    Compiling ref-cast v1.0.22
[INFO] [stderr]    Compiling zerocopy v0.7.32
[INFO] [stderr]    Compiling rust_decimal v1.33.1
[INFO] [stderr]    Compiling ipnet v2.9.0
[INFO] [stderr]    Compiling unicode-script v0.5.5
[INFO] [stderr]    Compiling unicode-security v0.1.0
[INFO] [stderr]    Compiling tokio v1.35.1
[INFO] [stderr]    Compiling wyz v0.5.1
[INFO] [stderr]    Compiling time v0.3.31
[INFO] [stderr]    Compiling pin-project v1.1.3
[INFO] [stderr]    Compiling url v2.5.0
[INFO] [stderr]    Compiling event-listener-strategy v0.4.0
[INFO] [stderr]    Compiling http v0.2.11
[INFO] [stderr]    Compiling sha1 v0.10.6
[INFO] [stderr]    Compiling sha2 v0.10.8
[INFO] [stderr]    Compiling hmac v0.12.1
[INFO] [stderr]    Compiling ref-cast-impl v1.0.22
[INFO] [stderr]    Compiling indexmap v1.9.3
[INFO] [stderr]    Compiling robust v1.1.0
[INFO] [stderr]    Compiling base64 v0.13.1
[INFO] [stderr]    Compiling retain_mut v0.1.7
[INFO] [stderr]    Compiling iana-time-zone v0.1.59
[INFO] [stderr]    Compiling utf-8 v0.7.6
[INFO] [stderr]    Compiling camino v1.1.6
[INFO] [stderr]    Compiling arrayvec v0.7.4
[INFO] [stderr]    Compiling fst v0.4.7
[INFO] [stderr]    Compiling funty v2.0.0
[INFO] [stderr]    Compiling bytemuck v1.14.0
[INFO] [stderr]    Compiling snap v1.1.1
[INFO] [stderr]    Compiling atomic v0.5.3
[INFO] [stderr]    Compiling uuid v1.6.1
[INFO] [stderr]    Compiling roaring v0.10.2
[INFO] [stderr]    Compiling tungstenite v0.18.0
[INFO] [stderr]    Compiling chrono v0.4.31
[INFO] [stderr]    Compiling bitvec v1.0.1
[INFO] [stderr]    Compiling geo v0.26.0
[INFO] [stderr]    Compiling simple_asn1 v0.6.2
[INFO] [stderr]    Compiling tokio-rustls v0.23.4
[INFO] [stderr]    Compiling pbkdf2 v0.12.2
[INFO] [stderr]    Compiling async-lock v3.2.0
[INFO] [stderr]    Compiling revision-derive v0.5.0
[INFO] [stderr]    Compiling futures-executor v0.3.30
[INFO] [stderr]    Compiling hashbrown v0.13.2
[INFO] [stderr]    Compiling pem v2.0.1
[INFO] [stderr]    Compiling bincode v1.3.3
[INFO] [stderr]    Compiling salsa20 v0.10.2
[INFO] [stderr]    Compiling blowfish v0.9.1
[INFO] [stderr]    Compiling webpki-roots v0.22.6
[INFO] [stderr]    Compiling blake2 v0.10.6
[INFO] [stderr]    Compiling futures-lite v2.1.0
[INFO] [stderr]    Compiling nanorand v0.7.0
[INFO] [stderr]    Compiling nibble_vec v0.1.0
[INFO] [stderr]    Compiling tracing-core v0.1.32
[INFO] [stderr]    Compiling thread_local v1.1.7
[INFO] [stderr]    Compiling event-listener v2.5.3
[INFO] [stderr]    Compiling psl-types v2.0.11
[INFO] [stderr]    Compiling fastrand v2.0.1
[INFO] [stderr]    Compiling async-task v4.7.0
[INFO] [stderr]    Compiling zeroize v1.7.0
[INFO] [stderr]    Compiling robust v0.2.3
[INFO] [stderr]    Compiling endian-type v0.1.2
[INFO] [stderr]    Compiling minimal-lexical v0.2.1
[INFO] [stderr]    Compiling any_ascii v0.3.2
[INFO] [stderr]    Compiling urlencoding v2.1.3
[INFO] [stderr]    Compiling hashbrown v0.12.3
[INFO] [stderr]    Compiling radix_trie v0.2.1
[INFO] [stderr]    Compiling nom v7.1.3
[INFO] [stderr]    Compiling lexicmp v0.1.0
[INFO] [stderr]    Compiling dmp v0.2.0
[INFO] [stderr]    Compiling revision v0.5.0
[INFO] [stderr]    Compiling async-executor v1.8.0
[INFO] [stderr]    Compiling geo v0.25.1
[INFO] [stderr]    Compiling bcrypt v0.14.0
[INFO] [stderr]    Compiling tracing v0.1.40
[INFO] [stderr]    Compiling addr v0.15.6
[INFO] [stderr]    Compiling fuzzy-matcher v0.3.7
[INFO] [stderr]    Compiling async-channel v1.9.0
[INFO] [stderr]    Compiling argon2 v0.5.2
[INFO] [stderr]    Compiling flume v0.10.14
[INFO] [stderr]    Compiling tokio-tungstenite v0.18.0
[INFO] [stderr]    Compiling futures-concurrency v7.4.3
[INFO] [stderr]    Compiling scrypt v0.11.0
[INFO] [stderr]    Compiling lru v0.10.1
[INFO] [stderr]    Compiling surrealdb-jsonwebtoken v8.3.0-surreal.1
[INFO] [stderr]    Compiling futures v0.3.30
[INFO] [stderr]    Compiling surrealdb-derive v0.12.0
[INFO] [stderr]    Compiling cargo-platform v0.1.6
[INFO] [stderr]    Compiling storekey v0.5.0
[INFO] [stderr]    Compiling ulid v1.1.0
[INFO] [stderr]    Compiling rust-stemmers v1.2.0
[INFO] [stderr]    Compiling nanoid v0.4.0
[INFO] [stderr]    Compiling sha-1 v0.10.1
[INFO] [stderr]    Compiling md-5 v0.10.6
[INFO] [stderr]    Compiling async-recursion v1.0.5
[INFO] [stderr]    Compiling trice v0.3.1
[INFO] [stderr]    Compiling path-clean v1.0.1
[INFO] [stderr]    Compiling deunicode v1.4.2
[INFO] [stderr]    Compiling cargo_metadata v0.18.1
[INFO] [stderr]    Compiling cedar-policy-core v2.4.2
[INFO] [stderr]    Compiling cedar-policy-validator v2.4.2
[INFO] [stderr]    Compiling cedar-policy v2.4.2
[INFO] [stderr]    Compiling surrealdb v1.0.2
[INFO] [stderr]    Compiling surreal_devl v1.0.3
[INFO] [stderr] error: could not compile `surrealdb` (lib)
[INFO] [stderr] 
[INFO] [stderr] Caused by:
[INFO] [stderr]   process didn't exit successfully: `/opt/rustwide/rustup-home/toolchains/1.75.0-x86_64-unknown-linux-gnu/bin/rustc --crate-name surrealdb --edition=2021 /opt/rustwide/cargo-home/registry/src/index.crates.io-6f17d22bba15001f/surrealdb-1.0.2/src/lib.rs --error-format=json --json=diagnostic-rendered-ansi,artifacts,future-incompat --crate-type lib --emit=dep-info,metadata,link -C embed-bitcode=no --cfg 'feature="default"' --cfg 'feature="protocol-ws"' --cfg 'feature="rustls"' -C metadata=da418c50ab34b15c -C extra-filename=-da418c50ab34b15c --out-dir /opt/rustwide/target/debug/deps -L dependency=/opt/rustwide/target/debug/deps --extern addr=/opt/rustwide/target/debug/deps/libaddr-b85a91a680187311.rmeta --extern ascii=/opt/rustwide/target/debug/deps/libany_ascii-f40fb0b53e7a1b3d.rmeta --extern argon2=/opt/rustwide/target/debug/deps/libargon2-bc9a490d399e8ec4.rmeta --extern channel=/opt/rustwide/target/debug/deps/libasync_channel-7c061721f5d09a5f.rmeta --extern executor=/opt/rustwide/target/debug/deps/libasync_executor-2b8f3a2b4c0898c5.rmeta --extern async_recursion=/opt/rustwide/target/debug/deps/libasync_recursion-5655307bed12cf7e.so --extern base64_lib=/opt/rustwide/target/debug/deps/libbase64-866e2ba70fbfb1dd.rmeta --extern bcrypt=/opt/rustwide/target/debug/deps/libbcrypt-2809ec6a3bf12978.rmeta --extern bincode=/opt/rustwide/target/debug/deps/libbincode-7e1888ffdb82003f.rmeta --extern bytes=/opt/rustwide/target/debug/deps/libbytes-be8e6376fadfa3d6.rmeta --extern cedar_policy=/opt/rustwide/target/debug/deps/libcedar_policy-afc381b497c13a08.rmeta --extern chrono=/opt/rustwide/target/debug/deps/libchrono-fad795bce3fa79d7.rmeta --extern deunicode=/opt/rustwide/target/debug/deps/libdeunicode-71f624b73f44181b.rmeta --extern dmp=/opt/rustwide/target/debug/deps/libdmp-48b712c1ea5f2811.rmeta --extern flume=/opt/rustwide/target/debug/deps/libflume-926e1b8481432a7d.rmeta --extern fst=/opt/rustwide/target/debug/deps/libfst-f3747efa696eee13.rmeta --extern futures=/opt/rustwide/target/debug/deps/libfutures-6215acb5075390e9.rmeta --extern futures_concurrency=/opt/rustwide/target/debug/deps/libfutures_concurrency-4afee92be7a1ebe6.rmeta --extern fuzzy_matcher=/opt/rustwide/target/debug/deps/libfuzzy_matcher-0d5da52468e70074.rmeta --extern geo=/opt/rustwide/target/debug/deps/libgeo-5076f5a681207665.rmeta --extern indexmap=/opt/rustwide/target/debug/deps/libindexmap-e86841b02aa63e4c.rmeta --extern ipnet=/opt/rustwide/target/debug/deps/libipnet-0f6fa9f8ae709cad.rmeta --extern lexicmp=/opt/rustwide/target/debug/deps/liblexicmp-a601ae32a57245dc.rmeta --extern lru=/opt/rustwide/target/debug/deps/liblru-ecb9f0403c32b010.rmeta --extern md5=/opt/rustwide/target/debug/deps/libmd5-0ac3a6967a93c212.rmeta --extern nanoid=/opt/rustwide/target/debug/deps/libnanoid-800182e07ebef337.rmeta --extern nom=/opt/rustwide/target/debug/deps/libnom-ecc1f51293eef248.rmeta --extern once_cell=/opt/rustwide/target/debug/deps/libonce_cell-3a24c1fb45a7de1f.rmeta --extern path_clean=/opt/rustwide/target/debug/deps/libpath_clean-8199d1a3ab5d74f3.rmeta --extern pbkdf2=/opt/rustwide/target/debug/deps/libpbkdf2-c3816722cf6ab365.rmeta --extern pin_project_lite=/opt/rustwide/target/debug/deps/libpin_project_lite-75cd6808f69f5a62.rmeta --extern radix_trie=/opt/rustwide/target/debug/deps/libradix_trie-374cd4521d633fbb.rmeta --extern rand=/opt/rustwide/target/debug/deps/librand-d2b6749eb18d1bf4.rmeta --extern regex=/opt/rustwide/target/debug/deps/libregex-8f642869bd125574.rmeta --extern revision=/opt/rustwide/target/debug/deps/librevision-581e8738d7f7d01a.rmeta --extern roaring=/opt/rustwide/target/debug/deps/libroaring-bd108e984f81ab9d.rmeta --extern rust_stemmers=/opt/rustwide/target/debug/deps/librust_stemmers-aa3ffb53e400108a.rmeta --extern rust_decimal=/opt/rustwide/target/debug/deps/librust_decimal-97cb162b1961d33f.rmeta --extern rustls=/opt/rustwide/target/debug/deps/librustls-affa0dbebf041cc2.rmeta --extern scrypt=/opt/rustwide/target/debug/deps/libscrypt-0d67e901c85c5aca.rmeta --extern semver=/opt/rustwide/target/debug/deps/libsemver-09cae074ab904444.rmeta --extern serde=/opt/rustwide/target/debug/deps/libserde-b7caf0e3366052ca.rmeta --extern serde_json=/opt/rustwide/target/debug/deps/libserde_json-72f7f09cf537fe7f.rmeta --extern sha1=/opt/rustwide/target/debug/deps/libsha1-65ddeba1689441a4.rmeta --extern sha2=/opt/rustwide/target/debug/deps/libsha2-68e76218a25b5261.rmeta --extern snap=/opt/rustwide/target/debug/deps/libsnap-3ea4a6c0746a50ed.rmeta --extern storekey=/opt/rustwide/target/debug/deps/libstorekey-4108e886697a2eee.rmeta --extern derive=/opt/rustwide/target/debug/deps/libsurrealdb_derive-10e4ae16a06009f2.so --extern jsonwebtoken=/opt/rustwide/target/debug/deps/libsurrealdb_jsonwebtoken-e5c68d944344fdb6.rmeta --extern thiserror=/opt/rustwide/target/debug/deps/libthiserror-046d33c009809a33.rmeta --extern tokio=/opt/rustwide/target/debug/deps/libtokio-ced12c41f170c20c.rmeta --extern tokio_tungstenite=/opt/rustwide/target/debug/deps/libtokio_tungstenite-1c4ad7b195a65369.rmeta --extern tracing=/opt/rustwide/target/debug/deps/libtracing-4bcdd2a146d33005.rmeta --extern trice=/opt/rustwide/target/debug/deps/libtrice-ecdf3156be0efa2b.rmeta --extern ulid=/opt/rustwide/target/debug/deps/libulid-b1f55f6c92009335.rmeta --extern url=/opt/rustwide/target/debug/deps/liburl-572ebf571fa68a97.rmeta --extern uuid=/opt/rustwide/target/debug/deps/libuuid-d56acac99af87349.rmeta --cap-lints allow --cap-lints=warn -L native=/opt/rustwide/target/debug/build/psm-f8d1bc41bec11121/out -L native=/opt/rustwide/target/debug/build/ring-4a693f4ac51777e9/out -L native=/opt/rustwide/target/debug/build/ring-6acf9f7f4694d87c/out` (signal: 9, SIGKILL: kill)
[INFO] running `Command { std: "docker" "inspect" "1435018fc2ec51c4d75b8e30ac87843458dc884c43ac577c54e1449d6564df81", kill_on_drop: false }`
[INFO] running `Command { std: "docker" "rm" "-f" "1435018fc2ec51c4d75b8e30ac87843458dc884c43ac577c54e1449d6564df81", kill_on_drop: false }`
[INFO] [stdout] 1435018fc2ec51c4d75b8e30ac87843458dc884c43ac577c54e1449d6564df81
[INFO] testing surreal_derive_plus-1.0.7 against beta-2023-12-22 for beta-1.76-1
[INFO] extracting crate surreal_derive_plus 1.0.7 into /workspace/builds/worker-4-tc2/source
[INFO] validating manifest of crates.io crate surreal_derive_plus 1.0.7 on toolchain beta-2023-12-22
[INFO] running `Command { std: CARGO_HOME="/workspace/cargo-home" RUSTUP_HOME="/workspace/rustup-home" "/workspace/cargo-home/bin/cargo" "+beta-2023-12-22" "metadata" "--manifest-path" "Cargo.toml" "--no-deps", kill_on_drop: false }`
[INFO] removed /workspace/builds/worker-4-tc2/source/rust-toolchain.toml
[INFO] started tweaking crates.io crate surreal_derive_plus 1.0.7
[INFO] finished tweaking crates.io crate surreal_derive_plus 1.0.7
[INFO] tweaked toml for crates.io crate surreal_derive_plus 1.0.7 written to /workspace/builds/worker-4-tc2/source/Cargo.toml
[INFO] running `Command { std: CARGO_HOME="/workspace/cargo-home" RUSTUP_HOME="/workspace/rustup-home" "/workspace/cargo-home/bin/cargo" "+beta-2023-12-22" "generate-lockfile" "--manifest-path" "Cargo.toml", kill_on_drop: false }`
[INFO] [stderr]     Updating crates.io index
[INFO] running `Command { std: CARGO_HOME="/workspace/cargo-home" RUSTUP_HOME="/workspace/rustup-home" "/workspace/cargo-home/bin/cargo" "+beta-2023-12-22" "fetch" "--manifest-path" "Cargo.toml", kill_on_drop: false }`
[INFO] running `Command { std: "docker" "create" "-v" "/var/lib/crater-agent-workspace/builds/worker-4-tc2/target:/opt/rustwide/target:rw,Z" "-v" "/var/lib/crater-agent-workspace/builds/worker-4-tc2/source:/opt/rustwide/workdir:ro,Z" "-v" "/var/lib/crater-agent-workspace/cargo-home:/opt/rustwide/cargo-home:ro,Z" "-v" "/var/lib/crater-agent-workspace/rustup-home:/opt/rustwide/rustup-home:ro,Z" "-e" "SOURCE_DIR=/opt/rustwide/workdir" "-e" "CARGO_TARGET_DIR=/opt/rustwide/target" "-e" "CARGO_HOME=/opt/rustwide/cargo-home" "-e" "RUSTUP_HOME=/opt/rustwide/rustup-home" "-w" "/opt/rustwide/workdir" "-m" "1610612736" "--user" "0:0" "--network" "none" "ghcr.io/rust-lang/crates-build-env/linux@sha256:2788e3201cd34a07e3172128adcd8b3090168a8e3bcc40d7c032b9dda1df7d1c" "/opt/rustwide/cargo-home/bin/cargo" "+beta-2023-12-22" "metadata" "--no-deps" "--format-version=1", kill_on_drop: false }`
[INFO] [stdout] 6ebedff57df968ded77c6c7db4586bd6759605a5caf397b514ff405f6004e708
[INFO] running `Command { std: "docker" "start" "-a" "6ebedff57df968ded77c6c7db4586bd6759605a5caf397b514ff405f6004e708", kill_on_drop: false }`
[INFO] running `Command { std: "docker" "inspect" "6ebedff57df968ded77c6c7db4586bd6759605a5caf397b514ff405f6004e708", kill_on_drop: false }`
[INFO] running `Command { std: "docker" "rm" "-f" "6ebedff57df968ded77c6c7db4586bd6759605a5caf397b514ff405f6004e708", kill_on_drop: false }`
[INFO] [stdout] 6ebedff57df968ded77c6c7db4586bd6759605a5caf397b514ff405f6004e708
[INFO] running `Command { std: "docker" "create" "-v" "/var/lib/crater-agent-workspace/builds/worker-4-tc2/target:/opt/rustwide/target:rw,Z" "-v" "/var/lib/crater-agent-workspace/builds/worker-4-tc2/source:/opt/rustwide/workdir:ro,Z" "-v" "/var/lib/crater-agent-workspace/cargo-home:/opt/rustwide/cargo-home:ro,Z" "-v" "/var/lib/crater-agent-workspace/rustup-home:/opt/rustwide/rustup-home:ro,Z" "-e" "SOURCE_DIR=/opt/rustwide/workdir" "-e" "CARGO_TARGET_DIR=/opt/rustwide/target" "-e" "CARGO_INCREMENTAL=0" "-e" "RUST_BACKTRACE=full" "-e" "RUSTFLAGS=--cap-lints=warn" "-e" "RUSTDOCFLAGS=--cap-lints=warn" "-e" "CARGO_HOME=/opt/rustwide/cargo-home" "-e" "RUSTUP_HOME=/opt/rustwide/rustup-home" "-w" "/opt/rustwide/workdir" "-m" "1610612736" "--user" "0:0" "--network" "none" "ghcr.io/rust-lang/crates-build-env/linux@sha256:2788e3201cd34a07e3172128adcd8b3090168a8e3bcc40d7c032b9dda1df7d1c" "/opt/rustwide/cargo-home/bin/cargo" "+beta-2023-12-22" "build" "--frozen" "--message-format=json", kill_on_drop: false }`
[INFO] [stdout] 87dc83110284292f8870a7d61ce0da0c5580978f7a9e9e056b33363581cf55ff
[INFO] running `Command { std: "docker" "start" "-a" "87dc83110284292f8870a7d61ce0da0c5580978f7a9e9e056b33363581cf55ff", kill_on_drop: false }`
[INFO] [stderr]    Compiling cfg-if v1.0.0
[INFO] [stderr]    Compiling serde v1.0.194
[INFO] [stderr]    Compiling scopeguard v1.2.0
[INFO] [stderr]    Compiling libc v0.2.151
[INFO] [stderr]    Compiling lock_api v0.4.11
[INFO] [stderr]    Compiling generic-array v0.14.7
[INFO] [stderr]    Compiling typenum v1.17.0
[INFO] [stderr]    Compiling serde_derive v1.0.194
[INFO] [stderr]    Compiling smallvec v1.11.2
[INFO] [stderr]    Compiling libm v0.2.8
[INFO] [stderr]    Compiling memchr v2.7.1
[INFO] [stderr]    Compiling num-traits v0.2.17
[INFO] [stderr]    Compiling subtle v2.5.0
[INFO] [stderr]    Compiling byteorder v1.5.0
[INFO] [stderr]    Compiling spin v0.9.8
[INFO] [stderr]    Compiling log v0.4.20
[INFO] [stderr]    Compiling semver v1.0.21
[INFO] [stderr]    Compiling thiserror v1.0.56
[INFO] [stderr]    Compiling cc v1.0.83
[INFO] [stderr]    Compiling getrandom v0.2.11
[INFO] [stderr]    Compiling itoa v1.0.10
[INFO] [stderr]    Compiling pin-project-lite v0.2.13
[INFO] [stderr]    Compiling either v1.9.0
[INFO] [stderr]    Compiling rand_core v0.6.4
[INFO] [stderr]    Compiling aho-corasick v1.1.2
[INFO] [stderr]    Compiling regex-syntax v0.8.2
[INFO] [stderr]    Compiling parking_lot_core v0.9.9
[INFO] [stderr]    Compiling futures-core v0.3.30
[INFO] [stderr]    Compiling darling_core v0.20.3
[INFO] [stderr]    Compiling crypto-common v0.1.6
[INFO] [stderr]    Compiling block-buffer v0.10.4
[INFO] [stderr]    Compiling dirs-sys-next v0.1.2
[INFO] [stderr]    Compiling digest v0.10.7
[INFO] [stderr]    Compiling crunchy v0.2.2
[INFO] [stderr]    Compiling rustix v0.38.28
[INFO] [stderr]    Compiling tinyvec_macros v0.1.1
[INFO] [stderr]    Compiling tinyvec v1.6.0
[INFO] [stderr]    Compiling dirs-next v2.0.0
[INFO] [stderr]    Compiling ring v0.17.7
[INFO] [stderr]    Compiling ring v0.16.20
[INFO] [stderr]    Compiling slab v0.4.9
[INFO] [stderr]    Compiling bitflags v2.4.1
[INFO] [stderr]    Compiling linux-raw-sys v0.4.12
[INFO] [stderr]    Compiling serde_json v1.0.111
[INFO] [stderr]    Compiling tiny-keccak v2.0.2
[INFO] [stderr]    Compiling cpufeatures v0.2.12
[INFO] [stderr]    Compiling crossbeam-utils v0.8.18
[INFO] [stderr]    Compiling untrusted v0.9.0
[INFO] [stderr]    Compiling regex-automata v0.4.3
[INFO] [stderr]    Compiling siphasher v0.3.11
[INFO] [stderr]    Compiling unicode-normalization v0.1.22
[INFO] [stderr]    Compiling phf_shared v0.10.0
[INFO] [stderr]    Compiling parking_lot v0.12.1
[INFO] [stderr]    Compiling darling_macro v0.20.3
[INFO] [stderr]    Compiling term v0.7.0
[INFO] [stderr]    Compiling hash32 v0.2.1
[INFO] [stderr]    Compiling precomputed-hash v0.1.1
[INFO] [stderr]    Compiling lazy_static v1.4.0
[INFO] [stderr]    Compiling ryu v1.0.16
[INFO] [stderr]    Compiling bit-vec v0.6.3
[INFO] [stderr]    Compiling stable_deref_trait v1.2.0
[INFO] [stderr]    Compiling new_debug_unreachable v1.0.4
[INFO] [stderr]    Compiling fixedbitset v0.4.2
[INFO] [stderr]    Compiling string_cache v0.8.7
[INFO] [stderr]    Compiling petgraph v0.6.4
[INFO] [stderr]    Compiling bit-set v0.5.3
[INFO] [stderr]    Compiling darling v0.20.3
[INFO] [stderr]    Compiling ascii-canvas v3.0.0
[INFO] [stderr]    Compiling is-terminal v0.4.10
[INFO] [stderr]    Compiling psm v0.1.21
[INFO] [stderr]    Compiling itertools v0.10.5
[INFO] [stderr]    Compiling ena v0.14.2
[INFO] [stderr]    Compiling spin v0.5.2
[INFO] [stderr]    Compiling pico-args v0.5.0
[INFO] [stderr]    Compiling regex v1.10.2
[INFO] [stderr]    Compiling regex-syntax v0.7.5
[INFO] [stderr]    Compiling diff v0.1.13
[INFO] [stderr]    Compiling lalrpop-util v0.20.0
[INFO] [stderr]    Compiling syn v1.0.109
[INFO] [stderr]    Compiling ppv-lite86 v0.2.17
[INFO] [stderr]    Compiling untrusted v0.7.1
[INFO] [stderr]    Compiling futures-sink v0.3.30
[INFO] [stderr]    Compiling webpki v0.22.4
[INFO] [stderr]    Compiling rand_chacha v0.3.1
[INFO] [stderr]    Compiling concurrent-queue v2.4.0
[INFO] [stderr]    Compiling stacker v0.1.15
[INFO] [stderr]    Compiling inout v0.1.3
[INFO] [stderr]    Compiling proc-macro-error-attr v1.0.4
[INFO] [stderr]    Compiling bytes v1.5.0
[INFO] [stderr]    Compiling rustls v0.20.9
[INFO] [stderr]    Compiling cipher v0.4.4
[INFO] [stderr]    Compiling num-integer v0.1.45
[INFO] [stderr]    Compiling rand v0.8.5
[INFO] [stderr]    Compiling futures-channel v0.3.30
[INFO] [stderr]    Compiling sct v0.7.1
[INFO] [stderr]    Compiling serde_with_macros v3.4.0
[INFO] [stderr]    Compiling rustc_version v0.4.0
[INFO] [stderr]    Compiling lalrpop v0.20.0
[INFO] [stderr]    Compiling heapless v0.7.17
[INFO] [stderr]    Compiling approx v0.5.1
[INFO] [stderr]    Compiling itertools v0.11.0
[INFO] [stderr]    Compiling futures-macro v0.3.30
[INFO] [stderr]    Compiling num-bigint v0.4.4
[INFO] [stderr]    Compiling proc-macro-error v1.0.4
[INFO] [stderr]    Compiling rstar v0.10.0
[INFO] [stderr]    Compiling rstar v0.11.0
[INFO] [stderr]    Compiling ahash v0.8.7
[INFO] [stderr]    Compiling unicode-bidi v0.3.14
[INFO] [stderr]    Compiling pin-utils v0.1.0
[INFO] [stderr]    Compiling radium v0.7.0
[INFO] [stderr]    Compiling futures-task v0.3.30
[INFO] [stderr]    Compiling futures-io v0.3.30
[INFO] [stderr]    Compiling parking v2.2.0
[INFO] [stderr]    Compiling httparse v1.8.0
[INFO] [stderr]    Compiling base64ct v1.6.0
[INFO] [stderr]    Compiling time-core v0.1.2
[INFO] [stderr]    Compiling percent-encoding v2.3.1
[INFO] [stderr]    Compiling unicode-width v0.1.11
[INFO] [stderr]    Compiling powerfmt v0.2.0
[INFO] [stderr]    Compiling time-macros v0.2.16
[INFO] [stderr]    Compiling password-hash v0.5.0
[INFO] [stderr]    Compiling form_urlencoded v1.2.1
[INFO] [stderr]    Compiling miette v5.10.0
[INFO] [stderr]    Compiling futures-util v0.3.30
[INFO] [stderr]    Compiling deranged v0.3.11
[INFO] [stderr]    Compiling event-listener v4.0.2
[INFO] [stderr]    Compiling geo-types v0.7.12
[INFO] [stderr]    Compiling idna v0.5.0
[INFO] [stderr]    Compiling earcutr v0.4.3
[INFO] [stderr]    Compiling serde_with v3.4.0
[INFO] [stderr]    Compiling smol_str v0.2.0
[INFO] [stderr]    Compiling rustc_lexer v0.1.0
[INFO] [stderr]    Compiling geographiclib-rs v0.2.3
[INFO] [stderr]    Compiling mio v0.8.10
[INFO] [stderr]    Compiling num_cpus v1.16.0
[INFO] [stderr]    Compiling socket2 v0.5.5
[INFO] [stderr]    Compiling pin-project-internal v1.1.3
[INFO] [stderr]    Compiling tokio-macros v2.2.0
[INFO] [stderr]    Compiling unicode-script v0.5.5
[INFO] [stderr]    Compiling ref-cast v1.0.22
[INFO] [stderr]    Compiling ipnet v2.9.0
[INFO] [stderr]    Compiling zerocopy v0.7.32
[INFO] [stderr]    Compiling tap v1.0.1
[INFO] [stderr]    Compiling base64 v0.21.5
[INFO] [stderr]    Compiling rust_decimal v1.33.1
[INFO] [stderr]    Compiling float_next_after v1.0.0
[INFO] [stderr]    Compiling wyz v0.5.1
[INFO] [stderr]    Compiling tokio v1.35.1
[INFO] [stderr]    Compiling unicode-security v0.1.0
[INFO] [stderr]    Compiling time v0.3.31
[INFO] [stderr]    Compiling pin-project v1.1.3
[INFO] [stderr]    Compiling url v2.5.0
[INFO] [stderr]    Compiling event-listener-strategy v0.4.0
[INFO] [stderr]    Compiling http v0.2.11
[INFO] [stderr]    Compiling sha1 v0.10.6
[INFO] [stderr]    Compiling sha2 v0.10.8
[INFO] [stderr]    Compiling hmac v0.12.1
[INFO] [stderr]    Compiling ref-cast-impl v1.0.22
[INFO] [stderr]    Compiling indexmap v1.9.3
[INFO] [stderr]    Compiling iana-time-zone v0.1.59
[INFO] [stderr]    Compiling camino v1.1.6
[INFO] [stderr]    Compiling utf-8 v0.7.6
[INFO] [stderr]    Compiling base64 v0.13.1
[INFO] [stderr]    Compiling retain_mut v0.1.7
[INFO] [stderr]    Compiling robust v1.1.0
[INFO] [stderr]    Compiling arrayvec v0.7.4
[INFO] [stderr]    Compiling funty v2.0.0
[INFO] [stderr]    Compiling atomic v0.5.3
[INFO] [stderr]    Compiling fst v0.4.7
[INFO] [stderr]    Compiling bytemuck v1.14.0
[INFO] [stderr]    Compiling snap v1.1.1
[INFO] [stderr]    Compiling geo v0.26.0
[INFO] [stderr]    Compiling roaring v0.10.2
[INFO] [stderr]    Compiling uuid v1.6.1
[INFO] [stderr]    Compiling bitvec v1.0.1
[INFO] [stderr]    Compiling tungstenite v0.18.0
[INFO] [stderr]    Compiling tokio-rustls v0.23.4
[INFO] [stderr]    Compiling simple_asn1 v0.6.2
[INFO] [stderr]    Compiling chrono v0.4.31
[INFO] [stderr]    Compiling pbkdf2 v0.12.2
[INFO] [stderr]    Compiling async-lock v3.2.0
[INFO] [stderr]    Compiling revision-derive v0.5.0
[INFO] [stderr]    Compiling futures-executor v0.3.30
[INFO] [stderr]    Compiling hashbrown v0.13.2
[INFO] [stderr]    Compiling pem v2.0.1
[INFO] [stderr]    Compiling bincode v1.3.3
[INFO] [stderr]    Compiling blowfish v0.9.1
[INFO] [stderr]    Compiling salsa20 v0.10.2
[INFO] [stderr]    Compiling webpki-roots v0.22.6
[INFO] [stderr]    Compiling blake2 v0.10.6
[INFO] [stderr]    Compiling futures-lite v2.1.0
[INFO] [stderr]    Compiling nanorand v0.7.0
[INFO] [stderr]    Compiling nibble_vec v0.1.0
[INFO] [stderr]    Compiling tracing-core v0.1.32
[INFO] [stderr]    Compiling thread_local v1.1.7
[INFO] [stderr]    Compiling hashbrown v0.12.3
[INFO] [stderr]    Compiling robust v0.2.3
[INFO] [stderr]    Compiling urlencoding v2.1.3
[INFO] [stderr]    Compiling endian-type v0.1.2
[INFO] [stderr]    Compiling zeroize v1.7.0
[INFO] [stderr]    Compiling event-listener v2.5.3
[INFO] [stderr]    Compiling async-task v4.7.0
[INFO] [stderr]    Compiling fastrand v2.0.1
[INFO] [stderr]    Compiling minimal-lexical v0.2.1
[INFO] [stderr]    Compiling any_ascii v0.3.2
[INFO] [stderr]    Compiling psl-types v2.0.11
[INFO] [stderr]    Compiling async-executor v1.8.0
[INFO] [stderr]    Compiling async-channel v1.9.0
[INFO] [stderr]    Compiling bcrypt v0.14.0
[INFO] [stderr]    Compiling addr v0.15.6
[INFO] [stderr]    Compiling dmp v0.2.0
[INFO] [stderr]    Compiling nom v7.1.3
[INFO] [stderr]    Compiling radix_trie v0.2.1
[INFO] [stderr]    Compiling revision v0.5.0
[INFO] [stderr]    Compiling geo v0.25.1
[INFO] [stderr]    Compiling tracing v0.1.40
[INFO] [stderr]    Compiling fuzzy-matcher v0.3.7
[INFO] [stderr]    Compiling flume v0.10.14
[INFO] [stderr]    Compiling argon2 v0.5.2
[INFO] [stderr]    Compiling tokio-tungstenite v0.18.0
[INFO] [stderr]    Compiling scrypt v0.11.0
[INFO] [stderr]    Compiling futures-concurrency v7.4.3
[INFO] [stderr]    Compiling lexicmp v0.1.0
[INFO] [stderr]    Compiling lru v0.10.1
[INFO] [stderr]    Compiling surrealdb-jsonwebtoken v8.3.0-surreal.1
[INFO] [stderr]    Compiling futures v0.3.30
[INFO] [stderr]    Compiling surrealdb-derive v0.12.0
[INFO] [stderr]    Compiling nanoid v0.4.0
[INFO] [stderr]    Compiling ulid v1.1.0
[INFO] [stderr]    Compiling rust-stemmers v1.2.0
[INFO] [stderr]    Compiling storekey v0.5.0
[INFO] [stderr]    Compiling cargo-platform v0.1.6
[INFO] [stderr]    Compiling sha-1 v0.10.1
[INFO] [stderr]    Compiling md-5 v0.10.6
[INFO] [stderr]    Compiling async-recursion v1.0.5
[INFO] [stderr]    Compiling deunicode v1.4.2
[INFO] [stderr]    Compiling trice v0.3.1
[INFO] [stderr]    Compiling path-clean v1.0.1
[INFO] [stderr]    Compiling cargo_metadata v0.18.1
[INFO] [stderr]    Compiling cedar-policy-core v2.4.2
[INFO] [stderr]    Compiling cedar-policy-validator v2.4.2
[INFO] [stderr]    Compiling cedar-policy v2.4.2
[INFO] [stderr]    Compiling surrealdb v1.0.2
[INFO] [stderr]    Compiling surreal_devl v1.0.3
[INFO] [stderr]    Compiling surreal_derive_plus v1.0.7 (/opt/rustwide/workdir)
[INFO] [stdout] warning: unused imports: `Any`, `TypeId`
[INFO] [stdout]  --> src/surreal_quote.rs:1:16
[INFO] [stdout]   |
[INFO] [stdout] 1 | use std::any::{Any, TypeId};
[INFO] [stdout]   |                ^^^  ^^^^^^
[INFO] [stdout]   |
[INFO] [stdout]   = note: `#[warn(unused_imports)]` on by default
[INFO] [stdout] 
[INFO] [stdout] 
[INFO] [stdout] warning: unused import: `std::fmt::Display`
[INFO] [stdout]  --> src/lib.rs:6:5
[INFO] [stdout]   |
[INFO] [stdout] 6 | use std::fmt::Display;
[INFO] [stdout]   |     ^^^^^^^^^^^^^^^^^
[INFO] [stdout] 
[INFO] [stdout] 
[INFO] [stdout] warning: unused import: `quote::ToTokens`
[INFO] [stdout]  --> src/lib.rs:7:5
[INFO] [stdout]   |
[INFO] [stdout] 7 | use quote::ToTokens;
[INFO] [stdout]   |     ^^^^^^^^^^^^^^^
[INFO] [stdout] 
[INFO] [stdout] 
[INFO] [stdout] warning: 3 warnings emitted
[INFO] [stdout] 
[INFO] [stdout] 
[INFO] [stderr]     Finished dev [unoptimized + debuginfo] target(s) in 2m 25s
[INFO] running `Command { std: "docker" "inspect" "87dc83110284292f8870a7d61ce0da0c5580978f7a9e9e056b33363581cf55ff", kill_on_drop: false }`
[INFO] running `Command { std: "docker" "rm" "-f" "87dc83110284292f8870a7d61ce0da0c5580978f7a9e9e056b33363581cf55ff", kill_on_drop: false }`
[INFO] [stdout] 87dc83110284292f8870a7d61ce0da0c5580978f7a9e9e056b33363581cf55ff
[INFO] running `Command { std: "docker" "create" "-v" "/var/lib/crater-agent-workspace/builds/worker-4-tc2/target:/opt/rustwide/target:rw,Z" "-v" "/var/lib/crater-agent-workspace/builds/worker-4-tc2/source:/opt/rustwide/workdir:ro,Z" "-v" "/var/lib/crater-agent-workspace/cargo-home:/opt/rustwide/cargo-home:ro,Z" "-v" "/var/lib/crater-agent-workspace/rustup-home:/opt/rustwide/rustup-home:ro,Z" "-e" "SOURCE_DIR=/opt/rustwide/workdir" "-e" "CARGO_TARGET_DIR=/opt/rustwide/target" "-e" "CARGO_INCREMENTAL=0" "-e" "RUST_BACKTRACE=full" "-e" "RUSTFLAGS=--cap-lints=warn" "-e" "RUSTDOCFLAGS=--cap-lints=warn" "-e" "CARGO_HOME=/opt/rustwide/cargo-home" "-e" "RUSTUP_HOME=/opt/rustwide/rustup-home" "-w" "/opt/rustwide/workdir" "-m" "1610612736" "--user" "0:0" "--network" "none" "ghcr.io/rust-lang/crates-build-env/linux@sha256:2788e3201cd34a07e3172128adcd8b3090168a8e3bcc40d7c032b9dda1df7d1c" "/opt/rustwide/cargo-home/bin/cargo" "+beta-2023-12-22" "test" "--frozen" "--no-run" "--message-format=json", kill_on_drop: false }`
[INFO] [stdout] 77d3b2dc8be1e713f069a9192d0c17bf888ec8c4749232709b9081aa021c029d
[INFO] running `Command { std: "docker" "start" "-a" "77d3b2dc8be1e713f069a9192d0c17bf888ec8c4749232709b9081aa021c029d", kill_on_drop: false }`
[INFO] [stderr]    Compiling surreal_derive_plus v1.0.7 (/opt/rustwide/workdir)
[INFO] [stdout] warning: unused imports: `Any`, `TypeId`
[INFO] [stdout]  --> src/surreal_quote.rs:1:16
[INFO] [stdout]   |
[INFO] [stdout] 1 | use std::any::{Any, TypeId};
[INFO] [stdout]   |                ^^^  ^^^^^^
[INFO] [stdout]   |
[INFO] [stdout]   = note: `#[warn(unused_imports)]` on by default
[INFO] [stdout] 
[INFO] [stdout] 
[INFO] [stdout] warning: unused import: `std::fmt::Display`
[INFO] [stdout]  --> src/lib.rs:6:5
[INFO] [stdout]   |
[INFO] [stdout] 6 | use std::fmt::Display;
[INFO] [stdout]   |     ^^^^^^^^^^^^^^^^^
[INFO] [stdout] 
[INFO] [stdout] 
[INFO] [stdout] warning: unused import: `quote::ToTokens`
[INFO] [stdout]  --> src/lib.rs:7:5
[INFO] [stdout]   |
[INFO] [stdout] 7 | use quote::ToTokens;
[INFO] [stdout]   |     ^^^^^^^^^^^^^^^
[INFO] [stdout] 
[INFO] [stdout] 
[INFO] [stdout] warning: unused imports: `Any`, `TypeId`
[INFO] [stdout]  --> src/surreal_quote.rs:1:16
[INFO] [stdout]   |
[INFO] [stdout] 1 | use std::any::{Any, TypeId};
[INFO] [stdout]   |                ^^^  ^^^^^^
[INFO] [stdout]   |
[INFO] [stdout]   = note: `#[warn(unused_imports)]` on by default
[INFO] [stdout] 
[INFO] [stdout] 
[INFO] [stdout] warning: unused import: `std::fmt::Display`
[INFO] [stdout]  --> src/lib.rs:6:5
[INFO] [stdout]   |
[INFO] [stdout] 6 | use std::fmt::Display;
[INFO] [stdout]   |     ^^^^^^^^^^^^^^^^^
[INFO] [stdout] 
[INFO] [stdout] 
[INFO] [stdout] warning: unused import: `quote::ToTokens`
[INFO] [stdout]  --> src/lib.rs:7:5
[INFO] [stdout]   |
[INFO] [stdout] 7 | use quote::ToTokens;
[INFO] [stdout]   |     ^^^^^^^^^^^^^^^
[INFO] [stdout] 
[INFO] [stdout] 
[INFO] [stdout] warning: 3 warnings emitted
[INFO] [stdout] 
[INFO] [stdout] 
[INFO] [stdout] warning: 3 warnings emitted
[INFO] [stdout] 
[INFO] [stdout] 
[INFO] [stderr]     Finished test [unoptimized + debuginfo] target(s) in 4.79s
[INFO] running `Command { std: "docker" "inspect" "77d3b2dc8be1e713f069a9192d0c17bf888ec8c4749232709b9081aa021c029d", kill_on_drop: false }`
[INFO] running `Command { std: "docker" "rm" "-f" "77d3b2dc8be1e713f069a9192d0c17bf888ec8c4749232709b9081aa021c029d", kill_on_drop: false }`
[INFO] [stdout] 77d3b2dc8be1e713f069a9192d0c17bf888ec8c4749232709b9081aa021c029d
[INFO] running `Command { std: "docker" "create" "-v" "/var/lib/crater-agent-workspace/builds/worker-4-tc2/target:/opt/rustwide/target:rw,Z" "-v" "/var/lib/crater-agent-workspace/builds/worker-4-tc2/source:/opt/rustwide/workdir:ro,Z" "-v" "/var/lib/crater-agent-workspace/cargo-home:/opt/rustwide/cargo-home:ro,Z" "-v" "/var/lib/crater-agent-workspace/rustup-home:/opt/rustwide/rustup-home:ro,Z" "-e" "SOURCE_DIR=/opt/rustwide/workdir" "-e" "CARGO_TARGET_DIR=/opt/rustwide/target" "-e" "CARGO_INCREMENTAL=0" "-e" "RUST_BACKTRACE=full" "-e" "RUSTFLAGS=--cap-lints=warn" "-e" "RUSTDOCFLAGS=--cap-lints=warn" "-e" "CARGO_HOME=/opt/rustwide/cargo-home" "-e" "RUSTUP_HOME=/opt/rustwide/rustup-home" "-w" "/opt/rustwide/workdir" "-m" "1610612736" "--user" "0:0" "--network" "none" "ghcr.io/rust-lang/crates-build-env/linux@sha256:2788e3201cd34a07e3172128adcd8b3090168a8e3bcc40d7c032b9dda1df7d1c" "/opt/rustwide/cargo-home/bin/cargo" "+beta-2023-12-22" "test" "--frozen", kill_on_drop: false }`
[INFO] [stdout] 749eb3c0e192c1861d472d74ee8b134ff86e040768af7882754185dd98b04529
[INFO] running `Command { std: "docker" "start" "-a" "749eb3c0e192c1861d472d74ee8b134ff86e040768af7882754185dd98b04529", kill_on_drop: false }`
[INFO] [stderr] warning: unused imports: `Any`, `TypeId`
[INFO] [stderr]  --> src/surreal_quote.rs:1:16
[INFO] [stderr]   |
[INFO] [stderr] 1 | use std::any::{Any, TypeId};
[INFO] [stderr]   |                ^^^  ^^^^^^
[INFO] [stderr]   |
[INFO] [stderr]   = note: `#[warn(unused_imports)]` on by default
[INFO] [stderr] 
[INFO] [stderr] warning: unused import: `std::fmt::Display`
[INFO] [stderr]  --> src/lib.rs:6:5
[INFO] [stderr]   |
[INFO] [stderr] 6 | use std::fmt::Display;
[INFO] [stderr]   |     ^^^^^^^^^^^^^^^^^
[INFO] [stderr] 
[INFO] [stderr] warning: unused import: `quote::ToTokens`
[INFO] [stderr]  --> src/lib.rs:7:5
[INFO] [stderr]   |
[INFO] [stderr] 7 | use quote::ToTokens;
[INFO] [stderr]   |     ^^^^^^^^^^^^^^^
[INFO] [stderr] 
[INFO] [stderr] warning: `surreal_derive_plus` (lib) generated 3 warnings (run `cargo fix --lib -p surreal_derive_plus` to apply 3 suggestions)
[INFO] [stderr] warning: `surreal_derive_plus` (lib test) generated 3 warnings (3 duplicates)
[INFO] [stderr]     Finished test [unoptimized + debuginfo] target(s) in 0.28s
[INFO] [stderr]      Running unittests src/lib.rs (/opt/rustwide/target/debug/deps/surreal_derive_plus-51bb03579b4d2f61)
[INFO] [stdout] 
[INFO] [stdout] running 0 tests
[INFO] [stderr]    Doc-tests surreal_derive_plus
[INFO] [stdout] 
[INFO] [stdout] test result: ok. 0 passed; 0 failed; 0 ignored; 0 measured; 0 filtered out; finished in 0.00s
[INFO] [stdout] 
[INFO] [stdout] 
[INFO] [stdout] running 2 tests
[INFO] [stdout] test src/lib.rs - surreal_derive (line 51) ... FAILED
[INFO] [stdout] test src/lib.rs - surreal_quote (line 15) ... FAILED
[INFO] [stdout] 
[INFO] [stdout] failures:
[INFO] [stdout] 
[INFO] [stdout] ---- src/lib.rs - surreal_derive (line 51) stdout ----
[INFO] [stdout] error[E0432]: unresolved import `surreal_derive`
[INFO] [stdout]  --> src/lib.rs:52:5
[INFO] [stdout]   |
[INFO] [stdout] 2 | use surreal_derive::SurrealDerive;
[INFO] [stdout]   |     ^^^^^^^^^^^^^^ use of undeclared crate or module `surreal_derive`
[INFO] [stdout]   |
[INFO] [stdout] help: there is a crate or module with a similar name
[INFO] [stdout]   |
[INFO] [stdout] 2 | use surreal_devl::SurrealDerive;
[INFO] [stdout]   |     ~~~~~~~~~~~~
[INFO] [stdout] 
[INFO] [stdout] error[E0432]: unresolved import `surreal_derive`
[INFO] [stdout]   --> src/lib.rs:71:9
[INFO] [stdout]    |
[INFO] [stdout] 21 |     use surreal_derive::surreal_quote;
[INFO] [stdout]    |         ^^^^^^^^^^^^^^ use of undeclared crate or module `surreal_derive`
[INFO] [stdout]    |
[INFO] [stdout] help: there is a crate or module with a similar name
[INFO] [stdout]    |
[INFO] [stdout] 21 |     use surreal_devl::surreal_quote;
[INFO] [stdout]    |         ~~~~~~~~~~~~
[INFO] [stdout] 
[INFO] [stdout] error[E0603]: trait `Deserialize` is private
[INFO] [stdout]  --> src/lib.rs:54:12
[INFO] [stdout]   |
[INFO] [stdout] 4 | use serde::Deserialize;
[INFO] [stdout]   |            ^^^^^^^^^^^ private trait
[INFO] [stdout]   |
[INFO] [stdout] note: the trait `Deserialize` is defined here
[INFO] [stdout]  --> /opt/rustwide/cargo-home/registry/src/index.crates.io-6f17d22bba15001f/surrealdb-1.0.2/src/sql/serde.rs:3:13
[INFO] [stdout]   |
[INFO] [stdout] 3 | use serde::{Deserialize, Serialize};
[INFO] [stdout]   |             ^^^^^^^^^^^
[INFO] [stdout] help: import `Deserialize` directly
[INFO] [stdout]   |
[INFO] [stdout] 4 | use serde::de::Deserialize;
[INFO] [stdout]   |     ~~~~~~~~~~~~~~~~~~~~~~
[INFO] [stdout] 
[INFO] [stdout] error[E0603]: trait `Serialize` is private
[INFO] [stdout]  --> src/lib.rs:55:12
[INFO] [stdout]   |
[INFO] [stdout] 5 | use serde::Serialize;
[INFO] [stdout]   |            ^^^^^^^^^ private trait
[INFO] [stdout]   |
[INFO] [stdout] note: the trait `Serialize` is defined here
[INFO] [stdout]  --> /opt/rustwide/cargo-home/registry/src/index.crates.io-6f17d22bba15001f/surrealdb-1.0.2/src/sql/serde.rs:3:26
[INFO] [stdout]   |
[INFO] [stdout] 3 | use serde::{Deserialize, Serialize};
[INFO] [stdout]   |                          ^^^^^^^^^
[INFO] [stdout] help: import `Serialize` directly
[INFO] [stdout]   |
[INFO] [stdout] 5 | use serde::ser::Serialize;
[INFO] [stdout]   |     ~~~~~~~~~~~~~~~~~~~~~
[INFO] [stdout] 
[INFO] [stdout] error[E0308]: mismatched types
[INFO] [stdout]   --> src/lib.rs:64:31
[INFO] [stdout]    |
[INFO] [stdout] 14 |     fn from(value: Person) -> Self {
[INFO] [stdout]    |        ----                   ^^^^ expected `Value`, found `()`
[INFO] [stdout]    |        |
[INFO] [stdout]    |        implicitly returns `()` as its body has no tail or `return` expression
[INFO] [stdout] 
[INFO] [stdout] error: aborting due to 5 previous errors
[INFO] [stdout] 
[INFO] [stdout] Some errors have detailed explanations: E0308, E0432, E0603.
[INFO] [stdout] For more information about an error, try `rustc --explain E0308`.
[INFO] [stdout] Couldn't compile the test.
[INFO] [stdout] ---- src/lib.rs - surreal_quote (line 15) stdout ----
[INFO] [stdout] error[E0432]: unresolved import `surreal_derive`
[INFO] [stdout]  --> src/lib.rs:16:5
[INFO] [stdout]   |
[INFO] [stdout] 2 | use surreal_derive::SurrealDerive;
[INFO] [stdout]   |     ^^^^^^^^^^^^^^ use of undeclared crate or module `surreal_derive`
[INFO] [stdout]   |
[INFO] [stdout] help: there is a crate or module with a similar name
[INFO] [stdout]   |
[INFO] [stdout] 2 | use surreal_devl::SurrealDerive;
[INFO] [stdout]   |     ~~~~~~~~~~~~
[INFO] [stdout] 
[INFO] [stdout] error[E0432]: unresolved import `surreal_derive`
[INFO] [stdout]   --> src/lib.rs:34:9
[INFO] [stdout]    |
[INFO] [stdout] 20 |     use surreal_derive::surreal_quote;
[INFO] [stdout]    |         ^^^^^^^^^^^^^^ use of undeclared crate or module `surreal_derive`
[INFO] [stdout]    |
[INFO] [stdout] help: there is a crate or module with a similar name
[INFO] [stdout]    |
[INFO] [stdout] 20 |     use surreal_devl::surreal_quote;
[INFO] [stdout]    |         ~~~~~~~~~~~~
[INFO] [stdout] 
[INFO] [stdout] error[E0603]: trait `Deserialize` is private
[INFO] [stdout]  --> src/lib.rs:18:12
[INFO] [stdout]   |
[INFO] [stdout] 4 | use serde::Deserialize;
[INFO] [stdout]   |            ^^^^^^^^^^^ private trait
[INFO] [stdout]   |
[INFO] [stdout] note: the trait `Deserialize` is defined here
[INFO] [stdout]  --> /opt/rustwide/cargo-home/registry/src/index.crates.io-6f17d22bba15001f/surrealdb-1.0.2/src/sql/serde.rs:3:13
[INFO] [stdout]   |
[INFO] [stdout] 3 | use serde::{Deserialize, Serialize};
[INFO] [stdout]   |             ^^^^^^^^^^^
[INFO] [stdout] help: import `Deserialize` directly
[INFO] [stdout]   |
[INFO] [stdout] 4 | use serde::de::Deserialize;
[INFO] [stdout]   |     ~~~~~~~~~~~~~~~~~~~~~~
[INFO] [stdout] 
[INFO] [stdout] error[E0603]: trait `Serialize` is private
[INFO] [stdout]  --> src/lib.rs:19:12
[INFO] [stdout]   |
[INFO] [stdout] 5 | use serde::Serialize;
[INFO] [stdout]   |            ^^^^^^^^^ private trait
[INFO] [stdout]   |
[INFO] [stdout] note: the trait `Serialize` is defined here
[INFO] [stdout]  --> /opt/rustwide/cargo-home/registry/src/index.crates.io-6f17d22bba15001f/surrealdb-1.0.2/src/sql/serde.rs:3:26
[INFO] [stdout]   |
[INFO] [stdout] 3 | use serde::{Deserialize, Serialize};
[INFO] [stdout]   |                          ^^^^^^^^^
[INFO] [stdout] help: import `Serialize` directly
[INFO] [stdout]   |
[INFO] [stdout] 5 | use serde::ser::Serialize;
[INFO] [stdout]   |     ~~~~~~~~~~~~~~~~~~~~~
[INFO] [stdout] 
[INFO] [stdout] error[E0308]: mismatched types
[INFO] [stdout]   --> src/lib.rs:28:31
[INFO] [stdout]    |
[INFO] [stdout] 14 |     fn from(value: Person) -> Self {
[INFO] [stdout]    |        ----                   ^^^^ expected `Value`, found `()`
[INFO] [stdout]    |        |
[INFO] [stdout]    |        implicitly returns `()` as its body has no tail or `return` expression
[INFO] [stdout] 
[INFO] [stdout] error: aborting due to 5 previous errors
[INFO] [stdout] 
[INFO] [stdout] Some errors have detailed explanations: E0308, E0432, E0603.
[INFO] [stdout] For more information about an error, try `rustc --explain E0308`.
[INFO] [stdout] Couldn't compile the test.
[INFO] [stdout] 
[INFO] [stdout] failures:
[INFO] [stdout]     src/lib.rs - surreal_derive (line 51)
[INFO] [stdout]     src/lib.rs - surreal_quote (line 15)
[INFO] [stdout] 
[INFO] [stdout] test result: FAILED. 0 passed; 2 failed; 0 ignored; 0 measured; 0 filtered out; finished in 0.19s
[INFO] [stdout] 
[INFO] [stderr] error: doctest failed, to rerun pass `--doc`
[INFO] running `Command { std: "docker" "inspect" "749eb3c0e192c1861d472d74ee8b134ff86e040768af7882754185dd98b04529", kill_on_drop: false }`
[INFO] running `Command { std: "docker" "rm" "-f" "749eb3c0e192c1861d472d74ee8b134ff86e040768af7882754185dd98b04529", kill_on_drop: false }`
[INFO] [stdout] 749eb3c0e192c1861d472d74ee8b134ff86e040768af7882754185dd98b04529
