[INFO] fetching crate iscp-rs 0.10.2...
[INFO] testing iscp-rs-0.10.2 against 1.75.0 for beta-1.76-1
[INFO] extracting crate iscp-rs 0.10.2 into /workspace/builds/worker-7-tc1/source
[INFO] validating manifest of crates.io crate iscp-rs 0.10.2 on toolchain 1.75.0
[INFO] running `Command { std: CARGO_HOME="/workspace/cargo-home" RUSTUP_HOME="/workspace/rustup-home" "/workspace/cargo-home/bin/cargo" "+1.75.0" "metadata" "--manifest-path" "Cargo.toml" "--no-deps", kill_on_drop: false }`
[INFO] started tweaking crates.io crate iscp-rs 0.10.2
[INFO] removed 0 missing examples
[INFO] finished tweaking crates.io crate iscp-rs 0.10.2
[INFO] tweaked toml for crates.io crate iscp-rs 0.10.2 written to /workspace/builds/worker-7-tc1/source/Cargo.toml
[INFO] crate crates.io crate iscp-rs 0.10.2 already has a lockfile, it will not be regenerated
[INFO] running `Command { std: CARGO_HOME="/workspace/cargo-home" RUSTUP_HOME="/workspace/rustup-home" "/workspace/cargo-home/bin/cargo" "+1.75.0" "fetch" "--manifest-path" "Cargo.toml", kill_on_drop: false }`
[INFO] [stderr]  Downloading crates ...
[INFO] [stderr]   Downloaded tokio-tungstenite v0.16.1
[INFO] [stderr]   Downloaded rcgen v0.8.14
[INFO] [stderr]   Downloaded mockall v0.9.1
[INFO] [stderr]   Downloaded yasna v0.4.0
[INFO] [stderr]   Downloaded mockall_derive v0.9.1
[INFO] [stderr]   Downloaded tungstenite v0.16.0
[INFO] [stderr]   Downloaded pretty_assertions v0.7.2
[INFO] [stderr]   Downloaded quinn-proto v0.10.5
[INFO] [stderr]   Downloaded serde_qs v0.9.2
[INFO] running `Command { std: "docker" "create" "-v" "/var/lib/crater-agent-workspace/builds/worker-7-tc1/target:/opt/rustwide/target:rw,Z" "-v" "/var/lib/crater-agent-workspace/builds/worker-7-tc1/source:/opt/rustwide/workdir:ro,Z" "-v" "/var/lib/crater-agent-workspace/cargo-home:/opt/rustwide/cargo-home:ro,Z" "-v" "/var/lib/crater-agent-workspace/rustup-home:/opt/rustwide/rustup-home:ro,Z" "-e" "SOURCE_DIR=/opt/rustwide/workdir" "-e" "CARGO_TARGET_DIR=/opt/rustwide/target" "-e" "CARGO_HOME=/opt/rustwide/cargo-home" "-e" "RUSTUP_HOME=/opt/rustwide/rustup-home" "-w" "/opt/rustwide/workdir" "-m" "1610612736" "--user" "0:0" "--network" "none" "ghcr.io/rust-lang/crates-build-env/linux@sha256:2788e3201cd34a07e3172128adcd8b3090168a8e3bcc40d7c032b9dda1df7d1c" "/opt/rustwide/cargo-home/bin/cargo" "+1.75.0" "metadata" "--no-deps" "--format-version=1", kill_on_drop: false }`
[INFO] [stdout] 6fa682a1631bca5237d3a7ee7771f125bbf17556af0d3da01e7c70d00d2d024f
[INFO] running `Command { std: "docker" "start" "-a" "6fa682a1631bca5237d3a7ee7771f125bbf17556af0d3da01e7c70d00d2d024f", kill_on_drop: false }`
[INFO] running `Command { std: "docker" "inspect" "6fa682a1631bca5237d3a7ee7771f125bbf17556af0d3da01e7c70d00d2d024f", kill_on_drop: false }`
[INFO] running `Command { std: "docker" "rm" "-f" "6fa682a1631bca5237d3a7ee7771f125bbf17556af0d3da01e7c70d00d2d024f", kill_on_drop: false }`
[INFO] [stdout] 6fa682a1631bca5237d3a7ee7771f125bbf17556af0d3da01e7c70d00d2d024f
[INFO] running `Command { std: "docker" "create" "-v" "/var/lib/crater-agent-workspace/builds/worker-7-tc1/target:/opt/rustwide/target:rw,Z" "-v" "/var/lib/crater-agent-workspace/builds/worker-7-tc1/source:/opt/rustwide/workdir:ro,Z" "-v" "/var/lib/crater-agent-workspace/cargo-home:/opt/rustwide/cargo-home:ro,Z" "-v" "/var/lib/crater-agent-workspace/rustup-home:/opt/rustwide/rustup-home:ro,Z" "-e" "SOURCE_DIR=/opt/rustwide/workdir" "-e" "CARGO_TARGET_DIR=/opt/rustwide/target" "-e" "CARGO_INCREMENTAL=0" "-e" "RUST_BACKTRACE=full" "-e" "RUSTFLAGS=--cap-lints=warn" "-e" "RUSTDOCFLAGS=--cap-lints=warn" "-e" "CARGO_HOME=/opt/rustwide/cargo-home" "-e" "RUSTUP_HOME=/opt/rustwide/rustup-home" "-w" "/opt/rustwide/workdir" "-m" "1610612736" "--user" "0:0" "--network" "none" "ghcr.io/rust-lang/crates-build-env/linux@sha256:2788e3201cd34a07e3172128adcd8b3090168a8e3bcc40d7c032b9dda1df7d1c" "/opt/rustwide/cargo-home/bin/cargo" "+1.75.0" "build" "--frozen" "--message-format=json", kill_on_drop: false }`
[INFO] [stdout] bb1651a1ea589dd50e2358d63a7c8b32b2e8ea4cb2e3df42391c3139c2fea0f5
[INFO] running `Command { std: "docker" "start" "-a" "bb1651a1ea589dd50e2358d63a7c8b32b2e8ea4cb2e3df42391c3139c2fea0f5", kill_on_drop: false }`
[INFO] [stderr]    Compiling proc-macro2 v1.0.69
[INFO] [stderr]    Compiling libc v0.2.149
[INFO] [stderr]    Compiling serde v1.0.189
[INFO] [stderr]    Compiling syn v1.0.109
[INFO] [stderr]    Compiling spin v0.9.8
[INFO] [stderr]    Compiling untrusted v0.9.0
[INFO] [stderr]    Compiling once_cell v1.18.0
[INFO] [stderr]    Compiling cc v1.0.83
[INFO] [stderr]    Compiling anyhow v1.0.75
[INFO] [stderr]    Compiling rustix v0.38.20
[INFO] [stderr]    Compiling itertools v0.10.5
[INFO] [stderr]    Compiling memchr v2.6.4
[INFO] [stderr]    Compiling bitflags v2.4.1
[INFO] [stderr]    Compiling crossbeam-utils v0.8.16
[INFO] [stderr]    Compiling quote v1.0.33
[INFO] [stderr]    Compiling spin v0.5.2
[INFO] [stderr]    Compiling aho-corasick v1.1.2
[INFO] [stderr]    Compiling syn v2.0.38
[INFO] [stderr]    Compiling getrandom v0.2.10
[INFO] [stderr]    Compiling untrusted v0.7.1
[INFO] [stderr]    Compiling rand_core v0.6.4
[INFO] [stderr]    Compiling ring v0.17.5
[INFO] [stderr]    Compiling ring v0.16.20
[INFO] [stderr]    Compiling thiserror v1.0.50
[INFO] [stderr]    Compiling base64 v0.21.5
[INFO] [stderr]    Compiling smallvec v1.11.1
[INFO] [stderr]    Compiling rand_chacha v0.3.1
[INFO] [stderr]    Compiling regex-automata v0.4.3
[INFO] [stderr]    Compiling which v4.4.2
[INFO] [stderr]    Compiling parking_lot_core v0.9.9
[INFO] [stderr]    Compiling rustls-pemfile v1.0.3
[INFO] [stderr]    Compiling socket2 v0.5.5
[INFO] [stderr]    Compiling cmake v0.1.50
[INFO] [stderr]    Compiling memoffset v0.9.0
[INFO] [stderr]    Compiling hashbrown v0.14.2
[INFO] [stderr]    Compiling rustls v0.20.9
[INFO] [stderr]    Compiling regex v1.10.2
[INFO] [stderr]    Compiling percent-encoding v2.3.0
[INFO] [stderr]    Compiling bytes v1.5.0
[INFO] [stderr]    Compiling indexmap v2.0.2
[INFO] [stderr]    Compiling rustls-native-certs v0.6.3
[INFO] [stderr]    Compiling prost-build v0.10.4
[INFO] [stderr]    Compiling parking_lot v0.12.1
[INFO] [stderr]    Compiling rand v0.8.5
[INFO] [stderr]    Compiling mio v0.8.9
[INFO] [stderr]    Compiling sct v0.7.1
[INFO] [stderr]    Compiling webpki v0.22.4
[INFO] [stderr]    Compiling signal-hook-registry v1.4.1
[INFO] [stderr]    Compiling num_cpus v1.16.0
[INFO] [stderr]    Compiling tracing-core v0.1.32
[INFO] [stderr]    Compiling crossbeam-epoch v0.9.15
[INFO] [stderr]    Compiling fastrand v2.0.1
[INFO] [stderr]    Compiling unicode-bidi v0.3.13
[INFO] [stderr]    Compiling rustls v0.21.8
[INFO] [stderr]    Compiling futures-task v0.3.28
[INFO] [stderr]    Compiling fixedbitset v0.4.2
[INFO] [stderr]    Compiling itoa v1.0.9
[INFO] [stderr]    Compiling futures-core v0.3.28
[INFO] [stderr]    Compiling petgraph v0.6.4
[INFO] [stderr]    Compiling prost-derive v0.10.1
[INFO] [stderr]    Compiling idna v0.4.0
[INFO] [stderr]    Compiling serde_derive v1.0.189
[INFO] [stderr]    Compiling thiserror-impl v1.0.50
[INFO] [stderr]    Compiling tracing-attributes v0.1.27
[INFO] [stderr]    Compiling tokio-macros v2.1.0
[INFO] [stderr]    Compiling tempfile v3.8.0
[INFO] [stderr]    Compiling rustls-webpki v0.101.7
[INFO] [stderr]    Compiling form_urlencoded v1.2.0
[INFO] [stderr]    Compiling heck v0.4.1
[INFO] [stderr]    Compiling cpufeatures v0.2.10
[INFO] [stderr]    Compiling futures-util v0.3.28
[INFO] [stderr]    Compiling crossbeam-queue v0.3.8
[INFO] [stderr]    Compiling multimap v0.8.3
[INFO] [stderr]    Compiling predicates-core v1.0.6
[INFO] [stderr]    Compiling sha-1 v0.9.8
[INFO] [stderr]    Compiling url v2.4.1
[INFO] [stderr]    Compiling prost v0.10.4
[INFO] [stderr]    Compiling tracing v0.1.40
[INFO] [stderr]    Compiling prost-types v0.10.1
[INFO] [stderr]    Compiling futures-macro v0.3.28
[INFO] [stderr]    Compiling float-cmp v0.8.0
[INFO] [stderr]    Compiling normalize-line-endings v0.3.0
[INFO] [stderr]    Compiling termtree v0.4.1
[INFO] [stderr]    Compiling serde_json v1.0.107
[INFO] [stderr]    Compiling utf-8 v0.7.6
[INFO] [stderr]    Compiling fragile v2.0.0
[INFO] [stderr]    Compiling rustc-hash v1.1.0
[INFO] [stderr]    Compiling futures-sink v0.3.28
[INFO] [stderr]    Compiling async-trait v0.1.74
[INFO] [stderr]    Compiling fragile v1.2.2
[INFO] [stderr]    Compiling predicates v1.0.8
[INFO] [stderr]    Compiling predicates-tree v1.0.9
[INFO] [stderr]    Compiling crossbeam-deque v0.8.3
[INFO] [stderr]    Compiling mockall_derive v0.9.1
[INFO] [stderr]    Compiling crossbeam-channel v0.5.8
[INFO] [stderr]    Compiling ryu v1.0.15
[INFO] [stderr]    Compiling downcast v0.10.0
[INFO] [stderr]    Compiling iana-time-zone v0.1.58
[INFO] [stderr]    Compiling chrono v0.4.31
[INFO] [stderr]    Compiling crossbeam v0.8.2
[INFO] [stderr]    Compiling iscp-rs v0.10.2 (/opt/rustwide/workdir)
[INFO] [stderr]    Compiling num-derive v0.3.3
[INFO] [stderr]    Compiling mockall v0.9.1
[INFO] [stderr]    Compiling bincode v1.3.3
[INFO] [stderr]    Compiling serde_qs v0.9.2
[INFO] [stderr]    Compiling uuid v1.5.0
[INFO] [stderr]    Compiling tokio v1.33.0
[INFO] [stderr]    Compiling http v0.2.9
[INFO] [stderr]    Compiling quinn-proto v0.10.5
[INFO] [stderr]    Compiling quinn-udp v0.4.1
[INFO] [stderr]    Compiling tungstenite v0.16.0
[INFO] [stderr]    Compiling tokio-rustls v0.23.4
[INFO] [stderr]    Compiling quinn v0.10.2
[INFO] [stderr]    Compiling tokio-tungstenite v0.16.1
[INFO] [stdout] warning: unused import: `connect::*`
[INFO] [stdout]   --> src/encoding/proto/mod.rs:16:9
[INFO] [stdout]    |
[INFO] [stdout] 16 | pub use connect::*;
[INFO] [stdout]    |         ^^^^^^^^^^
[INFO] [stdout]    |
[INFO] [stdout]    = note: `#[warn(unused_imports)]` on by default
[INFO] [stdout] 
[INFO] [stdout] 
[INFO] [stdout] warning: unused import: `data::*`
[INFO] [stdout]   --> src/encoding/proto/mod.rs:17:9
[INFO] [stdout]    |
[INFO] [stdout] 17 | pub use data::*;
[INFO] [stdout]    |         ^^^^^^^
[INFO] [stdout] 
[INFO] [stdout] 
[INFO] [stdout] warning: unused import: `downstream::*`
[INFO] [stdout]   --> src/encoding/proto/mod.rs:18:9
[INFO] [stdout]    |
[INFO] [stdout] 18 | pub use downstream::*;
[INFO] [stdout]    |         ^^^^^^^^^^^^^
[INFO] [stdout] 
[INFO] [stdout] 
[INFO] [stdout] warning: unused import: `e2e::*`
[INFO] [stdout]   --> src/encoding/proto/mod.rs:19:9
[INFO] [stdout]    |
[INFO] [stdout] 19 | pub use e2e::*;
[INFO] [stdout]    |         ^^^^^^
[INFO] [stdout] 
[INFO] [stdout] 
[INFO] [stdout] warning: unused import: `filter::*`
[INFO] [stdout]   --> src/encoding/proto/mod.rs:20:9
[INFO] [stdout]    |
[INFO] [stdout] 20 | pub use filter::*;
[INFO] [stdout]    |         ^^^^^^^^^
[INFO] [stdout] 
[INFO] [stdout] 
[INFO] [stdout] warning: unused import: `metadata::*`
[INFO] [stdout]   --> src/encoding/proto/mod.rs:21:9
[INFO] [stdout]    |
[INFO] [stdout] 21 | pub use metadata::*;
[INFO] [stdout]    |         ^^^^^^^^^^^
[INFO] [stdout] 
[INFO] [stdout] 
[INFO] [stdout] warning: unused import: `ping_pong::*`
[INFO] [stdout]   --> src/encoding/proto/mod.rs:22:9
[INFO] [stdout]    |
[INFO] [stdout] 22 | pub use ping_pong::*;
[INFO] [stdout]    |         ^^^^^^^^^^^^
[INFO] [stdout] 
[INFO] [stdout] 
[INFO] [stdout] warning: unused import: `upstream::*`
[INFO] [stdout]   --> src/encoding/proto/mod.rs:23:9
[INFO] [stdout]    |
[INFO] [stdout] 23 | pub use upstream::*;
[INFO] [stdout]    |         ^^^^^^^^^^^
[INFO] [stdout] 
[INFO] [stdout] 
[INFO] [stdout] warning: 8 warnings emitted
[INFO] [stdout] 
[INFO] [stdout] 
[INFO] [stderr]     Finished dev [unoptimized + debuginfo] target(s) in 29.86s
[INFO] running `Command { std: "docker" "inspect" "bb1651a1ea589dd50e2358d63a7c8b32b2e8ea4cb2e3df42391c3139c2fea0f5", kill_on_drop: false }`
[INFO] running `Command { std: "docker" "rm" "-f" "bb1651a1ea589dd50e2358d63a7c8b32b2e8ea4cb2e3df42391c3139c2fea0f5", kill_on_drop: false }`
[INFO] [stdout] bb1651a1ea589dd50e2358d63a7c8b32b2e8ea4cb2e3df42391c3139c2fea0f5
[INFO] running `Command { std: "docker" "create" "-v" "/var/lib/crater-agent-workspace/builds/worker-7-tc1/target:/opt/rustwide/target:rw,Z" "-v" "/var/lib/crater-agent-workspace/builds/worker-7-tc1/source:/opt/rustwide/workdir:ro,Z" "-v" "/var/lib/crater-agent-workspace/cargo-home:/opt/rustwide/cargo-home:ro,Z" "-v" "/var/lib/crater-agent-workspace/rustup-home:/opt/rustwide/rustup-home:ro,Z" "-e" "SOURCE_DIR=/opt/rustwide/workdir" "-e" "CARGO_TARGET_DIR=/opt/rustwide/target" "-e" "CARGO_INCREMENTAL=0" "-e" "RUST_BACKTRACE=full" "-e" "RUSTFLAGS=--cap-lints=warn" "-e" "RUSTDOCFLAGS=--cap-lints=warn" "-e" "CARGO_HOME=/opt/rustwide/cargo-home" "-e" "RUSTUP_HOME=/opt/rustwide/rustup-home" "-w" "/opt/rustwide/workdir" "-m" "1610612736" "--user" "0:0" "--network" "none" "ghcr.io/rust-lang/crates-build-env/linux@sha256:2788e3201cd34a07e3172128adcd8b3090168a8e3bcc40d7c032b9dda1df7d1c" "/opt/rustwide/cargo-home/bin/cargo" "+1.75.0" "test" "--frozen" "--no-run" "--message-format=json", kill_on_drop: false }`
[INFO] [stdout] 70165c1e738bf9dd37174f4be94f9034eecadaa8ddfe71d95b6cd5ad5f4b836d
[INFO] running `Command { std: "docker" "start" "-a" "70165c1e738bf9dd37174f4be94f9034eecadaa8ddfe71d95b6cd5ad5f4b836d", kill_on_drop: false }`
[INFO] [stderr]    Compiling cfg-if v1.0.0
[INFO] [stderr]    Compiling scopeguard v1.2.0
[INFO] [stderr]    Compiling libc v0.2.149
[INFO] [stderr]    Compiling serde v1.0.189
[INFO] [stderr]    Compiling pin-project-lite v0.2.13
[INFO] [stderr]    Compiling memchr v2.6.4
[INFO] [stderr]    Compiling log v0.4.20
[INFO] [stderr]    Compiling once_cell v1.18.0
[INFO] [stderr]    Compiling ring v0.17.5
[INFO] [stderr]    Compiling parking_lot_core v0.9.9
[INFO] [stderr]    Compiling lock_api v0.4.11
[INFO] [stderr]    Compiling untrusted v0.9.0
[INFO] [stderr]    Compiling spin v0.9.8
[INFO] [stderr]    Compiling itoa v1.0.9
[INFO] [stderr]    Compiling smallvec v1.11.1
[INFO] [stderr]    Compiling futures-core v0.3.28
[INFO] [stderr]    Compiling typenum v1.17.0
[INFO] [stderr]    Compiling generic-array v0.14.7
[INFO] [stderr]    Compiling slab v0.4.9
[INFO] [stderr]    Compiling num-traits v0.2.17
[INFO] [stderr]    Compiling tracing-core v0.1.32
[INFO] [stderr]    Compiling tinyvec_macros v0.1.1
[INFO] [stderr]    Compiling getrandom v0.2.10
[INFO] [stderr]    Compiling socket2 v0.5.5
[INFO] [stderr]    Compiling parking_lot v0.12.1
[INFO] [stderr]    Compiling signal-hook-registry v1.4.1
[INFO] [stderr]    Compiling num_cpus v1.16.0
[INFO] [stderr]    Compiling mio v0.8.9
[INFO] [stderr]    Compiling tracing v0.1.40
[INFO] [stderr]    Compiling tinyvec v1.6.0
[INFO] [stderr]    Compiling crossbeam-utils v0.8.16
[INFO] [stderr]    Compiling ring v0.16.20
[INFO] [stderr]    Compiling aho-corasick v1.1.2
[INFO] [stderr]    Compiling fnv v1.0.7
[INFO] [stderr]    Compiling regex-syntax v0.8.2
[INFO] [stderr]    Compiling futures-task v0.3.28
[INFO] [stderr]    Compiling itertools v0.10.5
[INFO] [stderr]    Compiling percent-encoding v2.3.0
[INFO] [stderr]    Compiling untrusted v0.7.1
[INFO] [stderr]    Compiling futures-sink v0.3.28
[INFO] [stderr]    Compiling base64 v0.21.5
[INFO] [stderr]    Compiling spin v0.5.2
[INFO] [stderr]    Compiling futures-util v0.3.28
[INFO] [stderr]    Compiling httparse v1.8.0
[INFO] [stderr]    Compiling rustls-pemfile v1.0.3
[INFO] [stderr]    Compiling thiserror v1.0.50
[INFO] [stderr]    Compiling rustls v0.21.8
[INFO] [stderr]    Compiling memoffset v0.9.0
[INFO] [stderr]    Compiling bytes v1.5.0
[INFO] [stderr]    Compiling rand_core v0.6.4
[INFO] [stderr]    Compiling ryu v1.0.15
[INFO] [stderr]    Compiling futures-io v0.3.28
[INFO] [stderr]    Compiling ppv-lite86 v0.2.17
[INFO] [stderr]    Compiling pin-utils v0.1.0
[INFO] [stderr]    Compiling tokio v1.33.0
[INFO] [stderr]    Compiling http v0.2.9
[INFO] [stderr]    Compiling prost-derive v0.10.1
[INFO] [stderr]    Compiling regex-automata v0.4.3
[INFO] [stderr]    Compiling sct v0.7.1
[INFO] [stderr]    Compiling rustls-webpki v0.101.7
[INFO] [stderr]    Compiling rand_chacha v0.3.1
[INFO] [stderr]    Compiling crossbeam-epoch v0.9.15
[INFO] [stderr]    Compiling form_urlencoded v1.2.0
[INFO] [stderr]    Compiling unicode-normalization v0.1.22
[INFO] [stderr]    Compiling regex v1.10.2
[INFO] [stderr]    Compiling unicode-bidi v0.3.13
[INFO] [stderr]    Compiling indexmap v1.9.3
[INFO] [stderr]    Compiling idna v0.4.0
[INFO] [stderr]    Compiling rand v0.8.5
[INFO] [stderr]    Compiling futures-channel v0.3.28
[INFO] [stderr]    Compiling lazy_static v1.4.0
[INFO] [stderr]    Compiling hashbrown v0.12.3
[INFO] [stderr]    Compiling base64 v0.13.1
[INFO] [stderr]    Compiling openssl-probe v0.1.5
[INFO] [stderr]    Compiling cpufeatures v0.2.10
[INFO] [stderr]    Compiling prost v0.10.4
[INFO] [stderr]    Compiling rustls-native-certs v0.6.3
[INFO] [stderr]    Compiling serde_json v1.0.107
[INFO] [stderr]    Compiling rustls v0.20.9
[INFO] [stderr]    Compiling url v2.4.1
[INFO] [stderr]    Compiling tokio-util v0.7.9
[INFO] [stderr]    Compiling prost-build v0.10.4
[INFO] [stderr]    Compiling crossbeam-deque v0.8.3
[INFO] [stderr]    Compiling webpki v0.22.4
[INFO] [stderr]    Compiling try-lock v0.2.4
[INFO] [stderr]    Compiling iana-time-zone v0.1.58
[INFO] [stderr]    Compiling want v0.3.1
[INFO] [stderr]    Compiling tempfile v3.8.0
[INFO] [stderr]    Compiling chrono v0.4.31
[INFO] [stderr]    Compiling h2 v0.3.21
[INFO] [stderr]    Compiling prost-types v0.10.1
[INFO] [stderr]    Compiling http-body v0.4.5
[INFO] [stderr]    Compiling block-buffer v0.9.0
[INFO] [stderr]    Compiling digest v0.9.0
[INFO] [stderr]    Compiling socket2 v0.4.10
[INFO] [stderr]    Compiling tower-service v0.3.2
[INFO] [stderr]    Compiling opaque-debug v0.3.0
[INFO] [stderr]    Compiling predicates-core v1.0.6
[INFO] [stderr]    Compiling httpdate v1.0.3
[INFO] [stderr]    Compiling either v1.9.0
[INFO] [stderr]    Compiling rayon-core v1.12.0
[INFO] [stderr]    Compiling sha-1 v0.9.8
[INFO] [stderr]    Compiling crossbeam-queue v0.3.8
[INFO] [stderr]    Compiling tokio-rustls v0.24.1
[INFO] [stderr]    Compiling float-cmp v0.8.0
[INFO] [stderr]    Compiling crypto-common v0.1.6
[INFO] [stderr]    Compiling block-buffer v0.10.4
[INFO] [stderr]    Compiling plotters-backend v0.3.5
[INFO] [stderr]    Compiling utf-8 v0.7.6
[INFO] [stderr]    Compiling fragile v2.0.0
[INFO] [stderr]    Compiling byteorder v1.5.0
[INFO] [stderr]    Compiling normalize-line-endings v0.3.0
[INFO] [stderr]    Compiling difference v2.0.0
[INFO] [stderr]    Compiling unicode-width v0.1.11
[INFO] [stderr]    Compiling rustc-hash v1.1.0
[INFO] [stderr]    Compiling termtree v0.4.1
[INFO] [stderr]    Compiling quinn-proto v0.10.5
[INFO] [stderr]    Compiling textwrap v0.11.0
[INFO] [stderr]    Compiling predicates-tree v1.0.9
[INFO] [stderr]    Compiling predicates v1.0.8
[INFO] [stderr]    Compiling tokio-rustls v0.23.4
[INFO] [stderr]    Compiling tungstenite v0.16.0
[INFO] [stderr]    Compiling iscp-rs v0.10.2 (/opt/rustwide/workdir)
[INFO] [stderr]    Compiling fragile v1.2.2
[INFO] [stderr]    Compiling plotters-svg v0.3.5
[INFO] [stderr]    Compiling digest v0.10.7
[INFO] [stderr]    Compiling serde_urlencoded v0.7.1
[INFO] [stderr]    Compiling quinn-udp v0.4.1
[INFO] [stderr]    Compiling crossbeam-channel v0.5.8
[INFO] [stderr]    Compiling atty v0.2.14
[INFO] [stderr]    Compiling csv-core v0.1.11
[INFO] [stderr]    Compiling mockall_derive v0.9.1
[INFO] [stderr]    Compiling encoding_rs v0.8.33
[INFO] [stderr]    Compiling async-stream-impl v0.3.5
[INFO] [stderr]    Compiling hyper v0.14.27
[INFO] [stderr]    Compiling bitflags v1.3.2
[INFO] [stderr]    Compiling half v1.8.2
[INFO] [stderr]    Compiling downcast v0.10.0
[INFO] [stderr]    Compiling cast v0.3.0
[INFO] [stderr]    Compiling webpki-roots v0.25.2
[INFO] [stderr]    Compiling mime v0.3.17
[INFO] [stderr]    Compiling same-file v1.0.6
[INFO] [stderr]    Compiling ipnet v2.9.0
[INFO] [stderr]    Compiling walkdir v2.4.0
[INFO] [stderr]    Compiling criterion-plot v0.4.5
[INFO] [stderr]    Compiling async-stream v0.3.5
[INFO] [stderr]    Compiling quinn v0.10.2
[INFO] [stderr]    Compiling serde_cbor v0.11.2
[INFO] [stderr]    Compiling clap v2.34.0
[INFO] [stderr]    Compiling crossbeam v0.8.2
[INFO] [stderr]    Compiling csv v1.3.0
[INFO] [stderr]    Compiling rayon v1.8.0
[INFO] [stderr]    Compiling tokio-tungstenite v0.16.1
[INFO] [stderr]    Compiling hyper-rustls v0.24.1
[INFO] [stderr]    Compiling reqwest v0.11.22
[INFO] [stderr]    Compiling sha2 v0.10.8
[INFO] [stderr]    Compiling mockall v0.9.1
[INFO] [stderr]    Compiling plotters v0.3.5
[INFO] [stderr]    Compiling yasna v0.4.0
[INFO] [stderr]    Compiling tinytemplate v1.2.1
[INFO] [stderr]    Compiling tokio-stream v0.1.14
[INFO] [stderr]    Compiling pem v1.1.1
[INFO] [stderr]    Compiling serde_qs v0.9.2
[INFO] [stderr]    Compiling bincode v1.3.3
[INFO] [stderr]    Compiling uuid v1.5.0
[INFO] [stderr]    Compiling serde_path_to_error v0.1.14
[INFO] [stderr]    Compiling ansi_term v0.12.1
[INFO] [stderr]    Compiling termcolor v1.3.0
[INFO] [stderr]    Compiling oorandom v11.1.3
[INFO] [stderr]    Compiling diff v0.1.13
[INFO] [stderr]    Compiling humantime v2.1.0
[INFO] [stderr]    Compiling criterion v0.3.6
[INFO] [stderr]    Compiling oauth2 v4.4.2
[INFO] [stderr]    Compiling env_logger v0.9.3
[INFO] [stderr]    Compiling pretty_assertions v0.7.2
[INFO] [stderr]    Compiling tokio-test v0.4.3
[INFO] [stderr]    Compiling rcgen v0.8.14
[INFO] [stdout] warning: unused import: `connect::*`
[INFO] [stdout]   --> src/encoding/proto/mod.rs:16:9
[INFO] [stdout]    |
[INFO] [stdout] 16 | pub use connect::*;
[INFO] [stdout]    |         ^^^^^^^^^^
[INFO] [stdout]    |
[INFO] [stdout]    = note: `#[warn(unused_imports)]` on by default
[INFO] [stdout] 
[INFO] [stdout] 
[INFO] [stdout] warning: unused import: `data::*`
[INFO] [stdout]   --> src/encoding/proto/mod.rs:17:9
[INFO] [stdout]    |
[INFO] [stdout] 17 | pub use data::*;
[INFO] [stdout]    |         ^^^^^^^
[INFO] [stdout] 
[INFO] [stdout] 
[INFO] [stdout] warning: unused import: `downstream::*`
[INFO] [stdout]   --> src/encoding/proto/mod.rs:18:9
[INFO] [stdout]    |
[INFO] [stdout] 18 | pub use downstream::*;
[INFO] [stdout]    |         ^^^^^^^^^^^^^
[INFO] [stdout] 
[INFO] [stdout] 
[INFO] [stdout] warning: unused import: `e2e::*`
[INFO] [stdout]   --> src/encoding/proto/mod.rs:19:9
[INFO] [stdout]    |
[INFO] [stdout] 19 | pub use e2e::*;
[INFO] [stdout]    |         ^^^^^^
[INFO] [stdout] 
[INFO] [stdout] 
[INFO] [stdout] warning: unused import: `filter::*`
[INFO] [stdout]   --> src/encoding/proto/mod.rs:20:9
[INFO] [stdout]    |
[INFO] [stdout] 20 | pub use filter::*;
[INFO] [stdout]    |         ^^^^^^^^^
[INFO] [stdout] 
[INFO] [stdout] 
[INFO] [stdout] warning: unused import: `metadata::*`
[INFO] [stdout]   --> src/encoding/proto/mod.rs:21:9
[INFO] [stdout]    |
[INFO] [stdout] 21 | pub use metadata::*;
[INFO] [stdout]    |         ^^^^^^^^^^^
[INFO] [stdout] 
[INFO] [stdout] 
[INFO] [stdout] warning: unused import: `ping_pong::*`
[INFO] [stdout]   --> src/encoding/proto/mod.rs:22:9
[INFO] [stdout]    |
[INFO] [stdout] 22 | pub use ping_pong::*;
[INFO] [stdout]    |         ^^^^^^^^^^^^
[INFO] [stdout] 
[INFO] [stdout] 
[INFO] [stdout] warning: unused import: `upstream::*`
[INFO] [stdout]   --> src/encoding/proto/mod.rs:23:9
[INFO] [stdout]    |
[INFO] [stdout] 23 | pub use upstream::*;
[INFO] [stdout]    |         ^^^^^^^^^^^
[INFO] [stdout] 
[INFO] [stdout] 
[INFO] [stdout] warning: unused import: `connect::*`
[INFO] [stdout]   --> src/encoding/proto/mod.rs:16:9
[INFO] [stdout]    |
[INFO] [stdout] 16 | pub use connect::*;
[INFO] [stdout]    |         ^^^^^^^^^^
[INFO] [stdout]    |
[INFO] [stdout]    = note: `#[warn(unused_imports)]` on by default
[INFO] [stdout] 
[INFO] [stdout] 
[INFO] [stdout] warning: unused import: `data::*`
[INFO] [stdout]   --> src/encoding/proto/mod.rs:17:9
[INFO] [stdout]    |
[INFO] [stdout] 17 | pub use data::*;
[INFO] [stdout]    |         ^^^^^^^
[INFO] [stdout] 
[INFO] [stdout] 
[INFO] [stdout] warning: unused import: `downstream::*`
[INFO] [stdout]   --> src/encoding/proto/mod.rs:18:9
[INFO] [stdout]    |
[INFO] [stdout] 18 | pub use downstream::*;
[INFO] [stdout]    |         ^^^^^^^^^^^^^
[INFO] [stdout] 
[INFO] [stdout] 
[INFO] [stdout] warning: unused import: `e2e::*`
[INFO] [stdout]   --> src/encoding/proto/mod.rs:19:9
[INFO] [stdout]    |
[INFO] [stdout] 19 | pub use e2e::*;
[INFO] [stdout]    |         ^^^^^^
[INFO] [stdout] 
[INFO] [stdout] 
[INFO] [stdout] warning: unused import: `filter::*`
[INFO] [stdout]   --> src/encoding/proto/mod.rs:20:9
[INFO] [stdout]    |
[INFO] [stdout] 20 | pub use filter::*;
[INFO] [stdout]    |         ^^^^^^^^^
[INFO] [stdout] 
[INFO] [stdout] 
[INFO] [stdout] warning: unused import: `metadata::*`
[INFO] [stdout]   --> src/encoding/proto/mod.rs:21:9
[INFO] [stdout]    |
[INFO] [stdout] 21 | pub use metadata::*;
[INFO] [stdout]    |         ^^^^^^^^^^^
[INFO] [stdout] 
[INFO] [stdout] 
[INFO] [stdout] warning: unused import: `ping_pong::*`
[INFO] [stdout]   --> src/encoding/proto/mod.rs:22:9
[INFO] [stdout]    |
[INFO] [stdout] 22 | pub use ping_pong::*;
[INFO] [stdout]    |         ^^^^^^^^^^^^
[INFO] [stdout] 
[INFO] [stdout] 
[INFO] [stdout] warning: unused import: `upstream::*`
[INFO] [stdout]   --> src/encoding/proto/mod.rs:23:9
[INFO] [stdout]    |
[INFO] [stdout] 23 | pub use upstream::*;
[INFO] [stdout]    |         ^^^^^^^^^^^
[INFO] [stdout] 
[INFO] [stdout] 
[INFO] [stdout] warning: 8 warnings emitted
[INFO] [stdout] 
[INFO] [stdout] 
[INFO] [stderr] error: could not compile `iscp-rs` (lib test); 8 warnings emitted
[INFO] [stderr] 
[INFO] [stderr] Caused by:
[INFO] [stderr]   process didn't exit successfully: `/opt/rustwide/rustup-home/toolchains/1.75.0-x86_64-unknown-linux-gnu/bin/rustc --crate-name iscp --edition=2021 src/lib.rs --error-format=json --json=diagnostic-rendered-ansi,artifacts,future-incompat --emit=dep-info,link -C embed-bitcode=no -C debuginfo=1 --test --cfg 'feature="default"' -C metadata=32b29fd36a002559 -C extra-filename=-32b29fd36a002559 --out-dir /opt/rustwide/target/debug/deps -L dependency=/opt/rustwide/target/debug/deps --extern async_trait=/opt/rustwide/target/debug/deps/libasync_trait-97745e194fbf22ae.so --extern bincode=/opt/rustwide/target/debug/deps/libbincode-95b563cfdca33665.rlib --extern bytes=/opt/rustwide/target/debug/deps/libbytes-b4f6af5f9ebed555.rlib --extern chrono=/opt/rustwide/target/debug/deps/libchrono-db0d5470d28fbf77.rlib --extern criterion=/opt/rustwide/target/debug/deps/libcriterion-b2224e7527d4fe1b.rlib --extern crossbeam=/opt/rustwide/target/debug/deps/libcrossbeam-72be6e302a60c1de.rlib --extern env_logger=/opt/rustwide/target/debug/deps/libenv_logger-e6a65329336e4bb0.rlib --extern futures_util=/opt/rustwide/target/debug/deps/libfutures_util-31b5854070a2eb9e.rlib --extern http=/opt/rustwide/target/debug/deps/libhttp-0f7ef856434e263b.rlib --extern log=/opt/rustwide/target/debug/deps/liblog-207fbc310754dd1a.rlib --extern mockall=/opt/rustwide/target/debug/deps/libmockall-aeb80e9080ed333e.rlib --extern num_derive=/opt/rustwide/target/debug/deps/libnum_derive-79daf2c8fa4a70d3.so --extern num_traits=/opt/rustwide/target/debug/deps/libnum_traits-1080774506371f82.rlib --extern oauth2=/opt/rustwide/target/debug/deps/liboauth2-d3fe8ae82b7bd234.rlib --extern pretty_assertions=/opt/rustwide/target/debug/deps/libpretty_assertions-7f2e492ee8fb3174.rlib --extern prost=/opt/rustwide/target/debug/deps/libprost-78ab8e7aef31b720.rlib --extern prost_types=/opt/rustwide/target/debug/deps/libprost_types-5991a8ccf1110900.rlib --extern quinn=/opt/rustwide/target/debug/deps/libquinn-14a17cbc32e037c6.rlib --extern rcgen=/opt/rustwide/target/debug/deps/librcgen-c8e69e30e580312f.rlib --extern rustls=/opt/rustwide/target/debug/deps/librustls-a589ae79e924ca01.rlib --extern rustls_native_certs=/opt/rustwide/target/debug/deps/librustls_native_certs-fbc2209c6007c6a3.rlib --extern rustls_pemfile=/opt/rustwide/target/debug/deps/librustls_pemfile-6733cf851a6ba87c.rlib --extern serde=/opt/rustwide/target/debug/deps/libserde-2b32f615abd0bbc5.rlib --extern serde_derive=/opt/rustwide/target/debug/deps/libserde_derive-1abb5ce42b617149.so --extern serde_json=/opt/rustwide/target/debug/deps/libserde_json-43e6155036b52f39.rlib --extern serde_qs=/opt/rustwide/target/debug/deps/libserde_qs-383bdab958874fe2.rlib --extern thiserror=/opt/rustwide/target/debug/deps/libthiserror-def4a4c7b605f52c.rlib --extern tokio=/opt/rustwide/target/debug/deps/libtokio-04b1c8baeae3c457.rlib --extern tokio_test=/opt/rustwide/target/debug/deps/libtokio_test-030bcdf1dc21cbe0.rlib --extern tokio_tungstenite=/opt/rustwide/target/debug/deps/libtokio_tungstenite-55b82d4ca68c9b5a.rlib --extern tungstenite=/opt/rustwide/target/debug/deps/libtungstenite-4a4c3c6525ff6899.rlib --extern url=/opt/rustwide/target/debug/deps/liburl-f07189625f9e0127.rlib --extern uuid=/opt/rustwide/target/debug/deps/libuuid-e9d6e22d4f272cdd.rlib --extern webpki=/opt/rustwide/target/debug/deps/libwebpki-fa7fbd2cfb18c913.rlib --cap-lints=warn -L native=/opt/rustwide/target/debug/build/ring-c688593037b6738b/out -L native=/opt/rustwide/target/debug/build/ring-08eaa9923971db6b/out` (signal: 9, SIGKILL: kill)
[INFO] running `Command { std: "docker" "inspect" "70165c1e738bf9dd37174f4be94f9034eecadaa8ddfe71d95b6cd5ad5f4b836d", kill_on_drop: false }`
[INFO] running `Command { std: "docker" "rm" "-f" "70165c1e738bf9dd37174f4be94f9034eecadaa8ddfe71d95b6cd5ad5f4b836d", kill_on_drop: false }`
[INFO] [stdout] 70165c1e738bf9dd37174f4be94f9034eecadaa8ddfe71d95b6cd5ad5f4b836d
[INFO] testing iscp-rs-0.10.2 against beta-2023-12-22 for beta-1.76-1
[INFO] extracting crate iscp-rs 0.10.2 into /workspace/builds/worker-7-tc2/source
[INFO] validating manifest of crates.io crate iscp-rs 0.10.2 on toolchain beta-2023-12-22
[INFO] running `Command { std: CARGO_HOME="/workspace/cargo-home" RUSTUP_HOME="/workspace/rustup-home" "/workspace/cargo-home/bin/cargo" "+beta-2023-12-22" "metadata" "--manifest-path" "Cargo.toml" "--no-deps", kill_on_drop: false }`
[INFO] started tweaking crates.io crate iscp-rs 0.10.2
[INFO] removed 0 missing examples
[INFO] finished tweaking crates.io crate iscp-rs 0.10.2
[INFO] tweaked toml for crates.io crate iscp-rs 0.10.2 written to /workspace/builds/worker-7-tc2/source/Cargo.toml
[INFO] crate crates.io crate iscp-rs 0.10.2 already has a lockfile, it will not be regenerated
[INFO] running `Command { std: CARGO_HOME="/workspace/cargo-home" RUSTUP_HOME="/workspace/rustup-home" "/workspace/cargo-home/bin/cargo" "+beta-2023-12-22" "fetch" "--manifest-path" "Cargo.toml", kill_on_drop: false }`
[INFO] running `Command { std: "docker" "create" "-v" "/var/lib/crater-agent-workspace/builds/worker-7-tc2/target:/opt/rustwide/target:rw,Z" "-v" "/var/lib/crater-agent-workspace/builds/worker-7-tc2/source:/opt/rustwide/workdir:ro,Z" "-v" "/var/lib/crater-agent-workspace/cargo-home:/opt/rustwide/cargo-home:ro,Z" "-v" "/var/lib/crater-agent-workspace/rustup-home:/opt/rustwide/rustup-home:ro,Z" "-e" "SOURCE_DIR=/opt/rustwide/workdir" "-e" "CARGO_TARGET_DIR=/opt/rustwide/target" "-e" "CARGO_HOME=/opt/rustwide/cargo-home" "-e" "RUSTUP_HOME=/opt/rustwide/rustup-home" "-w" "/opt/rustwide/workdir" "-m" "1610612736" "--user" "0:0" "--network" "none" "ghcr.io/rust-lang/crates-build-env/linux@sha256:2788e3201cd34a07e3172128adcd8b3090168a8e3bcc40d7c032b9dda1df7d1c" "/opt/rustwide/cargo-home/bin/cargo" "+beta-2023-12-22" "metadata" "--no-deps" "--format-version=1", kill_on_drop: false }`
[INFO] [stdout] ccc4f5857167e385b4adeabfa143d81ca39e237fd83d379abfce234f599568af
[INFO] running `Command { std: "docker" "start" "-a" "ccc4f5857167e385b4adeabfa143d81ca39e237fd83d379abfce234f599568af", kill_on_drop: false }`
[INFO] running `Command { std: "docker" "inspect" "ccc4f5857167e385b4adeabfa143d81ca39e237fd83d379abfce234f599568af", kill_on_drop: false }`
[INFO] running `Command { std: "docker" "rm" "-f" "ccc4f5857167e385b4adeabfa143d81ca39e237fd83d379abfce234f599568af", kill_on_drop: false }`
[INFO] [stdout] ccc4f5857167e385b4adeabfa143d81ca39e237fd83d379abfce234f599568af
[INFO] running `Command { std: "docker" "create" "-v" "/var/lib/crater-agent-workspace/builds/worker-7-tc2/target:/opt/rustwide/target:rw,Z" "-v" "/var/lib/crater-agent-workspace/builds/worker-7-tc2/source:/opt/rustwide/workdir:ro,Z" "-v" "/var/lib/crater-agent-workspace/cargo-home:/opt/rustwide/cargo-home:ro,Z" "-v" "/var/lib/crater-agent-workspace/rustup-home:/opt/rustwide/rustup-home:ro,Z" "-e" "SOURCE_DIR=/opt/rustwide/workdir" "-e" "CARGO_TARGET_DIR=/opt/rustwide/target" "-e" "CARGO_INCREMENTAL=0" "-e" "RUST_BACKTRACE=full" "-e" "RUSTFLAGS=--cap-lints=warn" "-e" "RUSTDOCFLAGS=--cap-lints=warn" "-e" "CARGO_HOME=/opt/rustwide/cargo-home" "-e" "RUSTUP_HOME=/opt/rustwide/rustup-home" "-w" "/opt/rustwide/workdir" "-m" "1610612736" "--user" "0:0" "--network" "none" "ghcr.io/rust-lang/crates-build-env/linux@sha256:2788e3201cd34a07e3172128adcd8b3090168a8e3bcc40d7c032b9dda1df7d1c" "/opt/rustwide/cargo-home/bin/cargo" "+beta-2023-12-22" "build" "--frozen" "--message-format=json", kill_on_drop: false }`
[INFO] [stdout] 3d9c7fd0b01821e74d26ba7304d16810875b6a0e01fae6f46b2c2145442e738b
[INFO] running `Command { std: "docker" "start" "-a" "3d9c7fd0b01821e74d26ba7304d16810875b6a0e01fae6f46b2c2145442e738b", kill_on_drop: false }`
[INFO] [stderr]    Compiling proc-macro2 v1.0.69
[INFO] [stderr]    Compiling libc v0.2.149
[INFO] [stderr]    Compiling serde v1.0.189
[INFO] [stderr]    Compiling syn v1.0.109
[INFO] [stderr]    Compiling spin v0.9.8
[INFO] [stderr]    Compiling untrusted v0.9.0
[INFO] [stderr]    Compiling anyhow v1.0.75
[INFO] [stderr]    Compiling cc v1.0.83
[INFO] [stderr]    Compiling once_cell v1.18.0
[INFO] [stderr]    Compiling rustix v0.38.20
[INFO] [stderr]    Compiling itertools v0.10.5
[INFO] [stderr]    Compiling bitflags v2.4.1
[INFO] [stderr]    Compiling memchr v2.6.4
[INFO] [stderr]    Compiling spin v0.5.2
[INFO] [stderr]    Compiling untrusted v0.7.1
[INFO] [stderr]    Compiling crossbeam-utils v0.8.16
[INFO] [stderr]    Compiling thiserror v1.0.50
[INFO] [stderr]    Compiling smallvec v1.11.1
[INFO] [stderr]    Compiling quote v1.0.33
[INFO] [stderr]    Compiling aho-corasick v1.1.2
[INFO] [stderr]    Compiling syn v2.0.38
[INFO] [stderr]    Compiling getrandom v0.2.10
[INFO] [stderr]    Compiling rand_core v0.6.4
[INFO] [stderr]    Compiling ring v0.17.5
[INFO] [stderr]    Compiling ring v0.16.20
[INFO] [stderr]    Compiling base64 v0.21.5
[INFO] [stderr]    Compiling rand_chacha v0.3.1
[INFO] [stderr]    Compiling regex-automata v0.4.3
[INFO] [stderr]    Compiling which v4.4.2
[INFO] [stderr]    Compiling rustls-pemfile v1.0.3
[INFO] [stderr]    Compiling socket2 v0.5.5
[INFO] [stderr]    Compiling parking_lot_core v0.9.9
[INFO] [stderr]    Compiling cmake v0.1.50
[INFO] [stderr]    Compiling memoffset v0.9.0
[INFO] [stderr]    Compiling bytes v1.5.0
[INFO] [stderr]    Compiling rustls v0.20.9
[INFO] [stderr]    Compiling hashbrown v0.14.2
[INFO] [stderr]    Compiling percent-encoding v2.3.0
[INFO] [stderr]    Compiling regex v1.10.2
[INFO] [stderr]    Compiling prost-build v0.10.4
[INFO] [stderr]    Compiling indexmap v2.0.2
[INFO] [stderr]    Compiling rustls-native-certs v0.6.3
[INFO] [stderr]    Compiling parking_lot v0.12.1
[INFO] [stderr]    Compiling rand v0.8.5
[INFO] [stderr]    Compiling num_cpus v1.16.0
[INFO] [stderr]    Compiling signal-hook-registry v1.4.1
[INFO] [stderr]    Compiling mio v0.8.9
[INFO] [stderr]    Compiling tracing-core v0.1.32
[INFO] [stderr]    Compiling crossbeam-epoch v0.9.15
[INFO] [stderr]    Compiling itoa v1.0.9
[INFO] [stderr]    Compiling fixedbitset v0.4.2
[INFO] [stderr]    Compiling rustls v0.21.8
[INFO] [stderr]    Compiling fastrand v2.0.1
[INFO] [stderr]    Compiling futures-core v0.3.28
[INFO] [stderr]    Compiling futures-task v0.3.28
[INFO] [stderr]    Compiling unicode-bidi v0.3.13
[INFO] [stderr]    Compiling sct v0.7.1
[INFO] [stderr]    Compiling webpki v0.22.4
[INFO] [stderr]    Compiling idna v0.4.0
[INFO] [stderr]    Compiling rustls-webpki v0.101.7
[INFO] [stderr]    Compiling serde_derive v1.0.189
[INFO] [stderr]    Compiling prost-derive v0.10.1
[INFO] [stderr]    Compiling thiserror-impl v1.0.50
[INFO] [stderr]    Compiling tracing-attributes v0.1.27
[INFO] [stderr]    Compiling tokio-macros v2.1.0
[INFO] [stderr]    Compiling tempfile v3.8.0
[INFO] [stderr]    Compiling petgraph v0.6.4
[INFO] [stderr]    Compiling form_urlencoded v1.2.0
[INFO] [stderr]    Compiling futures-util v0.3.28
[INFO] [stderr]    Compiling heck v0.4.1
[INFO] [stderr]    Compiling predicates-core v1.0.6
[INFO] [stderr]    Compiling multimap v0.8.3
[INFO] [stderr]    Compiling crossbeam-queue v0.3.8
[INFO] [stderr]    Compiling cpufeatures v0.2.10
[INFO] [stderr]    Compiling url v2.4.1
[INFO] [stderr]    Compiling sha-1 v0.9.8
[INFO] [stderr]    Compiling futures-macro v0.3.28
[INFO] [stderr]    Compiling prost v0.10.4
[INFO] [stderr]    Compiling tracing v0.1.40
[INFO] [stderr]    Compiling prost-types v0.10.1
[INFO] [stderr]    Compiling float-cmp v0.8.0
[INFO] [stderr]    Compiling rustc-hash v1.1.0
[INFO] [stderr]    Compiling serde_json v1.0.107
[INFO] [stderr]    Compiling futures-sink v0.3.28
[INFO] [stderr]    Compiling fragile v2.0.0
[INFO] [stderr]    Compiling async-trait v0.1.74
[INFO] [stderr]    Compiling utf-8 v0.7.6
[INFO] [stderr]    Compiling normalize-line-endings v0.3.0
[INFO] [stderr]    Compiling termtree v0.4.1
[INFO] [stderr]    Compiling predicates v1.0.8
[INFO] [stderr]    Compiling fragile v1.2.2
[INFO] [stderr]    Compiling predicates-tree v1.0.9
[INFO] [stderr]    Compiling crossbeam-deque v0.8.3
[INFO] [stderr]    Compiling mockall_derive v0.9.1
[INFO] [stderr]    Compiling crossbeam-channel v0.5.8
[INFO] [stderr]    Compiling iana-time-zone v0.1.58
[INFO] [stderr]    Compiling ryu v1.0.15
[INFO] [stderr]    Compiling downcast v0.10.0
[INFO] [stderr]    Compiling crossbeam v0.8.2
[INFO] [stderr]    Compiling chrono v0.4.31
[INFO] [stderr]    Compiling iscp-rs v0.10.2 (/opt/rustwide/workdir)
[INFO] [stderr]    Compiling num-derive v0.3.3
[INFO] [stderr]    Compiling mockall v0.9.1
[INFO] [stderr]    Compiling serde_qs v0.9.2
[INFO] [stderr]    Compiling uuid v1.5.0
[INFO] [stderr]    Compiling bincode v1.3.3
[INFO] [stderr]    Compiling tokio v1.33.0
[INFO] [stderr]    Compiling http v0.2.9
[INFO] [stderr]    Compiling quinn-udp v0.4.1
[INFO] [stderr]    Compiling quinn-proto v0.10.5
[INFO] [stderr]    Compiling tungstenite v0.16.0
[INFO] [stderr]    Compiling tokio-rustls v0.23.4
[INFO] [stderr]    Compiling quinn v0.10.2
[INFO] [stderr]    Compiling tokio-tungstenite v0.16.1
[INFO] [stdout] warning: unused import: `connect::*`
[INFO] [stdout]   --> src/encoding/proto/mod.rs:16:9
[INFO] [stdout]    |
[INFO] [stdout] 16 | pub use connect::*;
[INFO] [stdout]    |         ^^^^^^^^^^
[INFO] [stdout]    |
[INFO] [stdout]    = note: `#[warn(unused_imports)]` on by default
[INFO] [stdout] 
[INFO] [stdout] 
[INFO] [stdout] warning: unused import: `data::*`
[INFO] [stdout]   --> src/encoding/proto/mod.rs:17:9
[INFO] [stdout]    |
[INFO] [stdout] 17 | pub use data::*;
[INFO] [stdout]    |         ^^^^^^^
[INFO] [stdout] 
[INFO] [stdout] 
[INFO] [stdout] warning: unused import: `downstream::*`
[INFO] [stdout]   --> src/encoding/proto/mod.rs:18:9
[INFO] [stdout]    |
[INFO] [stdout] 18 | pub use downstream::*;
[INFO] [stdout]    |         ^^^^^^^^^^^^^
[INFO] [stdout] 
[INFO] [stdout] 
[INFO] [stdout] warning: unused import: `e2e::*`
[INFO] [stdout]   --> src/encoding/proto/mod.rs:19:9
[INFO] [stdout]    |
[INFO] [stdout] 19 | pub use e2e::*;
[INFO] [stdout]    |         ^^^^^^
[INFO] [stdout] 
[INFO] [stdout] 
[INFO] [stdout] warning: unused import: `filter::*`
[INFO] [stdout]   --> src/encoding/proto/mod.rs:20:9
[INFO] [stdout]    |
[INFO] [stdout] 20 | pub use filter::*;
[INFO] [stdout]    |         ^^^^^^^^^
[INFO] [stdout] 
[INFO] [stdout] 
[INFO] [stdout] warning: unused import: `metadata::*`
[INFO] [stdout]   --> src/encoding/proto/mod.rs:21:9
[INFO] [stdout]    |
[INFO] [stdout] 21 | pub use metadata::*;
[INFO] [stdout]    |         ^^^^^^^^^^^
[INFO] [stdout] 
[INFO] [stdout] 
[INFO] [stdout] warning: unused import: `ping_pong::*`
[INFO] [stdout]   --> src/encoding/proto/mod.rs:22:9
[INFO] [stdout]    |
[INFO] [stdout] 22 | pub use ping_pong::*;
[INFO] [stdout]    |         ^^^^^^^^^^^^
[INFO] [stdout] 
[INFO] [stdout] 
[INFO] [stdout] warning: unused import: `upstream::*`
[INFO] [stdout]   --> src/encoding/proto/mod.rs:23:9
[INFO] [stdout]    |
[INFO] [stdout] 23 | pub use upstream::*;
[INFO] [stdout]    |         ^^^^^^^^^^^
[INFO] [stdout] 
[INFO] [stdout] 
[INFO] [stdout] warning: 8 warnings emitted
[INFO] [stdout] 
[INFO] [stdout] 
[INFO] [stderr]     Finished dev [unoptimized + debuginfo] target(s) in 28.05s
[INFO] running `Command { std: "docker" "inspect" "3d9c7fd0b01821e74d26ba7304d16810875b6a0e01fae6f46b2c2145442e738b", kill_on_drop: false }`
[INFO] running `Command { std: "docker" "rm" "-f" "3d9c7fd0b01821e74d26ba7304d16810875b6a0e01fae6f46b2c2145442e738b", kill_on_drop: false }`
[INFO] [stdout] 3d9c7fd0b01821e74d26ba7304d16810875b6a0e01fae6f46b2c2145442e738b
[INFO] running `Command { std: "docker" "create" "-v" "/var/lib/crater-agent-workspace/builds/worker-7-tc2/target:/opt/rustwide/target:rw,Z" "-v" "/var/lib/crater-agent-workspace/builds/worker-7-tc2/source:/opt/rustwide/workdir:ro,Z" "-v" "/var/lib/crater-agent-workspace/cargo-home:/opt/rustwide/cargo-home:ro,Z" "-v" "/var/lib/crater-agent-workspace/rustup-home:/opt/rustwide/rustup-home:ro,Z" "-e" "SOURCE_DIR=/opt/rustwide/workdir" "-e" "CARGO_TARGET_DIR=/opt/rustwide/target" "-e" "CARGO_INCREMENTAL=0" "-e" "RUST_BACKTRACE=full" "-e" "RUSTFLAGS=--cap-lints=warn" "-e" "RUSTDOCFLAGS=--cap-lints=warn" "-e" "CARGO_HOME=/opt/rustwide/cargo-home" "-e" "RUSTUP_HOME=/opt/rustwide/rustup-home" "-w" "/opt/rustwide/workdir" "-m" "1610612736" "--user" "0:0" "--network" "none" "ghcr.io/rust-lang/crates-build-env/linux@sha256:2788e3201cd34a07e3172128adcd8b3090168a8e3bcc40d7c032b9dda1df7d1c" "/opt/rustwide/cargo-home/bin/cargo" "+beta-2023-12-22" "test" "--frozen" "--no-run" "--message-format=json", kill_on_drop: false }`
[INFO] [stdout] 8d634fe7319ad4876b1670a78cfbe5bdd4131f19d294e0145514c03d180c6abe
[INFO] running `Command { std: "docker" "start" "-a" "8d634fe7319ad4876b1670a78cfbe5bdd4131f19d294e0145514c03d180c6abe", kill_on_drop: false }`
[INFO] [stderr]    Compiling cfg-if v1.0.0
[INFO] [stderr]    Compiling scopeguard v1.2.0
[INFO] [stderr]    Compiling libc v0.2.149
[INFO] [stderr]    Compiling serde v1.0.189
[INFO] [stderr]    Compiling pin-project-lite v0.2.13
[INFO] [stderr]    Compiling memchr v2.6.4
[INFO] [stderr]    Compiling log v0.4.20
[INFO] [stderr]    Compiling once_cell v1.18.0
[INFO] [stderr]    Compiling ring v0.17.5
[INFO] [stderr]    Compiling parking_lot_core v0.9.9
[INFO] [stderr]    Compiling lock_api v0.4.11
[INFO] [stderr]    Compiling itoa v1.0.9
[INFO] [stderr]    Compiling smallvec v1.11.1
[INFO] [stderr]    Compiling spin v0.9.8
[INFO] [stderr]    Compiling untrusted v0.9.0
[INFO] [stderr]    Compiling futures-core v0.3.28
[INFO] [stderr]    Compiling typenum v1.17.0
[INFO] [stderr]    Compiling generic-array v0.14.7
[INFO] [stderr]    Compiling num-traits v0.2.17
[INFO] [stderr]    Compiling getrandom v0.2.10
[INFO] [stderr]    Compiling socket2 v0.5.5
[INFO] [stderr]    Compiling signal-hook-registry v1.4.1
[INFO] [stderr]    Compiling parking_lot v0.12.1
[INFO] [stderr]    Compiling num_cpus v1.16.0
[INFO] [stderr]    Compiling mio v0.8.9
[INFO] [stderr]    Compiling slab v0.4.9
[INFO] [stderr]    Compiling tracing-core v0.1.32
[INFO] [stderr]    Compiling tinyvec_macros v0.1.1
[INFO] [stderr]    Compiling crossbeam-utils v0.8.16
[INFO] [stderr]    Compiling tinyvec v1.6.0
[INFO] [stderr]    Compiling ring v0.16.20
[INFO] [stderr]    Compiling tracing v0.1.40
[INFO] [stderr]    Compiling aho-corasick v1.1.2
[INFO] [stderr]    Compiling fnv v1.0.7
[INFO] [stderr]    Compiling regex-syntax v0.8.2
[INFO] [stderr]    Compiling futures-task v0.3.28
[INFO] [stderr]    Compiling itertools v0.10.5
[INFO] [stderr]    Compiling spin v0.5.2
[INFO] [stderr]    Compiling futures-sink v0.3.28
[INFO] [stderr]    Compiling untrusted v0.7.1
[INFO] [stderr]    Compiling percent-encoding v2.3.0
[INFO] [stderr]    Compiling futures-util v0.3.28
[INFO] [stderr]    Compiling base64 v0.21.5
[INFO] [stderr]    Compiling bytes v1.5.0
[INFO] [stderr]    Compiling rustls-pemfile v1.0.3
[INFO] [stderr]    Compiling rustls v0.21.8
[INFO] [stderr]    Compiling httparse v1.8.0
[INFO] [stderr]    Compiling thiserror v1.0.50
[INFO] [stderr]    Compiling memoffset v0.9.0
[INFO] [stderr]    Compiling tokio v1.33.0
[INFO] [stderr]    Compiling http v0.2.9
[INFO] [stderr]    Compiling regex-automata v0.4.3
[INFO] [stderr]    Compiling prost-derive v0.10.1
[INFO] [stderr]    Compiling sct v0.7.1
[INFO] [stderr]    Compiling rustls-webpki v0.101.7
[INFO] [stderr]    Compiling rand_core v0.6.4
[INFO] [stderr]    Compiling ryu v1.0.15
[INFO] [stderr]    Compiling pin-utils v0.1.0
[INFO] [stderr]    Compiling futures-io v0.3.28
[INFO] [stderr]    Compiling ppv-lite86 v0.2.17
[INFO] [stderr]    Compiling crossbeam-epoch v0.9.15
[INFO] [stderr]    Compiling rand_chacha v0.3.1
[INFO] [stderr]    Compiling regex v1.10.2
[INFO] [stderr]    Compiling form_urlencoded v1.2.0
[INFO] [stderr]    Compiling unicode-normalization v0.1.22
[INFO] [stderr]    Compiling unicode-bidi v0.3.13
[INFO] [stderr]    Compiling indexmap v1.9.3
[INFO] [stderr]    Compiling rand v0.8.5
[INFO] [stderr]    Compiling idna v0.4.0
[INFO] [stderr]    Compiling futures-channel v0.3.28
[INFO] [stderr]    Compiling openssl-probe v0.1.5
[INFO] [stderr]    Compiling cpufeatures v0.2.10
[INFO] [stderr]    Compiling base64 v0.13.1
[INFO] [stderr]    Compiling lazy_static v1.4.0
[INFO] [stderr]    Compiling hashbrown v0.12.3
[INFO] [stderr]    Compiling prost v0.10.4
[INFO] [stderr]    Compiling url v2.4.1
[INFO] [stderr]    Compiling rustls-native-certs v0.6.3
[INFO] [stderr]    Compiling rustls v0.20.9
[INFO] [stderr]    Compiling serde_json v1.0.107
[INFO] [stderr]    Compiling prost-build v0.10.4
[INFO] [stderr]    Compiling tokio-util v0.7.9
[INFO] [stderr]    Compiling crossbeam-deque v0.8.3
[INFO] [stderr]    Compiling webpki v0.22.4
[INFO] [stderr]    Compiling try-lock v0.2.4
[INFO] [stderr]    Compiling iana-time-zone v0.1.58
[INFO] [stderr]    Compiling h2 v0.3.21
[INFO] [stderr]    Compiling chrono v0.4.31
[INFO] [stderr]    Compiling want v0.3.1
[INFO] [stderr]    Compiling tempfile v3.8.0
[INFO] [stderr]    Compiling prost-types v0.10.1
[INFO] [stderr]    Compiling http-body v0.4.5
[INFO] [stderr]    Compiling block-buffer v0.9.0
[INFO] [stderr]    Compiling digest v0.9.0
[INFO] [stderr]    Compiling socket2 v0.4.10
[INFO] [stderr]    Compiling opaque-debug v0.3.0
[INFO] [stderr]    Compiling predicates-core v1.0.6
[INFO] [stderr]    Compiling either v1.9.0
[INFO] [stderr]    Compiling tower-service v0.3.2
[INFO] [stderr]    Compiling httpdate v1.0.3
[INFO] [stderr]    Compiling rayon-core v1.12.0
[INFO] [stderr]    Compiling sha-1 v0.9.8
[INFO] [stderr]    Compiling crossbeam-queue v0.3.8
[INFO] [stderr]    Compiling tokio-rustls v0.24.1
[INFO] [stderr]    Compiling float-cmp v0.8.0
[INFO] [stderr]    Compiling block-buffer v0.10.4
[INFO] [stderr]    Compiling crypto-common v0.1.6
[INFO] [stderr]    Compiling fragile v2.0.0
[INFO] [stderr]    Compiling utf-8 v0.7.6
[INFO] [stderr]    Compiling byteorder v1.5.0
[INFO] [stderr]    Compiling unicode-width v0.1.11
[INFO] [stderr]    Compiling rustc-hash v1.1.0
[INFO] [stderr]    Compiling plotters-backend v0.3.5
[INFO] [stderr]    Compiling normalize-line-endings v0.3.0
[INFO] [stderr]    Compiling termtree v0.4.1
[INFO] [stderr]    Compiling difference v2.0.0
[INFO] [stderr]    Compiling quinn-proto v0.10.5
[INFO] [stderr]    Compiling predicates-tree v1.0.9
[INFO] [stderr]    Compiling predicates v1.0.8
[INFO] [stderr]    Compiling plotters-svg v0.3.5
[INFO] [stderr]    Compiling tungstenite v0.16.0
[INFO] [stderr]    Compiling textwrap v0.11.0
[INFO] [stderr]    Compiling fragile v1.2.2
[INFO] [stderr]    Compiling digest v0.10.7
[INFO] [stderr]    Compiling iscp-rs v0.10.2 (/opt/rustwide/workdir)
[INFO] [stderr]    Compiling tokio-rustls v0.23.4
[INFO] [stderr]    Compiling serde_urlencoded v0.7.1
[INFO] [stderr]    Compiling quinn-udp v0.4.1
[INFO] [stderr]    Compiling crossbeam-channel v0.5.8
[INFO] [stderr]    Compiling atty v0.2.14
[INFO] [stderr]    Compiling csv-core v0.1.11
[INFO] [stderr]    Compiling mockall_derive v0.9.1
[INFO] [stderr]    Compiling hyper v0.14.27
[INFO] [stderr]    Compiling encoding_rs v0.8.33
[INFO] [stderr]    Compiling async-stream-impl v0.3.5
[INFO] [stderr]    Compiling webpki-roots v0.25.2
[INFO] [stderr]    Compiling cast v0.3.0
[INFO] [stderr]    Compiling mime v0.3.17
[INFO] [stderr]    Compiling same-file v1.0.6
[INFO] [stderr]    Compiling downcast v0.10.0
[INFO] [stderr]    Compiling half v1.8.2
[INFO] [stderr]    Compiling bitflags v1.3.2
[INFO] [stderr]    Compiling ipnet v2.9.0
[INFO] [stderr]    Compiling async-stream v0.3.5
[INFO] [stderr]    Compiling serde_cbor v0.11.2
[INFO] [stderr]    Compiling quinn v0.10.2
[INFO] [stderr]    Compiling clap v2.34.0
[INFO] [stderr]    Compiling walkdir v2.4.0
[INFO] [stderr]    Compiling criterion-plot v0.4.5
[INFO] [stderr]    Compiling crossbeam v0.8.2
[INFO] [stderr]    Compiling csv v1.3.0
[INFO] [stderr]    Compiling rayon v1.8.0
[INFO] [stderr]    Compiling tokio-tungstenite v0.16.1
[INFO] [stderr]    Compiling sha2 v0.10.8
[INFO] [stderr]    Compiling hyper-rustls v0.24.1
[INFO] [stderr]    Compiling reqwest v0.11.22
[INFO] [stderr]    Compiling plotters v0.3.5
[INFO] [stderr]    Compiling mockall v0.9.1
[INFO] [stderr]    Compiling yasna v0.4.0
[INFO] [stderr]    Compiling tinytemplate v1.2.1
[INFO] [stderr]    Compiling tokio-stream v0.1.14
[INFO] [stderr]    Compiling pem v1.1.1
[INFO] [stderr]    Compiling serde_qs v0.9.2
[INFO] [stderr]    Compiling bincode v1.3.3
[INFO] [stderr]    Compiling uuid v1.5.0
[INFO] [stderr]    Compiling serde_path_to_error v0.1.14
[INFO] [stderr]    Compiling humantime v2.1.0
[INFO] [stderr]    Compiling ansi_term v0.12.1
[INFO] [stderr]    Compiling oorandom v11.1.3
[INFO] [stderr]    Compiling diff v0.1.13
[INFO] [stderr]    Compiling termcolor v1.3.0
[INFO] [stderr]    Compiling pretty_assertions v0.7.2
[INFO] [stderr]    Compiling criterion v0.3.6
[INFO] [stderr]    Compiling env_logger v0.9.3
[INFO] [stderr]    Compiling oauth2 v4.4.2
[INFO] [stderr]    Compiling rcgen v0.8.14
[INFO] [stderr]    Compiling tokio-test v0.4.3
[INFO] [stdout] warning: unused import: `connect::*`
[INFO] [stdout]   --> src/encoding/proto/mod.rs:16:9
[INFO] [stdout]    |
[INFO] [stdout] 16 | pub use connect::*;
[INFO] [stdout]    |         ^^^^^^^^^^
[INFO] [stdout]    |
[INFO] [stdout]    = note: `#[warn(unused_imports)]` on by default
[INFO] [stdout] 
[INFO] [stdout] 
[INFO] [stdout] warning: unused import: `data::*`
[INFO] [stdout]   --> src/encoding/proto/mod.rs:17:9
[INFO] [stdout]    |
[INFO] [stdout] 17 | pub use data::*;
[INFO] [stdout]    |         ^^^^^^^
[INFO] [stdout] 
[INFO] [stdout] 
[INFO] [stdout] warning: unused import: `downstream::*`
[INFO] [stdout]   --> src/encoding/proto/mod.rs:18:9
[INFO] [stdout]    |
[INFO] [stdout] 18 | pub use downstream::*;
[INFO] [stdout]    |         ^^^^^^^^^^^^^
[INFO] [stdout] 
[INFO] [stdout] 
[INFO] [stdout] warning: unused import: `e2e::*`
[INFO] [stdout]   --> src/encoding/proto/mod.rs:19:9
[INFO] [stdout]    |
[INFO] [stdout] 19 | pub use e2e::*;
[INFO] [stdout]    |         ^^^^^^
[INFO] [stdout] 
[INFO] [stdout] 
[INFO] [stdout] warning: unused import: `filter::*`
[INFO] [stdout]   --> src/encoding/proto/mod.rs:20:9
[INFO] [stdout]    |
[INFO] [stdout] 20 | pub use filter::*;
[INFO] [stdout]    |         ^^^^^^^^^
[INFO] [stdout] 
[INFO] [stdout] 
[INFO] [stdout] warning: unused import: `metadata::*`
[INFO] [stdout]   --> src/encoding/proto/mod.rs:21:9
[INFO] [stdout]    |
[INFO] [stdout] 21 | pub use metadata::*;
[INFO] [stdout]    |         ^^^^^^^^^^^
[INFO] [stdout] 
[INFO] [stdout] 
[INFO] [stdout] warning: unused import: `ping_pong::*`
[INFO] [stdout]   --> src/encoding/proto/mod.rs:22:9
[INFO] [stdout]    |
[INFO] [stdout] 22 | pub use ping_pong::*;
[INFO] [stdout]    |         ^^^^^^^^^^^^
[INFO] [stdout] 
[INFO] [stdout] 
[INFO] [stdout] warning: unused import: `upstream::*`
[INFO] [stdout]   --> src/encoding/proto/mod.rs:23:9
[INFO] [stdout]    |
[INFO] [stdout] 23 | pub use upstream::*;
[INFO] [stdout]    |         ^^^^^^^^^^^
[INFO] [stdout] 
[INFO] [stdout] 
[INFO] [stdout] warning: unused import: `connect::*`
[INFO] [stdout]   --> src/encoding/proto/mod.rs:16:9
[INFO] [stdout]    |
[INFO] [stdout] 16 | pub use connect::*;
[INFO] [stdout]    |         ^^^^^^^^^^
[INFO] [stdout]    |
[INFO] [stdout]    = note: `#[warn(unused_imports)]` on by default
[INFO] [stdout] 
[INFO] [stdout] 
[INFO] [stdout] warning: unused import: `data::*`
[INFO] [stdout]   --> src/encoding/proto/mod.rs:17:9
[INFO] [stdout]    |
[INFO] [stdout] 17 | pub use data::*;
[INFO] [stdout]    |         ^^^^^^^
[INFO] [stdout] 
[INFO] [stdout] 
[INFO] [stdout] warning: unused import: `downstream::*`
[INFO] [stdout]   --> src/encoding/proto/mod.rs:18:9
[INFO] [stdout]    |
[INFO] [stdout] 18 | pub use downstream::*;
[INFO] [stdout]    |         ^^^^^^^^^^^^^
[INFO] [stdout] 
[INFO] [stdout] 
[INFO] [stdout] warning: unused import: `e2e::*`
[INFO] [stdout]   --> src/encoding/proto/mod.rs:19:9
[INFO] [stdout]    |
[INFO] [stdout] 19 | pub use e2e::*;
[INFO] [stdout]    |         ^^^^^^
[INFO] [stdout] 
[INFO] [stdout] 
[INFO] [stdout] warning: unused import: `filter::*`
[INFO] [stdout]   --> src/encoding/proto/mod.rs:20:9
[INFO] [stdout]    |
[INFO] [stdout] 20 | pub use filter::*;
[INFO] [stdout]    |         ^^^^^^^^^
[INFO] [stdout] 
[INFO] [stdout] 
[INFO] [stdout] warning: unused import: `metadata::*`
[INFO] [stdout]   --> src/encoding/proto/mod.rs:21:9
[INFO] [stdout]    |
[INFO] [stdout] 21 | pub use metadata::*;
[INFO] [stdout]    |         ^^^^^^^^^^^
[INFO] [stdout] 
[INFO] [stdout] 
[INFO] [stdout] warning: unused import: `ping_pong::*`
[INFO] [stdout]   --> src/encoding/proto/mod.rs:22:9
[INFO] [stdout]    |
[INFO] [stdout] 22 | pub use ping_pong::*;
[INFO] [stdout]    |         ^^^^^^^^^^^^
[INFO] [stdout] 
[INFO] [stdout] 
[INFO] [stdout] warning: unused import: `upstream::*`
[INFO] [stdout]   --> src/encoding/proto/mod.rs:23:9
[INFO] [stdout]    |
[INFO] [stdout] 23 | pub use upstream::*;
[INFO] [stdout]    |         ^^^^^^^^^^^
[INFO] [stdout] 
[INFO] [stdout] 
[INFO] [stdout] warning: 8 warnings emitted
[INFO] [stdout] 
[INFO] [stdout] 
[INFO] [stdout] warning: 8 warnings emitted
[INFO] [stdout] 
[INFO] [stdout] 
[INFO] [stderr]     Finished test [unoptimized + debuginfo] target(s) in 57.18s
[INFO] running `Command { std: "docker" "inspect" "8d634fe7319ad4876b1670a78cfbe5bdd4131f19d294e0145514c03d180c6abe", kill_on_drop: false }`
[INFO] running `Command { std: "docker" "rm" "-f" "8d634fe7319ad4876b1670a78cfbe5bdd4131f19d294e0145514c03d180c6abe", kill_on_drop: false }`
[INFO] [stdout] 8d634fe7319ad4876b1670a78cfbe5bdd4131f19d294e0145514c03d180c6abe
[INFO] running `Command { std: "docker" "create" "-v" "/var/lib/crater-agent-workspace/builds/worker-7-tc2/target:/opt/rustwide/target:rw,Z" "-v" "/var/lib/crater-agent-workspace/builds/worker-7-tc2/source:/opt/rustwide/workdir:ro,Z" "-v" "/var/lib/crater-agent-workspace/cargo-home:/opt/rustwide/cargo-home:ro,Z" "-v" "/var/lib/crater-agent-workspace/rustup-home:/opt/rustwide/rustup-home:ro,Z" "-e" "SOURCE_DIR=/opt/rustwide/workdir" "-e" "CARGO_TARGET_DIR=/opt/rustwide/target" "-e" "CARGO_INCREMENTAL=0" "-e" "RUST_BACKTRACE=full" "-e" "RUSTFLAGS=--cap-lints=warn" "-e" "RUSTDOCFLAGS=--cap-lints=warn" "-e" "CARGO_HOME=/opt/rustwide/cargo-home" "-e" "RUSTUP_HOME=/opt/rustwide/rustup-home" "-w" "/opt/rustwide/workdir" "-m" "1610612736" "--user" "0:0" "--network" "none" "ghcr.io/rust-lang/crates-build-env/linux@sha256:2788e3201cd34a07e3172128adcd8b3090168a8e3bcc40d7c032b9dda1df7d1c" "/opt/rustwide/cargo-home/bin/cargo" "+beta-2023-12-22" "test" "--frozen", kill_on_drop: false }`
[INFO] [stdout] a1919338db2c7e47c0a9d9ecb4c4890cd06b85268dbe71fef50542d937712ad7
[INFO] running `Command { std: "docker" "start" "-a" "a1919338db2c7e47c0a9d9ecb4c4890cd06b85268dbe71fef50542d937712ad7", kill_on_drop: false }`
[INFO] [stderr] warning: unused import: `connect::*`
[INFO] [stderr]   --> src/encoding/proto/mod.rs:16:9
[INFO] [stderr]    |
[INFO] [stderr] 16 | pub use connect::*;
[INFO] [stderr]    |         ^^^^^^^^^^
[INFO] [stderr]    |
[INFO] [stderr]    = note: `#[warn(unused_imports)]` on by default
[INFO] [stderr] 
[INFO] [stderr] warning: unused import: `data::*`
[INFO] [stderr]   --> src/encoding/proto/mod.rs:17:9
[INFO] [stderr]    |
[INFO] [stderr] 17 | pub use data::*;
[INFO] [stderr]    |         ^^^^^^^
[INFO] [stderr] 
[INFO] [stderr] warning: unused import: `downstream::*`
[INFO] [stderr]   --> src/encoding/proto/mod.rs:18:9
[INFO] [stderr]    |
[INFO] [stderr] 18 | pub use downstream::*;
[INFO] [stderr]    |         ^^^^^^^^^^^^^
[INFO] [stderr] 
[INFO] [stderr] warning: unused import: `e2e::*`
[INFO] [stderr]   --> src/encoding/proto/mod.rs:19:9
[INFO] [stderr]    |
[INFO] [stderr] 19 | pub use e2e::*;
[INFO] [stderr]    |         ^^^^^^
[INFO] [stderr] 
[INFO] [stderr] warning: unused import: `filter::*`
[INFO] [stderr]   --> src/encoding/proto/mod.rs:20:9
[INFO] [stderr]    |
[INFO] [stderr] 20 | pub use filter::*;
[INFO] [stderr]    |         ^^^^^^^^^
[INFO] [stderr] 
[INFO] [stderr] warning: unused import: `metadata::*`
[INFO] [stderr]   --> src/encoding/proto/mod.rs:21:9
[INFO] [stderr]    |
[INFO] [stderr] 21 | pub use metadata::*;
[INFO] [stderr]    |         ^^^^^^^^^^^
[INFO] [stderr] 
[INFO] [stderr] warning: unused import: `ping_pong::*`
[INFO] [stderr]   --> src/encoding/proto/mod.rs:22:9
[INFO] [stderr]    |
[INFO] [stderr] 22 | pub use ping_pong::*;
[INFO] [stderr]    |         ^^^^^^^^^^^^
[INFO] [stderr] 
[INFO] [stderr] warning: unused import: `upstream::*`
[INFO] [stderr]   --> src/encoding/proto/mod.rs:23:9
[INFO] [stderr]    |
[INFO] [stderr] 23 | pub use upstream::*;
[INFO] [stderr]    |         ^^^^^^^^^^^
[INFO] [stderr] 
[INFO] [stderr] warning: `iscp-rs` (lib) generated 8 warnings (run `cargo fix --lib -p iscp-rs` to apply 8 suggestions)
[INFO] [stderr] warning: `iscp-rs` (lib test) generated 8 warnings (8 duplicates)
[INFO] [stderr]     Finished test [unoptimized + debuginfo] target(s) in 0.42s
[INFO] [stderr]      Running unittests src/lib.rs (/opt/rustwide/target/debug/deps/iscp-0de2baa7958e7751)
[INFO] [stdout] 
[INFO] [stdout] running 58 tests
[INFO] [stdout] test encoding::proto::data::test::utf8 ... ok
[INFO] [stdout] test encoding::proto::connect::test::connect_request ... ok
[INFO] [stdout] test encoding::proto::connect::test::disconnect ... ok
[INFO] [stdout] test encoding::proto::connect::test::connect_response ... ok
[INFO] [stdout] test encoding::proto::metadata::test::invalid_uuid ... ok
[INFO] [stdout] test iscp::connection::test::downstream_open_request ... ignored
[INFO] [stdout] test encoding::proto::upstream::test::invalid_uuid ... ok
[INFO] [stdout] test encoding::proto::ping_pong::test::test_proto_from_to_ping ... ok
[INFO] [stdout] test encoding::proto::downstream::test::invalid_uuid ... ok
[INFO] [stdout] test encoding::proto::ping_pong::test::test_proto_from_to_pong ... ok
[INFO] [stdout] test encoding::json::test::serde ... ok
[INFO] [stdout] test iscp::downstream::test::filter_metadata ... ok
[INFO] [stdout] test iscp::downstream::test::process_data_points ... ok
[INFO] [stdout] test iscp::downstream::test::alias_update ... ok
[INFO] [stdout] test iscp::downstream::test::send_ack ... ok
[INFO] [stdout] test encoding::proto::tests::test_message_from_to_proto ... ok
[INFO] [stdout] test iscp::upstream::test::flush ... ok
[INFO] [stdout] test iscp::upstream::test::close ... ok
[INFO] [stdout] test iscp::connection::test::upstream_open_request ... ok
[INFO] [stdout] test iscp::upstream::test::send_data_data_point_count_overflow ... ok
[INFO] [stdout] test message::result::test::is_succeeded ... ok
[INFO] [stdout] test iscp::upstream::test::send_data_serial_number_overflow ... ok
[INFO] [stdout] test iscp::upstream::test::send_flush ... ok
[INFO] [stdout] test message::test::data_id_parse_str ... ok
[INFO] [stdout] test message::test::data_id_format ... ok
[INFO] [stdout] test message::test::data_id_validate ... ok
[INFO] [stdout] test iscp::downstream::test::receive_invalid_alias ... ok
[INFO] [stdout] test message::test::request_id_and_stream_id_alias ... ok
[INFO] [stdout] test sync::test::cancel ... ok
[INFO] [stdout] test transport::quic::frame::test::datagrams_frame_into_bytes ... ok
[INFO] [stdout] test transport::quic::frame::test::frame ... ok
[INFO] [stdout] test transport::quic::frame::test::datagrams_frame_parse ... ok
[INFO] [stdout] test sync::test::cancel_from_background ... ok
[INFO] [stdout] test transport::quic::frame::test::push_and_parse ... ok
[INFO] [stdout] test transport::quic::frame::test::new_datagrams_frame ... ok
[INFO] [stdout] test transport::ws::connector::tests::to_request ... ok
[INFO] [stdout] test transport::ws::connector::tests::to_request_headers ... ok
[INFO] [stdout] test wire::connection::test::connect_read_loop_closed ... ok
[INFO] [stderr] [2024-01-05T05:17:19Z DEBUG iscp::wire::connection] open: ConnectRequest { request_id: RequestId(0), protocol_version: "2.0.0", node_id: "", ping_interval: Duration { secs: 10, nanos: 0 }, ping_timeout: Duration { secs: 1, nanos: 0 }, project_uuid: None, access_token: None }
[INFO] [stderr] [2024-01-05T05:17:19Z DEBUG iscp::wire::connection] no unreliable transport
[INFO] [stderr] [2024-01-05T05:17:19Z TRACE iscp::wire::connection] exit wire conn unreliable read loop
[INFO] [stderr] [2024-01-05T05:17:19Z DEBUG iscp::wire::connection] open: ConnectRequest { request_id: RequestId(0), protocol_version: "2.0.0", node_id: "test_id", ping_interval: Duration { secs: 10, nanos: 0 }, ping_timeout: Duration { secs: 4, nanos: 0 }, project_uuid: None, access_token: Some(AccessToken { token: "****" }) }
[INFO] [stderr] [2024-01-05T05:17:19Z TRACE iscp::wire::connection] got message: ConnectResponse(ConnectResponse { request_id: RequestId(0), protocol_version: "", result_code: Succeeded, result_string: "" })
[INFO] [stdout] test wire::connection::test::connect_open_request ... ok
[INFO] [stderr] [2024-01-05T05:17:19Z TRACE iscp::wire::connection] got message: Ping(Ping { request_id: RequestId(0) })
[INFO] [stderr] [2024-01-05T05:17:19Z DEBUG iscp::wire::connection] no unreliable transport
[INFO] [stderr] [2024-01-05T05:17:19Z TRACE iscp::wire::connection] exit wire conn unreliable read loop
[INFO] [stderr] [2024-01-05T05:17:19Z DEBUG iscp::wire::connection] disconnect : Disconnect { result_code: ConnectTimeout, result_string: "connect timeout" }
[INFO] [stderr] [2024-01-05T05:17:19Z TRACE iscp::wire::connection] sent disconnect message
[INFO] [stderr] [2024-01-05T05:17:19Z DEBUG iscp::wire::connection] close connection
[INFO] [stderr] [2024-01-05T05:17:19Z TRACE iscp::wire::connection] exit wire conn read loop
[INFO] [stdout] test wire::connection::test::connect_reply_timeout ... ok
[INFO] [stderr] [2024-01-05T05:17:19Z DEBUG iscp::wire::connection] no unreliable transport
[INFO] [stderr] [2024-01-05T05:17:19Z TRACE iscp::wire::connection] exit wire conn unreliable read loop
[INFO] [stderr] [2024-01-05T05:17:19Z TRACE iscp::wire::connection] got message: Ping(Ping { request_id: RequestId(0) })
[INFO] [stderr] [2024-01-05T05:17:19Z TRACE iscp::wire::connection] got message: DownstreamCall(DownstreamCall { call_id: "call_id", request_call_id: "", source_node_id: "", name: "", type_: "", payload: b"" })
[INFO] [stdout] test wire::connection::test::dispatch_downstream_call ... ok
[INFO] [stderr] [2024-01-05T05:17:19Z DEBUG iscp::wire::connection] no unreliable transport
[INFO] [stderr] [2024-01-05T05:17:19Z TRACE iscp::wire::connection] exit wire conn unreliable read loop
[INFO] [stderr] [2024-01-05T05:17:19Z TRACE iscp::wire::connection] got message: Ping(Ping { request_id: RequestId(0) })
[INFO] [stderr] [2024-01-05T05:17:19Z TRACE iscp::wire::connection] got message: DownstreamMetadata(DownstreamMetadata { request_id: RequestId(100), stream_id_alias: 0, source_node_id: "", metadata: BaseTime(BaseTime { session_id: "", name: "", priority: 0, elapsed_time: Duration { secs: 0, nanos: 0 }, base_time: -262144-01-01T00:00:00Z }) })
[INFO] [stdout] test wire::connection::test::dispatch_downstream_meta ... ok
[INFO] [stdout] test transport::quic::frame::test::clear_timeout_buf ... ok
[INFO] [stdout] test wire::connection::test::next_request_id ... ok
[INFO] [stderr] [2024-01-05T05:17:19Z DEBUG iscp::wire::connection] no unreliable transport
[INFO] [stderr] [2024-01-05T05:17:19Z TRACE iscp::wire::connection] exit wire conn unreliable read loop
[INFO] [stderr] [2024-01-05T05:17:19Z TRACE iscp::wire::connection] got message: Ping(Ping { request_id: RequestId(0) })
[INFO] [stderr] [2024-01-05T05:17:19Z DEBUG iscp::wire::connection] no unreliable transport
[INFO] [stderr] [2024-01-05T05:17:19Z TRACE iscp::wire::connection] exit wire conn unreliable read loop
[INFO] [stderr] [2024-01-05T05:17:19Z TRACE iscp::wire::connection] got message: Ping(Ping { request_id: RequestId(0) })
[INFO] [stderr] [2024-01-05T05:17:19Z DEBUG iscp::wire::connection] close connection
[INFO] [stderr] [2024-01-05T05:17:19Z TRACE iscp::wire::connection] exit wire conn read loop
[INFO] [stdout] test wire::connection::test::connect_read_loop_response_ping ... ok
[INFO] [stderr] [2024-01-05T05:17:19Z DEBUG iscp::wire::connection] no unreliable transport
[INFO] [stderr] [2024-01-05T05:17:19Z TRACE iscp::wire::connection] exit wire conn unreliable read loop
[INFO] [stderr] [2024-01-05T05:17:19Z TRACE iscp::wire::connection] got message: Disconnect(Disconnect { result_code: Succeeded, result_string: "" })
[INFO] [stderr] [2024-01-05T05:17:19Z INFO  iscp::wire::connection] receive disconnect: Disconnect { result_code: Succeeded, result_string: "" }
[INFO] [stderr] [2024-01-05T05:17:19Z DEBUG iscp::wire::connection] close connection
[INFO] [stderr] [2024-01-05T05:17:19Z TRACE iscp::wire::connection] exit wire conn read loop
[INFO] [stderr] [2024-01-05T05:17:19Z TRACE iscp::wire::connection] got message: DownstreamChunk(DownstreamChunk { stream_id_alias: 1, stream_chunk: StreamChunk { sequence_number: 0, data_point_groups: [] }, upstream_or_alias: Alias(0) })
[INFO] [stdout] test wire::connection::test::dispatch_downstream_message ... ok
[INFO] [stderr] [2024-01-05T05:17:19Z DEBUG iscp::wire::connection] disconnect : Disconnect { result_code: MalformedMessage, result_string: "message decode error" }
[INFO] [stdout] test wire::connection::test::recv_disconnect ... ok
[INFO] [stdout] test wire::connection::test::unreliable_write_message ... ok
[INFO] [stderr] [2024-01-05T05:17:19Z DEBUG iscp::wire::connection] no unreliable transport
[INFO] [stderr] [2024-01-05T05:17:19Z TRACE iscp::wire::connection] exit wire conn unreliable read loop
[INFO] [stderr] [2024-01-05T05:17:19Z DEBUG iscp::wire::connection] UpstreamCall { call_id: "call_id", request_call_id: "", destination_node_id: "node_id", name: "", type_: "", payload: b"" }
[INFO] [stderr] [2024-01-05T05:17:19Z TRACE iscp::wire::connection] got message: UpstreamCallAck(UpstreamCallAck { call_id: "call_id", result_code: Succeeded, result_string: "OK" })
[INFO] [stderr] [2024-01-05T05:17:19Z TRACE iscp::wire::connection] got message: UpstreamChunkAck(UpstreamChunkAck { stream_id_alias: 1, results: [], data_id_aliases: {} })
[INFO] [stdout] test wire::connection::test::upstream_call ... ok
[INFO] [stdout] test wire::connection::test::dispatch_upstream_message ... ok
[INFO] [stderr] [2024-01-05T05:17:19Z DEBUG iscp::wire::connection] no unreliable transport
[INFO] [stderr] [2024-01-05T05:17:19Z TRACE iscp::wire::connection] exit wire conn unreliable read loop
[INFO] [stderr] [2024-01-05T05:17:19Z DEBUG iscp::wire::connection] no unreliable transport
[INFO] [stderr] [2024-01-05T05:17:19Z TRACE iscp::wire::connection] exit wire conn unreliable read loop
[INFO] [stderr] [2024-01-05T05:17:19Z DEBUG iscp::wire::connection] open upstream: UpstreamOpenRequest { request_id: RequestId(0), session_id: "", ack_interval: Duration { secs: 0, nanos: 0 }, expiry_interval: Duration { secs: 0, nanos: 0 }, data_ids: [], qos: Unreliable, persist: None }
[INFO] [stderr] [2024-01-05T05:17:19Z DEBUG iscp::wire::connection] resume upstream: UpstreamResumeRequest { request_id: RequestId(0), stream_id: 11111111-1111-1111-1111-111111111111 }
[INFO] [stderr] [2024-01-05T05:17:19Z TRACE iscp::wire::connection] got message: UpstreamResumeResponse(UpstreamResumeResponse { request_id: RequestId(0), assigned_stream_id_alias: 0, result_code: Succeeded, result_string: "" })
[INFO] [stderr] [2024-01-05T05:17:19Z TRACE iscp::wire::connection] got message: UpstreamOpenResponse(UpstreamOpenResponse { request_id: RequestId(0), assigned_stream_id: 00000000-0000-0000-0000-000000000000, assigned_stream_id_alias: 0, server_time: 1970-01-01T00:00:00Z, result_code: Succeeded, result_string: "", data_id_aliases: {} })
[INFO] [stdout] test wire::connection::test::upstream_open_request ... ok
[INFO] [stdout] test wire::connection::test::upstream_resume_request ... ok
[INFO] [stdout] test iscp::storage::test::ut_remove_expired ... ok
[INFO] [stdout] test iscp::upstream::test::read_loop ... ok
[INFO] [stderr] [2024-01-05T05:17:19Z WARN  iscp::iscp::upstream] channel closed
[INFO] [stderr] [2024-01-05T05:17:20Z TRACE iscp::wire::connection] got message: DownstreamChunk(DownstreamChunk { stream_id_alias: 1, stream_chunk: StreamChunk { sequence_number: 0, data_point_groups: [] }, upstream_or_alias: Alias(0) })
[INFO] [stderr] [2024-01-05T05:17:20Z TRACE iscp::wire::connection] got message: DownstreamChunk(DownstreamChunk { stream_id_alias: 1, stream_chunk: StreamChunk { sequence_number: 0, data_point_groups: [] }, upstream_or_alias: Alias(0) })
[INFO] [stderr] [2024-01-05T05:17:20Z TRACE iscp::wire::connection] got message: DownstreamChunk(DownstreamChunk { stream_id_alias: 1, stream_chunk: StreamChunk { sequence_number: 0, data_point_groups: [] }, upstream_or_alias: Alias(0) })
[INFO] [stderr] [2024-01-05T05:17:20Z TRACE iscp::wire::connection] got message: DownstreamChunk(DownstreamChunk { stream_id_alias: 1, stream_chunk: StreamChunk { sequence_number: 0, data_point_groups: [] }, upstream_or_alias: Alias(0) })
[INFO] [stderr] [2024-01-05T05:17:20Z TRACE iscp::wire::connection] got message: DownstreamChunk(DownstreamChunk { stream_id_alias: 1, stream_chunk: StreamChunk { sequence_number: 0, data_point_groups: [] }, upstream_or_alias: Alias(0) })
[INFO] [stderr] [2024-01-05T05:17:20Z TRACE iscp::wire::connection] got message: DownstreamChunk(DownstreamChunk { stream_id_alias: 1, stream_chunk: StreamChunk { sequence_number: 0, data_point_groups: [] }, upstream_or_alias: Alias(0) })
[INFO] [stderr] [2024-01-05T05:17:20Z TRACE iscp::wire::connection] got message: DownstreamChunk(DownstreamChunk { stream_id_alias: 1, stream_chunk: StreamChunk { sequence_number: 0, data_point_groups: [] }, upstream_or_alias: Alias(0) })
[INFO] [stderr] [2024-01-05T05:17:20Z TRACE iscp::wire::connection] got message: DownstreamChunk(DownstreamChunk { stream_id_alias: 1, stream_chunk: StreamChunk { sequence_number: 0, data_point_groups: [] }, upstream_or_alias: Alias(0) })
[INFO] [stderr] [2024-01-05T05:17:20Z TRACE iscp::wire::connection] got message: DownstreamChunk(DownstreamChunk { stream_id_alias: 1, stream_chunk: StreamChunk { sequence_number: 0, data_point_groups: [] }, upstream_or_alias: Alias(0) })
[INFO] [stderr] [2024-01-05T05:17:20Z TRACE iscp::wire::connection] got message: DownstreamChunk(DownstreamChunk { stream_id_alias: 1, stream_chunk: StreamChunk { sequence_number: 0, data_point_groups: [] }, upstream_or_alias: Alias(0) })
[INFO] [stderr] [2024-01-05T05:17:20Z TRACE iscp::wire::connection] got message: DownstreamChunk(DownstreamChunk { stream_id_alias: 1, stream_chunk: StreamChunk { sequence_number: 0, data_point_groups: [] }, upstream_or_alias: Alias(0) })
[INFO] [stdout] test wire::connection::test::unreliable_read ... ok
[INFO] [stderr] [2024-01-05T05:17:20Z ERROR iscp::iscp::upstream] final ack receive error: deadline has elapsed
[INFO] [stderr] [2024-01-05T05:17:20Z TRACE iscp::iscp::upstream] Unexpected: `channel closed`
[INFO] [stdout] test iscp::upstream::test::close_no_final_ack ... ok
[INFO] [stdout] test sync::test::wait_group ... ok
[INFO] [stdout] test wire::connection::test::ping_pong_timeout ... ok
[INFO] [stdout] 
[INFO] [stdout] test result: ok. 57 passed; 0 failed; 1 ignored; 0 measured; 0 filtered out; finished in 1.03s
[INFO] [stdout] 
[INFO] [stderr]    Doc-tests iscp
[INFO] [stdout] 
[INFO] [stdout] running 3 tests
[INFO] [stdout] test src/lib.rs - (line 13) ... FAILED
[INFO] [stdout] test src/lib.rs - (line 171) ... FAILED
[INFO] [stdout] test src/lib.rs - (line 67) ... FAILED
[INFO] [stdout] 
[INFO] [stdout] failures:
[INFO] [stdout] 
[INFO] [stdout] ---- src/lib.rs - (line 13) stdout ----
[INFO] [stdout] Test executable failed (exit status: 101).
[INFO] [stdout] 
[INFO] [stdout] stderr:
[INFO] [stdout] thread 'main' panicked at src/lib.rs:49:40:
[INFO] [stdout] called `Result::unwrap()` on an `Err` value: Connect("failed to lookup address information: Temporary failure in name resolution")
[INFO] [stdout] stack backtrace:
[INFO] [stdout]    0:     0x55fa0b6bb856 - std::backtrace_rs::backtrace::libunwind::trace::h261606ad26a499c1
[INFO] [stdout]                                at /rustc/0e09125c6c3c2fd70d7de961bcf0e51575235fad/library/std/src/../../backtrace/src/backtrace/libunwind.rs:104:5
[INFO] [stdout]    1:     0x55fa0b6bb856 - std::backtrace_rs::backtrace::trace_unsynchronized::hd183f0625477fb28
[INFO] [stdout]                                at /rustc/0e09125c6c3c2fd70d7de961bcf0e51575235fad/library/std/src/../../backtrace/src/backtrace/mod.rs:66:5
[INFO] [stdout]    2:     0x55fa0b6bb856 - std::sys_common::backtrace::_print_fmt::hd7f8fef21b4eda67
[INFO] [stdout]                                at /rustc/0e09125c6c3c2fd70d7de961bcf0e51575235fad/library/std/src/sys_common/backtrace.rs:68:5
[INFO] [stdout]    3:     0x55fa0b6bb856 - <std::sys_common::backtrace::_print::DisplayBacktrace as core::fmt::Display>::fmt::h623d9b51f2f453f1
[INFO] [stdout]                                at /rustc/0e09125c6c3c2fd70d7de961bcf0e51575235fad/library/std/src/sys_common/backtrace.rs:44:22
[INFO] [stdout]    4:     0x55fa0b6e3e10 - core::fmt::rt::Argument::fmt::h9f417ac76a86f368
[INFO] [stdout]                                at /rustc/0e09125c6c3c2fd70d7de961bcf0e51575235fad/library/core/src/fmt/rt.rs:142:9
[INFO] [stdout]    5:     0x55fa0b6e3e10 - core::fmt::write::hc9b6faf4ac2aeff7
[INFO] [stdout]                                at /rustc/0e09125c6c3c2fd70d7de961bcf0e51575235fad/library/core/src/fmt/mod.rs:1120:17
[INFO] [stdout]    6:     0x55fa0b6b8d3f - std::io::Write::write_fmt::hfead1eee52c2e65e
[INFO] [stdout]                                at /rustc/0e09125c6c3c2fd70d7de961bcf0e51575235fad/library/std/src/io/mod.rs:1810:15
[INFO] [stdout]    7:     0x55fa0b6bb634 - std::sys_common::backtrace::_print::hd5d66399c7df88a2
[INFO] [stdout]                                at /rustc/0e09125c6c3c2fd70d7de961bcf0e51575235fad/library/std/src/sys_common/backtrace.rs:47:5
[INFO] [stdout]    8:     0x55fa0b6bb634 - std::sys_common::backtrace::print::he81ed2da642d37e5
[INFO] [stdout]                                at /rustc/0e09125c6c3c2fd70d7de961bcf0e51575235fad/library/std/src/sys_common/backtrace.rs:34:9
[INFO] [stdout]    9:     0x55fa0b6bcd07 - std::panicking::default_hook::{{closure}}::h85773f4fa117163d
[INFO] [stdout]   10:     0x55fa0b6bca69 - std::panicking::default_hook::h6a1694a91d09b278
[INFO] [stdout]                                at /rustc/0e09125c6c3c2fd70d7de961bcf0e51575235fad/library/std/src/panicking.rs:292:9
[INFO] [stdout]   11:     0x55fa0b6bd198 - std::panicking::rust_panic_with_hook::h0a7ad96e90f7145b
[INFO] [stdout]                                at /rustc/0e09125c6c3c2fd70d7de961bcf0e51575235fad/library/std/src/panicking.rs:779:13
[INFO] [stdout]   12:     0x55fa0b6bd072 - std::panicking::begin_panic_handler::{{closure}}::h7919090525c6485e
[INFO] [stdout]                                at /rustc/0e09125c6c3c2fd70d7de961bcf0e51575235fad/library/std/src/panicking.rs:657:13
[INFO] [stdout]   13:     0x55fa0b6bbd56 - std::sys_common::backtrace::__rust_end_short_backtrace::hf3289479464f7dfe
[INFO] [stdout]                                at /rustc/0e09125c6c3c2fd70d7de961bcf0e51575235fad/library/std/src/sys_common/backtrace.rs:171:18
[INFO] [stdout]   14:     0x55fa0b6bcdd0 - rust_begin_unwind
[INFO] [stdout]                                at /rustc/0e09125c6c3c2fd70d7de961bcf0e51575235fad/library/std/src/panicking.rs:645:5
[INFO] [stdout]   15:     0x55fa0ad78af5 - core::panicking::panic_fmt::hcc9f77c5c132af55
[INFO] [stdout]                                at /rustc/0e09125c6c3c2fd70d7de961bcf0e51575235fad/library/core/src/panicking.rs:72:14
[INFO] [stdout]   16:     0x55fa0ad79133 - core::result::unwrap_failed::hbe14f498be1452f9
[INFO] [stdout]                                at /rustc/0e09125c6c3c2fd70d7de961bcf0e51575235fad/library/core/src/result.rs:1649:5
[INFO] [stdout]   17:     0x55fa0ad883b2 - core::result::Result<T,E>::unwrap::h433aa64ef6ef1153
[INFO] [stdout]   18:     0x55fa0adb9e05 - rust_out::main::_doctest_main_src_lib_rs_13_0::{{closure}}::h0cfbf10e3d7c5d63
[INFO] [stdout]   19:     0x55fa0ad9792a - tokio::runtime::park::CachedParkThread::block_on::{{closure}}::h5d8e9a2dfb11c83e
[INFO] [stdout]   20:     0x55fa0ad97370 - tokio::runtime::park::CachedParkThread::block_on::h2a45ae2223f732db
[INFO] [stdout]   21:     0x55fa0adb19ed - tokio::runtime::context::blocking::BlockingRegionGuard::block_on::h91eafb7d42d67c5c
[INFO] [stdout]   22:     0x55fa0adb1c40 - tokio::runtime::scheduler::multi_thread::MultiThread::block_on::{{closure}}::hf2b778cc695009af
[INFO] [stdout]   23:     0x55fa0adb12b4 - tokio::runtime::context::runtime::enter_runtime::h4424edb192114ed6
[INFO] [stdout]   24:     0x55fa0adb1c01 - tokio::runtime::scheduler::multi_thread::MultiThread::block_on::hb40cd199cb950a43
[INFO] [stdout]   25:     0x55fa0adb1b4e - tokio::runtime::runtime::Runtime::block_on::h31eae553ced198c5
[INFO] [stdout]   26:     0x55fa0adb9892 - rust_out::main::_doctest_main_src_lib_rs_13_0::h377a0da5c7f6bab7
[INFO] [stdout]   27:     0x55fa0adb90e6 - rust_out::main::h71185a25be64b52e
[INFO] [stdout]   28:     0x55fa0ad81933 - core::ops::function::FnOnce::call_once::h0a5e8bc522cf7e26
[INFO] [stdout]   29:     0x55fa0ad79e86 - std::sys_common::backtrace::__rust_begin_short_backtrace::h904992c6a2208b49
[INFO] [stdout]   30:     0x55fa0ad79ed9 - std::rt::lang_start::{{closure}}::h95a4dad7805b7c7c
[INFO] [stdout]   31:     0x55fa0b6b5331 - core::ops::function::impls::<impl core::ops::function::FnOnce<A> for &F>::call_once::h4eb4c5e1620f29b0
[INFO] [stdout]                                at /rustc/0e09125c6c3c2fd70d7de961bcf0e51575235fad/library/core/src/ops/function.rs:284:13
[INFO] [stdout]   32:     0x55fa0b6b5331 - std::panicking::try::do_call::h73fd26535faffcdf
[INFO] [stdout]                                at /rustc/0e09125c6c3c2fd70d7de961bcf0e51575235fad/library/std/src/panicking.rs:552:40
[INFO] [stdout]   33:     0x55fa0b6b5331 - std::panicking::try::h77ff1d98f0fb9f39
[INFO] [stdout]                                at /rustc/0e09125c6c3c2fd70d7de961bcf0e51575235fad/library/std/src/panicking.rs:516:19
[INFO] [stdout]   34:     0x55fa0b6b5331 - std::panic::catch_unwind::hab3caf2448b95e37
[INFO] [stdout]                                at /rustc/0e09125c6c3c2fd70d7de961bcf0e51575235fad/library/std/src/panic.rs:142:14
[INFO] [stdout]   35:     0x55fa0b6b5331 - std::rt::lang_start_internal::{{closure}}::h8086711f9c783f78
[INFO] [stdout]                                at /rustc/0e09125c6c3c2fd70d7de961bcf0e51575235fad/library/std/src/rt.rs:148:48
[INFO] [stdout]   36:     0x55fa0b6b5331 - std::panicking::try::do_call::hf920d4dc291cd6ca
[INFO] [stdout]                                at /rustc/0e09125c6c3c2fd70d7de961bcf0e51575235fad/library/std/src/panicking.rs:552:40
[INFO] [stdout]   37:     0x55fa0b6b5331 - std::panicking::try::h2b806ccc0a85db74
[INFO] [stdout]                                at /rustc/0e09125c6c3c2fd70d7de961bcf0e51575235fad/library/std/src/panicking.rs:516:19
[INFO] [stdout]   38:     0x55fa0b6b5331 - std::panic::catch_unwind::h038489539c507df2
[INFO] [stdout]                                at /rustc/0e09125c6c3c2fd70d7de961bcf0e51575235fad/library/std/src/panic.rs:142:14
[INFO] [stdout]   39:     0x55fa0b6b5331 - std::rt::lang_start_internal::h28503b88912e8a5c
[INFO] [stdout]                                at /rustc/0e09125c6c3c2fd70d7de961bcf0e51575235fad/library/std/src/rt.rs:148:20
[INFO] [stdout]   40:     0x55fa0ad79eb7 - std::rt::lang_start::h9942cc54b4d5350a
[INFO] [stdout]   41:     0x55fa0adba255 - main
[INFO] [stdout]   42:     0x7f3f42edfd90 - <unknown>
[INFO] [stdout]   43:     0x7f3f42edfe40 - __libc_start_main
[INFO] [stdout]   44:     0x55fa0ad79435 - _start
[INFO] [stdout]   45:                0x0 - <unknown>
[INFO] [stdout] 
[INFO] [stdout] 
[INFO] [stdout] ---- src/lib.rs - (line 171) stdout ----
[INFO] [stdout] Test executable failed (exit status: 101).
[INFO] [stdout] 
[INFO] [stdout] stderr:
[INFO] [stdout] thread 'main' panicked at src/lib.rs:51:40:
[INFO] [stdout] called `Result::unwrap()` on an `Err` value: Connect("failed to lookup address information: Temporary failure in name resolution")
[INFO] [stdout] stack backtrace:
[INFO] [stdout]    0:     0x55563b536b36 - std::backtrace_rs::backtrace::libunwind::trace::h261606ad26a499c1
[INFO] [stdout]                                at /rustc/0e09125c6c3c2fd70d7de961bcf0e51575235fad/library/std/src/../../backtrace/src/backtrace/libunwind.rs:104:5
[INFO] [stdout]    1:     0x55563b536b36 - std::backtrace_rs::backtrace::trace_unsynchronized::hd183f0625477fb28
[INFO] [stdout]                                at /rustc/0e09125c6c3c2fd70d7de961bcf0e51575235fad/library/std/src/../../backtrace/src/backtrace/mod.rs:66:5
[INFO] [stdout]    2:     0x55563b536b36 - std::sys_common::backtrace::_print_fmt::hd7f8fef21b4eda67
[INFO] [stdout]                                at /rustc/0e09125c6c3c2fd70d7de961bcf0e51575235fad/library/std/src/sys_common/backtrace.rs:68:5
[INFO] [stdout]    3:     0x55563b536b36 - <std::sys_common::backtrace::_print::DisplayBacktrace as core::fmt::Display>::fmt::h623d9b51f2f453f1
[INFO] [stdout]                                at /rustc/0e09125c6c3c2fd70d7de961bcf0e51575235fad/library/std/src/sys_common/backtrace.rs:44:22
[INFO] [stdout]    4:     0x55563b55f0f0 - core::fmt::rt::Argument::fmt::h9f417ac76a86f368
[INFO] [stdout]                                at /rustc/0e09125c6c3c2fd70d7de961bcf0e51575235fad/library/core/src/fmt/rt.rs:142:9
[INFO] [stdout]    5:     0x55563b55f0f0 - core::fmt::write::hc9b6faf4ac2aeff7
[INFO] [stdout]                                at /rustc/0e09125c6c3c2fd70d7de961bcf0e51575235fad/library/core/src/fmt/mod.rs:1120:17
[INFO] [stdout]    6:     0x55563b53401f - std::io::Write::write_fmt::hfead1eee52c2e65e
[INFO] [stdout]                                at /rustc/0e09125c6c3c2fd70d7de961bcf0e51575235fad/library/std/src/io/mod.rs:1810:15
[INFO] [stdout]    7:     0x55563b536914 - std::sys_common::backtrace::_print::hd5d66399c7df88a2
[INFO] [stdout]                                at /rustc/0e09125c6c3c2fd70d7de961bcf0e51575235fad/library/std/src/sys_common/backtrace.rs:47:5
[INFO] [stdout]    8:     0x55563b536914 - std::sys_common::backtrace::print::he81ed2da642d37e5
[INFO] [stdout]                                at /rustc/0e09125c6c3c2fd70d7de961bcf0e51575235fad/library/std/src/sys_common/backtrace.rs:34:9
[INFO] [stdout]    9:     0x55563b537fe7 - std::panicking::default_hook::{{closure}}::h85773f4fa117163d
[INFO] [stdout]   10:     0x55563b537d49 - std::panicking::default_hook::h6a1694a91d09b278
[INFO] [stdout]                                at /rustc/0e09125c6c3c2fd70d7de961bcf0e51575235fad/library/std/src/panicking.rs:292:9
[INFO] [stdout]   11:     0x55563b538478 - std::panicking::rust_panic_with_hook::h0a7ad96e90f7145b
[INFO] [stdout]                                at /rustc/0e09125c6c3c2fd70d7de961bcf0e51575235fad/library/std/src/panicking.rs:779:13
[INFO] [stdout]   12:     0x55563b538352 - std::panicking::begin_panic_handler::{{closure}}::h7919090525c6485e
[INFO] [stdout]                                at /rustc/0e09125c6c3c2fd70d7de961bcf0e51575235fad/library/std/src/panicking.rs:657:13
[INFO] [stdout]   13:     0x55563b537036 - std::sys_common::backtrace::__rust_end_short_backtrace::hf3289479464f7dfe
[INFO] [stdout]                                at /rustc/0e09125c6c3c2fd70d7de961bcf0e51575235fad/library/std/src/sys_common/backtrace.rs:171:18
[INFO] [stdout]   14:     0x55563b5380b0 - rust_begin_unwind
[INFO] [stdout]                                at /rustc/0e09125c6c3c2fd70d7de961bcf0e51575235fad/library/std/src/panicking.rs:645:5
[INFO] [stdout]   15:     0x55563ab46af5 - core::panicking::panic_fmt::hcc9f77c5c132af55
[INFO] [stdout]                                at /rustc/0e09125c6c3c2fd70d7de961bcf0e51575235fad/library/core/src/panicking.rs:72:14
[INFO] [stdout]   16:     0x55563ab47133 - core::result::unwrap_failed::hbe14f498be1452f9
[INFO] [stdout]                                at /rustc/0e09125c6c3c2fd70d7de961bcf0e51575235fad/library/core/src/result.rs:1649:5
[INFO] [stdout]   17:     0x55563ab5a492 - core::result::Result<T,E>::unwrap::h433aa64ef6ef1153
[INFO] [stdout]   18:     0x55563ab9defd - rust_out::main::_doctest_main_src_lib_rs_171_0::{{closure}}::h54089b644f136b8c
[INFO] [stdout]   19:     0x55563ab729aa - tokio::runtime::park::CachedParkThread::block_on::{{closure}}::h7049fdf4aa37134c
[INFO] [stdout]   20:     0x55563ab723ea - tokio::runtime::park::CachedParkThread::block_on::h1ed108e66419097c
[INFO] [stdout]   21:     0x55563ab92f3b - tokio::runtime::context::blocking::BlockingRegionGuard::block_on::h8e3913fbce853e51
[INFO] [stdout]   22:     0x55563ab9319e - tokio::runtime::scheduler::multi_thread::MultiThread::block_on::{{closure}}::hcfb3bd6a5c008745
[INFO] [stdout]   23:     0x55563ab92804 - tokio::runtime::context::runtime::enter_runtime::h10b162c1a4b5648a
[INFO] [stdout]   24:     0x55563ab93163 - tokio::runtime::scheduler::multi_thread::MultiThread::block_on::he796c3ad8506326f
[INFO] [stdout]   25:     0x55563ab930ad - tokio::runtime::runtime::Runtime::block_on::h95cce013b3c4d42c
[INFO] [stdout]   26:     0x55563ab9d7e5 - rust_out::main::_doctest_main_src_lib_rs_171_0::h055608bcbf4b8a0b
[INFO] [stdout]   27:     0x55563ab9cfa6 - rust_out::main::h71185a25be64b52e
[INFO] [stdout]   28:     0x55563ab51983 - core::ops::function::FnOnce::call_once::h0a5e8bc522cf7e26
[INFO] [stdout]   29:     0x55563ab483e6 - std::sys_common::backtrace::__rust_begin_short_backtrace::h904992c6a2208b49
[INFO] [stdout]   30:     0x55563ab48439 - std::rt::lang_start::{{closure}}::h95a4dad7805b7c7c
[INFO] [stdout]   31:     0x55563b530611 - core::ops::function::impls::<impl core::ops::function::FnOnce<A> for &F>::call_once::h4eb4c5e1620f29b0
[INFO] [stdout]                                at /rustc/0e09125c6c3c2fd70d7de961bcf0e51575235fad/library/core/src/ops/function.rs:284:13
[INFO] [stdout]   32:     0x55563b530611 - std::panicking::try::do_call::h73fd26535faffcdf
[INFO] [stdout]                                at /rustc/0e09125c6c3c2fd70d7de961bcf0e51575235fad/library/std/src/panicking.rs:552:40
[INFO] [stdout]   33:     0x55563b530611 - std::panicking::try::h77ff1d98f0fb9f39
[INFO] [stdout]                                at /rustc/0e09125c6c3c2fd70d7de961bcf0e51575235fad/library/std/src/panicking.rs:516:19
[INFO] [stdout]   34:     0x55563b530611 - std::panic::catch_unwind::hab3caf2448b95e37
[INFO] [stdout]                                at /rustc/0e09125c6c3c2fd70d7de961bcf0e51575235fad/library/std/src/panic.rs:142:14
[INFO] [stdout]   35:     0x55563b530611 - std::rt::lang_start_internal::{{closure}}::h8086711f9c783f78
[INFO] [stdout]                                at /rustc/0e09125c6c3c2fd70d7de961bcf0e51575235fad/library/std/src/rt.rs:148:48
[INFO] [stdout]   36:     0x55563b530611 - std::panicking::try::do_call::hf920d4dc291cd6ca
[INFO] [stdout]                                at /rustc/0e09125c6c3c2fd70d7de961bcf0e51575235fad/library/std/src/panicking.rs:552:40
[INFO] [stdout]   37:     0x55563b530611 - std::panicking::try::h2b806ccc0a85db74
[INFO] [stdout]                                at /rustc/0e09125c6c3c2fd70d7de961bcf0e51575235fad/library/std/src/panicking.rs:516:19
[INFO] [stdout]   38:     0x55563b530611 - std::panic::catch_unwind::h038489539c507df2
[INFO] [stdout]                                at /rustc/0e09125c6c3c2fd70d7de961bcf0e51575235fad/library/std/src/panic.rs:142:14
[INFO] [stdout]   39:     0x55563b530611 - std::rt::lang_start_internal::h28503b88912e8a5c
[INFO] [stdout]                                at /rustc/0e09125c6c3c2fd70d7de961bcf0e51575235fad/library/std/src/rt.rs:148:20
[INFO] [stdout]   40:     0x55563ab48417 - std::rt::lang_start::h9942cc54b4d5350a
[INFO] [stdout]   41:     0x55563ab9f7c5 - main
[INFO] [stdout]   42:     0x7f0d30806d90 - <unknown>
[INFO] [stdout]   43:     0x7f0d30806e40 - __libc_start_main
[INFO] [stdout]   44:     0x55563ab47435 - _start
[INFO] [stdout]   45:                0x0 - <unknown>
[INFO] [stdout] 
[INFO] [stdout] 
[INFO] [stdout] ---- src/lib.rs - (line 67) stdout ----
[INFO] [stdout] Test executable failed (exit status: 101).
[INFO] [stdout] 
[INFO] [stdout] stderr:
[INFO] [stdout] thread 'main' panicked at src/lib.rs:49:40:
[INFO] [stdout] called `Result::unwrap()` on an `Err` value: Connect("failed to lookup address information: Temporary failure in name resolution")
[INFO] [stdout] stack backtrace:
[INFO] [stdout]    0:     0x55a9ae1148f6 - std::backtrace_rs::backtrace::libunwind::trace::h261606ad26a499c1
[INFO] [stdout]                                at /rustc/0e09125c6c3c2fd70d7de961bcf0e51575235fad/library/std/src/../../backtrace/src/backtrace/libunwind.rs:104:5
[INFO] [stdout]    1:     0x55a9ae1148f6 - std::backtrace_rs::backtrace::trace_unsynchronized::hd183f0625477fb28
[INFO] [stdout]                                at /rustc/0e09125c6c3c2fd70d7de961bcf0e51575235fad/library/std/src/../../backtrace/src/backtrace/mod.rs:66:5
[INFO] [stdout]    2:     0x55a9ae1148f6 - std::sys_common::backtrace::_print_fmt::hd7f8fef21b4eda67
[INFO] [stdout]                                at /rustc/0e09125c6c3c2fd70d7de961bcf0e51575235fad/library/std/src/sys_common/backtrace.rs:68:5
[INFO] [stdout]    3:     0x55a9ae1148f6 - <std::sys_common::backtrace::_print::DisplayBacktrace as core::fmt::Display>::fmt::h623d9b51f2f453f1
[INFO] [stdout]                                at /rustc/0e09125c6c3c2fd70d7de961bcf0e51575235fad/library/std/src/sys_common/backtrace.rs:44:22
[INFO] [stdout]    4:     0x55a9ae13cef0 - core::fmt::rt::Argument::fmt::h9f417ac76a86f368
[INFO] [stdout]                                at /rustc/0e09125c6c3c2fd70d7de961bcf0e51575235fad/library/core/src/fmt/rt.rs:142:9
[INFO] [stdout]    5:     0x55a9ae13cef0 - core::fmt::write::hc9b6faf4ac2aeff7
[INFO] [stdout]                                at /rustc/0e09125c6c3c2fd70d7de961bcf0e51575235fad/library/core/src/fmt/mod.rs:1120:17
[INFO] [stdout]    6:     0x55a9ae111d5f - std::io::Write::write_fmt::hfead1eee52c2e65e
[INFO] [stdout]                                at /rustc/0e09125c6c3c2fd70d7de961bcf0e51575235fad/library/std/src/io/mod.rs:1810:15
[INFO] [stdout]    7:     0x55a9ae1146d4 - std::sys_common::backtrace::_print::hd5d66399c7df88a2
[INFO] [stdout]                                at /rustc/0e09125c6c3c2fd70d7de961bcf0e51575235fad/library/std/src/sys_common/backtrace.rs:47:5
[INFO] [stdout]    8:     0x55a9ae1146d4 - std::sys_common::backtrace::print::he81ed2da642d37e5
[INFO] [stdout]                                at /rustc/0e09125c6c3c2fd70d7de961bcf0e51575235fad/library/std/src/sys_common/backtrace.rs:34:9
[INFO] [stdout]    9:     0x55a9ae115da7 - std::panicking::default_hook::{{closure}}::h85773f4fa117163d
[INFO] [stdout]   10:     0x55a9ae115b09 - std::panicking::default_hook::h6a1694a91d09b278
[INFO] [stdout]                                at /rustc/0e09125c6c3c2fd70d7de961bcf0e51575235fad/library/std/src/panicking.rs:292:9
[INFO] [stdout]   11:     0x55a9ae116238 - std::panicking::rust_panic_with_hook::h0a7ad96e90f7145b
[INFO] [stdout]                                at /rustc/0e09125c6c3c2fd70d7de961bcf0e51575235fad/library/std/src/panicking.rs:779:13
[INFO] [stdout]   12:     0x55a9ae116112 - std::panicking::begin_panic_handler::{{closure}}::h7919090525c6485e
[INFO] [stdout]                                at /rustc/0e09125c6c3c2fd70d7de961bcf0e51575235fad/library/std/src/panicking.rs:657:13
[INFO] [stdout]   13:     0x55a9ae114df6 - std::sys_common::backtrace::__rust_end_short_backtrace::hf3289479464f7dfe
[INFO] [stdout]                                at /rustc/0e09125c6c3c2fd70d7de961bcf0e51575235fad/library/std/src/sys_common/backtrace.rs:171:18
[INFO] [stdout]   14:     0x55a9ae115e70 - rust_begin_unwind
[INFO] [stdout]                                at /rustc/0e09125c6c3c2fd70d7de961bcf0e51575235fad/library/std/src/panicking.rs:645:5
[INFO] [stdout]   15:     0x55a9ad73cc55 - core::panicking::panic_fmt::hcc9f77c5c132af55
[INFO] [stdout]                                at /rustc/0e09125c6c3c2fd70d7de961bcf0e51575235fad/library/core/src/panicking.rs:72:14
[INFO] [stdout]   16:     0x55a9ad73d293 - core::result::unwrap_failed::hbe14f498be1452f9
[INFO] [stdout]                                at /rustc/0e09125c6c3c2fd70d7de961bcf0e51575235fad/library/core/src/result.rs:1649:5
[INFO] [stdout]   17:     0x55a9ad74d0d2 - core::result::Result<T,E>::unwrap::h433aa64ef6ef1153
[INFO] [stdout]   18:     0x55a9ad78323d - rust_out::main::_doctest_main_src_lib_rs_67_0::{{closure}}::hdeb359d9e8ec3903
[INFO] [stdout]   19:     0x55a9ad76030a - tokio::runtime::park::CachedParkThread::block_on::{{closure}}::hd2a2b4e97174bf8c
[INFO] [stdout]   20:     0x55a9ad760160 - tokio::runtime::park::CachedParkThread::block_on::h8bbae1c9e0eac18f
[INFO] [stdout]   21:     0x55a9ad77a32d - tokio::runtime::context::blocking::BlockingRegionGuard::block_on::ha82fc99043a669da
[INFO] [stdout]   22:     0x55a9ad77a600 - tokio::runtime::scheduler::multi_thread::MultiThread::block_on::{{closure}}::h991caa8ada587033
[INFO] [stdout]   23:     0x55a9ad779c64 - tokio::runtime::context::runtime::enter_runtime::hc6ebaa3899118b04
[INFO] [stdout]   24:     0x55a9ad77a5c1 - tokio::runtime::scheduler::multi_thread::MultiThread::block_on::hb5b045f908d993f4
[INFO] [stdout]   25:     0x55a9ad77a50a - tokio::runtime::runtime::Runtime::block_on::ha393d6609c00cf9f
[INFO] [stdout]   26:     0x55a9ad782be2 - rust_out::main::_doctest_main_src_lib_rs_67_0::h0181a46d3bdf1a22
[INFO] [stdout]   27:     0x55a9ad782436 - rust_out::main::h71185a25be64b52e
[INFO] [stdout]   28:     0x55a9ad745d53 - core::ops::function::FnOnce::call_once::h0a5e8bc522cf7e26
[INFO] [stdout]   29:     0x55a9ad73dfe6 - std::sys_common::backtrace::__rust_begin_short_backtrace::h904992c6a2208b49
[INFO] [stdout]   30:     0x55a9ad73e039 - std::rt::lang_start::{{closure}}::h95a4dad7805b7c7c
[INFO] [stdout]   31:     0x55a9ae10e351 - core::ops::function::impls::<impl core::ops::function::FnOnce<A> for &F>::call_once::h4eb4c5e1620f29b0
[INFO] [stdout]                                at /rustc/0e09125c6c3c2fd70d7de961bcf0e51575235fad/library/core/src/ops/function.rs:284:13
[INFO] [stdout]   32:     0x55a9ae10e351 - std::panicking::try::do_call::h73fd26535faffcdf
[INFO] [stdout]                                at /rustc/0e09125c6c3c2fd70d7de961bcf0e51575235fad/library/std/src/panicking.rs:552:40
[INFO] [stdout]   33:     0x55a9ae10e351 - std::panicking::try::h77ff1d98f0fb9f39
[INFO] [stdout]                                at /rustc/0e09125c6c3c2fd70d7de961bcf0e51575235fad/library/std/src/panicking.rs:516:19
[INFO] [stdout]   34:     0x55a9ae10e351 - std::panic::catch_unwind::hab3caf2448b95e37
[INFO] [stdout]                                at /rustc/0e09125c6c3c2fd70d7de961bcf0e51575235fad/library/std/src/panic.rs:142:14
[INFO] [stdout]   35:     0x55a9ae10e351 - std::rt::lang_start_internal::{{closure}}::h8086711f9c783f78
[INFO] [stdout]                                at /rustc/0e09125c6c3c2fd70d7de961bcf0e51575235fad/library/std/src/rt.rs:148:48
[INFO] [stdout]   36:     0x55a9ae10e351 - std::panicking::try::do_call::hf920d4dc291cd6ca
[INFO] [stdout]                                at /rustc/0e09125c6c3c2fd70d7de961bcf0e51575235fad/library/std/src/panicking.rs:552:40
[INFO] [stdout]   37:     0x55a9ae10e351 - std::panicking::try::h2b806ccc0a85db74
[INFO] [stdout]                                at /rustc/0e09125c6c3c2fd70d7de961bcf0e51575235fad/library/std/src/panicking.rs:516:19
[INFO] [stdout]   38:     0x55a9ae10e351 - std::panic::catch_unwind::h038489539c507df2
[INFO] [stdout]                                at /rustc/0e09125c6c3c2fd70d7de961bcf0e51575235fad/library/std/src/panic.rs:142:14
[INFO] [stdout]   39:     0x55a9ae10e351 - std::rt::lang_start_internal::h28503b88912e8a5c
[INFO] [stdout]                                at /rustc/0e09125c6c3c2fd70d7de961bcf0e51575235fad/library/std/src/rt.rs:148:20
[INFO] [stdout]   40:     0x55a9ad73e017 - std::rt::lang_start::h9942cc54b4d5350a
[INFO] [stdout]   41:     0x55a9ad7844c5 - main
[INFO] [stdout]   42:     0x7f00a00c9d90 - <unknown>
[INFO] [stdout]   43:     0x7f00a00c9e40 - __libc_start_main
[INFO] [stdout]   44:     0x55a9ad73d595 - _start
[INFO] [stdout]   45:                0x0 - <unknown>
[INFO] [stdout] 
[INFO] [stdout] 
[INFO] [stdout] 
[INFO] [stdout] failures:
[INFO] [stdout]     src/lib.rs - (line 13)
[INFO] [stdout]     src/lib.rs - (line 171)
[INFO] [stdout]     src/lib.rs - (line 67)
[INFO] [stdout] 
[INFO] [stdout] test result: FAILED. 0 passed; 3 failed; 0 ignored; 0 measured; 0 filtered out; finished in 6.81s
[INFO] [stdout] 
[INFO] [stderr] error: doctest failed, to rerun pass `--doc`
[INFO] running `Command { std: "docker" "inspect" "a1919338db2c7e47c0a9d9ecb4c4890cd06b85268dbe71fef50542d937712ad7", kill_on_drop: false }`
[INFO] running `Command { std: "docker" "rm" "-f" "a1919338db2c7e47c0a9d9ecb4c4890cd06b85268dbe71fef50542d937712ad7", kill_on_drop: false }`
[INFO] [stdout] a1919338db2c7e47c0a9d9ecb4c4890cd06b85268dbe71fef50542d937712ad7
