[INFO] fetching crate include-postgres-sql 0.2.2...
[INFO] testing include-postgres-sql-0.2.2 against 1.75.0 for beta-1.76-1
[INFO] extracting crate include-postgres-sql 0.2.2 into /workspace/builds/worker-3-tc1/source
[INFO] validating manifest of crates.io crate include-postgres-sql 0.2.2 on toolchain 1.75.0
[INFO] running `Command { std: CARGO_HOME="/workspace/cargo-home" RUSTUP_HOME="/workspace/rustup-home" "/workspace/cargo-home/bin/cargo" "+1.75.0" "metadata" "--manifest-path" "Cargo.toml" "--no-deps", kill_on_drop: false }`
[INFO] started tweaking crates.io crate include-postgres-sql 0.2.2
[INFO] removed 0 missing examples
[INFO] finished tweaking crates.io crate include-postgres-sql 0.2.2
[INFO] tweaked toml for crates.io crate include-postgres-sql 0.2.2 written to /workspace/builds/worker-3-tc1/source/Cargo.toml
[INFO] crate crates.io crate include-postgres-sql 0.2.2 already has a lockfile, it will not be regenerated
[INFO] running `Command { std: CARGO_HOME="/workspace/cargo-home" RUSTUP_HOME="/workspace/rustup-home" "/workspace/cargo-home/bin/cargo" "+1.75.0" "fetch" "--manifest-path" "Cargo.toml", kill_on_drop: false }`
[INFO] [stderr]     Updating crates.io index
[INFO] [stderr]  Downloading crates ...
[INFO] [stderr]   Downloaded tokio-postgres v0.7.7
[INFO] [stderr]   Downloaded stringprep v0.1.2
[INFO] [stderr]   Downloaded bb8 v0.8.0
[INFO] [stderr]   Downloaded postgres-types v0.2.4
[INFO] [stderr]   Downloaded md-5 v0.10.5
[INFO] [stderr]   Downloaded postgres v0.19.4
[INFO] [stderr]   Downloaded postgres-protocol v0.6.4
[INFO] [stderr]   Downloaded include-sql v0.3.0
[INFO] [stderr]   Downloaded bb8-postgres v0.8.1
[INFO] running `Command { std: "docker" "create" "-v" "/var/lib/crater-agent-workspace/builds/worker-3-tc1/target:/opt/rustwide/target:rw,Z" "-v" "/var/lib/crater-agent-workspace/builds/worker-3-tc1/source:/opt/rustwide/workdir:ro,Z" "-v" "/var/lib/crater-agent-workspace/cargo-home:/opt/rustwide/cargo-home:ro,Z" "-v" "/var/lib/crater-agent-workspace/rustup-home:/opt/rustwide/rustup-home:ro,Z" "-e" "SOURCE_DIR=/opt/rustwide/workdir" "-e" "CARGO_TARGET_DIR=/opt/rustwide/target" "-e" "CARGO_HOME=/opt/rustwide/cargo-home" "-e" "RUSTUP_HOME=/opt/rustwide/rustup-home" "-w" "/opt/rustwide/workdir" "-m" "1610612736" "--user" "0:0" "--network" "none" "ghcr.io/rust-lang/crates-build-env/linux@sha256:2788e3201cd34a07e3172128adcd8b3090168a8e3bcc40d7c032b9dda1df7d1c" "/opt/rustwide/cargo-home/bin/cargo" "+1.75.0" "metadata" "--no-deps" "--format-version=1", kill_on_drop: false }`
[INFO] [stdout] de9e674a07e1e479c61df6bcf049835004b0e490dc20708f875b96bcdb4ce10f
[INFO] running `Command { std: "docker" "start" "-a" "de9e674a07e1e479c61df6bcf049835004b0e490dc20708f875b96bcdb4ce10f", kill_on_drop: false }`
[INFO] running `Command { std: "docker" "inspect" "de9e674a07e1e479c61df6bcf049835004b0e490dc20708f875b96bcdb4ce10f", kill_on_drop: false }`
[INFO] running `Command { std: "docker" "rm" "-f" "de9e674a07e1e479c61df6bcf049835004b0e490dc20708f875b96bcdb4ce10f", kill_on_drop: false }`
[INFO] [stdout] de9e674a07e1e479c61df6bcf049835004b0e490dc20708f875b96bcdb4ce10f
[INFO] running `Command { std: "docker" "create" "-v" "/var/lib/crater-agent-workspace/builds/worker-3-tc1/target:/opt/rustwide/target:rw,Z" "-v" "/var/lib/crater-agent-workspace/builds/worker-3-tc1/source:/opt/rustwide/workdir:ro,Z" "-v" "/var/lib/crater-agent-workspace/cargo-home:/opt/rustwide/cargo-home:ro,Z" "-v" "/var/lib/crater-agent-workspace/rustup-home:/opt/rustwide/rustup-home:ro,Z" "-e" "SOURCE_DIR=/opt/rustwide/workdir" "-e" "CARGO_TARGET_DIR=/opt/rustwide/target" "-e" "CARGO_INCREMENTAL=0" "-e" "RUST_BACKTRACE=full" "-e" "RUSTFLAGS=--cap-lints=warn" "-e" "RUSTDOCFLAGS=--cap-lints=warn" "-e" "CARGO_HOME=/opt/rustwide/cargo-home" "-e" "RUSTUP_HOME=/opt/rustwide/rustup-home" "-w" "/opt/rustwide/workdir" "-m" "1610612736" "--user" "0:0" "--network" "none" "ghcr.io/rust-lang/crates-build-env/linux@sha256:2788e3201cd34a07e3172128adcd8b3090168a8e3bcc40d7c032b9dda1df7d1c" "/opt/rustwide/cargo-home/bin/cargo" "+1.75.0" "build" "--frozen" "--message-format=json", kill_on_drop: false }`
[INFO] [stdout] f7b4d4422112f5ad811a6f29b40f134f0abd3e2b186f2d8d1dc5bb7bd8683608
[INFO] running `Command { std: "docker" "start" "-a" "f7b4d4422112f5ad811a6f29b40f134f0abd3e2b186f2d8d1dc5bb7bd8683608", kill_on_drop: false }`
[INFO] [stderr]    Compiling proc-macro2 v1.0.51
[INFO] [stderr]    Compiling memchr v2.5.0
[INFO] [stderr]    Compiling quote v1.0.23
[INFO] [stderr]    Compiling unicode-ident v1.0.6
[INFO] [stderr]    Compiling syn v1.0.107
[INFO] [stderr]    Compiling regex-syntax v0.6.28
[INFO] [stderr]    Compiling once_cell v1.17.0
[INFO] [stderr]    Compiling aho-corasick v0.7.20
[INFO] [stderr]    Compiling regex v1.7.1
[INFO] [stderr]    Compiling include-sql v0.3.0
[INFO] [stderr]    Compiling include-postgres-sql v0.2.2 (/opt/rustwide/workdir)
[INFO] [stderr]     Finished dev [unoptimized + debuginfo] target(s) in 6.08s
[INFO] running `Command { std: "docker" "inspect" "f7b4d4422112f5ad811a6f29b40f134f0abd3e2b186f2d8d1dc5bb7bd8683608", kill_on_drop: false }`
[INFO] running `Command { std: "docker" "rm" "-f" "f7b4d4422112f5ad811a6f29b40f134f0abd3e2b186f2d8d1dc5bb7bd8683608", kill_on_drop: false }`
[INFO] [stdout] f7b4d4422112f5ad811a6f29b40f134f0abd3e2b186f2d8d1dc5bb7bd8683608
[INFO] running `Command { std: "docker" "create" "-v" "/var/lib/crater-agent-workspace/builds/worker-3-tc1/target:/opt/rustwide/target:rw,Z" "-v" "/var/lib/crater-agent-workspace/builds/worker-3-tc1/source:/opt/rustwide/workdir:ro,Z" "-v" "/var/lib/crater-agent-workspace/cargo-home:/opt/rustwide/cargo-home:ro,Z" "-v" "/var/lib/crater-agent-workspace/rustup-home:/opt/rustwide/rustup-home:ro,Z" "-e" "SOURCE_DIR=/opt/rustwide/workdir" "-e" "CARGO_TARGET_DIR=/opt/rustwide/target" "-e" "CARGO_INCREMENTAL=0" "-e" "RUST_BACKTRACE=full" "-e" "RUSTFLAGS=--cap-lints=warn" "-e" "RUSTDOCFLAGS=--cap-lints=warn" "-e" "CARGO_HOME=/opt/rustwide/cargo-home" "-e" "RUSTUP_HOME=/opt/rustwide/rustup-home" "-w" "/opt/rustwide/workdir" "-m" "1610612736" "--user" "0:0" "--network" "none" "ghcr.io/rust-lang/crates-build-env/linux@sha256:2788e3201cd34a07e3172128adcd8b3090168a8e3bcc40d7c032b9dda1df7d1c" "/opt/rustwide/cargo-home/bin/cargo" "+1.75.0" "test" "--frozen" "--no-run" "--message-format=json", kill_on_drop: false }`
[INFO] [stdout] 14177c948e457eb0db8745077ecbda7513fe0bbe77ca130ec1f857da9bf5ea29
[INFO] running `Command { std: "docker" "start" "-a" "14177c948e457eb0db8745077ecbda7513fe0bbe77ca130ec1f857da9bf5ea29", kill_on_drop: false }`
[INFO] [stderr]    Compiling libc v0.2.139
[INFO] [stderr]    Compiling typenum v1.16.0
[INFO] [stderr]    Compiling generic-array v0.14.6
[INFO] [stderr]    Compiling lock_api v0.4.9
[INFO] [stderr]    Compiling futures-core v0.3.26
[INFO] [stderr]    Compiling parking_lot_core v0.9.7
[INFO] [stderr]    Compiling subtle v2.4.1
[INFO] [stderr]    Compiling bytes v1.4.0
[INFO] [stderr]    Compiling once_cell v1.17.0
[INFO] [stderr]    Compiling smallvec v1.10.0
[INFO] [stderr]    Compiling tokio v1.25.0
[INFO] [stderr]    Compiling futures-sink v0.3.26
[INFO] [stderr]    Compiling futures-channel v0.3.26
[INFO] [stderr]    Compiling ppv-lite86 v0.2.17
[INFO] [stderr]    Compiling futures-task v0.3.26
[INFO] [stderr]    Compiling tokio-macros v1.8.2
[INFO] [stderr]    Compiling async-trait v0.1.64
[INFO] [stderr]    Compiling unicode-bidi v0.3.10
[INFO] [stderr]    Compiling cpufeatures v0.2.5
[INFO] [stderr]    Compiling futures-util v0.3.26
[INFO] [stderr]    Compiling tracing-core v0.1.30
[INFO] [stderr]    Compiling stringprep v0.1.2
[INFO] [stderr]    Compiling futures-macro v0.3.26
[INFO] [stderr]    Compiling getrandom v0.2.8
[INFO] [stderr]    Compiling rand_core v0.6.4
[INFO] [stderr]    Compiling rand_chacha v0.3.1
[INFO] [stderr]    Compiling parking_lot v0.12.1
[INFO] [stderr]    Compiling signal-hook-registry v1.4.1
[INFO] [stderr]    Compiling mio v0.8.5
[INFO] [stderr]    Compiling socket2 v0.4.7
[INFO] [stderr]    Compiling num_cpus v1.15.0
[INFO] [stderr]    Compiling crypto-common v0.1.6
[INFO] [stderr]    Compiling block-buffer v0.10.3
[INFO] [stderr]    Compiling digest v0.10.6
[INFO] [stderr]    Compiling rand v0.8.5
[INFO] [stderr]    Compiling fallible-iterator v0.2.0
[INFO] [stderr]    Compiling phf_shared v0.11.1
[INFO] [stderr]    Compiling tracing v0.1.37
[INFO] [stderr]    Compiling md-5 v0.10.5
[INFO] [stderr]    Compiling hmac v0.12.1
[INFO] [stderr]    Compiling sha2 v0.10.6
[INFO] [stderr]    Compiling phf v0.11.1
[INFO] [stderr]    Compiling aho-corasick v0.7.20
[INFO] [stderr]    Compiling percent-encoding v2.2.0
[INFO] [stderr]    Compiling postgres-protocol v0.6.4
[INFO] [stderr]    Compiling regex v1.7.1
[INFO] [stderr]    Compiling postgres-types v0.2.4
[INFO] [stderr]    Compiling include-sql v0.3.0
[INFO] [stderr]    Compiling include-postgres-sql v0.2.2 (/opt/rustwide/workdir)
[INFO] [stderr]    Compiling tokio-util v0.7.7
[INFO] [stderr]    Compiling bb8 v0.8.0
[INFO] [stderr]    Compiling tokio-postgres v0.7.7
[INFO] [stderr]    Compiling postgres v0.19.4
[INFO] [stderr]    Compiling bb8-postgres v0.8.1
[INFO] [stdout] error: linking with `cc` failed: exit status: 1
[INFO] [stdout]   |
[INFO] [stdout]   = note: LC_ALL="C" PATH="/opt/rustwide/rustup-home/toolchains/1.75.0-x86_64-unknown-linux-gnu/lib/rustlib/x86_64-unknown-linux-gnu/bin:/opt/rustwide/cargo-home/bin:/usr/local/sbin:/usr/local/bin:/usr/sbin:/usr/bin:/sbin:/bin" VSLANG="1033" "cc" "-m64" "/tmp/rustcr3Btlc/symbols.o" "/opt/rustwide/target/debug/deps/sync_query_with_gen_args_into_rows-6718ed38280f66fb.sync_query_with_gen_args_into_rows.26e3216782546403-cgu.0.rcgu.o" "/opt/rustwide/target/debug/deps/sync_query_with_gen_args_into_rows-6718ed38280f66fb.sync_query_with_gen_args_into_rows.26e3216782546403-cgu.1.rcgu.o" "/opt/rustwide/target/debug/deps/sync_query_with_gen_args_into_rows-6718ed38280f66fb.sync_query_with_gen_args_into_rows.26e3216782546403-cgu.2.rcgu.o" "/opt/rustwide/target/debug/deps/sync_query_with_gen_args_into_rows-6718ed38280f66fb.sync_query_with_gen_args_into_rows.26e3216782546403-cgu.3.rcgu.o" "/opt/rustwide/target/debug/deps/sync_query_with_gen_args_into_rows-6718ed38280f66fb.sync_query_with_gen_args_into_rows.26e3216782546403-cgu.4.rcgu.o" "/opt/rustwide/target/debug/deps/sync_query_with_gen_args_into_rows-6718ed38280f66fb.sync_query_with_gen_args_into_rows.26e3216782546403-cgu.5.rcgu.o" "/opt/rustwide/target/debug/deps/sync_query_with_gen_args_into_rows-6718ed38280f66fb.sync_query_with_gen_args_into_rows.26e3216782546403-cgu.6.rcgu.o" "/opt/rustwide/target/debug/deps/sync_query_with_gen_args_into_rows-6718ed38280f66fb.sync_query_with_gen_args_into_rows.26e3216782546403-cgu.7.rcgu.o" "/opt/rustwide/target/debug/deps/sync_query_with_gen_args_into_rows-6718ed38280f66fb.sync_query_with_gen_args_into_rows.26e3216782546403-cgu.8.rcgu.o" "/opt/rustwide/target/debug/deps/sync_query_with_gen_args_into_rows-6718ed38280f66fb.xo8ilghi1wywhmw.rcgu.o" "-Wl,--as-needed" "-L" "/opt/rustwide/target/debug/deps" "-L" "/opt/rustwide/rustup-home/toolchains/1.75.0-x86_64-unknown-linux-gnu/lib/rustlib/x86_64-unknown-linux-gnu/lib" "-Wl,-Bstatic" "/opt/rustwide/rustup-home/toolchains/1.75.0-x86_64-unknown-linux-gnu/lib/rustlib/x86_64-unknown-linux-gnu/lib/libtest-3df1bed8075ce1de.rlib" "/opt/rustwide/rustup-home/toolchains/1.75.0-x86_64-unknown-linux-gnu/lib/rustlib/x86_64-unknown-linux-gnu/lib/libgetopts-2076fd86b325cb5d.rlib" "/opt/rustwide/rustup-home/toolchains/1.75.0-x86_64-unknown-linux-gnu/lib/rustlib/x86_64-unknown-linux-gnu/lib/libunicode_width-caa7152ee70c190f.rlib" "/opt/rustwide/rustup-home/toolchains/1.75.0-x86_64-unknown-linux-gnu/lib/rustlib/x86_64-unknown-linux-gnu/lib/librustc_std_workspace_std-04e6425e07f02a3c.rlib" "/opt/rustwide/target/debug/deps/libpostgres-e863f455b0881dd3.rlib" "/opt/rustwide/target/debug/deps/libtokio_postgres-f57c4be7abd056bb.rlib" "/opt/rustwide/target/debug/deps/libphf-6597a1af74d4bac9.rlib" "/opt/rustwide/target/debug/deps/libphf_shared-e5f2b1005c388f53.rlib" "/opt/rustwide/target/debug/deps/libsiphasher-70141c8539e8d7a5.rlib" "/opt/rustwide/target/debug/deps/libpercent_encoding-c39f6500503dd269.rlib" "/opt/rustwide/target/debug/deps/libtokio_util-b4a21ed5b1ae9800.rlib" "/opt/rustwide/target/debug/deps/libtracing-c917e9cc822da097.rlib" "/opt/rustwide/target/debug/deps/libtracing_core-ed08afc30a894f71.rlib" "/opt/rustwide/target/debug/deps/libonce_cell-ce8ddf5865730f86.rlib" "/opt/rustwide/target/debug/deps/libtokio-fe95a3e8e3f5bfbd.rlib" "/opt/rustwide/target/debug/deps/libsignal_hook_registry-c7ed33ff855b6f1a.rlib" "/opt/rustwide/target/debug/deps/libnum_cpus-27e0ef034e40cec4.rlib" "/opt/rustwide/target/debug/deps/libsocket2-94cd4cb9801767fa.rlib" "/opt/rustwide/target/debug/deps/libmio-a372f5ccad722191.rlib" "/opt/rustwide/target/debug/deps/liblog-3ad322dff60a4fea.rlib" "/opt/rustwide/target/debug/deps/libparking_lot-010afcddb0afbb7f.rlib" "/opt/rustwide/target/debug/deps/libparking_lot_core-74b4784d4350fba4.rlib" "/opt/rustwide/target/debug/deps/libsmallvec-75a5879a2c4c0c6c.rlib" "/opt/rustwide/target/debug/deps/liblock_api-400daf411a1c055a.rlib" "/opt/rustwide/target/debug/deps/libscopeguard-b35f5c652940acc2.rlib" "/opt/rustwide/target/debug/deps/libpostgres_types-98632d03631ca73f.rlib" "/opt/rustwide/target/debug/deps/libpostgres_protocol-14630d596ffb3ca3.rlib" "/opt/rustwide/target/debug/deps/libbase64-b09bba5046b087ce.rlib" "/opt/rustwide/target/debug/deps/libstringprep-66168241c1597fd6.rlib" "/opt/rustwide/target/debug/deps/libunicode_normalization-e1c1be84a555e587.rlib" "/opt/rustwide/target/debug/deps/libtinyvec-cf6c9f6b792a5507.rlib" "/opt/rustwide/target/debug/deps/libtinyvec_macros-b1cb7f53f58c9f87.rlib" "/opt/rustwide/target/debug/deps/libunicode_bidi-cbe1be37fef7c2aa.rlib" "/opt/rustwide/target/debug/deps/libmemchr-4fdcfd9ddfba30cb.rlib" "/opt/rustwide/target/debug/deps/libsha2-c3a3e869ed8d8629.rlib" "/opt/rustwide/target/debug/deps/libcpufeatures-68ff2c2a83d8484f.rlib" "/opt/rustwide/target/debug/deps/librand-a813dd5a3296522d.rlib" "/opt/rustwide/target/debug/deps/librand_chacha-f3096920faa4cd17.rlib" "/opt/rustwide/target/debug/deps/libppv_lite86-9f808eb911999ef2.rlib" "/opt/rustwide/target/debug/deps/librand_core-d5251dd96ea34460.rlib" "/opt/rustwide/target/debug/deps/libgetrandom-2d84991226c463d6.rlib" "/opt/rustwide/target/debug/deps/liblibc-9c2267a594730902.rlib" "/opt/rustwide/target/debug/deps/libcfg_if-61dc7a6799e72b18.rlib" "/opt/rustwide/target/debug/deps/libhmac-bd891888bc0178b1.rlib" "/opt/rustwide/target/debug/deps/libmd5-c2335d42d67dd49c.rlib" "/opt/rustwide/target/debug/deps/libdigest-ccdef965edffe9f7.rlib" "/opt/rustwide/target/debug/deps/libsubtle-4dc33cdd307ea15e.rlib" "/opt/rustwide/target/debug/deps/libblock_buffer-4903853bd75eb765.rlib" "/opt/rustwide/target/debug/deps/libcrypto_common-e036c303a98e509c.rlib" "/opt/rustwide/target/debug/deps/libgeneric_array-b737503772575288.rlib" "/opt/rustwide/target/debug/deps/libtypenum-10066d62666e55cd.rlib" "/opt/rustwide/target/debug/deps/libfutures_util-23e795fca286908e.rlib" "/opt/rustwide/target/debug/deps/libslab-29fe6a49d400343d.rlib" "/opt/rustwide/target/debug/deps/libfutures_channel-1c189f2e72ff8c58.rlib" "/opt/rustwide/target/debug/deps/libpin_project_lite-cead9f5d94689600.rlib" "/opt/rustwide/target/debug/deps/libfutures_sink-b308aa1400486ad0.rlib" "/opt/rustwide/target/debug/deps/libfutures_task-df2b711dcc4c9905.rlib" "/opt/rustwide/target/debug/deps/libpin_utils-741f7d9d160e4a16.rlib" "/opt/rustwide/target/debug/deps/libfutures_core-8976716e982e838e.rlib" "/opt/rustwide/target/debug/deps/libbytes-3fc98b508f6e4a28.rlib" "/opt/rustwide/target/debug/deps/libbyteorder-b7588b59c1d17615.rlib" "/opt/rustwide/target/debug/deps/libfallible_iterator-015511a54302f7cf.rlib" "/opt/rustwide/target/debug/deps/libinclude_postgres_sql-1e70eadb5b91d065.rlib" "/opt/rustwide/rustup-home/toolchains/1.75.0-x86_64-unknown-linux-gnu/lib/rustlib/x86_64-unknown-linux-gnu/lib/libstd-90f6ddbf82de36ec.rlib" "/opt/rustwide/rustup-home/toolchains/1.75.0-x86_64-unknown-linux-gnu/lib/rustlib/x86_64-unknown-linux-gnu/lib/libpanic_unwind-480c41e9d4e1f677.rlib" "/opt/rustwide/rustup-home/toolchains/1.75.0-x86_64-unknown-linux-gnu/lib/rustlib/x86_64-unknown-linux-gnu/lib/libobject-db744c0ca03eed1d.rlib" "/opt/rustwide/rustup-home/toolchains/1.75.0-x86_64-unknown-linux-gnu/lib/rustlib/x86_64-unknown-linux-gnu/lib/libmemchr-8ba652dc7d4b285a.rlib" "/opt/rustwide/rustup-home/toolchains/1.75.0-x86_64-unknown-linux-gnu/lib/rustlib/x86_64-unknown-linux-gnu/lib/libaddr2line-d5f4520a9ebc0d58.rlib" "/opt/rustwide/rustup-home/toolchains/1.75.0-x86_64-unknown-linux-gnu/lib/rustlib/x86_64-unknown-linux-gnu/lib/libgimli-4ad84de58f0cb463.rlib" "/opt/rustwide/rustup-home/toolchains/1.75.0-x86_64-unknown-linux-gnu/lib/rustlib/x86_64-unknown-linux-gnu/lib/librustc_demangle-0d10aae2e0f38735.rlib" "/opt/rustwide/rustup-home/toolchains/1.75.0-x86_64-unknown-linux-gnu/lib/rustlib/x86_64-unknown-linux-gnu/lib/libstd_detect-0c17cff739e6745b.rlib" "/opt/rustwide/rustup-home/toolchains/1.75.0-x86_64-unknown-linux-gnu/lib/rustlib/x86_64-unknown-linux-gnu/lib/libhashbrown-b29e17139dde1aa8.rlib" "/opt/rustwide/rustup-home/toolchains/1.75.0-x86_64-unknown-linux-gnu/lib/rustlib/x86_64-unknown-linux-gnu/lib/librustc_std_workspace_alloc-1f975299829cc7bd.rlib" "/opt/rustwide/rustup-home/toolchains/1.75.0-x86_64-unknown-linux-gnu/lib/rustlib/x86_64-unknown-linux-gnu/lib/libminiz_oxide-86bae3bc3079f89b.rlib" "/opt/rustwide/rustup-home/toolchains/1.75.0-x86_64-unknown-linux-gnu/lib/rustlib/x86_64-unknown-linux-gnu/lib/libadler-321b82c30dffdf5f.rlib" "/opt/rustwide/rustup-home/toolchains/1.75.0-x86_64-unknown-linux-gnu/lib/rustlib/x86_64-unknown-linux-gnu/lib/libunwind-3dd8a6810a0bdfef.rlib" "/opt/rustwide/rustup-home/toolchains/1.75.0-x86_64-unknown-linux-gnu/lib/rustlib/x86_64-unknown-linux-gnu/lib/libcfg_if-eb39a61c0c879984.rlib" "/opt/rustwide/rustup-home/toolchains/1.75.0-x86_64-unknown-linux-gnu/lib/rustlib/x86_64-unknown-linux-gnu/lib/liblibc-aa769569f91c3548.rlib" "/opt/rustwide/rustup-home/toolchains/1.75.0-x86_64-unknown-linux-gnu/lib/rustlib/x86_64-unknown-linux-gnu/lib/liballoc-510a192a50a983ed.rlib" "/opt/rustwide/rustup-home/toolchains/1.75.0-x86_64-unknown-linux-gnu/lib/rustlib/x86_64-unknown-linux-gnu/lib/librustc_std_workspace_core-0577018320f99037.rlib" "/opt/rustwide/rustup-home/toolchains/1.75.0-x86_64-unknown-linux-gnu/lib/rustlib/x86_64-unknown-linux-gnu/lib/libcore-193cf992125ccd4c.rlib" "/opt/rustwide/rustup-home/toolchains/1.75.0-x86_64-unknown-linux-gnu/lib/rustlib/x86_64-unknown-linux-gnu/lib/libcompiler_builtins-8e138eaf26ebb4a8.rlib" "-Wl,-Bdynamic" "-lgcc_s" "-lutil" "-lrt" "-lpthread" "-lm" "-ldl" "-lc" "-Wl,--eh-frame-hdr" "-Wl,-z,noexecstack" "-L" "/opt/rustwide/rustup-home/toolchains/1.75.0-x86_64-unknown-linux-gnu/lib/rustlib/x86_64-unknown-linux-gnu/lib" "-o" "/opt/rustwide/target/debug/deps/sync_query_with_gen_args_into_rows-6718ed38280f66fb" "-Wl,--gc-sections" "-pie" "-Wl,-z,relro,-z,now" "-nodefaultlibs"
[INFO] [stdout]   = note: collect2: fatal error: ld terminated with signal 9 [Killed]
[INFO] [stdout]           compilation terminated.
[INFO] [stdout]           
[INFO] [stdout] 
[INFO] [stdout] 
[INFO] [stdout] error: aborting due to previous error
[INFO] [stdout] 
[INFO] [stdout] 
[INFO] [stderr] error: could not compile `include-postgres-sql` (test "sync_query_with_gen_args_into_rows") due to 2 previous errors
[INFO] [stderr] warning: build failed, waiting for other jobs to finish...
[INFO] running `Command { std: "docker" "inspect" "14177c948e457eb0db8745077ecbda7513fe0bbe77ca130ec1f857da9bf5ea29", kill_on_drop: false }`
[INFO] running `Command { std: "docker" "rm" "-f" "14177c948e457eb0db8745077ecbda7513fe0bbe77ca130ec1f857da9bf5ea29", kill_on_drop: false }`
[INFO] [stdout] 14177c948e457eb0db8745077ecbda7513fe0bbe77ca130ec1f857da9bf5ea29
[INFO] testing include-postgres-sql-0.2.2 against beta-2023-12-22 for beta-1.76-1
[INFO] extracting crate include-postgres-sql 0.2.2 into /workspace/builds/worker-3-tc2/source
[INFO] validating manifest of crates.io crate include-postgres-sql 0.2.2 on toolchain beta-2023-12-22
[INFO] running `Command { std: CARGO_HOME="/workspace/cargo-home" RUSTUP_HOME="/workspace/rustup-home" "/workspace/cargo-home/bin/cargo" "+beta-2023-12-22" "metadata" "--manifest-path" "Cargo.toml" "--no-deps", kill_on_drop: false }`
[INFO] started tweaking crates.io crate include-postgres-sql 0.2.2
[INFO] removed 0 missing examples
[INFO] finished tweaking crates.io crate include-postgres-sql 0.2.2
[INFO] tweaked toml for crates.io crate include-postgres-sql 0.2.2 written to /workspace/builds/worker-3-tc2/source/Cargo.toml
[INFO] crate crates.io crate include-postgres-sql 0.2.2 already has a lockfile, it will not be regenerated
[INFO] running `Command { std: CARGO_HOME="/workspace/cargo-home" RUSTUP_HOME="/workspace/rustup-home" "/workspace/cargo-home/bin/cargo" "+beta-2023-12-22" "fetch" "--manifest-path" "Cargo.toml", kill_on_drop: false }`
[INFO] running `Command { std: "docker" "create" "-v" "/var/lib/crater-agent-workspace/builds/worker-3-tc2/target:/opt/rustwide/target:rw,Z" "-v" "/var/lib/crater-agent-workspace/builds/worker-3-tc2/source:/opt/rustwide/workdir:ro,Z" "-v" "/var/lib/crater-agent-workspace/cargo-home:/opt/rustwide/cargo-home:ro,Z" "-v" "/var/lib/crater-agent-workspace/rustup-home:/opt/rustwide/rustup-home:ro,Z" "-e" "SOURCE_DIR=/opt/rustwide/workdir" "-e" "CARGO_TARGET_DIR=/opt/rustwide/target" "-e" "CARGO_HOME=/opt/rustwide/cargo-home" "-e" "RUSTUP_HOME=/opt/rustwide/rustup-home" "-w" "/opt/rustwide/workdir" "-m" "1610612736" "--user" "0:0" "--network" "none" "ghcr.io/rust-lang/crates-build-env/linux@sha256:2788e3201cd34a07e3172128adcd8b3090168a8e3bcc40d7c032b9dda1df7d1c" "/opt/rustwide/cargo-home/bin/cargo" "+beta-2023-12-22" "metadata" "--no-deps" "--format-version=1", kill_on_drop: false }`
[INFO] [stdout] 584e63be3abe1f7a8fff3f1e504dca15c3d5413620f8dc838b5d97681fde7e04
[INFO] running `Command { std: "docker" "start" "-a" "584e63be3abe1f7a8fff3f1e504dca15c3d5413620f8dc838b5d97681fde7e04", kill_on_drop: false }`
[INFO] running `Command { std: "docker" "inspect" "584e63be3abe1f7a8fff3f1e504dca15c3d5413620f8dc838b5d97681fde7e04", kill_on_drop: false }`
[INFO] running `Command { std: "docker" "rm" "-f" "584e63be3abe1f7a8fff3f1e504dca15c3d5413620f8dc838b5d97681fde7e04", kill_on_drop: false }`
[INFO] [stdout] 584e63be3abe1f7a8fff3f1e504dca15c3d5413620f8dc838b5d97681fde7e04
[INFO] running `Command { std: "docker" "create" "-v" "/var/lib/crater-agent-workspace/builds/worker-3-tc2/target:/opt/rustwide/target:rw,Z" "-v" "/var/lib/crater-agent-workspace/builds/worker-3-tc2/source:/opt/rustwide/workdir:ro,Z" "-v" "/var/lib/crater-agent-workspace/cargo-home:/opt/rustwide/cargo-home:ro,Z" "-v" "/var/lib/crater-agent-workspace/rustup-home:/opt/rustwide/rustup-home:ro,Z" "-e" "SOURCE_DIR=/opt/rustwide/workdir" "-e" "CARGO_TARGET_DIR=/opt/rustwide/target" "-e" "CARGO_INCREMENTAL=0" "-e" "RUST_BACKTRACE=full" "-e" "RUSTFLAGS=--cap-lints=warn" "-e" "RUSTDOCFLAGS=--cap-lints=warn" "-e" "CARGO_HOME=/opt/rustwide/cargo-home" "-e" "RUSTUP_HOME=/opt/rustwide/rustup-home" "-w" "/opt/rustwide/workdir" "-m" "1610612736" "--user" "0:0" "--network" "none" "ghcr.io/rust-lang/crates-build-env/linux@sha256:2788e3201cd34a07e3172128adcd8b3090168a8e3bcc40d7c032b9dda1df7d1c" "/opt/rustwide/cargo-home/bin/cargo" "+beta-2023-12-22" "build" "--frozen" "--message-format=json", kill_on_drop: false }`
[INFO] [stdout] 3a60f0714e5e462a8930507284b0a6a9c85d4c385043ff88e2529ea62ebe4aa6
[INFO] running `Command { std: "docker" "start" "-a" "3a60f0714e5e462a8930507284b0a6a9c85d4c385043ff88e2529ea62ebe4aa6", kill_on_drop: false }`
[INFO] [stderr]    Compiling proc-macro2 v1.0.51
[INFO] [stderr]    Compiling memchr v2.5.0
[INFO] [stderr]    Compiling quote v1.0.23
[INFO] [stderr]    Compiling unicode-ident v1.0.6
[INFO] [stderr]    Compiling syn v1.0.107
[INFO] [stderr]    Compiling regex-syntax v0.6.28
[INFO] [stderr]    Compiling once_cell v1.17.0
[INFO] [stderr]    Compiling aho-corasick v0.7.20
[INFO] [stderr]    Compiling regex v1.7.1
[INFO] [stderr]    Compiling include-sql v0.3.0
[INFO] [stderr]    Compiling include-postgres-sql v0.2.2 (/opt/rustwide/workdir)
[INFO] [stderr]     Finished dev [unoptimized + debuginfo] target(s) in 4.52s
[INFO] running `Command { std: "docker" "inspect" "3a60f0714e5e462a8930507284b0a6a9c85d4c385043ff88e2529ea62ebe4aa6", kill_on_drop: false }`
[INFO] running `Command { std: "docker" "rm" "-f" "3a60f0714e5e462a8930507284b0a6a9c85d4c385043ff88e2529ea62ebe4aa6", kill_on_drop: false }`
[INFO] [stdout] 3a60f0714e5e462a8930507284b0a6a9c85d4c385043ff88e2529ea62ebe4aa6
[INFO] running `Command { std: "docker" "create" "-v" "/var/lib/crater-agent-workspace/builds/worker-3-tc2/target:/opt/rustwide/target:rw,Z" "-v" "/var/lib/crater-agent-workspace/builds/worker-3-tc2/source:/opt/rustwide/workdir:ro,Z" "-v" "/var/lib/crater-agent-workspace/cargo-home:/opt/rustwide/cargo-home:ro,Z" "-v" "/var/lib/crater-agent-workspace/rustup-home:/opt/rustwide/rustup-home:ro,Z" "-e" "SOURCE_DIR=/opt/rustwide/workdir" "-e" "CARGO_TARGET_DIR=/opt/rustwide/target" "-e" "CARGO_INCREMENTAL=0" "-e" "RUST_BACKTRACE=full" "-e" "RUSTFLAGS=--cap-lints=warn" "-e" "RUSTDOCFLAGS=--cap-lints=warn" "-e" "CARGO_HOME=/opt/rustwide/cargo-home" "-e" "RUSTUP_HOME=/opt/rustwide/rustup-home" "-w" "/opt/rustwide/workdir" "-m" "1610612736" "--user" "0:0" "--network" "none" "ghcr.io/rust-lang/crates-build-env/linux@sha256:2788e3201cd34a07e3172128adcd8b3090168a8e3bcc40d7c032b9dda1df7d1c" "/opt/rustwide/cargo-home/bin/cargo" "+beta-2023-12-22" "test" "--frozen" "--no-run" "--message-format=json", kill_on_drop: false }`
[INFO] [stdout] 5039431e8030bf02adf5b76e7ab4874293cf6b7c28b89c4ea9734ac4ac56c2ba
[INFO] running `Command { std: "docker" "start" "-a" "5039431e8030bf02adf5b76e7ab4874293cf6b7c28b89c4ea9734ac4ac56c2ba", kill_on_drop: false }`
[INFO] [stderr]    Compiling libc v0.2.139
[INFO] [stderr]    Compiling typenum v1.16.0
[INFO] [stderr]    Compiling lock_api v0.4.9
[INFO] [stderr]    Compiling generic-array v0.14.6
[INFO] [stderr]    Compiling subtle v2.4.1
[INFO] [stderr]    Compiling futures-core v0.3.26
[INFO] [stderr]    Compiling parking_lot_core v0.9.7
[INFO] [stderr]    Compiling bytes v1.4.0
[INFO] [stderr]    Compiling once_cell v1.17.0
[INFO] [stderr]    Compiling smallvec v1.10.0
[INFO] [stderr]    Compiling tokio v1.25.0
[INFO] [stderr]    Compiling ppv-lite86 v0.2.17
[INFO] [stderr]    Compiling futures-sink v0.3.26
[INFO] [stderr]    Compiling futures-task v0.3.26
[INFO] [stderr]    Compiling futures-channel v0.3.26
[INFO] [stderr]    Compiling tokio-macros v1.8.2
[INFO] [stderr]    Compiling unicode-bidi v0.3.10
[INFO] [stderr]    Compiling futures-util v0.3.26
[INFO] [stderr]    Compiling cpufeatures v0.2.5
[INFO] [stderr]    Compiling async-trait v0.1.64
[INFO] [stderr]    Compiling tracing-core v0.1.30
[INFO] [stderr]    Compiling futures-macro v0.3.26
[INFO] [stderr]    Compiling fallible-iterator v0.2.0
[INFO] [stderr]    Compiling getrandom v0.2.8
[INFO] [stderr]    Compiling rand_core v0.6.4
[INFO] [stderr]    Compiling socket2 v0.4.7
[INFO] [stderr]    Compiling rand_chacha v0.3.1
[INFO] [stderr]    Compiling parking_lot v0.12.1
[INFO] [stderr]    Compiling signal-hook-registry v1.4.1
[INFO] [stderr]    Compiling num_cpus v1.15.0
[INFO] [stderr]    Compiling mio v0.8.5
[INFO] [stderr]    Compiling rand v0.8.5
[INFO] [stderr]    Compiling crypto-common v0.1.6
[INFO] [stderr]    Compiling block-buffer v0.10.3
[INFO] [stderr]    Compiling stringprep v0.1.2
[INFO] [stderr]    Compiling phf_shared v0.11.1
[INFO] [stderr]    Compiling digest v0.10.6
[INFO] [stderr]    Compiling tracing v0.1.37
[INFO] [stderr]    Compiling md-5 v0.10.5
[INFO] [stderr]    Compiling hmac v0.12.1
[INFO] [stderr]    Compiling sha2 v0.10.6
[INFO] [stderr]    Compiling phf v0.11.1
[INFO] [stderr]    Compiling aho-corasick v0.7.20
[INFO] [stderr]    Compiling percent-encoding v2.2.0
[INFO] [stderr]    Compiling postgres-protocol v0.6.4
[INFO] [stderr]    Compiling regex v1.7.1
[INFO] [stderr]    Compiling postgres-types v0.2.4
[INFO] [stderr]    Compiling include-sql v0.3.0
[INFO] [stderr]    Compiling include-postgres-sql v0.2.2 (/opt/rustwide/workdir)
[INFO] [stderr]    Compiling tokio-util v0.7.7
[INFO] [stderr]    Compiling bb8 v0.8.0
[INFO] [stderr]    Compiling tokio-postgres v0.7.7
[INFO] [stderr]    Compiling bb8-postgres v0.8.1
[INFO] [stderr]    Compiling postgres v0.19.4
[INFO] [stderr]     Finished test [unoptimized + debuginfo] target(s) in 15.85s
[INFO] running `Command { std: "docker" "inspect" "5039431e8030bf02adf5b76e7ab4874293cf6b7c28b89c4ea9734ac4ac56c2ba", kill_on_drop: false }`
[INFO] running `Command { std: "docker" "rm" "-f" "5039431e8030bf02adf5b76e7ab4874293cf6b7c28b89c4ea9734ac4ac56c2ba", kill_on_drop: false }`
[INFO] [stdout] 5039431e8030bf02adf5b76e7ab4874293cf6b7c28b89c4ea9734ac4ac56c2ba
[INFO] running `Command { std: "docker" "create" "-v" "/var/lib/crater-agent-workspace/builds/worker-3-tc2/target:/opt/rustwide/target:rw,Z" "-v" "/var/lib/crater-agent-workspace/builds/worker-3-tc2/source:/opt/rustwide/workdir:ro,Z" "-v" "/var/lib/crater-agent-workspace/cargo-home:/opt/rustwide/cargo-home:ro,Z" "-v" "/var/lib/crater-agent-workspace/rustup-home:/opt/rustwide/rustup-home:ro,Z" "-e" "SOURCE_DIR=/opt/rustwide/workdir" "-e" "CARGO_TARGET_DIR=/opt/rustwide/target" "-e" "CARGO_INCREMENTAL=0" "-e" "RUST_BACKTRACE=full" "-e" "RUSTFLAGS=--cap-lints=warn" "-e" "RUSTDOCFLAGS=--cap-lints=warn" "-e" "CARGO_HOME=/opt/rustwide/cargo-home" "-e" "RUSTUP_HOME=/opt/rustwide/rustup-home" "-w" "/opt/rustwide/workdir" "-m" "1610612736" "--user" "0:0" "--network" "none" "ghcr.io/rust-lang/crates-build-env/linux@sha256:2788e3201cd34a07e3172128adcd8b3090168a8e3bcc40d7c032b9dda1df7d1c" "/opt/rustwide/cargo-home/bin/cargo" "+beta-2023-12-22" "test" "--frozen", kill_on_drop: false }`
[INFO] [stdout] 48e8a84dd91552e0a400fdada111d7a70ed74fdb1889370f23908ff6208c4dcc
[INFO] running `Command { std: "docker" "start" "-a" "48e8a84dd91552e0a400fdada111d7a70ed74fdb1889370f23908ff6208c4dcc", kill_on_drop: false }`
[INFO] [stderr]     Finished test [unoptimized + debuginfo] target(s) in 0.14s
[INFO] [stderr]      Running unittests src/lib.rs (/opt/rustwide/target/debug/deps/include_postgres_sql-ded70277287421aa)
[INFO] [stdout] 
[INFO] [stdout] running 0 tests
[INFO] [stdout] 
[INFO] [stdout] test result: ok. 0 passed; 0 failed; 0 ignored; 0 measured; 0 filtered out; finished in 0.00s
[INFO] [stdout] 
[INFO] [stderr]      Running tests/async_dml_dyn.rs (/opt/rustwide/target/debug/deps/async_dml_dyn-14294190e6489059)
[INFO] [stdout] 
[INFO] [stdout] running 0 tests
[INFO] [stdout] 
[INFO] [stdout] test result: ok. 0 passed; 0 failed; 0 ignored; 0 measured; 0 filtered out; finished in 0.00s
[INFO] [stdout] 
[INFO] [stderr]      Running tests/async_dml_returning.rs (/opt/rustwide/target/debug/deps/async_dml_returning-96aaf9f5614299af)
[INFO] [stdout] 
[INFO] [stdout] running 0 tests
[INFO] [stdout] 
[INFO] [stdout] test result: ok. 0 passed; 0 failed; 0 ignored; 0 measured; 0 filtered out; finished in 0.00s
[INFO] [stdout] 
[INFO] [stderr]      Running tests/async_dml_simple.rs (/opt/rustwide/target/debug/deps/async_dml_simple-113fccd9c9f31158)
[INFO] [stdout] 
[INFO] [stdout] running 0 tests
[INFO] [stdout] 
[INFO] [stdout] test result: ok. 0 passed; 0 failed; 0 ignored; 0 measured; 0 filtered out; finished in 0.00s
[INFO] [stdout] 
[INFO] [stderr]      Running tests/async_query_dyn_args.rs (/opt/rustwide/target/debug/deps/async_query_dyn_args-4960e7ea5f6f489e)
[INFO] [stdout] 
[INFO] [stdout] running 0 tests
[INFO] [stdout] 
[INFO] [stdout] test result: ok. 0 passed; 0 failed; 0 ignored; 0 measured; 0 filtered out; finished in 0.00s
[INFO] [stdout] 
[INFO] [stderr]      Running tests/async_query_dyn_args_into_rows.rs (/opt/rustwide/target/debug/deps/async_query_dyn_args_into_rows-8f898a2240e1f3a5)
[INFO] [stdout] 
[INFO] [stdout] running 0 tests
[INFO] [stdout] 
[INFO] [stdout] test result: ok. 0 passed; 0 failed; 0 ignored; 0 measured; 0 filtered out; finished in 0.00s
[INFO] [stdout] 
[INFO] [stderr]      Running tests/async_query_dyn_args_into_vec.rs (/opt/rustwide/target/debug/deps/async_query_dyn_args_into_vec-afff80cd30005978)
[INFO] [stdout] 
[INFO] [stdout] running 0 tests
[INFO] [stdout] 
[INFO] [stdout] test result: ok. 0 passed; 0 failed; 0 ignored; 0 measured; 0 filtered out; finished in 0.00s
[INFO] [stdout] 
[INFO] [stderr]      Running tests/async_query_no_args.rs (/opt/rustwide/target/debug/deps/async_query_no_args-8350c1ec4475eb80)
[INFO] [stdout] 
[INFO] [stdout] running 0 tests
[INFO] [stdout] 
[INFO] [stdout] test result: ok. 0 passed; 0 failed; 0 ignored; 0 measured; 0 filtered out; finished in 0.00s
[INFO] [stdout] 
[INFO] [stderr]      Running tests/async_query_no_args_into_rows.rs (/opt/rustwide/target/debug/deps/async_query_no_args_into_rows-59a2065a1048fbef)
[INFO] [stdout] 
[INFO] [stdout] running 0 tests
[INFO] [stdout] 
[INFO] [stdout] test result: ok. 0 passed; 0 failed; 0 ignored; 0 measured; 0 filtered out; finished in 0.00s
[INFO] [stdout] 
[INFO] [stderr]      Running tests/async_query_no_args_into_vec.rs (/opt/rustwide/target/debug/deps/async_query_no_args_into_vec-9d74d94453690bc3)
[INFO] [stdout] 
[INFO] [stdout] running 0 tests
[INFO] [stdout] 
[INFO] [stdout] test result: ok. 0 passed; 0 failed; 0 ignored; 0 measured; 0 filtered out; finished in 0.00s
[INFO] [stdout] 
[INFO] [stderr]      Running tests/async_query_with_args.rs (/opt/rustwide/target/debug/deps/async_query_with_args-1ff43b31295f6c90)
[INFO] [stdout] 
[INFO] [stdout] running 0 tests
[INFO] [stdout] 
[INFO] [stdout] test result: ok. 0 passed; 0 failed; 0 ignored; 0 measured; 0 filtered out; finished in 0.00s
[INFO] [stdout] 
[INFO] [stderr]      Running tests/async_query_with_args_into_rows.rs (/opt/rustwide/target/debug/deps/async_query_with_args_into_rows-d1023094eb718f0f)
[INFO] [stdout] 
[INFO] [stdout] running 0 tests
[INFO] [stdout] 
[INFO] [stdout] test result: ok. 0 passed; 0 failed; 0 ignored; 0 measured; 0 filtered out; finished in 0.00s
[INFO] [stdout] 
[INFO] [stderr]      Running tests/async_query_with_args_into_vec.rs (/opt/rustwide/target/debug/deps/async_query_with_args_into_vec-656462cefc76aa68)
[INFO] [stdout] 
[INFO] [stdout] running 0 tests
[INFO] [stdout] 
[INFO] [stdout] test result: ok. 0 passed; 0 failed; 0 ignored; 0 measured; 0 filtered out; finished in 0.00s
[INFO] [stdout] 
[INFO] [stderr]      Running tests/async_query_with_gen_args.rs (/opt/rustwide/target/debug/deps/async_query_with_gen_args-ee45ac2f7976cbe3)
[INFO] [stdout] 
[INFO] [stdout] running 0 tests
[INFO] [stdout] 
[INFO] [stdout] test result: ok. 0 passed; 0 failed; 0 ignored; 0 measured; 0 filtered out; finished in 0.00s
[INFO] [stdout] 
[INFO] [stderr]      Running tests/async_query_with_gen_args_into_rows.rs (/opt/rustwide/target/debug/deps/async_query_with_gen_args_into_rows-eee95905b415a4c5)
[INFO] [stdout] 
[INFO] [stdout] running 0 tests
[INFO] [stdout] 
[INFO] [stdout] test result: ok. 0 passed; 0 failed; 0 ignored; 0 measured; 0 filtered out; finished in 0.00s
[INFO] [stdout] 
[INFO] [stderr]      Running tests/async_query_with_gen_args_into_vec.rs (/opt/rustwide/target/debug/deps/async_query_with_gen_args_into_vec-6ac04a29cdff3ea4)
[INFO] [stdout] 
[INFO] [stdout] running 0 tests
[INFO] [stdout] 
[INFO] [stdout] test result: ok. 0 passed; 0 failed; 0 ignored; 0 measured; 0 filtered out; finished in 0.00s
[INFO] [stdout] 
[INFO] [stderr]      Running tests/sync_dml_dyn.rs (/opt/rustwide/target/debug/deps/sync_dml_dyn-5e174d40c8f275d4)
[INFO] [stdout] 
[INFO] [stdout] running 1 test
[INFO] [stdout] test test::impl_method_with_in_params ... FAILED
[INFO] [stdout] 
[INFO] [stdout] failures:
[INFO] [stdout] 
[INFO] [stdout] ---- test::impl_method_with_in_params stdout ----
[INFO] [stdout] Error: Error { kind: Connect, cause: Some(Os { code: 99, kind: AddrNotAvailable, message: "Cannot assign requested address" }) }
[INFO] [stdout] 
[INFO] [stdout] 
[INFO] [stdout] failures:
[INFO] [stdout]     test::impl_method_with_in_params
[INFO] [stdout] 
[INFO] [stdout] test result: FAILED. 0 passed; 1 failed; 0 ignored; 0 measured; 0 filtered out; finished in 0.01s
[INFO] [stdout] 
[INFO] [stderr] error: test failed, to rerun pass `--test sync_dml_dyn`
[INFO] running `Command { std: "docker" "inspect" "48e8a84dd91552e0a400fdada111d7a70ed74fdb1889370f23908ff6208c4dcc", kill_on_drop: false }`
[INFO] running `Command { std: "docker" "rm" "-f" "48e8a84dd91552e0a400fdada111d7a70ed74fdb1889370f23908ff6208c4dcc", kill_on_drop: false }`
[INFO] [stdout] 48e8a84dd91552e0a400fdada111d7a70ed74fdb1889370f23908ff6208c4dcc
