[INFO] fetching crate iftree 1.0.4...
[INFO] testing iftree-1.0.4 against 1.75.0 for beta-1.76-1
[INFO] extracting crate iftree 1.0.4 into /workspace/builds/worker-0-tc1/source
[INFO] validating manifest of crates.io crate iftree 1.0.4 on toolchain 1.75.0
[INFO] running `Command { std: CARGO_HOME="/workspace/cargo-home" RUSTUP_HOME="/workspace/rustup-home" "/workspace/cargo-home/bin/cargo" "+1.75.0" "metadata" "--manifest-path" "Cargo.toml" "--no-deps", kill_on_drop: false }`
[INFO] started tweaking crates.io crate iftree 1.0.4
[INFO] finished tweaking crates.io crate iftree 1.0.4
[INFO] tweaked toml for crates.io crate iftree 1.0.4 written to /workspace/builds/worker-0-tc1/source/Cargo.toml
[INFO] crate crates.io crate iftree 1.0.4 already has a lockfile, it will not be regenerated
[INFO] running `Command { std: CARGO_HOME="/workspace/cargo-home" RUSTUP_HOME="/workspace/rustup-home" "/workspace/cargo-home/bin/cargo" "+1.75.0" "fetch" "--manifest-path" "Cargo.toml", kill_on_drop: false }`
[INFO] [stderr]     Updating crates.io index
[INFO] [stderr]  Downloading crates ...
[INFO] [stderr]   Downloaded devise_core v0.3.1
[INFO] [stderr]   Downloaded multer v2.0.2
[INFO] [stderr]   Downloaded binascii v0.1.4
[INFO] [stderr]   Downloaded devise v0.3.1
[INFO] [stderr]   Downloaded pear v0.2.3
[INFO] [stderr]   Downloaded inlinable_string v0.1.15
[INFO] [stderr]   Downloaded actix-rt v2.6.0
[INFO] [stderr]   Downloaded tokio-tungstenite v0.15.0
[INFO] [stderr]   Downloaded pin-project v1.0.10
[INFO] [stderr]   Downloaded cipher v0.2.5
[INFO] [stderr]   Downloaded hkdf v0.10.0
[INFO] [stderr]   Downloaded hmac v0.10.1
[INFO] [stderr]   Downloaded ref-cast-impl v1.0.6
[INFO] [stderr]   Downloaded twoway v0.1.8
[INFO] [stderr]   Downloaded ref-cast v1.0.6
[INFO] [stderr]   Downloaded sha1 v0.10.4
[INFO] [stderr]   Downloaded femme v2.1.1
[INFO] [stderr]   Downloaded include-flate v0.1.4
[INFO] [stderr]   Downloaded libc v0.2.127
[INFO] [stderr]   Downloaded actix-web-codegen v4.1.0
[INFO] [stderr]   Downloaded rocket_codegen v0.5.0-rc.2
[INFO] [stderr]   Downloaded stable-pattern v0.1.0
[INFO] [stderr]   Downloaded generator v0.7.0
[INFO] [stderr]   Downloaded rocket_http v0.5.0-rc.2
[INFO] [stderr]   Downloaded tracing-subscriber v0.3.9
[INFO] [stderr]   Downloaded state v0.5.3
[INFO] [stderr]   Downloaded actix-router v0.5.0
[INFO] [stderr]   Downloaded loom v0.5.4
[INFO] [stderr]   Downloaded blocking v1.1.0
[INFO] [stderr]   Downloaded ubyte v0.10.1
[INFO] [stderr]   Downloaded rocket v0.5.0-rc.2
[INFO] [stderr]   Downloaded async-h1 v2.3.3
[INFO] [stderr]   Downloaded async-sse v4.1.0
[INFO] [stderr]   Downloaded http-client v6.5.1
[INFO] [stderr]   Downloaded anyhow v1.0.54
[INFO] [stderr]   Downloaded actix-server v2.0.0
[INFO] [stderr]   Downloaded atomic v0.5.1
[INFO] [stderr]   Downloaded crossbeam-utils v0.8.7
[INFO] [stderr]   Downloaded polyval v0.4.5
[INFO] [stderr]   Downloaded async-task v4.1.0
[INFO] [stderr]   Downloaded aes-soft v0.6.4
[INFO] [stderr]   Downloaded aes-gcm v0.8.0
[INFO] [stderr]   Downloaded toml_edit v0.19.1
[INFO] [stderr]   Downloaded aesni v0.10.0
[INFO] [stderr]   Downloaded multipart v0.18.0
[INFO] [stderr]   Downloaded base-x v0.2.8
[INFO] [stderr]   Downloaded tungstenite v0.14.0
[INFO] [stderr]   Downloaded tide v0.16.0
[INFO] [stderr]   Downloaded pin-project-internal v1.0.10
[INFO] [stderr]   Downloaded value-bag v1.0.0-alpha.8
[INFO] [stderr]   Downloaded getrandom v0.2.4
[INFO] [stderr]   Downloaded yansi v0.5.0
[INFO] [stderr]   Downloaded async-session v2.0.1
[INFO] [stderr]   Downloaded firestorm v0.5.0
[INFO] [stderr]   Downloaded devise_codegen v0.3.1
[INFO] [stderr]   Downloaded pear_codegen v0.2.3
[INFO] [stderr]   Downloaded gloo-timers v0.2.3
[INFO] [stderr]   Downloaded figment v0.10.6
[INFO] [stderr]   Downloaded async-dup v1.2.2
[INFO] [stderr]   Downloaded aes v0.6.0
[INFO] [stderr]   Downloaded ctr v0.6.0
[INFO] [stderr]   Downloaded warp v0.3.2
[INFO] [stderr]   Downloaded aead v0.3.2
[INFO] [stderr]   Downloaded toml v0.7.1
[INFO] [stderr]   Downloaded actix-http v3.3.0
[INFO] [stderr]   Downloaded semver v1.0.5
[INFO] [stderr]   Downloaded pest_derive v2.1.0
[INFO] [stderr]   Downloaded uncased v0.9.6
[INFO] [stderr]   Downloaded simple-mutex v1.1.5
[INFO] [stderr]   Downloaded async-process v1.3.0
[INFO] [stderr]   Downloaded sval v1.0.0-alpha.5
[INFO] [stderr]   Downloaded route-recognizer v0.2.0
[INFO] [stderr]   Downloaded tracing-attributes v0.1.19
[INFO] [stderr]   Downloaded crypto-mac v0.10.1
[INFO] [stderr]   Downloaded buf_redux v0.8.4
[INFO] [stderr]   Downloaded cpuid-bool v0.2.0
[INFO] [stderr]   Downloaded headers v0.3.7
[INFO] [stderr]   Downloaded ghash v0.3.1
[INFO] [stderr]   Downloaded zstd v0.12.3+zstd.1.5.2
[INFO] [stderr]   Downloaded actix-web v4.3.0
[INFO] [stderr]   Downloaded pest_meta v2.1.3
[INFO] [stderr]   Downloaded pest_generator v2.1.3
[INFO] [stderr]   Downloaded include-flate-codegen v0.1.4
[INFO] [stderr]   Downloaded include-flate-codegen-exports v0.1.4
[INFO] [stderr]   Downloaded libflate_lz77 v1.1.0
[INFO] [stderr]   Downloaded libflate v1.1.2
[INFO] running `Command { std: "docker" "create" "-v" "/var/lib/crater-agent-workspace/builds/worker-0-tc1/target:/opt/rustwide/target:rw,Z" "-v" "/var/lib/crater-agent-workspace/builds/worker-0-tc1/source:/opt/rustwide/workdir:ro,Z" "-v" "/var/lib/crater-agent-workspace/cargo-home:/opt/rustwide/cargo-home:ro,Z" "-v" "/var/lib/crater-agent-workspace/rustup-home:/opt/rustwide/rustup-home:ro,Z" "-e" "SOURCE_DIR=/opt/rustwide/workdir" "-e" "CARGO_TARGET_DIR=/opt/rustwide/target" "-e" "CARGO_HOME=/opt/rustwide/cargo-home" "-e" "RUSTUP_HOME=/opt/rustwide/rustup-home" "-w" "/opt/rustwide/workdir" "-m" "1610612736" "--user" "0:0" "--network" "none" "ghcr.io/rust-lang/crates-build-env/linux@sha256:2788e3201cd34a07e3172128adcd8b3090168a8e3bcc40d7c032b9dda1df7d1c" "/opt/rustwide/cargo-home/bin/cargo" "+1.75.0" "metadata" "--no-deps" "--format-version=1", kill_on_drop: false }`
[INFO] [stdout] d888bfb617833f16c4b7912e12b46e07090901d12a75e30c3f0c9d5447b3ebe2
[INFO] running `Command { std: "docker" "start" "-a" "d888bfb617833f16c4b7912e12b46e07090901d12a75e30c3f0c9d5447b3ebe2", kill_on_drop: false }`
[INFO] running `Command { std: "docker" "inspect" "d888bfb617833f16c4b7912e12b46e07090901d12a75e30c3f0c9d5447b3ebe2", kill_on_drop: false }`
[INFO] running `Command { std: "docker" "rm" "-f" "d888bfb617833f16c4b7912e12b46e07090901d12a75e30c3f0c9d5447b3ebe2", kill_on_drop: false }`
[INFO] [stdout] d888bfb617833f16c4b7912e12b46e07090901d12a75e30c3f0c9d5447b3ebe2
[INFO] running `Command { std: "docker" "create" "-v" "/var/lib/crater-agent-workspace/builds/worker-0-tc1/target:/opt/rustwide/target:rw,Z" "-v" "/var/lib/crater-agent-workspace/builds/worker-0-tc1/source:/opt/rustwide/workdir:ro,Z" "-v" "/var/lib/crater-agent-workspace/cargo-home:/opt/rustwide/cargo-home:ro,Z" "-v" "/var/lib/crater-agent-workspace/rustup-home:/opt/rustwide/rustup-home:ro,Z" "-e" "SOURCE_DIR=/opt/rustwide/workdir" "-e" "CARGO_TARGET_DIR=/opt/rustwide/target" "-e" "CARGO_INCREMENTAL=0" "-e" "RUST_BACKTRACE=full" "-e" "RUSTFLAGS=--cap-lints=warn" "-e" "RUSTDOCFLAGS=--cap-lints=warn" "-e" "CARGO_HOME=/opt/rustwide/cargo-home" "-e" "RUSTUP_HOME=/opt/rustwide/rustup-home" "-w" "/opt/rustwide/workdir" "-m" "1610612736" "--user" "0:0" "--network" "none" "ghcr.io/rust-lang/crates-build-env/linux@sha256:2788e3201cd34a07e3172128adcd8b3090168a8e3bcc40d7c032b9dda1df7d1c" "/opt/rustwide/cargo-home/bin/cargo" "+1.75.0" "build" "--frozen" "--message-format=json", kill_on_drop: false }`
[INFO] [stdout] 96fd7c4b601fe280bacbf0cfa39f805dee5f6d4387203888dd1e562925f86cac
[INFO] running `Command { std: "docker" "start" "-a" "96fd7c4b601fe280bacbf0cfa39f805dee5f6d4387203888dd1e562925f86cac", kill_on_drop: false }`
[INFO] [stderr]    Compiling memchr v2.4.1
[INFO] [stderr]    Compiling proc-macro2 v1.0.50
[INFO] [stderr]    Compiling unicode-ident v1.0.6
[INFO] [stderr]    Compiling syn v1.0.107
[INFO] [stderr]    Compiling serde_derive v1.0.152
[INFO] [stderr]    Compiling serde v1.0.152
[INFO] [stderr]    Compiling indexmap v1.9.2
[INFO] [stderr]    Compiling log v0.4.14
[INFO] [stderr]    Compiling crossbeam-utils v0.8.7
[INFO] [stderr]    Compiling regex-syntax v0.6.27
[INFO] [stderr]    Compiling same-file v1.0.6
[INFO] [stderr]    Compiling once_cell v1.17.0
[INFO] [stderr]    Compiling walkdir v2.3.2
[INFO] [stderr]    Compiling unicode-xid v0.2.2
[INFO] [stderr]    Compiling thread_local v1.1.4
[INFO] [stderr]    Compiling quote v1.0.15
[INFO] [stderr]    Compiling aho-corasick v0.7.18
[INFO] [stderr]    Compiling bstr v0.2.17
[INFO] [stderr]    Compiling nom8 v0.2.0
[INFO] [stderr]    Compiling regex v1.7.1
[INFO] [stderr]    Compiling globset v0.4.8
[INFO] [stderr]    Compiling ignore v0.4.18
[INFO] [stderr]    Compiling serde_spanned v0.6.1
[INFO] [stderr]    Compiling toml_datetime v0.6.1
[INFO] [stderr]    Compiling toml_edit v0.19.1
[INFO] [stderr]    Compiling toml v0.7.1
[INFO] [stderr]    Compiling iftree v1.0.4 (/opt/rustwide/workdir)
[INFO] [stderr]     Finished dev [unoptimized + debuginfo] target(s) in 19.92s
[INFO] running `Command { std: "docker" "inspect" "96fd7c4b601fe280bacbf0cfa39f805dee5f6d4387203888dd1e562925f86cac", kill_on_drop: false }`
[INFO] running `Command { std: "docker" "rm" "-f" "96fd7c4b601fe280bacbf0cfa39f805dee5f6d4387203888dd1e562925f86cac", kill_on_drop: false }`
[INFO] [stdout] 96fd7c4b601fe280bacbf0cfa39f805dee5f6d4387203888dd1e562925f86cac
[INFO] running `Command { std: "docker" "create" "-v" "/var/lib/crater-agent-workspace/builds/worker-0-tc1/target:/opt/rustwide/target:rw,Z" "-v" "/var/lib/crater-agent-workspace/builds/worker-0-tc1/source:/opt/rustwide/workdir:ro,Z" "-v" "/var/lib/crater-agent-workspace/cargo-home:/opt/rustwide/cargo-home:ro,Z" "-v" "/var/lib/crater-agent-workspace/rustup-home:/opt/rustwide/rustup-home:ro,Z" "-e" "SOURCE_DIR=/opt/rustwide/workdir" "-e" "CARGO_TARGET_DIR=/opt/rustwide/target" "-e" "CARGO_INCREMENTAL=0" "-e" "RUST_BACKTRACE=full" "-e" "RUSTFLAGS=--cap-lints=warn" "-e" "RUSTDOCFLAGS=--cap-lints=warn" "-e" "CARGO_HOME=/opt/rustwide/cargo-home" "-e" "RUSTUP_HOME=/opt/rustwide/rustup-home" "-w" "/opt/rustwide/workdir" "-m" "1610612736" "--user" "0:0" "--network" "none" "ghcr.io/rust-lang/crates-build-env/linux@sha256:2788e3201cd34a07e3172128adcd8b3090168a8e3bcc40d7c032b9dda1df7d1c" "/opt/rustwide/cargo-home/bin/cargo" "+1.75.0" "test" "--frozen" "--no-run" "--message-format=json", kill_on_drop: false }`
[INFO] [stdout] a7db65b3de0fd440c1f1097458dd0089fb5f93b618c24406ba8a671fa0ca9b4d
[INFO] running `Command { std: "docker" "start" "-a" "a7db65b3de0fd440c1f1097458dd0089fb5f93b618c24406ba8a671fa0ca9b4d", kill_on_drop: false }`
[INFO] [stderr]    Compiling unicode-ident v1.0.6
[INFO] [stderr]    Compiling syn v1.0.107
[INFO] [stderr]    Compiling libc v0.2.127
[INFO] [stderr]    Compiling typenum v1.15.0
[INFO] [stderr]    Compiling generic-array v0.14.5
[INFO] [stderr]    Compiling memchr v2.4.1
[INFO] [stderr]    Compiling proc-macro2 v1.0.50
[INFO] [stderr]    Compiling value-bag v1.0.0-alpha.8
[INFO] [stderr]    Compiling log v0.4.14
[INFO] [stderr]    Compiling sval v1.0.0-alpha.5
[INFO] [stderr]    Compiling futures-core v0.3.21
[INFO] [stderr]    Compiling serde v1.0.152
[INFO] [stderr]    Compiling pin-project-lite v0.2.8
[INFO] [stderr]    Compiling quote v1.0.15
[INFO] [stderr]    Compiling itoa v1.0.1
[INFO] [stderr]    Compiling futures-io v0.3.21
[INFO] [stderr]    Compiling socket2 v0.4.4
[INFO] [stderr]    Compiling signal-hook-registry v1.4.0
[INFO] [stderr]    Compiling num_cpus v1.13.1
[INFO] [stderr]    Compiling cpufeatures v0.2.1
[INFO] [stderr]    Compiling bytes v1.1.0
[INFO] [stderr]    Compiling slab v0.4.5
[INFO] [stderr]    Compiling ppv-lite86 v0.2.16
[INFO] [stderr]    Compiling getrandom v0.2.4
[INFO] [stderr]    Compiling parking_lot_core v0.9.1
[INFO] [stderr]    Compiling smallvec v1.8.0
[INFO] [stderr]    Compiling percent-encoding v2.1.0
[INFO] [stderr]    Compiling futures-sink v0.3.21
[INFO] [stderr]    Compiling lock_api v0.4.6
[INFO] [stderr]    Compiling rand_core v0.6.3
[INFO] [stderr]    Compiling tokio v1.25.0
[INFO] [stderr]    Compiling once_cell v1.17.0
[INFO] [stderr]    Compiling futures-task v0.3.21
[INFO] [stderr]    Compiling rand_chacha v0.3.1
[INFO] [stderr]    Compiling futures-channel v0.3.21
[INFO] [stderr]    Compiling fastrand v1.7.0
[INFO] [stderr]    Compiling parking_lot v0.12.0
[INFO] [stderr]    Compiling http v0.2.8
[INFO] [stderr]    Compiling futures-util v0.3.21
[INFO] [stderr]    Compiling rand v0.8.5
[INFO] [stderr]    Compiling universal-hash v0.4.1
[INFO] [stderr]    Compiling digest v0.9.0
[INFO] [stderr]    Compiling event-listener v2.5.2
[INFO] [stderr]    Compiling httparse v1.6.0
[INFO] [stderr]    Compiling base64 v0.13.0
[INFO] [stderr]    Compiling block-buffer v0.10.2
[INFO] [stderr]    Compiling crypto-common v0.1.3
[INFO] [stderr]    Compiling jobserver v0.1.24
[INFO] [stderr]    Compiling proc-macro-hack v0.5.19
[INFO] [stderr]    Compiling cache-padded v1.2.0
[INFO] [stderr]    Compiling digest v0.10.3
[INFO] [stderr]    Compiling concurrent-queue v1.2.2
[INFO] [stderr]    Compiling cc v1.0.73
[INFO] [stderr]    Compiling indexmap v1.9.2
[INFO] [stderr]    Compiling waker-fn v1.1.0
[INFO] [stderr]    Compiling matches v0.1.9
[INFO] [stderr]    Compiling tinyvec_macros v0.1.0
[INFO] [stderr]    Compiling parking v2.0.0
[INFO] [stderr]    Compiling tinyvec v1.5.1
[INFO] [stderr]    Compiling futures-lite v1.12.0
[INFO] [stderr]    Compiling block-buffer v0.9.0
[INFO] [stderr]    Compiling ryu v1.0.9
[INFO] [stderr]    Compiling serde_json v1.0.79
[INFO] [stderr]    Compiling form_urlencoded v1.0.1
[INFO] [stderr]    Compiling proc-macro2-diagnostics v0.9.1
[INFO] [stderr]    Compiling standback v0.2.17
[INFO] [stderr]    Compiling unicode-bidi v0.3.7
[INFO] [stderr]    Compiling crossbeam-utils v0.8.7
[INFO] [stderr]    Compiling cipher v0.2.5
[INFO] [stderr]    Compiling signal-hook v0.3.13
[INFO] [stderr]    Compiling yansi v0.5.0
[INFO] [stderr]    Compiling async-task v4.1.0
[INFO] [stderr]    Compiling unicode-normalization v0.1.19
[INFO] [stderr]    Compiling getrandom v0.1.16
[INFO] [stderr]    Compiling async-channel v1.6.1
[INFO] [stderr]    Compiling tracing-core v0.1.22
[INFO] [stderr]    Compiling const_fn v0.4.9
[INFO] [stderr]    Compiling cpuid-bool v0.2.0
[INFO] [stderr]    Compiling atomic-waker v1.0.0
[INFO] [stderr]    Compiling async-executor v1.4.1
[INFO] [stderr]    Compiling polyval v0.4.5
[INFO] [stderr]    Compiling idna v0.2.3
[INFO] [stderr]    Compiling blocking v1.1.0
[INFO] [stderr]    Compiling rand_core v0.5.1
[INFO] [stderr]    Compiling aes-soft v0.6.4
[INFO] [stderr]    Compiling async-mutex v1.4.0
[INFO] [stderr]    Compiling cipher v0.3.0
[INFO] [stderr]    Compiling crypto-mac v0.10.1
[INFO] [stderr]    Compiling time v0.2.27
[INFO] [stderr]    Compiling httpdate v1.0.2
[INFO] [stderr]    Compiling mime v0.3.16
[INFO] [stderr]    Compiling anyhow v1.0.54
[INFO] [stderr]    Compiling hmac v0.10.1
[INFO] [stderr]    Compiling aes v0.6.0
[INFO] [stderr]    Compiling rand_chacha v0.2.2
[INFO] [stderr]    Compiling ghash v0.3.1
[INFO] [stderr]    Compiling zstd-sys v2.0.1+zstd.1.5.2
[INFO] [stderr]    Compiling ctr v0.6.0
[INFO] [stderr]    Compiling sha2 v0.9.9
[INFO] [stderr]    Compiling async-lock v2.5.0
[INFO] [stderr]    Compiling polyval v0.5.3
[INFO] [stderr]    Compiling aead v0.3.2
[INFO] [stderr]    Compiling aho-corasick v0.7.18
[INFO] [stderr]    Compiling unicase v2.6.0
[INFO] [stderr]    Compiling cookie v0.14.4
[INFO] [stderr]    Compiling regex-syntax v0.6.27
[INFO] [stderr]    Compiling aes-gcm v0.8.0
[INFO] [stderr]    Compiling ghash v0.4.4
[INFO] [stderr]    Compiling rand v0.7.3
[INFO] [stderr]    Compiling hkdf v0.10.0
[INFO] [stderr]    Compiling ctr v0.8.0
[INFO] [stderr]    Compiling aes v0.7.5
[INFO] [stderr]    Compiling hmac v0.12.1
[INFO] [stderr]    Compiling aead v0.4.3
[INFO] [stderr]    Compiling num-traits v0.2.14
[INFO] [stderr]    Compiling cookie v0.16.0
[INFO] [stderr]    Compiling uncased v0.9.6
[INFO] [stderr]    Compiling async-trait v0.1.52
[INFO] [stderr]    Compiling num_threads v0.1.3
[INFO] [stderr]    Compiling http-types v2.12.0
[INFO] [stderr]    Compiling encoding_rs v0.8.30
[INFO] [stderr]    Compiling time-macros v0.2.3
[INFO] [stderr]    Compiling try-lock v0.2.3
[INFO] [stderr]    Compiling aes-gcm v0.9.4
[INFO] [stderr]    Compiling hkdf v0.12.3
[INFO] [stderr]    Compiling sha2 v0.10.2
[INFO] [stderr]    Compiling http-body v0.4.4
[INFO] [stderr]    Compiling miniz_oxide v0.4.4
[INFO] [stderr]    Compiling num-integer v0.1.44
[INFO] [stderr]    Compiling ucd-trie v0.1.3
[INFO] [stderr]    Compiling local-waker v0.1.2
[INFO] [stderr]    Compiling rle-decode-fast v1.0.3
[INFO] [stderr]    Compiling zstd-safe v6.0.3+zstd.1.5.2
[INFO] [stderr]    Compiling alloc-no-stdlib v2.0.3
[INFO] [stderr]    Compiling ctor v0.1.21
[INFO] [stderr]    Compiling serde_derive v1.0.152
[INFO] [stderr]    Compiling tokio-macros v1.7.0
[INFO] [stderr]    Compiling futures-macro v0.3.21
[INFO] [stderr]    Compiling thiserror-impl v1.0.30
[INFO] [stderr]    Compiling time-macros-impl v0.1.2
[INFO] [stderr]    Compiling async-attributes v1.1.2
[INFO] [stderr]    Compiling mio v0.8.4
[INFO] [stderr]    Compiling polling v2.2.0
[INFO] [stderr]    Compiling tracing v0.1.31
[INFO] [stderr]    Compiling async-io v1.6.0
[INFO] [stderr]    Compiling time-macros v0.1.1
[INFO] [stderr]    Compiling kv-log-macro v1.0.7
[INFO] [stderr]    Compiling regex v1.7.1
[INFO] [stderr]    Compiling thiserror v1.0.30
[INFO] [stderr]    Compiling async-global-executor v2.0.2
[INFO] [stderr]    Compiling async-process v1.3.0
[INFO] [stderr]    Compiling async-std v1.12.0
[INFO] [stderr]    Compiling want v0.3.0
[INFO] [stderr]    Compiling time v0.3.7
[INFO] [stderr]    Compiling pear_codegen v0.2.3
[INFO] [stderr]    Compiling pin-project-internal v1.0.10
[INFO] [stderr]    Compiling tower-service v0.3.1
[INFO] [stderr]    Compiling ref-cast v1.0.6
[INFO] [stderr]    Compiling inlinable_string v0.1.15
[INFO] [stderr]    Compiling pear v0.2.3
[INFO] [stderr]    Compiling alloc-stdlib v0.2.1
[INFO] [stderr]    Compiling libflate_lz77 v1.1.0
[INFO] [stderr]    Compiling ref-cast-impl v1.0.6
[INFO] [stderr]    Compiling pin-project v1.0.10
[INFO] [stderr]    Compiling pest v2.1.3
[INFO] [stderr]    Compiling mime_guess v2.0.4
[INFO] [stderr]    Compiling tokio-util v0.6.9
[INFO] [stderr]    Compiling tokio-util v0.7.0
[INFO] [stderr]    Compiling devise_core v0.3.1
[INFO] [stderr]    Compiling blake3 v0.3.8
[INFO] [stderr]    Compiling crypto-mac v0.8.0
[INFO] [stderr]    Compiling bytestring v1.0.0
[INFO] [stderr]    Compiling paste v1.0.6
[INFO] [stderr]    Compiling remove_dir_all v0.5.3
[INFO] [stderr]    Compiling maplit v1.0.2
[INFO] [stderr]    Compiling pest_meta v2.1.3
[INFO] [stderr]    Compiling actix-service v2.0.2
[INFO] [stderr]    Compiling devise_codegen v0.3.1
[INFO] [stderr]    Compiling libflate v1.1.2
[INFO] [stderr]    Compiling url v2.2.2
[INFO] [stderr]    Compiling h2 v0.3.11
[INFO] [stderr]    Compiling serde_urlencoded v0.7.1
[INFO] [stderr]    Compiling serde_qs v0.8.5
[INFO] [stderr]    Compiling toml_datetime v0.6.1
[INFO] [stderr]    Compiling serde_spanned v0.6.1
[INFO] [stderr]    Compiling tempfile v3.3.0
[INFO] [stderr]    Compiling ahash v0.7.6
[INFO] [stderr]    Compiling actix-rt v2.6.0
[INFO] [stderr]    Compiling brotli-decompressor v2.3.2
[INFO] [stderr]    Compiling futures v0.3.21
[INFO] [stderr]    Compiling actix-utils v3.0.0
[INFO] [stderr]    Compiling sha-1 v0.9.8
[INFO] [stderr]    Compiling simple-mutex v1.1.5
[INFO] [stderr]    Compiling time v0.1.43
[INFO] [stderr]    Compiling stable-pattern v0.1.0
[INFO] [stderr]    Compiling bstr v0.2.17
[INFO] [stderr]    Compiling nom8 v0.2.0
[INFO] [stderr]    Compiling atomic v0.5.1
[INFO] [stderr]    Compiling multer v2.0.2
[INFO] [stderr]    Compiling figment v0.10.6
[INFO] [stderr]    Compiling firestorm v0.5.0
[INFO] [stderr]    Compiling unicode-xid v0.2.2
[INFO] [stderr]    Compiling same-file v1.0.6
[INFO] [stderr]    Compiling arrayvec v0.5.2
[INFO] [stderr]    Compiling constant_time_eq v0.1.5
[INFO] [stderr]    Compiling utf-8 v0.7.6
[INFO] [stderr]    Compiling convert_case v0.4.0
[INFO] [stderr]    Compiling byteorder v1.4.3
[INFO] [stderr]    Compiling either v1.6.1
[INFO] [stderr]    Compiling state v0.5.3
[INFO] [stderr]    Compiling arrayref v0.3.6
[INFO] [stderr]    Compiling derive_more v0.99.17
[INFO] [stderr]    Compiling tungstenite v0.14.0
[INFO] [stderr]    Compiling brotli v3.3.3
[INFO] [stderr]    Compiling walkdir v2.3.2
[INFO] [stderr]    Compiling actix-router v0.5.0
[INFO] [stderr]    Compiling buf_redux v0.8.4
[INFO] [stderr]    Compiling globset v0.4.8
[INFO] [stderr]    Compiling toml_edit v0.19.1
[INFO] [stderr]    Compiling chrono v0.4.19
[INFO] [stderr]    Compiling async-dup v1.2.2
[INFO] [stderr]    Compiling include-flate-codegen v0.1.4
[INFO] [stderr]    Compiling devise v0.3.1
[INFO] [stderr]    Compiling toml v0.5.8
[INFO] [stderr]    Compiling bincode v1.3.3
[INFO] [stderr]    Compiling flate2 v1.0.22
[INFO] [stderr]    Compiling pest_generator v2.1.3
[INFO] [stderr]    Compiling hmac v0.8.1
[INFO] [stderr]    Compiling actix-codec v0.5.0
[INFO] [stderr]    Compiling tokio-stream v0.1.8
[INFO] [stderr]    Compiling local-channel v0.1.2
[INFO] [stderr]    Compiling async-stream-impl v0.3.2
[INFO] [stderr]    Compiling sha1 v0.10.4
[INFO] [stderr]    Compiling sha-1 v0.10.0
[INFO] [stderr]    Compiling headers-core v0.2.0
[INFO] [stderr]    Compiling thread_local v1.1.4
[INFO] [stderr]    Compiling dashmap v4.0.2
[INFO] [stderr]    Compiling twoway v0.1.8
[INFO] [stderr]    Compiling rocket v0.5.0-rc.2
[INFO] [stderr]    Compiling glob v0.3.0
[INFO] [stderr]    Compiling language-tags v0.3.2
[INFO] [stderr]    Compiling spin v0.9.2
[INFO] [stderr]    Compiling base64 v0.21.0
[INFO] [stderr]    Compiling base64 v0.12.3
[INFO] [stderr]    Compiling pin-project-lite v0.1.12
[INFO] [stderr]    Compiling multipart v0.18.0
[INFO] [stderr]    Compiling async-sse v4.1.0
[INFO] [stderr]    Compiling http-client v6.5.1
[INFO] [stderr]    Compiling async-stream v0.3.2
[INFO] [stderr]    Compiling ignore v0.4.18
[INFO] [stderr]    Compiling headers v0.3.7
[INFO] [stderr]    Compiling pest_derive v2.1.0
[INFO] [stderr]    Compiling toml v0.7.1
[INFO] [stderr]    Compiling hyper v0.14.17
[INFO] [stderr]    Compiling include-flate-codegen-exports v0.1.4
[INFO] [stderr]    Compiling async-h1 v2.3.3
[INFO] [stderr]    Compiling actix-web-codegen v4.1.0
[INFO] [stderr]    Compiling tokio-tungstenite v0.15.0
[INFO] [stderr]    Compiling actix-server v2.0.0
[INFO] [stderr]    Compiling femme v2.1.1
[INFO] [stderr]    Compiling ubyte v0.10.1
[INFO] [stderr]    Compiling actix-macros v0.2.3
[INFO] [stderr]    Compiling atty v0.2.14
[INFO] [stderr]    Compiling route-recognizer v0.2.0
[INFO] [stderr]    Compiling scoped-tls v1.0.0
[INFO] [stderr]    Compiling binascii v0.1.4
[INFO] [stderr]    Compiling include-flate v0.1.4
[INFO] [stderr]    Compiling handlebars v4.3.3
[INFO] [stderr]    Compiling iftree v1.0.4 (/opt/rustwide/workdir)
[INFO] [stderr]    Compiling async-session v2.0.1
[INFO] [stderr]    Compiling tide v0.16.0
[INFO] [stderr]    Compiling rocket_http v0.5.0-rc.2
[INFO] [stderr]    Compiling warp v0.3.2
[INFO] [stderr]    Compiling rocket_codegen v0.5.0-rc.2
[INFO] [stderr]    Compiling zstd v0.12.3+zstd.1.5.2
[INFO] [stderr]    Compiling actix-http v3.3.0
[INFO] [stderr]    Compiling actix-web v4.3.0
[INFO] [stdout] error: linking with `cc` failed: exit status: 1
[INFO] [stdout]   |
[INFO] [stdout]   = note: LC_ALL="C" PATH="/opt/rustwide/rustup-home/toolchains/1.75.0-x86_64-unknown-linux-gnu/lib/rustlib/x86_64-unknown-linux-gnu/bin:/opt/rustwide/cargo-home/bin:/usr/local/sbin:/usr/local/bin:/usr/sbin:/usr/bin:/sbin:/bin" VSLANG="1033" "cc" "-m64" "/tmp/rustcqD8wmR/symbols.o" "/opt/rustwide/target/debug/examples/showcase-eebd21d85a6e5193.showcase.25f6a75ce6ea113-cgu.00.rcgu.o" "/opt/rustwide/target/debug/examples/showcase-eebd21d85a6e5193.showcase.25f6a75ce6ea113-cgu.01.rcgu.o" "/opt/rustwide/target/debug/examples/showcase-eebd21d85a6e5193.showcase.25f6a75ce6ea113-cgu.02.rcgu.o" "/opt/rustwide/target/debug/examples/showcase-eebd21d85a6e5193.showcase.25f6a75ce6ea113-cgu.03.rcgu.o" "/opt/rustwide/target/debug/examples/showcase-eebd21d85a6e5193.showcase.25f6a75ce6ea113-cgu.04.rcgu.o" "/opt/rustwide/target/debug/examples/showcase-eebd21d85a6e5193.showcase.25f6a75ce6ea113-cgu.05.rcgu.o" "/opt/rustwide/target/debug/examples/showcase-eebd21d85a6e5193.showcase.25f6a75ce6ea113-cgu.06.rcgu.o" "/opt/rustwide/target/debug/examples/showcase-eebd21d85a6e5193.showcase.25f6a75ce6ea113-cgu.07.rcgu.o" "/opt/rustwide/target/debug/examples/showcase-eebd21d85a6e5193.showcase.25f6a75ce6ea113-cgu.08.rcgu.o" "/opt/rustwide/target/debug/examples/showcase-eebd21d85a6e5193.showcase.25f6a75ce6ea113-cgu.09.rcgu.o" "/opt/rustwide/target/debug/examples/showcase-eebd21d85a6e5193.showcase.25f6a75ce6ea113-cgu.10.rcgu.o" "/opt/rustwide/target/debug/examples/showcase-eebd21d85a6e5193.showcase.25f6a75ce6ea113-cgu.11.rcgu.o" "/opt/rustwide/target/debug/examples/showcase-eebd21d85a6e5193.showcase.25f6a75ce6ea113-cgu.12.rcgu.o" "/opt/rustwide/target/debug/examples/showcase-eebd21d85a6e5193.showcase.25f6a75ce6ea113-cgu.13.rcgu.o" "/opt/rustwide/target/debug/examples/showcase-eebd21d85a6e5193.showcase.25f6a75ce6ea113-cgu.14.rcgu.o" "/opt/rustwide/target/debug/examples/showcase-eebd21d85a6e5193.showcase.25f6a75ce6ea113-cgu.15.rcgu.o" "/opt/rustwide/target/debug/examples/showcase-eebd21d85a6e5193.epiqye8e35bzbn2.rcgu.o" "-Wl,--as-needed" "-L" "/opt/rustwide/target/debug/deps" "-L" "/opt/rustwide/target/debug/build/zstd-sys-bb0038964e6a14ab/out" "-L" "/opt/rustwide/target/debug/build/blake3-9121526caf1673fa/out" "-L" "/opt/rustwide/target/debug/build/blake3-9121526caf1673fa/out" "-L" "/opt/rustwide/rustup-home/toolchains/1.75.0-x86_64-unknown-linux-gnu/lib/rustlib/x86_64-unknown-linux-gnu/lib" "-Wl,-Bstatic" "/opt/rustwide/target/debug/deps/libmime_guess-7905d38d07540ea7.rlib" "/opt/rustwide/target/debug/deps/libunicase-b17828595a2c57e7.rlib" "/opt/rustwide/target/debug/deps/libactix_web-4bd4a093f5c9ffeb.rlib" "/opt/rustwide/target/debug/deps/libcookie-603e0aa1efc400ff.rlib" "/opt/rustwide/target/debug/deps/libhkdf-68e91d8db97a002e.rlib" "/opt/rustwide/target/debug/deps/libhmac-6f2a8a337c29bcb2.rlib" "/opt/rustwide/target/debug/deps/libsha2-d8e7109152d736b0.rlib" "/opt/rustwide/target/debug/deps/libaes_gcm-72e5060eb56caa9f.rlib" "/opt/rustwide/target/debug/deps/libghash-30eee4a6e700f254.rlib" "/opt/rustwide/target/debug/deps/libpolyval-ee2ba096e8fa01cd.rlib" "/opt/rustwide/target/debug/deps/libuniversal_hash-15f69282ffd46891.rlib" "/opt/rustwide/target/debug/deps/libctr-513fe67bbe80b379.rlib" "/opt/rustwide/target/debug/deps/libaes-2b49aeafaf2e1073.rlib" "/opt/rustwide/target/debug/deps/libopaque_debug-15273823c1ba1453.rlib" "/opt/rustwide/target/debug/deps/libcipher-ad0ec07d260915cf.rlib" "/opt/rustwide/target/debug/deps/libaead-6cb2ba939d85ec31.rlib" "/opt/rustwide/target/debug/deps/libbase64-8ea64d3566a9d67e.rlib" "/opt/rustwide/target/debug/deps/libtime-8f684036e15cbeec.rlib" "/opt/rustwide/target/debug/deps/liburl-ef35cf3ea5c975d2.rlib" "/opt/rustwide/target/debug/deps/libidna-7f2f8d2a0fa45e7d.rlib" "/opt/rustwide/target/debug/deps/libunicode_normalization-fa540275a0f8725d.rlib" "/opt/rustwide/target/debug/deps/libtinyvec-fc2adea61ab58f5e.rlib" "/opt/rustwide/target/debug/deps/libtinyvec_macros-bfeb7a087f0273ce.rlib" "/opt/rustwide/target/debug/deps/libunicode_bidi-d3ecfe40977b4a59.rlib" "/opt/rustwide/target/debug/deps/libserde_urlencoded-ec78209022fab992.rlib" "/opt/rustwide/target/debug/deps/libform_urlencoded-74b1dcad9e8d80e6.rlib" "/opt/rustwide/target/debug/deps/libmatches-e0861c3f10bd1789.rlib" "/opt/rustwide/target/debug/deps/libserde_json-d41de45fd3ba4953.rlib" "/opt/rustwide/target/debug/deps/libryu-f7e2acf8545a3e65.rlib" "/opt/rustwide/target/debug/deps/libactix_server-05e97564a3041c2e.rlib" "/opt/rustwide/target/debug/deps/libactix_router-f56df4bb0a4bbf49.rlib" "/opt/rustwide/target/debug/deps/libregex-0673c46b49585a6f.rlib" "/opt/rustwide/target/debug/deps/libaho_corasick-ffec38ae5b395b94.rlib" "/opt/rustwide/target/debug/deps/libregex_syntax-edde019f48871409.rlib" "/opt/rustwide/target/debug/deps/libfirestorm-b893a0f5bff766d8.rlib" "/opt/rustwide/target/debug/deps/libactix_http-c7a6e188b932aa7a.rlib" "/opt/rustwide/target/debug/deps/librand-908177372809b32a.rlib" "/opt/rustwide/target/debug/deps/librand_chacha-3fbae1ada9ca63f1.rlib" "/opt/rustwide/target/debug/deps/libppv_lite86-a99ab8a0983e0261.rlib" "/opt/rustwide/target/debug/deps/librand_core-5a9b9b084320a9f2.rlib" "/opt/rustwide/target/debug/deps/libhttparse-fd503c4a6f8da724.rlib" "/opt/rustwide/target/debug/deps/libbrotli-6e70c2b3ff931699.rlib" "/opt/rustwide/target/debug/deps/libbrotli_decompressor-daca6858628f5196.rlib" "/opt/rustwide/target/debug/deps/liballoc_stdlib-a5c9a3ee1858b016.rlib" "/opt/rustwide/target/debug/deps/liballoc_no_stdlib-8dec8a86ad2c2131.rlib" "/opt/rustwide/target/debug/deps/libhttpdate-07ccb2bff48c32b9.rlib" "/opt/rustwide/target/debug/deps/libsha1-f84fcad6c29aaa26.rlib" "/opt/rustwide/target/debug/deps/libcpufeatures-568e5c51194b9ef5.rlib" "/opt/rustwide/target/debug/deps/libdigest-d193bb72a187ca67.rlib" "/opt/rustwide/target/debug/deps/libsubtle-94487541d742eeea.rlib" "/opt/rustwide/target/debug/deps/libblock_buffer-304d11301372e945.rlib" "/opt/rustwide/target/debug/deps/libcrypto_common-ffbe12093f23256f.rlib" "/opt/rustwide/target/debug/deps/libgeneric_array-5593d398e6407d09.rlib" "/opt/rustwide/target/debug/deps/libtypenum-62ca5a12b60d0fda.rlib" "/opt/rustwide/target/debug/deps/libbase64-01d5e7f2237ad80c.rlib" "/opt/rustwide/target/debug/deps/liblocal_channel-646e70f2f60751fa.rlib" "/opt/rustwide/target/debug/deps/libbytestring-618ae502bef36bf0.rlib" "/opt/rustwide/target/debug/deps/libencoding_rs-a830fab037b07ca6.rlib" "/opt/rustwide/target/debug/deps/liblanguage_tags-c55a9d92ef9338ba.rlib" "/opt/rustwide/target/debug/deps/libahash-a07ed3606c7b023c.rlib" "/opt/rustwide/target/debug/deps/libgetrandom-0bba4798c7220a41.rlib" "/opt/rustwide/target/debug/deps/libonce_cell-ce8ddf5865730f86.rlib" "/opt/rustwide/target/debug/deps/libmime-450b243d21db2a61.rlib" "/opt/rustwide/target/debug/deps/libpercent_encoding-526c9d71c02fb5bb.rlib" "/opt/rustwide/target/debug/deps/libh2-594745ed6cddd403.rlib" "/opt/rustwide/target/debug/deps/libindexmap-1d87ba3c6b11dce1.rlib" "/opt/rustwide/target/debug/deps/libhashbrown-567986452cb9bc94.rlib" "/opt/rustwide/target/debug/deps/libserde-4aaf1fa4e9738ff8.rlib" "/opt/rustwide/target/debug/deps/libfutures_util-262d76d0df19d37a.rlib" "/opt/rustwide/target/debug/deps/libfutures_io-ed0d485aa5d3c747.rlib" "/opt/rustwide/target/debug/deps/libslab-3fdda774eccf4f9f.rlib" "/opt/rustwide/target/debug/deps/libfutures_channel-b12d3100cbcad3e3.rlib" "/opt/rustwide/target/debug/deps/libfutures_task-be5dcf70b5fcba4c.rlib" "/opt/rustwide/target/debug/deps/libpin_utils-741f7d9d160e4a16.rlib" "/opt/rustwide/target/debug/deps/libtokio_util-3fa46bda1ea7e068.rlib" "/opt/rustwide/target/debug/deps/libtracing-eb6da1562883e168.rlib" "/opt/rustwide/target/debug/deps/libtracing_core-48cf59856d6de344.rlib" "/opt/rustwide/target/debug/deps/liblazy_static-591486ebcb9a7ead.rlib" "/opt/rustwide/target/debug/deps/libzstd-01cd5e45a3ea0263.rlib" "/opt/rustwide/target/debug/deps/libzstd_safe-2947b059153a570a.rlib" "/opt/rustwide/target/debug/deps/libzstd_sys-3971cc4b233cdb8b.rlib" "/opt/rustwide/target/debug/deps/libflate2-75931ba04bc3e07b.rlib" "/opt/rustwide/target/debug/deps/libminiz_oxide-db86657b438033a2.rlib" "/opt/rustwide/target/debug/deps/libadler-c8f2240c56a0abca.rlib" "/opt/rustwide/target/debug/deps/libcrc32fast-664446237529ebff.rlib" "/opt/rustwide/target/debug/deps/libactix_service-b63d6b841b373f05.rlib" "/opt/rustwide/target/debug/deps/libactix_codec-ecb9bc75890a5ddc.rlib" "/opt/rustwide/target/debug/deps/libtokio_util-6d68d6b9bf449e9a.rlib" "/opt/rustwide/target/debug/deps/libfutures_sink-05f2cb5fbc7977ea.rlib" "/opt/rustwide/target/debug/deps/libbitflags-b7cee2ca4fb438d0.rlib" "/opt/rustwide/target/debug/deps/libactix_utils-b65514db29eb8a71.rlib" "/opt/rustwide/target/debug/deps/liblocal_waker-89c796acadc50d25.rlib" "/opt/rustwide/target/debug/deps/libactix_rt-6d8b932f8dd7f3e6.rlib" "/opt/rustwide/target/debug/deps/libtokio-4847684b3fad9e74.rlib" "/opt/rustwide/target/debug/deps/libsignal_hook_registry-ec494482fe55d903.rlib" "/opt/rustwide/target/debug/deps/libnum_cpus-2c35dbc9122e2766.rlib" "/opt/rustwide/target/debug/deps/libsocket2-730d03577592fb87.rlib" "/opt/rustwide/target/debug/deps/libmemchr-5a84f82bd0d05428.rlib" "/opt/rustwide/target/debug/deps/libmio-15b5f1f67ca16a20.rlib" "/opt/rustwide/target/debug/deps/liblog-5f391f5d18e40691.rlib" "/opt/rustwide/target/debug/deps/libvalue_bag-129f81a1bc22153f.rlib" "/opt/rustwide/target/debug/deps/libparking_lot-0ce4c4e78af2baa8.rlib" "/opt/rustwide/target/debug/deps/libparking_lot_core-85a0343ceb0653b2.rlib" "/opt/rustwide/target/debug/deps/liblibc-08d373ab9082b681.rlib" "/opt/rustwide/target/debug/deps/libcfg_if-61dc7a6799e72b18.rlib" "/opt/rustwide/target/debug/deps/libsmallvec-05d968e413b3bfca.rlib" "/opt/rustwide/target/debug/deps/liblock_api-27b992132c09bfdd.rlib" "/opt/rustwide/target/debug/deps/libscopeguard-b35f5c652940acc2.rlib" "/opt/rustwide/target/debug/deps/libpin_project_lite-bd863d416e545bf5.rlib" "/opt/rustwide/target/debug/deps/libfutures_core-561ba3cced7f43f6.rlib" "/opt/rustwide/target/debug/deps/libhttp-dca3c69643d3e014.rlib" "/opt/rustwide/target/debug/deps/libitoa-c68eaa30402a4ff5.rlib" "/opt/rustwide/target/debug/deps/libbytes-55e4baa7bb335bc7.rlib" "/opt/rustwide/target/debug/deps/libfnv-18bf5144d055e772.rlib" "/opt/rustwide/rustup-home/toolchains/1.75.0-x86_64-unknown-linux-gnu/lib/rustlib/x86_64-unknown-linux-gnu/lib/libstd-90f6ddbf82de36ec.rlib" "/opt/rustwide/rustup-home/toolchains/1.75.0-x86_64-unknown-linux-gnu/lib/rustlib/x86_64-unknown-linux-gnu/lib/libpanic_unwind-480c41e9d4e1f677.rlib" "/opt/rustwide/rustup-home/toolchains/1.75.0-x86_64-unknown-linux-gnu/lib/rustlib/x86_64-unknown-linux-gnu/lib/libobject-db744c0ca03eed1d.rlib" "/opt/rustwide/rustup-home/toolchains/1.75.0-x86_64-unknown-linux-gnu/lib/rustlib/x86_64-unknown-linux-gnu/lib/libmemchr-8ba652dc7d4b285a.rlib" "/opt/rustwide/rustup-home/toolchains/1.75.0-x86_64-unknown-linux-gnu/lib/rustlib/x86_64-unknown-linux-gnu/lib/libaddr2line-d5f4520a9ebc0d58.rlib" "/opt/rustwide/rustup-home/toolchains/1.75.0-x86_64-unknown-linux-gnu/lib/rustlib/x86_64-unknown-linux-gnu/lib/libgimli-4ad84de58f0cb463.rlib" "/opt/rustwide/rustup-home/toolchains/1.75.0-x86_64-unknown-linux-gnu/lib/rustlib/x86_64-unknown-linux-gnu/lib/librustc_demangle-0d10aae2e0f38735.rlib" "/opt/rustwide/rustup-home/toolchains/1.75.0-x86_64-unknown-linux-gnu/lib/rustlib/x86_64-unknown-linux-gnu/lib/libstd_detect-0c17cff739e6745b.rlib" "/opt/rustwide/rustup-home/toolchains/1.75.0-x86_64-unknown-linux-gnu/lib/rustlib/x86_64-unknown-linux-gnu/lib/libhashbrown-b29e17139dde1aa8.rlib" "/opt/rustwide/rustup-home/toolchains/1.75.0-x86_64-unknown-linux-gnu/lib/rustlib/x86_64-unknown-linux-gnu/lib/librustc_std_workspace_alloc-1f975299829cc7bd.rlib" "/opt/rustwide/rustup-home/toolchains/1.75.0-x86_64-unknown-linux-gnu/lib/rustlib/x86_64-unknown-linux-gnu/lib/libminiz_oxide-86bae3bc3079f89b.rlib" "/opt/rustwide/rustup-home/toolchains/1.75.0-x86_64-unknown-linux-gnu/lib/rustlib/x86_64-unknown-linux-gnu/lib/libadler-321b82c30dffdf5f.rlib" "/opt/rustwide/rustup-home/toolchains/1.75.0-x86_64-unknown-linux-gnu/lib/rustlib/x86_64-unknown-linux-gnu/lib/libunwind-3dd8a6810a0bdfef.rlib" "/opt/rustwide/rustup-home/toolchains/1.75.0-x86_64-unknown-linux-gnu/lib/rustlib/x86_64-unknown-linux-gnu/lib/libcfg_if-eb39a61c0c879984.rlib" "/opt/rustwide/rustup-home/toolchains/1.75.0-x86_64-unknown-linux-gnu/lib/rustlib/x86_64-unknown-linux-gnu/lib/liblibc-aa769569f91c3548.rlib" "/opt/rustwide/rustup-home/toolchains/1.75.0-x86_64-unknown-linux-gnu/lib/rustlib/x86_64-unknown-linux-gnu/lib/liballoc-510a192a50a983ed.rlib" "/opt/rustwide/rustup-home/toolchains/1.75.0-x86_64-unknown-linux-gnu/lib/rustlib/x86_64-unknown-linux-gnu/lib/librustc_std_workspace_core-0577018320f99037.rlib" "/opt/rustwide/rustup-home/toolchains/1.75.0-x86_64-unknown-linux-gnu/lib/rustlib/x86_64-unknown-linux-gnu/lib/libcore-193cf992125ccd4c.rlib" "/opt/rustwide/rustup-home/toolchains/1.75.0-x86_64-unknown-linux-gnu/lib/rustlib/x86_64-unknown-linux-gnu/lib/libcompiler_builtins-8e138eaf26ebb4a8.rlib" "-Wl,-Bdynamic" "-lgcc_s" "-lutil" "-lrt" "-lpthread" "-lm" "-ldl" "-lc" "-Wl,--eh-frame-hdr" "-Wl,-z,noexecstack" "-L" "/opt/rustwide/rustup-home/toolchains/1.75.0-x86_64-unknown-linux-gnu/lib/rustlib/x86_64-unknown-linux-gnu/lib" "-o" "/opt/rustwide/target/debug/examples/showcase-eebd21d85a6e5193" "-Wl,--gc-sections" "-pie" "-Wl,-z,relro,-z,now" "-nodefaultlibs"
[INFO] [stdout]   = note: collect2: fatal error: ld terminated with signal 9 [Killed]
[INFO] [stdout]           compilation terminated.
[INFO] [stdout]           
[INFO] [stdout] 
[INFO] [stdout] 
[INFO] [stdout] error: aborting due to previous error
[INFO] [stdout] 
[INFO] [stdout] 
[INFO] [stderr] error: could not compile `iftree` (example "showcase") due to 2 previous errors
[INFO] [stderr] warning: build failed, waiting for other jobs to finish...
[INFO] running `Command { std: "docker" "inspect" "a7db65b3de0fd440c1f1097458dd0089fb5f93b618c24406ba8a671fa0ca9b4d", kill_on_drop: false }`
[INFO] running `Command { std: "docker" "rm" "-f" "a7db65b3de0fd440c1f1097458dd0089fb5f93b618c24406ba8a671fa0ca9b4d", kill_on_drop: false }`
[INFO] [stdout] a7db65b3de0fd440c1f1097458dd0089fb5f93b618c24406ba8a671fa0ca9b4d
[INFO] testing iftree-1.0.4 against beta-2023-12-22 for beta-1.76-1
[INFO] extracting crate iftree 1.0.4 into /workspace/builds/worker-0-tc2/source
[INFO] validating manifest of crates.io crate iftree 1.0.4 on toolchain beta-2023-12-22
[INFO] running `Command { std: CARGO_HOME="/workspace/cargo-home" RUSTUP_HOME="/workspace/rustup-home" "/workspace/cargo-home/bin/cargo" "+beta-2023-12-22" "metadata" "--manifest-path" "Cargo.toml" "--no-deps", kill_on_drop: false }`
[INFO] started tweaking crates.io crate iftree 1.0.4
[INFO] finished tweaking crates.io crate iftree 1.0.4
[INFO] tweaked toml for crates.io crate iftree 1.0.4 written to /workspace/builds/worker-0-tc2/source/Cargo.toml
[INFO] crate crates.io crate iftree 1.0.4 already has a lockfile, it will not be regenerated
[INFO] running `Command { std: CARGO_HOME="/workspace/cargo-home" RUSTUP_HOME="/workspace/rustup-home" "/workspace/cargo-home/bin/cargo" "+beta-2023-12-22" "fetch" "--manifest-path" "Cargo.toml", kill_on_drop: false }`
[INFO] running `Command { std: "docker" "create" "-v" "/var/lib/crater-agent-workspace/builds/worker-0-tc2/target:/opt/rustwide/target:rw,Z" "-v" "/var/lib/crater-agent-workspace/builds/worker-0-tc2/source:/opt/rustwide/workdir:ro,Z" "-v" "/var/lib/crater-agent-workspace/cargo-home:/opt/rustwide/cargo-home:ro,Z" "-v" "/var/lib/crater-agent-workspace/rustup-home:/opt/rustwide/rustup-home:ro,Z" "-e" "SOURCE_DIR=/opt/rustwide/workdir" "-e" "CARGO_TARGET_DIR=/opt/rustwide/target" "-e" "CARGO_HOME=/opt/rustwide/cargo-home" "-e" "RUSTUP_HOME=/opt/rustwide/rustup-home" "-w" "/opt/rustwide/workdir" "-m" "1610612736" "--user" "0:0" "--network" "none" "ghcr.io/rust-lang/crates-build-env/linux@sha256:2788e3201cd34a07e3172128adcd8b3090168a8e3bcc40d7c032b9dda1df7d1c" "/opt/rustwide/cargo-home/bin/cargo" "+beta-2023-12-22" "metadata" "--no-deps" "--format-version=1", kill_on_drop: false }`
[INFO] [stdout] 9e355812dee6e3f8b5377362a90806c1f31608086495e12f8876661039000945
[INFO] running `Command { std: "docker" "start" "-a" "9e355812dee6e3f8b5377362a90806c1f31608086495e12f8876661039000945", kill_on_drop: false }`
[INFO] running `Command { std: "docker" "inspect" "9e355812dee6e3f8b5377362a90806c1f31608086495e12f8876661039000945", kill_on_drop: false }`
[INFO] running `Command { std: "docker" "rm" "-f" "9e355812dee6e3f8b5377362a90806c1f31608086495e12f8876661039000945", kill_on_drop: false }`
[INFO] [stdout] 9e355812dee6e3f8b5377362a90806c1f31608086495e12f8876661039000945
[INFO] running `Command { std: "docker" "create" "-v" "/var/lib/crater-agent-workspace/builds/worker-0-tc2/target:/opt/rustwide/target:rw,Z" "-v" "/var/lib/crater-agent-workspace/builds/worker-0-tc2/source:/opt/rustwide/workdir:ro,Z" "-v" "/var/lib/crater-agent-workspace/cargo-home:/opt/rustwide/cargo-home:ro,Z" "-v" "/var/lib/crater-agent-workspace/rustup-home:/opt/rustwide/rustup-home:ro,Z" "-e" "SOURCE_DIR=/opt/rustwide/workdir" "-e" "CARGO_TARGET_DIR=/opt/rustwide/target" "-e" "CARGO_INCREMENTAL=0" "-e" "RUST_BACKTRACE=full" "-e" "RUSTFLAGS=--cap-lints=warn" "-e" "RUSTDOCFLAGS=--cap-lints=warn" "-e" "CARGO_HOME=/opt/rustwide/cargo-home" "-e" "RUSTUP_HOME=/opt/rustwide/rustup-home" "-w" "/opt/rustwide/workdir" "-m" "1610612736" "--user" "0:0" "--network" "none" "ghcr.io/rust-lang/crates-build-env/linux@sha256:2788e3201cd34a07e3172128adcd8b3090168a8e3bcc40d7c032b9dda1df7d1c" "/opt/rustwide/cargo-home/bin/cargo" "+beta-2023-12-22" "build" "--frozen" "--message-format=json", kill_on_drop: false }`
[INFO] [stdout] efb2f24b70eabaea211486fad1cd4b44038e97f30986594506f0f0ce7db83787
[INFO] running `Command { std: "docker" "start" "-a" "efb2f24b70eabaea211486fad1cd4b44038e97f30986594506f0f0ce7db83787", kill_on_drop: false }`
[INFO] [stderr]    Compiling proc-macro2 v1.0.50
[INFO] [stderr]    Compiling memchr v2.4.1
[INFO] [stderr]    Compiling unicode-ident v1.0.6
[INFO] [stderr]    Compiling syn v1.0.107
[INFO] [stderr]    Compiling serde_derive v1.0.152
[INFO] [stderr]    Compiling serde v1.0.152
[INFO] [stderr]    Compiling indexmap v1.9.2
[INFO] [stderr]    Compiling log v0.4.14
[INFO] [stderr]    Compiling crossbeam-utils v0.8.7
[INFO] [stderr]    Compiling regex-syntax v0.6.27
[INFO] [stderr]    Compiling once_cell v1.17.0
[INFO] [stderr]    Compiling same-file v1.0.6
[INFO] [stderr]    Compiling walkdir v2.3.2
[INFO] [stderr]    Compiling unicode-xid v0.2.2
[INFO] [stderr]    Compiling thread_local v1.1.4
[INFO] [stderr]    Compiling quote v1.0.15
[INFO] [stderr]    Compiling aho-corasick v0.7.18
[INFO] [stderr]    Compiling nom8 v0.2.0
[INFO] [stderr]    Compiling bstr v0.2.17
[INFO] [stderr]    Compiling regex v1.7.1
[INFO] [stderr]    Compiling globset v0.4.8
[INFO] [stderr]    Compiling ignore v0.4.18
[INFO] [stderr]    Compiling serde_spanned v0.6.1
[INFO] [stderr]    Compiling toml_datetime v0.6.1
[INFO] [stderr]    Compiling toml_edit v0.19.1
[INFO] [stderr]    Compiling toml v0.7.1
[INFO] [stderr]    Compiling iftree v1.0.4 (/opt/rustwide/workdir)
[INFO] [stderr]     Finished dev [unoptimized + debuginfo] target(s) in 28.15s
[INFO] running `Command { std: "docker" "inspect" "efb2f24b70eabaea211486fad1cd4b44038e97f30986594506f0f0ce7db83787", kill_on_drop: false }`
[INFO] running `Command { std: "docker" "rm" "-f" "efb2f24b70eabaea211486fad1cd4b44038e97f30986594506f0f0ce7db83787", kill_on_drop: false }`
[INFO] [stdout] efb2f24b70eabaea211486fad1cd4b44038e97f30986594506f0f0ce7db83787
[INFO] running `Command { std: "docker" "create" "-v" "/var/lib/crater-agent-workspace/builds/worker-0-tc2/target:/opt/rustwide/target:rw,Z" "-v" "/var/lib/crater-agent-workspace/builds/worker-0-tc2/source:/opt/rustwide/workdir:ro,Z" "-v" "/var/lib/crater-agent-workspace/cargo-home:/opt/rustwide/cargo-home:ro,Z" "-v" "/var/lib/crater-agent-workspace/rustup-home:/opt/rustwide/rustup-home:ro,Z" "-e" "SOURCE_DIR=/opt/rustwide/workdir" "-e" "CARGO_TARGET_DIR=/opt/rustwide/target" "-e" "CARGO_INCREMENTAL=0" "-e" "RUST_BACKTRACE=full" "-e" "RUSTFLAGS=--cap-lints=warn" "-e" "RUSTDOCFLAGS=--cap-lints=warn" "-e" "CARGO_HOME=/opt/rustwide/cargo-home" "-e" "RUSTUP_HOME=/opt/rustwide/rustup-home" "-w" "/opt/rustwide/workdir" "-m" "1610612736" "--user" "0:0" "--network" "none" "ghcr.io/rust-lang/crates-build-env/linux@sha256:2788e3201cd34a07e3172128adcd8b3090168a8e3bcc40d7c032b9dda1df7d1c" "/opt/rustwide/cargo-home/bin/cargo" "+beta-2023-12-22" "test" "--frozen" "--no-run" "--message-format=json", kill_on_drop: false }`
[INFO] [stdout] 8514747da9b92ff2a480aae25583591302f3ad276b16954a5b476725ce5235cd
[INFO] running `Command { std: "docker" "start" "-a" "8514747da9b92ff2a480aae25583591302f3ad276b16954a5b476725ce5235cd", kill_on_drop: false }`
[INFO] [stderr]    Compiling unicode-ident v1.0.6
[INFO] [stderr]    Compiling syn v1.0.107
[INFO] [stderr]    Compiling libc v0.2.127
[INFO] [stderr]    Compiling typenum v1.15.0
[INFO] [stderr]    Compiling generic-array v0.14.5
[INFO] [stderr]    Compiling memchr v2.4.1
[INFO] [stderr]    Compiling proc-macro2 v1.0.50
[INFO] [stderr]    Compiling value-bag v1.0.0-alpha.8
[INFO] [stderr]    Compiling sval v1.0.0-alpha.5
[INFO] [stderr]    Compiling log v0.4.14
[INFO] [stderr]    Compiling futures-core v0.3.21
[INFO] [stderr]    Compiling serde v1.0.152
[INFO] [stderr]    Compiling pin-project-lite v0.2.8
[INFO] [stderr]    Compiling itoa v1.0.1
[INFO] [stderr]    Compiling quote v1.0.15
[INFO] [stderr]    Compiling futures-io v0.3.21
[INFO] [stderr]    Compiling cpufeatures v0.2.1
[INFO] [stderr]    Compiling bytes v1.1.0
[INFO] [stderr]    Compiling socket2 v0.4.4
[INFO] [stderr]    Compiling signal-hook-registry v1.4.0
[INFO] [stderr]    Compiling num_cpus v1.13.1
[INFO] [stderr]    Compiling slab v0.4.5
[INFO] [stderr]    Compiling ppv-lite86 v0.2.16
[INFO] [stderr]    Compiling getrandom v0.2.4
[INFO] [stderr]    Compiling parking_lot_core v0.9.1
[INFO] [stderr]    Compiling futures-sink v0.3.21
[INFO] [stderr]    Compiling smallvec v1.8.0
[INFO] [stderr]    Compiling percent-encoding v2.1.0
[INFO] [stderr]    Compiling lock_api v0.4.6
[INFO] [stderr]    Compiling rand_core v0.6.3
[INFO] [stderr]    Compiling tokio v1.25.0
[INFO] [stderr]    Compiling once_cell v1.17.0
[INFO] [stderr]    Compiling futures-task v0.3.21
[INFO] [stderr]    Compiling futures-channel v0.3.21
[INFO] [stderr]    Compiling rand_chacha v0.3.1
[INFO] [stderr]    Compiling fastrand v1.7.0
[INFO] [stderr]    Compiling http v0.2.8
[INFO] [stderr]    Compiling futures-util v0.3.21
[INFO] [stderr]    Compiling parking_lot v0.12.0
[INFO] [stderr]    Compiling rand v0.8.5
[INFO] [stderr]    Compiling event-listener v2.5.2
[INFO] [stderr]    Compiling base64 v0.13.0
[INFO] [stderr]    Compiling httparse v1.6.0
[INFO] [stderr]    Compiling jobserver v0.1.24
[INFO] [stderr]    Compiling proc-macro-hack v0.5.19
[INFO] [stderr]    Compiling cache-padded v1.2.0
[INFO] [stderr]    Compiling universal-hash v0.4.1
[INFO] [stderr]    Compiling digest v0.9.0
[INFO] [stderr]    Compiling crypto-common v0.1.3
[INFO] [stderr]    Compiling block-buffer v0.10.2
[INFO] [stderr]    Compiling concurrent-queue v1.2.2
[INFO] [stderr]    Compiling cc v1.0.73
[INFO] [stderr]    Compiling digest v0.10.3
[INFO] [stderr]    Compiling indexmap v1.9.2
[INFO] [stderr]    Compiling matches v0.1.9
[INFO] [stderr]    Compiling tinyvec_macros v0.1.0
[INFO] [stderr]    Compiling parking v2.0.0
[INFO] [stderr]    Compiling waker-fn v1.1.0
[INFO] [stderr]    Compiling futures-lite v1.12.0
[INFO] [stderr]    Compiling tinyvec v1.5.1
[INFO] [stderr]    Compiling block-buffer v0.9.0
[INFO] [stderr]    Compiling serde_json v1.0.79
[INFO] [stderr]    Compiling ryu v1.0.9
[INFO] [stderr]    Compiling form_urlencoded v1.0.1
[INFO] [stderr]    Compiling proc-macro2-diagnostics v0.9.1
[INFO] [stderr]    Compiling standback v0.2.17
[INFO] [stderr]    Compiling unicode-bidi v0.3.7
[INFO] [stderr]    Compiling crossbeam-utils v0.8.7
[INFO] [stderr]    Compiling cipher v0.2.5
[INFO] [stderr]    Compiling async-task v4.1.0
[INFO] [stderr]    Compiling unicode-normalization v0.1.19
[INFO] [stderr]    Compiling signal-hook v0.3.13
[INFO] [stderr]    Compiling yansi v0.5.0
[INFO] [stderr]    Compiling getrandom v0.1.16
[INFO] [stderr]    Compiling async-channel v1.6.1
[INFO] [stderr]    Compiling tracing-core v0.1.22
[INFO] [stderr]    Compiling const_fn v0.4.9
[INFO] [stderr]    Compiling atomic-waker v1.0.0
[INFO] [stderr]    Compiling cpuid-bool v0.2.0
[INFO] [stderr]    Compiling blocking v1.1.0
[INFO] [stderr]    Compiling rand_core v0.5.1
[INFO] [stderr]    Compiling polyval v0.4.5
[INFO] [stderr]    Compiling async-executor v1.4.1
[INFO] [stderr]    Compiling aes-soft v0.6.4
[INFO] [stderr]    Compiling idna v0.2.3
[INFO] [stderr]    Compiling crypto-mac v0.10.1
[INFO] [stderr]    Compiling cipher v0.3.0
[INFO] [stderr]    Compiling async-mutex v1.4.0
[INFO] [stderr]    Compiling time v0.2.27
[INFO] [stderr]    Compiling anyhow v1.0.54
[INFO] [stderr]    Compiling httpdate v1.0.2
[INFO] [stderr]    Compiling mime v0.3.16
[INFO] [stderr]    Compiling aes v0.6.0
[INFO] [stderr]    Compiling hmac v0.10.1
[INFO] [stderr]    Compiling rand_chacha v0.2.2
[INFO] [stderr]    Compiling ghash v0.3.1
[INFO] [stderr]    Compiling zstd-sys v2.0.1+zstd.1.5.2
[INFO] [stderr]    Compiling ctr v0.6.0
[INFO] [stderr]    Compiling sha2 v0.9.9
[INFO] [stderr]    Compiling polyval v0.5.3
[INFO] [stderr]    Compiling aead v0.3.2
[INFO] [stderr]    Compiling async-lock v2.5.0
[INFO] [stderr]    Compiling aho-corasick v0.7.18
[INFO] [stderr]    Compiling unicase v2.6.0
[INFO] [stderr]    Compiling cookie v0.14.4
[INFO] [stderr]    Compiling regex-syntax v0.6.27
[INFO] [stderr]    Compiling ghash v0.4.4
[INFO] [stderr]    Compiling aes-gcm v0.8.0
[INFO] [stderr]    Compiling rand v0.7.3
[INFO] [stderr]    Compiling hkdf v0.10.0
[INFO] [stderr]    Compiling ctr v0.8.0
[INFO] [stderr]    Compiling aes v0.7.5
[INFO] [stderr]    Compiling hmac v0.12.1
[INFO] [stderr]    Compiling aead v0.4.3
[INFO] [stderr]    Compiling num-traits v0.2.14
[INFO] [stderr]    Compiling uncased v0.9.6
[INFO] [stderr]    Compiling cookie v0.16.0
[INFO] [stderr]    Compiling try-lock v0.2.3
[INFO] [stderr]    Compiling encoding_rs v0.8.30
[INFO] [stderr]    Compiling time-macros v0.2.3
[INFO] [stderr]    Compiling http-types v2.12.0
[INFO] [stderr]    Compiling num_threads v0.1.3
[INFO] [stderr]    Compiling async-trait v0.1.52
[INFO] [stderr]    Compiling aes-gcm v0.9.4
[INFO] [stderr]    Compiling hkdf v0.12.3
[INFO] [stderr]    Compiling sha2 v0.10.2
[INFO] [stderr]    Compiling http-body v0.4.4
[INFO] [stderr]    Compiling miniz_oxide v0.4.4
[INFO] [stderr]    Compiling num-integer v0.1.44
[INFO] [stderr]    Compiling tower-service v0.3.1
[INFO] [stderr]    Compiling inlinable_string v0.1.15
[INFO] [stderr]    Compiling rle-decode-fast v1.0.3
[INFO] [stderr]    Compiling zstd-safe v6.0.3+zstd.1.5.2
[INFO] [stderr]    Compiling local-waker v0.1.2
[INFO] [stderr]    Compiling ucd-trie v0.1.3
[INFO] [stderr]    Compiling ref-cast v1.0.6
[INFO] [stderr]    Compiling alloc-no-stdlib v2.0.3
[INFO] [stderr]    Compiling regex v1.7.1
[INFO] [stderr]    Compiling pest v2.1.3
[INFO] [stderr]    Compiling alloc-stdlib v0.2.1
[INFO] [stderr]    Compiling libflate_lz77 v1.1.0
[INFO] [stderr]    Compiling mime_guess v2.0.4
[INFO] [stderr]    Compiling time v0.3.7
[INFO] [stderr]    Compiling devise_core v0.3.1
[INFO] [stderr]    Compiling ctor v0.1.21
[INFO] [stderr]    Compiling serde_derive v1.0.152
[INFO] [stderr]    Compiling tokio-macros v1.7.0
[INFO] [stderr]    Compiling futures-macro v0.3.21
[INFO] [stderr]    Compiling thiserror-impl v1.0.30
[INFO] [stderr]    Compiling time-macros-impl v0.1.2
[INFO] [stderr]    Compiling async-attributes v1.1.2
[INFO] [stderr]    Compiling mio v0.8.4
[INFO] [stderr]    Compiling polling v2.2.0
[INFO] [stderr]    Compiling async-io v1.6.0
[INFO] [stderr]    Compiling tracing v0.1.31
[INFO] [stderr]    Compiling thiserror v1.0.30
[INFO] [stderr]    Compiling time-macros v0.1.1
[INFO] [stderr]    Compiling kv-log-macro v1.0.7
[INFO] [stderr]    Compiling want v0.3.0
[INFO] [stderr]    Compiling async-global-executor v2.0.2
[INFO] [stderr]    Compiling async-process v1.3.0
[INFO] [stderr]    Compiling async-std v1.12.0
[INFO] [stderr]    Compiling pin-project-internal v1.0.10
[INFO] [stderr]    Compiling pear_codegen v0.2.3
[INFO] [stderr]    Compiling ref-cast-impl v1.0.6
[INFO] [stderr]    Compiling pear v0.2.3
[INFO] [stderr]    Compiling blake3 v0.3.8
[INFO] [stderr]    Compiling pin-project v1.0.10
[INFO] [stderr]    Compiling crypto-mac v0.8.0
[INFO] [stderr]    Compiling bytestring v1.0.0
[INFO] [stderr]    Compiling maplit v1.0.2
[INFO] [stderr]    Compiling remove_dir_all v0.5.3
[INFO] [stderr]    Compiling paste v1.0.6
[INFO] [stderr]    Compiling tempfile v3.3.0
[INFO] [stderr]    Compiling libflate v1.1.2
[INFO] [stderr]    Compiling pest_meta v2.1.3
[INFO] [stderr]    Compiling ahash v0.7.6
[INFO] [stderr]    Compiling actix-service v2.0.2
[INFO] [stderr]    Compiling tokio-util v0.6.9
[INFO] [stderr]    Compiling tokio-util v0.7.0
[INFO] [stderr]    Compiling actix-rt v2.6.0
[INFO] [stderr]    Compiling futures v0.3.21
[INFO] [stderr]    Compiling devise_codegen v0.3.1
[INFO] [stderr]    Compiling url v2.2.2
[INFO] [stderr]    Compiling h2 v0.3.11
[INFO] [stderr]    Compiling serde_urlencoded v0.7.1
[INFO] [stderr]    Compiling serde_qs v0.8.5
[INFO] [stderr]    Compiling toml_datetime v0.6.1
[INFO] [stderr]    Compiling serde_spanned v0.6.1
[INFO] [stderr]    Compiling brotli-decompressor v2.3.2
[INFO] [stderr]    Compiling actix-utils v3.0.0
[INFO] [stderr]    Compiling sha-1 v0.9.8
[INFO] [stderr]    Compiling simple-mutex v1.1.5
[INFO] [stderr]    Compiling time v0.1.43
[INFO] [stderr]    Compiling nom8 v0.2.0
[INFO] [stderr]    Compiling bstr v0.2.17
[INFO] [stderr]    Compiling stable-pattern v0.1.0
[INFO] [stderr]    Compiling atomic v0.5.1
[INFO] [stderr]    Compiling multer v2.0.2
[INFO] [stderr]    Compiling figment v0.10.6
[INFO] [stderr]    Compiling state v0.5.3
[INFO] [stderr]    Compiling arrayvec v0.5.2
[INFO] [stderr]    Compiling byteorder v1.4.3
[INFO] [stderr]    Compiling unicode-xid v0.2.2
[INFO] [stderr]    Compiling firestorm v0.5.0
[INFO] [stderr]    Compiling utf-8 v0.7.6
[INFO] [stderr]    Compiling either v1.6.1
[INFO] [stderr]    Compiling constant_time_eq v0.1.5
[INFO] [stderr]    Compiling convert_case v0.4.0
[INFO] [stderr]    Compiling arrayref v0.3.6
[INFO] [stderr]    Compiling same-file v1.0.6
[INFO] [stderr]    Compiling buf_redux v0.8.4
[INFO] [stderr]    Compiling walkdir v2.3.2
[INFO] [stderr]    Compiling tungstenite v0.14.0
[INFO] [stderr]    Compiling derive_more v0.99.17
[INFO] [stderr]    Compiling actix-router v0.5.0
[INFO] [stderr]    Compiling toml_edit v0.19.1
[INFO] [stderr]    Compiling brotli v3.3.3
[INFO] [stderr]    Compiling globset v0.4.8
[INFO] [stderr]    Compiling chrono v0.4.19
[INFO] [stderr]    Compiling async-dup v1.2.2
[INFO] [stderr]    Compiling devise v0.3.1
[INFO] [stderr]    Compiling actix-codec v0.5.0
[INFO] [stderr]    Compiling bincode v1.3.3
[INFO] [stderr]    Compiling toml v0.5.8
[INFO] [stderr]    Compiling include-flate-codegen v0.1.4
[INFO] [stderr]    Compiling pest_generator v2.1.3
[INFO] [stderr]    Compiling flate2 v1.0.22
[INFO] [stderr]    Compiling tokio-stream v0.1.8
[INFO] [stderr]    Compiling hmac v0.8.1
[INFO] [stderr]    Compiling local-channel v0.1.2
[INFO] [stderr]    Compiling async-stream-impl v0.3.2
[INFO] [stderr]    Compiling sha1 v0.10.4
[INFO] [stderr]    Compiling sha-1 v0.10.0
[INFO] [stderr]    Compiling headers-core v0.2.0
[INFO] [stderr]    Compiling thread_local v1.1.4
[INFO] [stderr]    Compiling dashmap v4.0.2
[INFO] [stderr]    Compiling twoway v0.1.8
[INFO] [stderr]    Compiling rocket v0.5.0-rc.2
[INFO] [stderr]    Compiling base64 v0.12.3
[INFO] [stderr]    Compiling language-tags v0.3.2
[INFO] [stderr]    Compiling base64 v0.21.0
[INFO] [stderr]    Compiling glob v0.3.0
[INFO] [stderr]    Compiling hyper v0.14.17
[INFO] [stderr]    Compiling pin-project-lite v0.1.12
[INFO] [stderr]    Compiling spin v0.9.2
[INFO] [stderr]    Compiling async-sse v4.1.0
[INFO] [stderr]    Compiling async-stream v0.3.2
[INFO] [stderr]    Compiling multipart v0.18.0
[INFO] [stderr]    Compiling http-client v6.5.1
[INFO] [stderr]    Compiling ignore v0.4.18
[INFO] [stderr]    Compiling headers v0.3.7
[INFO] [stderr]    Compiling pest_derive v2.1.0
[INFO] [stderr]    Compiling include-flate-codegen-exports v0.1.4
[INFO] [stderr]    Compiling toml v0.7.1
[INFO] [stderr]    Compiling async-h1 v2.3.3
[INFO] [stderr]    Compiling actix-web-codegen v4.1.0
[INFO] [stderr]    Compiling tokio-tungstenite v0.15.0
[INFO] [stderr]    Compiling actix-server v2.0.0
[INFO] [stderr]    Compiling femme v2.1.1
[INFO] [stderr]    Compiling ubyte v0.10.1
[INFO] [stderr]    Compiling actix-macros v0.2.3
[INFO] [stderr]    Compiling atty v0.2.14
[INFO] [stderr]    Compiling scoped-tls v1.0.0
[INFO] [stderr]    Compiling route-recognizer v0.2.0
[INFO] [stderr]    Compiling binascii v0.1.4
[INFO] [stderr]    Compiling handlebars v4.3.3
[INFO] [stderr]    Compiling include-flate v0.1.4
[INFO] [stderr]    Compiling iftree v1.0.4 (/opt/rustwide/workdir)
[INFO] [stderr]    Compiling async-session v2.0.1
[INFO] [stderr]    Compiling tide v0.16.0
[INFO] [stderr]    Compiling rocket_http v0.5.0-rc.2
[INFO] [stderr]    Compiling warp v0.3.2
[INFO] [stderr]    Compiling rocket_codegen v0.5.0-rc.2
[INFO] [stderr]    Compiling zstd v0.12.3+zstd.1.5.2
[INFO] [stderr]    Compiling actix-http v3.3.0
[INFO] [stderr]    Compiling actix-web v4.3.0
[INFO] [stderr]     Finished test [unoptimized + debuginfo] target(s) in 2m 57s
[INFO] [stderr] warning: the following packages contain code that will be rejected by a future version of Rust: buf_redux v0.8.4, multipart v0.18.0, ubyte v0.10.1
[INFO] [stderr] note: to see what the problems were, use the option `--future-incompat-report`, or run `cargo report future-incompatibilities --id 3`
[INFO] running `Command { std: "docker" "inspect" "8514747da9b92ff2a480aae25583591302f3ad276b16954a5b476725ce5235cd", kill_on_drop: false }`
[INFO] running `Command { std: "docker" "rm" "-f" "8514747da9b92ff2a480aae25583591302f3ad276b16954a5b476725ce5235cd", kill_on_drop: false }`
[INFO] [stdout] 8514747da9b92ff2a480aae25583591302f3ad276b16954a5b476725ce5235cd
[INFO] running `Command { std: "docker" "create" "-v" "/var/lib/crater-agent-workspace/builds/worker-0-tc2/target:/opt/rustwide/target:rw,Z" "-v" "/var/lib/crater-agent-workspace/builds/worker-0-tc2/source:/opt/rustwide/workdir:ro,Z" "-v" "/var/lib/crater-agent-workspace/cargo-home:/opt/rustwide/cargo-home:ro,Z" "-v" "/var/lib/crater-agent-workspace/rustup-home:/opt/rustwide/rustup-home:ro,Z" "-e" "SOURCE_DIR=/opt/rustwide/workdir" "-e" "CARGO_TARGET_DIR=/opt/rustwide/target" "-e" "CARGO_INCREMENTAL=0" "-e" "RUST_BACKTRACE=full" "-e" "RUSTFLAGS=--cap-lints=warn" "-e" "RUSTDOCFLAGS=--cap-lints=warn" "-e" "CARGO_HOME=/opt/rustwide/cargo-home" "-e" "RUSTUP_HOME=/opt/rustwide/rustup-home" "-w" "/opt/rustwide/workdir" "-m" "1610612736" "--user" "0:0" "--network" "none" "ghcr.io/rust-lang/crates-build-env/linux@sha256:2788e3201cd34a07e3172128adcd8b3090168a8e3bcc40d7c032b9dda1df7d1c" "/opt/rustwide/cargo-home/bin/cargo" "+beta-2023-12-22" "test" "--frozen", kill_on_drop: false }`
[INFO] [stdout] 1187ab84c169829c87900f48948994cec493da69d77242586cda855ceabadcb7
[INFO] running `Command { std: "docker" "start" "-a" "1187ab84c169829c87900f48948994cec493da69d77242586cda855ceabadcb7", kill_on_drop: false }`
[INFO] [stderr]     Finished test [unoptimized + debuginfo] target(s) in 0.70s
[INFO] [stderr] warning: the following packages contain code that will be rejected by a future version of Rust: buf_redux v0.8.4, multipart v0.18.0, ubyte v0.10.1
[INFO] [stderr] note: to see what the problems were, use the option `--future-incompat-report`, or run `cargo report future-incompatibilities --id 3`
[INFO] [stderr]      Running unittests src/lib.rs (/opt/rustwide/target/debug/deps/iftree-649b0d711df64d66)
[INFO] [stdout] 
[INFO] [stdout] running 94 tests
[INFO] [stdout] test generate_view::get_default_initializer::tests::handles_type_alias ... ok
[INFO] [stdout] test generate_view::get_default_initializer::tests::handles_tuple_fields::given_fields_it_errs ... ok
[INFO] [stdout] test generate_view::get_default_initializer::tests::handles_unit ... ok
[INFO] [stdout] test generate_view::get_forest::tests::handles_empty_set ... ok
[INFO] [stdout] test generate_view::get_default_initializer::tests::handles_named_fields::handles_each_standard_field ... ok
[INFO] [stdout] test generate_view::get_forest::tests::given_empty_relative_path_it_errs ... ok
[INFO] [stdout] test generate_view::get_default_initializer::tests::handles_tuple_fields::given_no_fields_it_handles ... ok
[INFO] [stdout] test generate_view::get_default_initializer::tests::handles_named_fields::given_nonstandard_field_it_errs ... ok
[INFO] [stdout] test generate_view::get_default_initializer::tests::handles_named_fields::given_standard_fields_only_it_handles ... ok
[INFO] [stdout] test generate_view::get_visitors::tests::handles_default::handles_without_initializer ... ok
[INFO] [stdout] test generate_view::get_forest::tests::handles_files ... ok
[INFO] [stdout] test generate_view::get_forest::tests::given_path_collision_it_errs ... ok
[INFO] [stdout] test generate_view::get_forest::tests::handles_folders ... ok
[INFO] [stdout] test generate_view::get_visitors::tests::handles_visitors ... ok
[INFO] [stdout] test generate_view::get_visitors::tests::handles_default::handles_without_identifiers ... ok
[INFO] [stdout] test generate_view::sanitize_name::tests::handles_empty_string ... ok
[INFO] [stdout] test generate_view::get_visitors::tests::handles_default::handles_with_initializer ... ok
[INFO] [stdout] test generate_view::main::tests::handles ... ok
[INFO] [stdout] test generate_view::get_visitors::tests::handles_default::handles_with_identifiers ... ok
[INFO] [stdout] test generate_view::sanitize_name::tests::handles_first_character_if_not_xid_continue ... ok
[INFO] [stdout] test generate_view::sanitize_name::tests::handles_first_character_if_underscore ... ok
[INFO] [stdout] test generate_view::sanitize_name::tests::handles_convention_of_screaming_snake_case ... ok
[INFO] [stdout] test generate_view::sanitize_name::tests::handles_convention_of_snake_case ... ok
[INFO] [stdout] test generate_view::sanitize_name::tests::handles_first_character_if_xid_start ... ok
[INFO] [stdout] test generate_view::sanitize_name::tests::handles_non_ascii_identifiers ... ok
[INFO] [stdout] test generate_view::sanitize_name::tests::handles_wildcard_pattern ... ok
[INFO] [stdout] test generate_view::sanitize_name::tests::handles_first_character_if_xid_continue_but_not_xid_start ... ok
[INFO] [stdout] test generate_view::sanitize_name::tests::handles_other_keywords ... ok
[INFO] [stdout] test list_files::get_base_folder::tests::given_base_folder_is_absolute::handles ... ok
[INFO] [stdout] test generate_view::sanitize_name::tests::handles_special_characters ... ok
[INFO] [stdout] test generate_view::sanitize_name::tests::handles_special_keywords ... ok
[INFO] [stdout] test list_files::get_base_folder::tests::given_base_folder_is_relative::given_environment_variable_it_handles_concatenation ... ok
[INFO] [stdout] test list_files::get_base_folder::tests::given_base_folder_is_relative::given_no_such_environment_variable_it_errs ... ok
[INFO] [stdout] test list_files::get_paths::tests::handles ... ok
[INFO] [stdout] test model::error::tests::display::handles_environment_variable ... ok
[INFO] [stdout] test list_files::get_raw_paths::tests::handles_empty_paths ... ok
[INFO] [stdout] test go::tests::handles ... ok
[INFO] [stdout] test list_files::main::tests::handles ... ok
[INFO] [stdout] test list_files::get_raw_paths::tests::handles_single_path ... ok
[INFO] [stdout] test model::error::tests::display::handles_no_initializer ... ok
[INFO] [stdout] test model::error::tests::display::handles_ignore ... ok
[INFO] [stdout] test model::error::tests::display::handles_unexpected_empty_relative_path ... ok
[INFO] [stdout] test model::error::tests::display::handles_path_strip_prefix ... ok
[INFO] [stdout] test model::error::tests::display::handles_path_invalid_unicode ... ok
[INFO] [stdout] test model::error::tests::display::handles_nonstandard_field ... ok
[INFO] [stdout] test model::error::tests::display::handles_unexpected_path_collision ... ok
[INFO] [stdout] test list_files::get_raw_paths::tests::handles_negated_patterns ... ok
[INFO] [stdout] test parse::parse_configuration_from_string::tests::given_unknown_field_it_errs ... ok
[INFO] [stdout] test parse::parse_configuration_from_string::tests::handles_valid_configuration_with_optional_fields ... ok
[INFO] [stdout] test parse::parse_configuration_from_string::tests::given_ill_formed_configuration_it_errs ... ok
[INFO] [stdout] test parse::parse_configuration_from_string::tests::given_required_field_is_missing_it_errs ... ok
[INFO] [stdout] test parse::parse_configuration::tests::given_invalid_configuration_it_errs ... ok
[INFO] [stdout] test parse::parse_configuration::tests::handles_valid_configuration ... ok
[INFO] [stdout] test list_files::get_raw_paths::tests::handles_multiple_paths ... ok
[INFO] [stdout] test list_files::get_raw_paths::tests::handles_without_hidden_files ... ok
[INFO] [stdout] test parse::parse_type::tests::given_unexpected_item_it_errs ... ok
[INFO] [stdout] test parse::parse_type::tests::handles_unit ... ok
[INFO] [stdout] test parse::parse_type::tests::handles_type_alias ... ok
[INFO] [stdout] test parse::path::tests::deserialize::handles_one_segment ... ok
[INFO] [stdout] test parse::parse_type::tests::handles_named_fields ... ok
[INFO] [stdout] test print::count_files::tests::handles ... ok
[INFO] [stdout] test parse::parse_type::tests::given_valid_but_unexpected_derive_input_it_errs ... ok
[INFO] [stdout] test parse::path::tests::deserialize::given_invalid_value_it_errs ... ok
[INFO] [stdout] test parse::parse_configuration_from_string::tests::handles_valid_configuration_with_required_fields_only_using_defaults ... ok
[INFO] [stdout] test parse::parse_configuration_from_string::tests::handles_valid_configuration_with_template_visitors ... ok
[INFO] [stdout] test parse::parse_type::tests::handles_tuple_fields ... ok
[INFO] [stdout] test parse::path::tests::deserialize::handles_multiple_segments ... ok
[INFO] [stdout] test print::main::tests::handles ... ok
[INFO] [stdout] test print::print_forest::tests::handles_array ... ok
[INFO] [stdout] test print::print_forest::tests::handles_custom::handles_without_visit_base ... ok
[INFO] [stdout] test print::print_forest::tests::handles_custom::handles_with_options ... ok
[INFO] [stdout] test print::print_forest::tests::handles_custom::handles_without_visit_folder ... ok
[INFO] [stdout] test print::print_forest::tests::handles_identifiers::handles_empty_set ... ok
[INFO] [stdout] test print::print_forest::tests::handles_identifiers::handles_folders ... ok
[INFO] [stdout] test print::print_initializer::tests::default::handles_populator_context ... ok
[INFO] [stdout] test print::print_populator::tests::handles_contents_str ... ok
[INFO] [stdout] test print::print_populator::tests::handles_get_bytes ... ok
[INFO] [stdout] test print::print_populator::tests::handles_get_str ... ok
[INFO] [stdout] test print::print_populator::tests::handles_relative_path ... ok
[INFO] [stdout] test print::print_initializer::tests::default::type_cases::handles_named_fields ... ok
[INFO] [stdout] test print::print_initializer::tests::default::type_cases::handles_unit ... ok
[INFO] [stdout] test print::print_initializer::tests::default::type_cases::handles_tuple_fields ... ok
[INFO] [stdout] test print::print_initializer::tests::default::type_cases::handles_type_alias ... ok
[INFO] [stdout] test print::print_initializer::tests::macro_ ... ok
[INFO] [stdout] test print::print_forest::tests::handles_identifiers::handles_files ... ok
[INFO] [stdout] test print::print_populator::tests::handles_contents_bytes ... ok
[INFO] [stdout] test print::print_with_debug::tests::handles_debug ... ok
[INFO] [stdout] test print::print_with_debug::tests::handles_no_debug ... ok
[INFO] [stdout] test tests::changelog_contains_current_manifest_version ... ok
[INFO] [stdout] test tests::readme_includes_manifest_description ... ok
[INFO] [stdout] test tests::readme_refers_to_current_manifest_version ... ok
[INFO] [stdout] test tests::module_documentation_corresponds_to_readme ... ok
[INFO] [stdout] test tests::readme_includes_basic_example ... ok
[INFO] [stdout] test tests::readme_links_to_each_example_exactly_once ... ok
[INFO] [stdout] 
[INFO] [stdout] test result: ok. 94 passed; 0 failed; 0 ignored; 0 measured; 0 filtered out; finished in 0.21s
[INFO] [stdout] 
[INFO] [stderr]      Running tests/handles_many_files.rs (/opt/rustwide/target/debug/deps/handles_many_files-8dfb02c964246897)
[INFO] [stdout] 
[INFO] [stderr]      Running tests/handles_unicode_files.rs (/opt/rustwide/target/debug/deps/handles_unicode_files-a0feeb2cd7f318b6)
[INFO] [stdout] running 1 test
[INFO] [stdout] test main ... ok
[INFO] [stdout] 
[INFO] [stdout] test result: ok. 1 passed; 0 failed; 0 ignored; 0 measured; 0 filtered out; finished in 0.00s
[INFO] [stdout] 
[INFO] [stdout] 
[INFO] [stdout] running 1 test
[INFO] [stderr]      Running tests/runs_dependent_project.rs (/opt/rustwide/target/debug/deps/runs_dependent_project-a429ad04dc954f64)
[INFO] [stdout] test main ... ok
[INFO] [stdout] 
[INFO] [stdout] test result: ok. 1 passed; 0 failed; 0 ignored; 0 measured; 0 filtered out; finished in 0.00s
[INFO] [stdout] 
[INFO] [stdout] 
[INFO] [stdout] running 1 test
[INFO] [stderr]     Updating crates.io index
[INFO] [stderr] warning: spurious network error (3 tries remaining): [6] Couldn't resolve host name (Could not resolve host: index.crates.io)
[INFO] [stderr] warning: spurious network error (2 tries remaining): [6] Couldn't resolve host name (Could not resolve host: index.crates.io)
[INFO] [stderr] warning: spurious network error (1 tries remaining): [6] Couldn't resolve host name (Could not resolve host: index.crates.io)
[INFO] [stderr] error: failed to get `ignore` as a dependency of package `iftree v1.0.4 (/opt/rustwide/workdir)`
[INFO] [stderr]     ... which satisfies path dependency `iftree` of package `dependent v0.1.0 (/tmp/.tmpQAEWge)`
[INFO] [stderr] 
[INFO] [stderr] Caused by:
[INFO] [stderr]   failed to query replaced source registry `crates-io`
[INFO] [stderr] 
[INFO] [stderr] Caused by:
[INFO] [stderr]   download of config.json failed
[INFO] [stderr] 
[INFO] [stderr] Caused by:
[INFO] [stderr]   failed to download from `https://index.crates.io/config.json`
[INFO] [stderr] 
[INFO] [stderr] Caused by:
[INFO] [stderr]   [6] Couldn't resolve host name (Could not resolve host: index.crates.io)
[INFO] [stderr] error: test failed, to rerun pass `--test runs_dependent_project`
[INFO] [stdout] test main ... FAILED
[INFO] [stdout] 
[INFO] [stdout] failures:
[INFO] [stdout] 
[INFO] [stdout] ---- main stdout ----
[INFO] [stdout] thread 'main' panicked at tests/runs_dependent_project.rs:15:5:
[INFO] [stdout] assertion failed: status.success()
[INFO] [stdout] stack backtrace:
[INFO] [stdout]    0:     0x562f505599d6 - std::backtrace_rs::backtrace::libunwind::trace::h261606ad26a499c1
[INFO] [stdout]                                at /rustc/0e09125c6c3c2fd70d7de961bcf0e51575235fad/library/std/src/../../backtrace/src/backtrace/libunwind.rs:104:5
[INFO] [stdout]    1:     0x562f505599d6 - std::backtrace_rs::backtrace::trace_unsynchronized::hd183f0625477fb28
[INFO] [stdout]                                at /rustc/0e09125c6c3c2fd70d7de961bcf0e51575235fad/library/std/src/../../backtrace/src/backtrace/mod.rs:66:5
[INFO] [stdout]    2:     0x562f505599d6 - std::sys_common::backtrace::_print_fmt::hd7f8fef21b4eda67
[INFO] [stdout]                                at /rustc/0e09125c6c3c2fd70d7de961bcf0e51575235fad/library/std/src/sys_common/backtrace.rs:68:5
[INFO] [stdout]    3:     0x562f505599d6 - <std::sys_common::backtrace::_print::DisplayBacktrace as core::fmt::Display>::fmt::h623d9b51f2f453f1
[INFO] [stdout]                                at /rustc/0e09125c6c3c2fd70d7de961bcf0e51575235fad/library/std/src/sys_common/backtrace.rs:44:22
[INFO] [stdout]    4:     0x562f50583350 - core::fmt::rt::Argument::fmt::h9f417ac76a86f368
[INFO] [stdout]                                at /rustc/0e09125c6c3c2fd70d7de961bcf0e51575235fad/library/core/src/fmt/rt.rs:142:9
[INFO] [stdout]    5:     0x562f50583350 - core::fmt::write::hc9b6faf4ac2aeff7
[INFO] [stdout]                                at /rustc/0e09125c6c3c2fd70d7de961bcf0e51575235fad/library/core/src/fmt/mod.rs:1120:17
[INFO] [stdout]    6:     0x562f505570df - std::io::Write::write_fmt::he04625a3a989fec3
[INFO] [stdout]                                at /rustc/0e09125c6c3c2fd70d7de961bcf0e51575235fad/library/std/src/io/mod.rs:1810:15
[INFO] [stdout]    7:     0x562f505597b4 - std::sys_common::backtrace::_print::hd5d66399c7df88a2
[INFO] [stdout]                                at /rustc/0e09125c6c3c2fd70d7de961bcf0e51575235fad/library/std/src/sys_common/backtrace.rs:47:5
[INFO] [stdout]    8:     0x562f505597b4 - std::sys_common::backtrace::print::he81ed2da642d37e5
[INFO] [stdout]                                at /rustc/0e09125c6c3c2fd70d7de961bcf0e51575235fad/library/std/src/sys_common/backtrace.rs:34:9
[INFO] [stdout]    9:     0x562f5055b527 - std::panicking::default_hook::{{closure}}::h85773f4fa117163d
[INFO] [stdout]   10:     0x562f5055b20d - std::panicking::default_hook::h6a1694a91d09b278
[INFO] [stdout]                                at /rustc/0e09125c6c3c2fd70d7de961bcf0e51575235fad/library/std/src/panicking.rs:289:9
[INFO] [stdout]   11:     0x562f5052a687 - <alloc::boxed::Box<F,A> as core::ops::function::Fn<Args>>::call::h616ac37fa3cd6c8f
[INFO] [stdout]                                at /rustc/0e09125c6c3c2fd70d7de961bcf0e51575235fad/library/alloc/src/boxed.rs:2029:9
[INFO] [stdout]   12:     0x562f5052a687 - test::test_main::{{closure}}::h00d84697cefdcbb6
[INFO] [stdout]                                at /rustc/0e09125c6c3c2fd70d7de961bcf0e51575235fad/library/test/src/lib.rs:138:21
[INFO] [stdout]   13:     0x562f5055bb46 - <alloc::boxed::Box<F,A> as core::ops::function::Fn<Args>>::call::hcb3fe3b9bb537ba8
[INFO] [stdout]                                at /rustc/0e09125c6c3c2fd70d7de961bcf0e51575235fad/library/alloc/src/boxed.rs:2029:9
[INFO] [stdout]   14:     0x562f5055bb46 - std::panicking::rust_panic_with_hook::h0a7ad96e90f7145b
[INFO] [stdout]                                at /rustc/0e09125c6c3c2fd70d7de961bcf0e51575235fad/library/std/src/panicking.rs:783:13
[INFO] [stdout]   15:     0x562f5055b859 - std::panicking::begin_panic_handler::{{closure}}::h7919090525c6485e
[INFO] [stdout]                                at /rustc/0e09125c6c3c2fd70d7de961bcf0e51575235fad/library/std/src/panicking.rs:649:13
[INFO] [stdout]   16:     0x562f50559ed6 - std::sys_common::backtrace::__rust_end_short_backtrace::hf3289479464f7dfe
[INFO] [stdout]                                at /rustc/0e09125c6c3c2fd70d7de961bcf0e51575235fad/library/std/src/sys_common/backtrace.rs:171:18
[INFO] [stdout]   17:     0x562f5055b5f0 - rust_begin_unwind
[INFO] [stdout]                                at /rustc/0e09125c6c3c2fd70d7de961bcf0e51575235fad/library/std/src/panicking.rs:645:5
[INFO] [stdout]   18:     0x562f504e9055 - core::panicking::panic_fmt::hcc9f77c5c132af55
[INFO] [stdout]                                at /rustc/0e09125c6c3c2fd70d7de961bcf0e51575235fad/library/core/src/panicking.rs:72:14
[INFO] [stdout]   19:     0x562f504e9113 - core::panicking::panic::h5a1259c1164bd480
[INFO] [stdout]                                at /rustc/0e09125c6c3c2fd70d7de961bcf0e51575235fad/library/core/src/panicking.rs:144:5
[INFO] [stdout]   20:     0x562f504ed7c5 - runs_dependent_project::main::h70029b63dccbd66a
[INFO] [stdout]                                at /opt/rustwide/workdir/tests/runs_dependent_project.rs:15:5
[INFO] [stdout]   21:     0x562f504ed657 - runs_dependent_project::main::{{closure}}::hf32e33d8a45bcfeb
[INFO] [stdout]                                at /opt/rustwide/workdir/tests/runs_dependent_project.rs:6:10
[INFO] [stdout]   22:     0x562f504ea3f6 - core::ops::function::FnOnce::call_once::h2df1bcabb78cc2c3
[INFO] [stdout]                                at /rustc/0e09125c6c3c2fd70d7de961bcf0e51575235fad/library/core/src/ops/function.rs:250:5
[INFO] [stdout]   23:     0x562f5052ff5f - core::ops::function::FnOnce::call_once::hd64d26f405258157
[INFO] [stdout]                                at /rustc/0e09125c6c3c2fd70d7de961bcf0e51575235fad/library/core/src/ops/function.rs:250:5
[INFO] [stdout]   24:     0x562f5052ff5f - test::__rust_begin_short_backtrace::he21b0b7a6d731bf9
[INFO] [stdout]                                at /rustc/0e09125c6c3c2fd70d7de961bcf0e51575235fad/library/test/src/lib.rs:627:18
[INFO] [stdout]   25:     0x562f5052ece1 - test::run_test_in_process::{{closure}}::hf5c73986d7bdfde2
[INFO] [stdout]                                at /rustc/0e09125c6c3c2fd70d7de961bcf0e51575235fad/library/test/src/lib.rs:650:60
[INFO] [stdout]   26:     0x562f5052ece1 - <core::panic::unwind_safe::AssertUnwindSafe<F> as core::ops::function::FnOnce<()>>::call_once::h330011ad032aadc0
[INFO] [stdout]                                at /rustc/0e09125c6c3c2fd70d7de961bcf0e51575235fad/library/core/src/panic/unwind_safe.rs:272:9
[INFO] [stdout]   27:     0x562f5052ece1 - std::panicking::try::do_call::he61b0a958b795a41
[INFO] [stdout]                                at /rustc/0e09125c6c3c2fd70d7de961bcf0e51575235fad/library/std/src/panicking.rs:552:40
[INFO] [stdout]   28:     0x562f5052ece1 - std::panicking::try::h7309da130f906eb7
[INFO] [stdout]                                at /rustc/0e09125c6c3c2fd70d7de961bcf0e51575235fad/library/std/src/panicking.rs:516:19
[INFO] [stdout]   29:     0x562f5052ece1 - std::panic::catch_unwind::hc5c3a06fdaf0a92a
[INFO] [stdout]                                at /rustc/0e09125c6c3c2fd70d7de961bcf0e51575235fad/library/std/src/panic.rs:142:14
[INFO] [stdout]   30:     0x562f5052ece1 - test::run_test_in_process::h7e7b7c71c3324e0f
[INFO] [stdout]                                at /rustc/0e09125c6c3c2fd70d7de961bcf0e51575235fad/library/test/src/lib.rs:650:27
[INFO] [stdout]   31:     0x562f5052ece1 - test::run_test::{{closure}}::h1f509f28f5cf20b1
[INFO] [stdout]                                at /rustc/0e09125c6c3c2fd70d7de961bcf0e51575235fad/library/test/src/lib.rs:573:43
[INFO] [stdout]   32:     0x562f504f6016 - test::run_test::{{closure}}::h1754218abf443f6d
[INFO] [stdout]                                at /rustc/0e09125c6c3c2fd70d7de961bcf0e51575235fad/library/test/src/lib.rs:601:41
[INFO] [stdout]   33:     0x562f504f6016 - std::sys_common::backtrace::__rust_begin_short_backtrace::h2ee174b9d5954948
[INFO] [stdout]                                at /rustc/0e09125c6c3c2fd70d7de961bcf0e51575235fad/library/std/src/sys_common/backtrace.rs:155:18
[INFO] [stdout]   34:     0x562f504fb077 - std::thread::Builder::spawn_unchecked_::{{closure}}::{{closure}}::hf60bee9c1a17ef09
[INFO] [stdout]                                at /rustc/0e09125c6c3c2fd70d7de961bcf0e51575235fad/library/std/src/thread/mod.rs:529:17
[INFO] [stdout]   35:     0x562f504fb077 - <core::panic::unwind_safe::AssertUnwindSafe<F> as core::ops::function::FnOnce<()>>::call_once::h33d0dddec5216160
[INFO] [stdout]                                at /rustc/0e09125c6c3c2fd70d7de961bcf0e51575235fad/library/core/src/panic/unwind_safe.rs:272:9
[INFO] [stdout]   36:     0x562f504fb077 - std::panicking::try::do_call::h144b3048b546f835
[INFO] [stdout]                                at /rustc/0e09125c6c3c2fd70d7de961bcf0e51575235fad/library/std/src/panicking.rs:552:40
[INFO] [stdout]   37:     0x562f504fb077 - std::panicking::try::h978244d04646189f
[INFO] [stdout]                                at /rustc/0e09125c6c3c2fd70d7de961bcf0e51575235fad/library/std/src/panicking.rs:516:19
[INFO] [stdout]   38:     0x562f504fb077 - std::panic::catch_unwind::hdf436369d188fe86
[INFO] [stdout]                                at /rustc/0e09125c6c3c2fd70d7de961bcf0e51575235fad/library/std/src/panic.rs:142:14
[INFO] [stdout]   39:     0x562f504fb077 - std::thread::Builder::spawn_unchecked_::{{closure}}::h87329cbdd33c79ec
[INFO] [stdout]                                at /rustc/0e09125c6c3c2fd70d7de961bcf0e51575235fad/library/std/src/thread/mod.rs:528:30
[INFO] [stdout]   40:     0x562f504fb077 - core::ops::function::FnOnce::call_once{{vtable.shim}}::h401abbe67897d450
[INFO] [stdout]                                at /rustc/0e09125c6c3c2fd70d7de961bcf0e51575235fad/library/core/src/ops/function.rs:250:5
[INFO] [stdout]   41:     0x562f505610a5 - <alloc::boxed::Box<F,A> as core::ops::function::FnOnce<Args>>::call_once::h5d7c8f150ab9c84c
[INFO] [stdout]                                at /rustc/0e09125c6c3c2fd70d7de961bcf0e51575235fad/library/alloc/src/boxed.rs:2015:9
[INFO] [stdout]   42:     0x562f505610a5 - <alloc::boxed::Box<F,A> as core::ops::function::FnOnce<Args>>::call_once::h570d5b005c242c15
[INFO] [stdout]                                at /rustc/0e09125c6c3c2fd70d7de961bcf0e51575235fad/library/alloc/src/boxed.rs:2015:9
[INFO] [stdout]   43:     0x562f505610a5 - std::sys::unix::thread::Thread::new::thread_start::h36b0a20c0b2361ad
[INFO] [stdout]                                at /rustc/0e09125c6c3c2fd70d7de961bcf0e51575235fad/library/std/src/sys/unix/thread.rs:108:17
[INFO] [stdout]   44:     0x7f8040578ac3 - <unknown>
[INFO] [stdout]   45:     0x7f8040609bf4 - __clone
[INFO] [stdout]   46:                0x0 - <unknown>
[INFO] [stdout] 
[INFO] [stdout] 
[INFO] [stdout] failures:
[INFO] [stdout]     main
[INFO] [stdout] 
[INFO] [stdout] test result: FAILED. 0 passed; 1 failed; 0 ignored; 0 measured; 0 filtered out; finished in 10.98s
[INFO] [stdout] 
[INFO] running `Command { std: "docker" "inspect" "1187ab84c169829c87900f48948994cec493da69d77242586cda855ceabadcb7", kill_on_drop: false }`
[INFO] running `Command { std: "docker" "rm" "-f" "1187ab84c169829c87900f48948994cec493da69d77242586cda855ceabadcb7", kill_on_drop: false }`
[INFO] [stdout] 1187ab84c169829c87900f48948994cec493da69d77242586cda855ceabadcb7
