[INFO] fetching crate hcl-rs 0.16.6...
[INFO] testing hcl-rs-0.16.6 against 1.75.0 for beta-1.76-1
[INFO] extracting crate hcl-rs 0.16.6 into /workspace/builds/worker-5-tc1/source
[INFO] validating manifest of crates.io crate hcl-rs 0.16.6 on toolchain 1.75.0
[INFO] running `Command { std: CARGO_HOME="/workspace/cargo-home" RUSTUP_HOME="/workspace/rustup-home" "/workspace/cargo-home/bin/cargo" "+1.75.0" "metadata" "--manifest-path" "Cargo.toml" "--no-deps", kill_on_drop: false }`
[INFO] started tweaking crates.io crate hcl-rs 0.16.6
[INFO] removed 0 missing examples
[INFO] finished tweaking crates.io crate hcl-rs 0.16.6
[INFO] tweaked toml for crates.io crate hcl-rs 0.16.6 written to /workspace/builds/worker-5-tc1/source/Cargo.toml
[INFO] crate crates.io crate hcl-rs 0.16.6 already has a lockfile, it will not be regenerated
[INFO] running `Command { std: CARGO_HOME="/workspace/cargo-home" RUSTUP_HOME="/workspace/rustup-home" "/workspace/cargo-home/bin/cargo" "+1.75.0" "fetch" "--manifest-path" "Cargo.toml", kill_on_drop: false }`
[INFO] [stderr]     Updating crates.io index
[INFO] [stderr]  Downloading crates ...
[INFO] [stderr]   Downloaded indoc v2.0.3
[INFO] [stderr]   Downloaded vecmap-rs v0.1.11
[INFO] [stderr]   Downloaded hcl-edit v0.7.4
[INFO] [stderr]   Downloaded hcl-primitives v0.1.1
[INFO] running `Command { std: "docker" "create" "-v" "/var/lib/crater-agent-workspace/builds/worker-5-tc1/target:/opt/rustwide/target:rw,Z" "-v" "/var/lib/crater-agent-workspace/builds/worker-5-tc1/source:/opt/rustwide/workdir:ro,Z" "-v" "/var/lib/crater-agent-workspace/cargo-home:/opt/rustwide/cargo-home:ro,Z" "-v" "/var/lib/crater-agent-workspace/rustup-home:/opt/rustwide/rustup-home:ro,Z" "-e" "SOURCE_DIR=/opt/rustwide/workdir" "-e" "CARGO_TARGET_DIR=/opt/rustwide/target" "-e" "CARGO_HOME=/opt/rustwide/cargo-home" "-e" "RUSTUP_HOME=/opt/rustwide/rustup-home" "-w" "/opt/rustwide/workdir" "-m" "1610612736" "--user" "0:0" "--network" "none" "ghcr.io/rust-lang/crates-build-env/linux@sha256:2788e3201cd34a07e3172128adcd8b3090168a8e3bcc40d7c032b9dda1df7d1c" "/opt/rustwide/cargo-home/bin/cargo" "+1.75.0" "metadata" "--no-deps" "--format-version=1", kill_on_drop: false }`
[INFO] [stdout] a3f2b7dadae49b67721ae09abb9db41efaf3bd1dc3d92f8ff86a4d60537f8130
[INFO] running `Command { std: "docker" "start" "-a" "a3f2b7dadae49b67721ae09abb9db41efaf3bd1dc3d92f8ff86a4d60537f8130", kill_on_drop: false }`
[INFO] running `Command { std: "docker" "inspect" "a3f2b7dadae49b67721ae09abb9db41efaf3bd1dc3d92f8ff86a4d60537f8130", kill_on_drop: false }`
[INFO] running `Command { std: "docker" "rm" "-f" "a3f2b7dadae49b67721ae09abb9db41efaf3bd1dc3d92f8ff86a4d60537f8130", kill_on_drop: false }`
[INFO] [stdout] a3f2b7dadae49b67721ae09abb9db41efaf3bd1dc3d92f8ff86a4d60537f8130
[INFO] running `Command { std: "docker" "create" "-v" "/var/lib/crater-agent-workspace/builds/worker-5-tc1/target:/opt/rustwide/target:rw,Z" "-v" "/var/lib/crater-agent-workspace/builds/worker-5-tc1/source:/opt/rustwide/workdir:ro,Z" "-v" "/var/lib/crater-agent-workspace/cargo-home:/opt/rustwide/cargo-home:ro,Z" "-v" "/var/lib/crater-agent-workspace/rustup-home:/opt/rustwide/rustup-home:ro,Z" "-e" "SOURCE_DIR=/opt/rustwide/workdir" "-e" "CARGO_TARGET_DIR=/opt/rustwide/target" "-e" "CARGO_INCREMENTAL=0" "-e" "RUST_BACKTRACE=full" "-e" "RUSTFLAGS=--cap-lints=warn" "-e" "RUSTDOCFLAGS=--cap-lints=warn" "-e" "CARGO_HOME=/opt/rustwide/cargo-home" "-e" "RUSTUP_HOME=/opt/rustwide/rustup-home" "-w" "/opt/rustwide/workdir" "-m" "1610612736" "--user" "0:0" "--network" "none" "ghcr.io/rust-lang/crates-build-env/linux@sha256:2788e3201cd34a07e3172128adcd8b3090168a8e3bcc40d7c032b9dda1df7d1c" "/opt/rustwide/cargo-home/bin/cargo" "+1.75.0" "build" "--frozen" "--message-format=json", kill_on_drop: false }`
[INFO] [stdout] 942b042a71b8cf30ff7b50710373bf5886bc4b92246a836a6cfd80a0a35d12cd
[INFO] running `Command { std: "docker" "start" "-a" "942b042a71b8cf30ff7b50710373bf5886bc4b92246a836a6cfd80a0a35d12cd", kill_on_drop: false }`
[INFO] [stderr]    Compiling proc-macro2 v1.0.63
[INFO] [stderr]    Compiling unicode-ident v1.0.11
[INFO] [stderr]    Compiling quote v1.0.30
[INFO] [stderr]    Compiling serde v1.0.188
[INFO] [stderr]    Compiling winnow v0.5.15
[INFO] [stderr]    Compiling equivalent v1.0.0
[INFO] [stderr]    Compiling hashbrown v0.14.0
[INFO] [stderr]    Compiling syn v2.0.28
[INFO] [stderr]    Compiling serde_derive v1.0.188
[INFO] [stderr]    Compiling hcl-primitives v0.1.1
[INFO] [stderr]    Compiling vecmap-rs v0.1.11
[INFO] [stderr]    Compiling indexmap v2.0.0
[INFO] [stderr]    Compiling hcl-edit v0.7.4
[INFO] [stderr]    Compiling hcl-rs v0.16.6 (/opt/rustwide/workdir)
[INFO] [stderr]     Finished dev [unoptimized + debuginfo] target(s) in 9.52s
[INFO] running `Command { std: "docker" "inspect" "942b042a71b8cf30ff7b50710373bf5886bc4b92246a836a6cfd80a0a35d12cd", kill_on_drop: false }`
[INFO] running `Command { std: "docker" "rm" "-f" "942b042a71b8cf30ff7b50710373bf5886bc4b92246a836a6cfd80a0a35d12cd", kill_on_drop: false }`
[INFO] [stdout] 942b042a71b8cf30ff7b50710373bf5886bc4b92246a836a6cfd80a0a35d12cd
[INFO] running `Command { std: "docker" "create" "-v" "/var/lib/crater-agent-workspace/builds/worker-5-tc1/target:/opt/rustwide/target:rw,Z" "-v" "/var/lib/crater-agent-workspace/builds/worker-5-tc1/source:/opt/rustwide/workdir:ro,Z" "-v" "/var/lib/crater-agent-workspace/cargo-home:/opt/rustwide/cargo-home:ro,Z" "-v" "/var/lib/crater-agent-workspace/rustup-home:/opt/rustwide/rustup-home:ro,Z" "-e" "SOURCE_DIR=/opt/rustwide/workdir" "-e" "CARGO_TARGET_DIR=/opt/rustwide/target" "-e" "CARGO_INCREMENTAL=0" "-e" "RUST_BACKTRACE=full" "-e" "RUSTFLAGS=--cap-lints=warn" "-e" "RUSTDOCFLAGS=--cap-lints=warn" "-e" "CARGO_HOME=/opt/rustwide/cargo-home" "-e" "RUSTUP_HOME=/opt/rustwide/rustup-home" "-w" "/opt/rustwide/workdir" "-m" "1610612736" "--user" "0:0" "--network" "none" "ghcr.io/rust-lang/crates-build-env/linux@sha256:2788e3201cd34a07e3172128adcd8b3090168a8e3bcc40d7c032b9dda1df7d1c" "/opt/rustwide/cargo-home/bin/cargo" "+1.75.0" "test" "--frozen" "--no-run" "--message-format=json", kill_on_drop: false }`
[INFO] [stdout] 022031d9240dad00e2de14f2c0966d2534dd8c4c2ab00278f3fbe8c3c5409953
[INFO] running `Command { std: "docker" "start" "-a" "022031d9240dad00e2de14f2c0966d2534dd8c4c2ab00278f3fbe8c3c5409953", kill_on_drop: false }`
[INFO] [stderr]    Compiling serde_json v1.0.105
[INFO] [stderr]    Compiling yansi v0.5.1
[INFO] [stderr]    Compiling diff v0.1.13
[INFO] [stderr]    Compiling indoc v2.0.3
[INFO] [stderr]    Compiling pretty_assertions v1.4.0
[INFO] [stderr]    Compiling hcl-rs v0.16.6 (/opt/rustwide/workdir)
[INFO] [stderr]     Finished test [unoptimized + debuginfo] target(s) in 4.22s
[INFO] running `Command { std: "docker" "inspect" "022031d9240dad00e2de14f2c0966d2534dd8c4c2ab00278f3fbe8c3c5409953", kill_on_drop: false }`
[INFO] running `Command { std: "docker" "rm" "-f" "022031d9240dad00e2de14f2c0966d2534dd8c4c2ab00278f3fbe8c3c5409953", kill_on_drop: false }`
[INFO] [stdout] 022031d9240dad00e2de14f2c0966d2534dd8c4c2ab00278f3fbe8c3c5409953
[INFO] running `Command { std: "docker" "create" "-v" "/var/lib/crater-agent-workspace/builds/worker-5-tc1/target:/opt/rustwide/target:rw,Z" "-v" "/var/lib/crater-agent-workspace/builds/worker-5-tc1/source:/opt/rustwide/workdir:ro,Z" "-v" "/var/lib/crater-agent-workspace/cargo-home:/opt/rustwide/cargo-home:ro,Z" "-v" "/var/lib/crater-agent-workspace/rustup-home:/opt/rustwide/rustup-home:ro,Z" "-e" "SOURCE_DIR=/opt/rustwide/workdir" "-e" "CARGO_TARGET_DIR=/opt/rustwide/target" "-e" "CARGO_INCREMENTAL=0" "-e" "RUST_BACKTRACE=full" "-e" "RUSTFLAGS=--cap-lints=warn" "-e" "RUSTDOCFLAGS=--cap-lints=warn" "-e" "CARGO_HOME=/opt/rustwide/cargo-home" "-e" "RUSTUP_HOME=/opt/rustwide/rustup-home" "-w" "/opt/rustwide/workdir" "-m" "1610612736" "--user" "0:0" "--network" "none" "ghcr.io/rust-lang/crates-build-env/linux@sha256:2788e3201cd34a07e3172128adcd8b3090168a8e3bcc40d7c032b9dda1df7d1c" "/opt/rustwide/cargo-home/bin/cargo" "+1.75.0" "test" "--frozen", kill_on_drop: false }`
[INFO] [stdout] 7e6dda8f670fe5388c20336021d549aef2f0a6a83027f50847be75692dae5d25
[INFO] running `Command { std: "docker" "start" "-a" "7e6dda8f670fe5388c20336021d549aef2f0a6a83027f50847be75692dae5d25", kill_on_drop: false }`
[INFO] [stderr]     Finished test [unoptimized + debuginfo] target(s) in 0.02s
[INFO] [stderr]      Running unittests src/lib.rs (/opt/rustwide/target/debug/deps/hcl-e833c9d2a3a35ef1)
[INFO] [stdout] 
[INFO] [stdout] running 19 tests
[INFO] [stdout] test expr::operation::tests::already_normalized ... ok
[INFO] [stdout] test expr::operation::tests::normalize_binary_op ... ok
[INFO] [stdout] test eval::func::tests::param_type ... ok
[INFO] [stdout] test expr::operation::tests::normalize_parenthesized ... ok
[INFO] [stdout] test expr::ser::tests::custom ... ok
[INFO] [stdout] test expr::ser::tests::builtin ... ok
[INFO] [stdout] test format::tests::format_interpolated_string ... ok
[INFO] [stdout] test expr::ser::tests::roundtrip ... ok
[INFO] [stdout] test structure::ser::tests::builtin ... ok
[INFO] [stdout] test structure::ser::tests::roundtrip ... ok
[INFO] [stdout] test tests::attribute_macro ... ok
[INFO] [stdout] test tests::block_macro ... ok
[INFO] [stdout] test tests::body_macro ... ok
[INFO] [stdout] test tests::expression_macro_arrays ... ok
[INFO] [stdout] test structure::tests::body_into_value ... ok
[INFO] [stdout] test tests::expression_macro_primitives ... ok
[INFO] [stdout] test util::tests::test_is_templated ... ok
[INFO] [stdout] test tests::expression_macro_objects ... ok
[INFO] [stdout] test tests::structure_macro ... ok
[INFO] [stdout] 
[INFO] [stdout] test result: ok. 19 passed; 0 failed; 0 ignored; 0 measured; 0 filtered out; finished in 0.00s
[INFO] [stdout] 
[INFO] [stderr]      Running tests/custom_blocks.rs (/opt/rustwide/target/debug/deps/custom_blocks-778705a2d897a477)
[INFO] [stdout] 
[INFO] [stdout] running 5 tests
[INFO] [stdout] test custom_block ... ok
[INFO] [stdout] test custom_doubly_labeled_block ... ok
[INFO] [stdout] test custom_block_structs ... ok
[INFO] [stdout] test custom_labeled_block ... ok
[INFO] [stdout] test custom_terraform_blocks ... ok
[INFO] [stdout] 
[INFO] [stdout] test result: ok. 5 passed; 0 failed; 0 ignored; 0 measured; 0 filtered out; finished in 0.00s
[INFO] [stdout] 
[INFO] [stderr]      Running tests/de.rs (/opt/rustwide/target/debug/deps/de-c8e18a850cb7f073)
[INFO] [stdout] 
[INFO] [stdout] running 20 tests
[INFO] [stdout] test errors ... ok
[INFO] [stdout] test custom_struct ... ok
[INFO] [stdout] test block ... ok
[INFO] [stdout] test duplicate_attribute_and_block ... ok
[INFO] [stdout] test array ... ok
[INFO] [stdout] test duplicate_attribute ... ok
[INFO] [stdout] test custom_enum ... ok
[INFO] [stdout] test duplicate_block ... ok
[INFO] [stdout] test object ... ok
[INFO] [stdout] test null_in_variable_expr ... ok
[INFO] [stdout] test for_exprs ... ok
[INFO] [stdout] test negative_numbers ... ok
[INFO] [stdout] test func_call ... ok
[INFO] [stdout] test simple ... ok
[INFO] [stdout] test object_with_variable_expr_key ... ok
[INFO] [stdout] test template_expr ... ok
[INFO] [stdout] test operations ... ok
[INFO] [stdout] test traversal_with_expression ... ok
[INFO] [stdout] test unescape_strings ... ok
[INFO] [stdout] test terraform ... ok
[INFO] [stdout] 
[INFO] [stdout] test result: ok. 20 passed; 0 failed; 0 ignored; 0 measured; 0 filtered out; finished in 0.00s
[INFO] [stdout] 
[INFO] [stderr]      Running tests/eval.rs (/opt/rustwide/target/debug/deps/eval-2f14ca819979715c)
[INFO] [stdout] 
[INFO] [stdout] running 10 tests
[INFO] [stdout] test eval_binary_op ... ok
[INFO] [stdout] test eval_conditional ... ok
[INFO] [stdout] test eval_func_call ... ok
[INFO] [stdout] test eval_in_place_error ... ok
[INFO] [stdout] test eval_in_place ... ok
[INFO] [stdout] test expr_error_context ... ok
[INFO] [stdout] test eval_template ... ok
[INFO] [stdout] test eval_traversal ... ok
[INFO] [stdout] test eval_for_expr ... ok
[INFO] [stdout] test interpolation_unwrapping ... ok
[INFO] [stdout] 
[INFO] [stdout] test result: ok. 10 passed; 0 failed; 0 ignored; 0 measured; 0 filtered out; finished in 0.00s
[INFO] [stdout] 
[INFO] [stderr]      Running tests/format.rs (/opt/rustwide/target/debug/deps/format-e7ff440ad994b4a2)
[INFO] [stdout] 
[INFO] [stdout] running 15 tests
[INFO] [stdout] test compact_arrays ... ok
[INFO] [stdout] test compact_objects ... ok
[INFO] [stdout] test conditional ... ok
[INFO] [stdout] test compact_func_args ... ok
[INFO] [stdout] test empty_block ... ok
[INFO] [stdout] test for_list_expr ... ok
[INFO] [stdout] test func_call_expand_final ... ok
[INFO] [stdout] test for_object_expr ... ok
[INFO] [stdout] test heredoc ... ok
[INFO] [stdout] test indented_heredoc ... ok
[INFO] [stdout] test operation ... ok
[INFO] [stdout] test parenthesis ... ok
[INFO] [stdout] test prefer_ident_keys ... ok
[INFO] [stdout] test template ... ok
[INFO] [stdout] test traversal ... ok
[INFO] [stdout] 
[INFO] [stdout] test result: ok. 15 passed; 0 failed; 0 ignored; 0 measured; 0 filtered out; finished in 0.00s
[INFO] [stdout] 
[INFO] [stderr]      Running tests/regressions.rs (/opt/rustwide/target/debug/deps/regressions-ac33d0908f703676)
[INFO] [stdout] 
[INFO] [stdout] running 10 tests
[INFO] [stdout] test issue_131 ... ok
[INFO] [stdout] test issue_248 ... ok
[INFO] [stdout] test issue_242 ... ok
[INFO] [stdout] test issue_44 ... ok
[INFO] [stdout] test issue_66 ... ok
[INFO] [stdout] test issue_83 ... ok
[INFO] [stdout] test issue_81 ... ok
[INFO] [stdout] test issue_87 ... ok
[INFO] [stdout] test issue_91 ... ok
[INFO] [stdout] test issue_137 ... ok
[INFO] [stdout] 
[INFO] [stdout] test result: ok. 10 passed; 0 failed; 0 ignored; 0 measured; 0 filtered out; finished in 0.00s
[INFO] [stdout] 
[INFO] [stderr]      Running tests/ser.rs (/opt/rustwide/target/debug/deps/ser-8e5d1d2c72be4669)
[INFO] [stdout] 
[INFO] [stdout] running 8 tests
[INFO] [stdout] test array ... ok
[INFO] [stdout] test custom_struct ... ok
[INFO] [stdout] test custom_enum ... ok
[INFO] [stdout] test body ... ok
[INFO] [stdout] test custom_tuple_struct ... ok
[INFO] [stdout] test identifiers_with_hyphens ... ok
[INFO] [stdout] test invalid_top_level_types ... ok
[INFO] [stdout] test object ... ok
[INFO] [stdout] 
[INFO] [stdout] test result: ok. 8 passed; 0 failed; 0 ignored; 0 measured; 0 filtered out; finished in 0.00s
[INFO] [stdout] 
[INFO] [stderr]      Running tests/template.rs (/opt/rustwide/target/debug/deps/template-a97c66b1c5c4ba1d)
[INFO] [stdout] 
[INFO] [stdout] running 1 test
[INFO] [stdout] test from_expr ... ok
[INFO] [stdout] 
[INFO] [stdout] test result: ok. 1 passed; 0 failed; 0 ignored; 0 measured; 0 filtered out; finished in 0.00s
[INFO] [stdout] 
[INFO] [stderr]      Running unittests examples/in-place-expr-evaluation.rs (/opt/rustwide/target/debug/examples/in_place_expr_evaluation-3989b802c6769c09)
[INFO] [stdout] 
[INFO] [stdout] running 1 test
[INFO] [stdout] test test::exprs_are_evaluated_in_place ... ok
[INFO] [stdout] 
[INFO] [stdout] test result: ok. 1 passed; 0 failed; 0 ignored; 0 measured; 0 filtered out; finished in 0.00s
[INFO] [stdout] 
[INFO] [stderr]    Doc-tests hcl
[INFO] [stdout] 
[INFO] [stdout] running 59 tests
[INFO] [stdout] test src/eval/func.rs - eval::func::FuncDefBuilder::param (line 272) ... ok
[INFO] [stdout] test src/eval/func.rs - eval::func::FuncDef (line 162) ... ok
[INFO] [stdout] test src/eval/mod.rs - eval (line 93) ... FAILED
[INFO] [stdout] test src/eval/func.rs - eval::func::FuncDefBuilder::variadic_param (line 325) ... ok
[INFO] [stdout] test src/eval/func.rs - eval::func::FuncDef (line 136) ... ok
[INFO] [stdout] test src/eval/func.rs - eval::func::FuncDefBuilder::params (line 296) ... ok
[INFO] [stdout] test src/eval/mod.rs - eval::Context<'a>::declare_func (line 360) ... ok
[INFO] [stdout] test src/expr/traversal.rs - expr::traversal::TraversalBuilder (line 47) ... ok
[INFO] [stdout] test src/eval/mod.rs - eval (line 176) ... FAILED
[INFO] [stdout] test src/format/mod.rs - format::FormatterBuilder<'a>::build_vec (line 337) ... ok
[INFO] [stdout] test src/ident.rs - ident::Identifier::sanitized (line 61) ... ok
[INFO] [stdout] test src/eval/mod.rs - eval (line 199) ... ok
[INFO] [stdout] test src/eval/mod.rs - eval::Context<'a>::declare_var (line 340) ... ok
[INFO] [stdout] test src/eval/mod.rs - eval (line 73) ... ok
[INFO] [stdout] test src/eval/mod.rs - eval (line 21) ... ok
[INFO] [stdout] test src/de/mod.rs - de::from_reader (line 99) ... ok
[INFO] [stdout] test src/eval/mod.rs - eval (line 130) ... ok
[INFO] [stdout] test src/eval/mod.rs - eval (line 40) ... ok
[INFO] [stdout] test src/de/mod.rs - de::from_body (line 168) ... ok
[INFO] [stdout] test src/de/mod.rs - de::from_str (line 48) ... ok
[INFO] [stdout] test src/format/mod.rs - format (line 13) ... ok
[INFO] [stdout] test src/ident.rs - ident::Identifier::new (line 27) ... ok
[INFO] [stdout] test src/format/mod.rs - format::Formatter (line 162) ... ok
[INFO] [stdout] test src/format/mod.rs - format::Formatter (line 128) ... ok
[INFO] [stdout] test src/lib.rs - (line 160) ... ok
[INFO] [stdout] test src/lib.rs - (line 109) ... ok
[INFO] [stdout] test src/macros.rs - macros::attribute (line 232) ... ok
[INFO] [stdout] test src/macros.rs - macros::block (line 273) ... ok
[INFO] [stdout] test src/macros.rs - macros::body (line 60) ... ok
[INFO] [stdout] test src/macros.rs - macros::expression (line 383) ... ok
[INFO] [stdout] test src/macros.rs - macros::value (line 657) ... ok
[INFO] [stdout] test src/lib.rs - (line 36) ... ok
[INFO] [stdout] test src/lib.rs - (line 70) ... FAILED
[INFO] [stdout] test src/ser/mod.rs - ser (line 141) ... FAILED
[INFO] [stdout] test src/ser/blocks.rs - ser::blocks::Block (line 37) ... ok
[INFO] [stdout] test src/structure/body.rs - structure::body::Body::blocks (line 172) ... ok
[INFO] [stdout] test src/macros.rs - macros::structure (line 177) ... ok
[INFO] [stdout] test src/ser/blocks.rs - ser::blocks::doubly_labeled_block (line 451) ... ok
[INFO] [stdout] test src/macros.rs - macros::body (line 35) ... ok
[INFO] [stdout] test src/ser/blocks.rs - ser::blocks::labeled_block (line 383) ... ok
[INFO] [stdout] test src/ser/blocks.rs - ser::blocks::LabeledBlock (line 190) ... ok
[INFO] [stdout] test src/ser/blocks.rs - ser::blocks::block (line 316) ... ok
[INFO] [stdout] test src/parser/mod.rs - parser::parse (line 14) ... ok
[INFO] [stdout] test src/structure/body.rs - structure::body::Body::blocks_mut (line 193) ... ok
[INFO] [stdout] test src/ser/mod.rs - ser (line 34) ... ok
[INFO] [stdout] test src/structure/block.rs - structure::block::BlockBuilder (line 182) ... ok
[INFO] [stdout] test src/structure/body.rs - structure::body::Body::attributes_mut (line 122) ... ok
[INFO] [stdout] test src/structure/body.rs - structure::body::Body::into_attributes (line 151) ... ok
[INFO] [stdout] test src/ser/mod.rs - ser (line 97) ... ok
[INFO] [stdout] test src/ser/mod.rs - ser (line 203) ... ok
[INFO] [stdout] test src/structure/body.rs - structure::body::Body::attributes (line 101) ... ok
[INFO] [stdout] test src/structure/body.rs - structure::body::Body::into_blocks (line 222) ... ok
[INFO] [stdout] test src/structure/body.rs - structure::body::BodyBuilder (line 291) ... ok
[INFO] [stdout] test src/structure/body.rs - structure::body::Body::iter_mut (line 65) ... ok
[INFO] [stdout] test src/structure/body.rs - structure::body::Body::iter (line 43) ... ok
[INFO] [stdout] test src/value/mod.rs - value::to_value (line 213) ... ok
[INFO] [stdout] test src/template/mod.rs - template (line 42) ... ok
[INFO] [stdout] test src/template/mod.rs - template (line 19) ... ok
[INFO] [stdout] test src/structure/mod.rs - structure (line 15) ... ok
[INFO] [stdout] 
[INFO] [stdout] failures:
[INFO] [stdout] 
[INFO] [stdout] ---- src/eval/mod.rs - eval (line 93) stdout ----
[INFO] [stdout] Couldn't compile the test.
[INFO] [stdout] ---- src/eval/mod.rs - eval (line 176) stdout ----
[INFO] [stdout] Couldn't compile the test.
[INFO] [stdout] ---- src/lib.rs - (line 70) stdout ----
[INFO] [stdout] Couldn't compile the test.
[INFO] [stdout] ---- src/ser/mod.rs - ser (line 141) stdout ----
[INFO] [stdout] Couldn't compile the test.
[INFO] [stdout] 
[INFO] [stdout] failures:
[INFO] [stdout]     src/eval/mod.rs - eval (line 176)
[INFO] [stdout]     src/eval/mod.rs - eval (line 93)
[INFO] [stdout]     src/lib.rs - (line 70)
[INFO] [stdout]     src/ser/mod.rs - ser (line 141)
[INFO] [stdout] 
[INFO] [stdout] test result: FAILED. 55 passed; 4 failed; 0 ignored; 0 measured; 0 filtered out; finished in 13.26s
[INFO] [stdout] 
[INFO] [stderr] error: doctest failed, to rerun pass `--doc`
[INFO] running `Command { std: "docker" "inspect" "7e6dda8f670fe5388c20336021d549aef2f0a6a83027f50847be75692dae5d25", kill_on_drop: false }`
[INFO] running `Command { std: "docker" "rm" "-f" "7e6dda8f670fe5388c20336021d549aef2f0a6a83027f50847be75692dae5d25", kill_on_drop: false }`
[INFO] [stdout] 7e6dda8f670fe5388c20336021d549aef2f0a6a83027f50847be75692dae5d25
[INFO] testing hcl-rs-0.16.6 against beta-2023-12-22 for beta-1.76-1
[INFO] extracting crate hcl-rs 0.16.6 into /workspace/builds/worker-5-tc2/source
[INFO] validating manifest of crates.io crate hcl-rs 0.16.6 on toolchain beta-2023-12-22
[INFO] running `Command { std: CARGO_HOME="/workspace/cargo-home" RUSTUP_HOME="/workspace/rustup-home" "/workspace/cargo-home/bin/cargo" "+beta-2023-12-22" "metadata" "--manifest-path" "Cargo.toml" "--no-deps", kill_on_drop: false }`
[INFO] started tweaking crates.io crate hcl-rs 0.16.6
[INFO] removed 0 missing examples
[INFO] finished tweaking crates.io crate hcl-rs 0.16.6
[INFO] tweaked toml for crates.io crate hcl-rs 0.16.6 written to /workspace/builds/worker-5-tc2/source/Cargo.toml
[INFO] crate crates.io crate hcl-rs 0.16.6 already has a lockfile, it will not be regenerated
[INFO] running `Command { std: CARGO_HOME="/workspace/cargo-home" RUSTUP_HOME="/workspace/rustup-home" "/workspace/cargo-home/bin/cargo" "+beta-2023-12-22" "fetch" "--manifest-path" "Cargo.toml", kill_on_drop: false }`
[INFO] running `Command { std: "docker" "create" "-v" "/var/lib/crater-agent-workspace/builds/worker-5-tc2/target:/opt/rustwide/target:rw,Z" "-v" "/var/lib/crater-agent-workspace/builds/worker-5-tc2/source:/opt/rustwide/workdir:ro,Z" "-v" "/var/lib/crater-agent-workspace/cargo-home:/opt/rustwide/cargo-home:ro,Z" "-v" "/var/lib/crater-agent-workspace/rustup-home:/opt/rustwide/rustup-home:ro,Z" "-e" "SOURCE_DIR=/opt/rustwide/workdir" "-e" "CARGO_TARGET_DIR=/opt/rustwide/target" "-e" "CARGO_HOME=/opt/rustwide/cargo-home" "-e" "RUSTUP_HOME=/opt/rustwide/rustup-home" "-w" "/opt/rustwide/workdir" "-m" "1610612736" "--user" "0:0" "--network" "none" "ghcr.io/rust-lang/crates-build-env/linux@sha256:2788e3201cd34a07e3172128adcd8b3090168a8e3bcc40d7c032b9dda1df7d1c" "/opt/rustwide/cargo-home/bin/cargo" "+beta-2023-12-22" "metadata" "--no-deps" "--format-version=1", kill_on_drop: false }`
[INFO] [stdout] e2dd665d9a885ca0b2c6837e243f32ecc74826198b5e945c0efcf7d015e966c1
[INFO] running `Command { std: "docker" "start" "-a" "e2dd665d9a885ca0b2c6837e243f32ecc74826198b5e945c0efcf7d015e966c1", kill_on_drop: false }`
[INFO] running `Command { std: "docker" "inspect" "e2dd665d9a885ca0b2c6837e243f32ecc74826198b5e945c0efcf7d015e966c1", kill_on_drop: false }`
[INFO] running `Command { std: "docker" "rm" "-f" "e2dd665d9a885ca0b2c6837e243f32ecc74826198b5e945c0efcf7d015e966c1", kill_on_drop: false }`
[INFO] [stdout] e2dd665d9a885ca0b2c6837e243f32ecc74826198b5e945c0efcf7d015e966c1
[INFO] running `Command { std: "docker" "create" "-v" "/var/lib/crater-agent-workspace/builds/worker-5-tc2/target:/opt/rustwide/target:rw,Z" "-v" "/var/lib/crater-agent-workspace/builds/worker-5-tc2/source:/opt/rustwide/workdir:ro,Z" "-v" "/var/lib/crater-agent-workspace/cargo-home:/opt/rustwide/cargo-home:ro,Z" "-v" "/var/lib/crater-agent-workspace/rustup-home:/opt/rustwide/rustup-home:ro,Z" "-e" "SOURCE_DIR=/opt/rustwide/workdir" "-e" "CARGO_TARGET_DIR=/opt/rustwide/target" "-e" "CARGO_INCREMENTAL=0" "-e" "RUST_BACKTRACE=full" "-e" "RUSTFLAGS=--cap-lints=warn" "-e" "RUSTDOCFLAGS=--cap-lints=warn" "-e" "CARGO_HOME=/opt/rustwide/cargo-home" "-e" "RUSTUP_HOME=/opt/rustwide/rustup-home" "-w" "/opt/rustwide/workdir" "-m" "1610612736" "--user" "0:0" "--network" "none" "ghcr.io/rust-lang/crates-build-env/linux@sha256:2788e3201cd34a07e3172128adcd8b3090168a8e3bcc40d7c032b9dda1df7d1c" "/opt/rustwide/cargo-home/bin/cargo" "+beta-2023-12-22" "build" "--frozen" "--message-format=json", kill_on_drop: false }`
[INFO] [stdout] 2596a9202051bfbeaefb4c1f2d6cefd3071ae1deae301c84d07aacecc89f9de2
[INFO] running `Command { std: "docker" "start" "-a" "2596a9202051bfbeaefb4c1f2d6cefd3071ae1deae301c84d07aacecc89f9de2", kill_on_drop: false }`
[INFO] [stderr]    Compiling proc-macro2 v1.0.63
[INFO] [stderr]    Compiling unicode-ident v1.0.11
[INFO] [stderr]    Compiling quote v1.0.30
[INFO] [stderr]    Compiling serde v1.0.188
[INFO] [stderr]    Compiling winnow v0.5.15
[INFO] [stderr]    Compiling hashbrown v0.14.0
[INFO] [stderr]    Compiling equivalent v1.0.0
[INFO] [stderr]    Compiling syn v2.0.28
[INFO] [stderr]    Compiling serde_derive v1.0.188
[INFO] [stderr]    Compiling vecmap-rs v0.1.11
[INFO] [stderr]    Compiling hcl-primitives v0.1.1
[INFO] [stderr]    Compiling indexmap v2.0.0
[INFO] [stderr]    Compiling hcl-edit v0.7.4
[INFO] [stderr]    Compiling hcl-rs v0.16.6 (/opt/rustwide/workdir)
[INFO] [stderr]     Finished dev [unoptimized + debuginfo] target(s) in 10.50s
[INFO] running `Command { std: "docker" "inspect" "2596a9202051bfbeaefb4c1f2d6cefd3071ae1deae301c84d07aacecc89f9de2", kill_on_drop: false }`
[INFO] running `Command { std: "docker" "rm" "-f" "2596a9202051bfbeaefb4c1f2d6cefd3071ae1deae301c84d07aacecc89f9de2", kill_on_drop: false }`
[INFO] [stdout] 2596a9202051bfbeaefb4c1f2d6cefd3071ae1deae301c84d07aacecc89f9de2
[INFO] running `Command { std: "docker" "create" "-v" "/var/lib/crater-agent-workspace/builds/worker-5-tc2/target:/opt/rustwide/target:rw,Z" "-v" "/var/lib/crater-agent-workspace/builds/worker-5-tc2/source:/opt/rustwide/workdir:ro,Z" "-v" "/var/lib/crater-agent-workspace/cargo-home:/opt/rustwide/cargo-home:ro,Z" "-v" "/var/lib/crater-agent-workspace/rustup-home:/opt/rustwide/rustup-home:ro,Z" "-e" "SOURCE_DIR=/opt/rustwide/workdir" "-e" "CARGO_TARGET_DIR=/opt/rustwide/target" "-e" "CARGO_INCREMENTAL=0" "-e" "RUST_BACKTRACE=full" "-e" "RUSTFLAGS=--cap-lints=warn" "-e" "RUSTDOCFLAGS=--cap-lints=warn" "-e" "CARGO_HOME=/opt/rustwide/cargo-home" "-e" "RUSTUP_HOME=/opt/rustwide/rustup-home" "-w" "/opt/rustwide/workdir" "-m" "1610612736" "--user" "0:0" "--network" "none" "ghcr.io/rust-lang/crates-build-env/linux@sha256:2788e3201cd34a07e3172128adcd8b3090168a8e3bcc40d7c032b9dda1df7d1c" "/opt/rustwide/cargo-home/bin/cargo" "+beta-2023-12-22" "test" "--frozen" "--no-run" "--message-format=json", kill_on_drop: false }`
[INFO] [stdout] 71299d82ec86f9a3b4111cf39f643c8500e4dd1bb558d79f91acd0e334149c27
[INFO] running `Command { std: "docker" "start" "-a" "71299d82ec86f9a3b4111cf39f643c8500e4dd1bb558d79f91acd0e334149c27", kill_on_drop: false }`
[INFO] [stderr]    Compiling serde_json v1.0.105
[INFO] [stderr]    Compiling yansi v0.5.1
[INFO] [stderr]    Compiling diff v0.1.13
[INFO] [stderr]    Compiling indoc v2.0.3
[INFO] [stderr]    Compiling pretty_assertions v1.4.0
[INFO] [stderr]    Compiling hcl-rs v0.16.6 (/opt/rustwide/workdir)
[INFO] [stderr]     Finished test [unoptimized + debuginfo] target(s) in 4.77s
[INFO] running `Command { std: "docker" "inspect" "71299d82ec86f9a3b4111cf39f643c8500e4dd1bb558d79f91acd0e334149c27", kill_on_drop: false }`
[INFO] running `Command { std: "docker" "rm" "-f" "71299d82ec86f9a3b4111cf39f643c8500e4dd1bb558d79f91acd0e334149c27", kill_on_drop: false }`
[INFO] [stdout] 71299d82ec86f9a3b4111cf39f643c8500e4dd1bb558d79f91acd0e334149c27
[INFO] running `Command { std: "docker" "create" "-v" "/var/lib/crater-agent-workspace/builds/worker-5-tc2/target:/opt/rustwide/target:rw,Z" "-v" "/var/lib/crater-agent-workspace/builds/worker-5-tc2/source:/opt/rustwide/workdir:ro,Z" "-v" "/var/lib/crater-agent-workspace/cargo-home:/opt/rustwide/cargo-home:ro,Z" "-v" "/var/lib/crater-agent-workspace/rustup-home:/opt/rustwide/rustup-home:ro,Z" "-e" "SOURCE_DIR=/opt/rustwide/workdir" "-e" "CARGO_TARGET_DIR=/opt/rustwide/target" "-e" "CARGO_INCREMENTAL=0" "-e" "RUST_BACKTRACE=full" "-e" "RUSTFLAGS=--cap-lints=warn" "-e" "RUSTDOCFLAGS=--cap-lints=warn" "-e" "CARGO_HOME=/opt/rustwide/cargo-home" "-e" "RUSTUP_HOME=/opt/rustwide/rustup-home" "-w" "/opt/rustwide/workdir" "-m" "1610612736" "--user" "0:0" "--network" "none" "ghcr.io/rust-lang/crates-build-env/linux@sha256:2788e3201cd34a07e3172128adcd8b3090168a8e3bcc40d7c032b9dda1df7d1c" "/opt/rustwide/cargo-home/bin/cargo" "+beta-2023-12-22" "test" "--frozen", kill_on_drop: false }`
[INFO] [stdout] de13776c435c9b7a19958823f1892a9201e1139edc54460b9eb97d0f35561d93
[INFO] running `Command { std: "docker" "start" "-a" "de13776c435c9b7a19958823f1892a9201e1139edc54460b9eb97d0f35561d93", kill_on_drop: false }`
[INFO] [stderr]     Finished test [unoptimized + debuginfo] target(s) in 0.03s
[INFO] [stderr]      Running unittests src/lib.rs (/opt/rustwide/target/debug/deps/hcl-7bb8b382ca603c0d)
[INFO] [stdout] 
[INFO] [stdout] running 19 tests
[INFO] [stdout] test expr::operation::tests::already_normalized ... ok
[INFO] [stdout] test eval::func::tests::param_type ... ok
[INFO] [stdout] test expr::operation::tests::normalize_binary_op ... ok
[INFO] [stdout] test expr::ser::tests::builtin ... ok
[INFO] [stdout] test expr::ser::tests::roundtrip ... ok
[INFO] [stdout] test format::tests::format_interpolated_string ... ok
[INFO] [stdout] test structure::ser::tests::builtin ... ok
[INFO] [stdout] test expr::operation::tests::normalize_parenthesized ... ok
[INFO] [stdout] test expr::ser::tests::custom ... ok
[INFO] [stdout] test structure::ser::tests::roundtrip ... ok
[INFO] [stdout] test tests::expression_macro_primitives ... ok
[INFO] [stdout] test tests::block_macro ... ok
[INFO] [stdout] test tests::body_macro ... ok
[INFO] [stdout] test tests::expression_macro_objects ... ok
[INFO] [stdout] test util::tests::test_is_templated ... ok
[INFO] [stdout] test tests::structure_macro ... ok
[INFO] [stdout] test structure::tests::body_into_value ... ok
[INFO] [stdout] test tests::attribute_macro ... ok
[INFO] [stdout] test tests::expression_macro_arrays ... ok
[INFO] [stdout] 
[INFO] [stdout] test result: ok. 19 passed; 0 failed; 0 ignored; 0 measured; 0 filtered out; finished in 0.01s
[INFO] [stdout] 
[INFO] [stderr]      Running tests/custom_blocks.rs (/opt/rustwide/target/debug/deps/custom_blocks-129f0fc80966d636)
[INFO] [stdout] 
[INFO] [stdout] running 5 tests
[INFO] [stdout] test custom_terraform_blocks ... ok
[INFO] [stdout] test custom_block ... ok
[INFO] [stdout] test custom_labeled_block ... ok
[INFO] [stdout] test custom_block_structs ... ok
[INFO] [stdout] test custom_doubly_labeled_block ... ok
[INFO] [stdout] 
[INFO] [stdout] test result: ok. 5 passed; 0 failed; 0 ignored; 0 measured; 0 filtered out; finished in 0.00s
[INFO] [stdout] 
[INFO] [stderr]      Running tests/de.rs (/opt/rustwide/target/debug/deps/de-efe79db40a7e3d9f)
[INFO] [stdout] 
[INFO] [stdout] running 20 tests
[INFO] [stdout] test object ... ok
[INFO] [stdout] test errors ... ok
[INFO] [stdout] test block ... ok
[INFO] [stdout] test duplicate_attribute_and_block ... ok
[INFO] [stdout] test null_in_variable_expr ... ok
[INFO] [stdout] test array ... ok
[INFO] [stdout] test operations ... ok
[INFO] [stdout] test for_exprs ... ok
[INFO] [stdout] test custom_enum ... ok
[INFO] [stdout] test object_with_variable_expr_key ... ok
[INFO] [stdout] test negative_numbers ... ok
[INFO] [stdout] test func_call ... ok
[INFO] [stdout] test terraform ... ok
[INFO] [stdout] test duplicate_attribute ... ok
[INFO] [stdout] test traversal_with_expression ... ok
[INFO] [stdout] test custom_struct ... ok
[INFO] [stdout] test simple ... ok
[INFO] [stdout] test template_expr ... ok
[INFO] [stdout] test duplicate_block ... ok
[INFO] [stdout] test unescape_strings ... ok
[INFO] [stdout] 
[INFO] [stdout] test result: ok. 20 passed; 0 failed; 0 ignored; 0 measured; 0 filtered out; finished in 0.01s
[INFO] [stdout] 
[INFO] [stderr]      Running tests/eval.rs (/opt/rustwide/target/debug/deps/eval-009e75edc4fdda17)
[INFO] [stdout] 
[INFO] [stdout] running 10 tests
[INFO] [stdout] test eval_conditional ... ok
[INFO] [stdout] test eval_binary_op ... ok
[INFO] [stdout] test eval_func_call ... ok
[INFO] [stdout] test eval_for_expr ... ok
[INFO] [stdout] test eval_template ... ok
[INFO] [stderr]      Running tests/format.rs (/opt/rustwide/target/debug/deps/format-7c7a548b70f34493)
[INFO] [stdout] test eval_in_place ... ok
[INFO] [stdout] test expr_error_context ... ok
[INFO] [stdout] test eval_in_place_error ... ok
[INFO] [stdout] test eval_traversal ... ok
[INFO] [stdout] test interpolation_unwrapping ... ok
[INFO] [stdout] 
[INFO] [stdout] test result: ok. 10 passed; 0 failed; 0 ignored; 0 measured; 0 filtered out; finished in 0.01s
[INFO] [stdout] 
[INFO] [stdout] 
[INFO] [stdout] running 15 tests
[INFO] [stdout] test empty_block ... ok
[INFO] [stdout] test for_list_expr ... ok
[INFO] [stdout] test compact_arrays ... ok
[INFO] [stdout] test compact_func_args ... ok
[INFO] [stdout] test func_call_expand_final ... ok
[INFO] [stdout] test compact_objects ... ok
[INFO] [stdout] test conditional ... ok
[INFO] [stdout] test for_object_expr ... ok
[INFO] [stdout] test traversal ... ok
[INFO] [stdout] test parenthesis ... ok
[INFO] [stdout] test operation ... ok
[INFO] [stdout] test indented_heredoc ... ok
[INFO] [stdout] test template ... ok
[INFO] [stderr]      Running tests/regressions.rs (/opt/rustwide/target/debug/deps/regressions-985356b5e82b03a2)
[INFO] [stdout] test heredoc ... ok
[INFO] [stdout] test prefer_ident_keys ... ok
[INFO] [stdout] 
[INFO] [stdout] test result: ok. 15 passed; 0 failed; 0 ignored; 0 measured; 0 filtered out; finished in 0.01s
[INFO] [stdout] 
[INFO] [stdout] 
[INFO] [stdout] running 10 tests
[INFO] [stdout] test issue_248 ... ok
[INFO] [stdout] test issue_131 ... ok
[INFO] [stdout] test issue_242 ... ok
[INFO] [stdout] test issue_87 ... ok
[INFO] [stdout] test issue_91 ... ok
[INFO] [stdout] test issue_83 ... ok
[INFO] [stdout] test issue_66 ... ok
[INFO] [stdout] test issue_137 ... ok
[INFO] [stdout] test issue_81 ... ok
[INFO] [stdout] test issue_44 ... ok
[INFO] [stdout] 
[INFO] [stdout] test result: ok. 10 passed; 0 failed; 0 ignored; 0 measured; 0 filtered out; finished in 0.01s
[INFO] [stdout] 
[INFO] [stderr]      Running tests/ser.rs (/opt/rustwide/target/debug/deps/ser-e70a817e738af344)
[INFO] [stdout] 
[INFO] [stdout] running 8 tests
[INFO] [stdout] test identifiers_with_hyphens ... ok
[INFO] [stdout] test custom_enum ... ok
[INFO] [stdout] test custom_struct ... ok
[INFO] [stdout] test body ... ok
[INFO] [stdout] test array ... ok
[INFO] [stdout] test custom_tuple_struct ... ok
[INFO] [stdout] test object ... ok
[INFO] [stdout] test invalid_top_level_types ... ok
[INFO] [stdout] 
[INFO] [stdout] test result: ok. 8 passed; 0 failed; 0 ignored; 0 measured; 0 filtered out; finished in 0.01s
[INFO] [stdout] 
[INFO] [stderr]      Running tests/template.rs (/opt/rustwide/target/debug/deps/template-d94efd5579e3ae2d)
[INFO] [stdout] 
[INFO] [stdout] running 1 test
[INFO] [stdout] test from_expr ... ok
[INFO] [stdout] 
[INFO] [stdout] test result: ok. 1 passed; 0 failed; 0 ignored; 0 measured; 0 filtered out; finished in 0.00s
[INFO] [stdout] 
[INFO] [stderr]      Running unittests examples/in-place-expr-evaluation.rs (/opt/rustwide/target/debug/examples/in_place_expr_evaluation-c223a5b765c5a705)
[INFO] [stdout] 
[INFO] [stdout] running 1 test
[INFO] [stdout] test test::exprs_are_evaluated_in_place ... ok
[INFO] [stdout] 
[INFO] [stdout] test result: ok. 1 passed; 0 failed; 0 ignored; 0 measured; 0 filtered out; finished in 0.00s
[INFO] [stdout] 
[INFO] [stderr]    Doc-tests hcl
[INFO] [stdout] 
[INFO] [stdout] running 59 tests
[INFO] [stdout] test src/eval/func.rs - eval::func::FuncDef (line 162) ... ok
[INFO] [stdout] test src/eval/func.rs - eval::func::FuncDefBuilder::param (line 272) ... ok
[INFO] [stdout] test src/eval/func.rs - eval::func::FuncDefBuilder::params (line 296) ... ok
[INFO] [stdout] test src/eval/func.rs - eval::func::FuncDefBuilder::variadic_param (line 325) ... ok
[INFO] [stdout] test src/eval/mod.rs - eval (line 21) ... ok
[INFO] [stdout] test src/eval/mod.rs - eval (line 130) ... ok
[INFO] [stdout] test src/de/mod.rs - de::from_reader (line 99) ... ok
[INFO] [stdout] test src/eval/mod.rs - eval (line 40) ... ok
[INFO] [stdout] test src/eval/func.rs - eval::func::FuncDef (line 136) ... ok
[INFO] [stdout] test src/eval/mod.rs - eval::Context<'a>::declare_func (line 360) ... ok
[INFO] [stdout] test src/de/mod.rs - de::from_str (line 48) ... ok
[INFO] [stdout] test src/eval/mod.rs - eval (line 73) ... ok
[INFO] [stdout] test src/expr/traversal.rs - expr::traversal::TraversalBuilder (line 47) ... ok
[INFO] [stdout] test src/ident.rs - ident::Identifier::sanitized (line 61) ... ok
[INFO] [stdout] test src/de/mod.rs - de::from_body (line 168) ... ok
[INFO] [stdout] test src/eval/mod.rs - eval::Context<'a>::declare_var (line 340) ... ok
[INFO] [stdout] test src/format/mod.rs - format::Formatter (line 162) ... ok
[INFO] [stdout] test src/format/mod.rs - format (line 13) ... ok
[INFO] [stdout] test src/format/mod.rs - format::Formatter (line 128) ... ok
[INFO] [stdout] test src/ident.rs - ident::Identifier::new (line 27) ... ok
[INFO] [stdout] test src/eval/mod.rs - eval (line 199) ... ok
[INFO] [stdout] test src/format/mod.rs - format::FormatterBuilder<'a>::build_vec (line 337) ... ok
[INFO] [stdout] test src/lib.rs - (line 160) ... ok
[INFO] [stdout] test src/macros.rs - macros::body (line 35) ... ok
[INFO] [stdout] test src/macros.rs - macros::attribute (line 232) ... ok
[INFO] [stdout] test src/macros.rs - macros::block (line 273) ... ok
[INFO] [stdout] test src/macros.rs - macros::expression (line 383) ... ok
[INFO] [stdout] test src/macros.rs - macros::value (line 657) ... ok
[INFO] [stdout] test src/macros.rs - macros::body (line 60) ... ok
[INFO] [stdout] test src/macros.rs - macros::structure (line 177) ... ok
[INFO] [stdout] test src/lib.rs - (line 36) ... ok
[INFO] [stdout] test src/lib.rs - (line 109) ... ok
[INFO] [stdout] test src/parser/mod.rs - parser::parse (line 14) ... ok
[INFO] [stdout] test src/ser/blocks.rs - ser::blocks::Block (line 37) ... ok
[INFO] [stdout] test src/ser/blocks.rs - ser::blocks::LabeledBlock (line 190) ... ok
[INFO] [stdout] test src/ser/blocks.rs - ser::blocks::block (line 316) ... ok
[INFO] [stdout] test src/structure/body.rs - structure::body::Body::attributes (line 101) ... ok
[INFO] [stdout] test src/ser/mod.rs - ser (line 34) ... ok
[INFO] [stdout] test src/structure/block.rs - structure::block::BlockBuilder (line 182) ... ok
[INFO] [stdout] test src/ser/blocks.rs - ser::blocks::labeled_block (line 383) ... ok
[INFO] [stdout] test src/structure/body.rs - structure::body::Body::attributes_mut (line 122) ... ok
[INFO] [stdout] test src/ser/blocks.rs - ser::blocks::doubly_labeled_block (line 451) ... ok
[INFO] [stdout] test src/structure/body.rs - structure::body::Body::blocks (line 172) ... ok
[INFO] [stdout] test src/structure/body.rs - structure::body::Body::blocks_mut (line 193) ... ok
[INFO] [stdout] test src/structure/body.rs - structure::body::Body::into_attributes (line 151) ... ok
[INFO] [stdout] test src/structure/body.rs - structure::body::Body::iter (line 43) ... ok
[INFO] [stdout] test src/ser/mod.rs - ser (line 141) ... ok
[INFO] [stdout] test src/structure/body.rs - structure::body::Body::into_blocks (line 222) ... ok
[INFO] [stdout] test src/ser/mod.rs - ser (line 203) ... ok
[INFO] [stdout] test src/ser/mod.rs - ser (line 97) ... ok
[INFO] [stdout] test src/structure/body.rs - structure::body::Body::iter_mut (line 65) ... ok
[INFO] [stdout] test src/structure/mod.rs - structure (line 15) ... ok
[INFO] [stdout] test src/eval/mod.rs - eval (line 176) ... ok
[INFO] [stdout] test src/structure/body.rs - structure::body::BodyBuilder (line 291) ... ok
[INFO] [stdout] test src/template/mod.rs - template (line 19) ... ok
[INFO] [stdout] test src/value/mod.rs - value::to_value (line 213) ... ok
[INFO] [stdout] test src/template/mod.rs - template (line 42) ... ok
[INFO] [stdout] test src/eval/mod.rs - eval (line 93) ... ok
[INFO] [stdout] test src/lib.rs - (line 70) ... ok
[INFO] [stdout] 
[INFO] [stdout] test result: ok. 59 passed; 0 failed; 0 ignored; 0 measured; 0 filtered out; finished in 7.07s
[INFO] [stdout] 
[INFO] running `Command { std: "docker" "inspect" "de13776c435c9b7a19958823f1892a9201e1139edc54460b9eb97d0f35561d93", kill_on_drop: false }`
[INFO] running `Command { std: "docker" "rm" "-f" "de13776c435c9b7a19958823f1892a9201e1139edc54460b9eb97d0f35561d93", kill_on_drop: false }`
[INFO] [stdout] de13776c435c9b7a19958823f1892a9201e1139edc54460b9eb97d0f35561d93
