[INFO] fetching crate gitv 0.1.0...
[INFO] testing gitv-0.1.0 against 1.75.0 for beta-1.76-1
[INFO] extracting crate gitv 0.1.0 into /workspace/builds/worker-4-tc1/source
[INFO] validating manifest of crates.io crate gitv 0.1.0 on toolchain 1.75.0
[INFO] running `Command { std: CARGO_HOME="/workspace/cargo-home" RUSTUP_HOME="/workspace/rustup-home" "/workspace/cargo-home/bin/cargo" "+1.75.0" "metadata" "--manifest-path" "Cargo.toml" "--no-deps", kill_on_drop: false }`
[INFO] started tweaking crates.io crate gitv 0.1.0
[INFO] finished tweaking crates.io crate gitv 0.1.0
[INFO] tweaked toml for crates.io crate gitv 0.1.0 written to /workspace/builds/worker-4-tc1/source/Cargo.toml
[INFO] crate crates.io crate gitv 0.1.0 already has a lockfile, it will not be regenerated
[INFO] running `Command { std: CARGO_HOME="/workspace/cargo-home" RUSTUP_HOME="/workspace/rustup-home" "/workspace/cargo-home/bin/cargo" "+1.75.0" "fetch" "--manifest-path" "Cargo.toml", kill_on_drop: false }`
[INFO] [stderr]     Blocking waiting for file lock on package cache
[INFO] [stderr]     Updating crates.io index
[INFO] [stderr]     Blocking waiting for file lock on package cache
[INFO] [stderr]  Downloading crates ...
[INFO] [stderr]   Downloaded tera v1.15.0
[INFO] [stderr]   Downloaded zstd v0.10.0+zstd.1.5.2
[INFO] [stderr]   Downloaded crossbeam-epoch v0.9.8
[INFO] [stderr]   Downloaded strum v0.23.0
[INFO] [stderr]   Downloaded strum_macros v0.23.1
[INFO] [stderr]   Downloaded datafusion-common v7.0.0
[INFO] [stderr]   Downloaded rustversion v1.0.6
[INFO] [stderr]   Downloaded bytecount v0.6.2
[INFO] [stderr]   Downloaded multiversion v0.6.1
[INFO] [stderr]   Downloaded uncased v0.9.6
[INFO] [stderr]   Downloaded tracing-attributes v0.1.20
[INFO] [stderr]   Downloaded tracing-core v0.1.24
[INFO] [stderr]   Downloaded comfy-table v5.0.1
[INFO] [stderr]   Downloaded hashbrown v0.12.0
[INFO] [stderr]   Downloaded parquet v9.1.0
[INFO] [stderr]   Downloaded windows_i686_gnu v0.30.0
[INFO] [stderr]   Downloaded zstd-sys v1.6.3+zstd.1.5.2
[INFO] [stderr]   Downloaded windows-sys v0.34.0
[INFO] [stderr]   Downloaded sqlparser v0.14.0
[INFO] [stderr]   Downloaded windows-sys v0.30.0
[INFO] [stderr]   Downloaded datafusion v7.0.0
[INFO] [stderr]   Downloaded libc v0.2.121
[INFO] [stderr]   Downloaded arrow v9.1.0
[INFO] [stderr]   Downloaded windows_aarch64_msvc v0.30.0
[INFO] [stderr]   Downloaded windows_i686_msvc v0.30.0
[INFO] [stderr]   Downloaded linux-raw-sys v0.0.42
[INFO] [stderr]   Downloaded windows_x86_64_gnu v0.30.0
[INFO] [stderr]   Downloaded windows_x86_64_msvc v0.30.0
[INFO] [stderr]   Downloaded rustix v0.34.1
[INFO] [stderr]   Downloaded syn v1.0.90
[INFO] [stderr]   Downloaded rustyline v9.1.2
[INFO] [stderr]   Downloaded lexical-write-float v0.8.4
[INFO] [stderr]   Downloaded tracing v0.1.32
[INFO] [stderr]   Downloaded lexical-parse-float v0.8.3
[INFO] [stderr]   Downloaded grep-searcher v0.1.8
[INFO] [stderr]   Downloaded lexical-write-integer v0.8.3
[INFO] [stderr]   Downloaded thrift v0.13.0
[INFO] [stderr]   Downloaded flatbuffers v2.0.0
[INFO] [stderr]   Downloaded tokei v12.1.2
[INFO] [stderr]   Downloaded async-trait v0.1.53
[INFO] [stderr]   Downloaded lexical-parse-integer v0.8.3
[INFO] [stderr]   Downloaded ipnet v2.4.0
[INFO] [stderr]   Downloaded parquet-format v4.0.0
[INFO] [stderr]   Downloaded lexical-util v0.8.3
[INFO] [stderr]   Downloaded datafusion-expr v7.0.0
[INFO] [stderr]   Downloaded grep-matcher v0.1.5
[INFO] [stderr]   Downloaded io-lifetimes v0.6.1
[INFO] [stderr]   Downloaded parking_lot_core v0.9.2
[INFO] [stderr]   Downloaded multiversion-macros v0.6.1
[INFO] [stderr]   Downloaded encoding_rs_io v0.1.7
[INFO] [stderr]   Downloaded zstd-safe v4.1.4+zstd.1.5.2
[INFO] [stderr]   Downloaded lexical-core v0.8.3
[INFO] [stderr]   Downloaded snap v1.0.5
[INFO] [stderr]   Downloaded fd-lock v3.0.5
[INFO] [stderr]   Downloaded integer-encoding v1.1.7
[INFO] running `Command { std: "docker" "create" "-v" "/var/lib/crater-agent-workspace/builds/worker-4-tc1/target:/opt/rustwide/target:rw,Z" "-v" "/var/lib/crater-agent-workspace/builds/worker-4-tc1/source:/opt/rustwide/workdir:ro,Z" "-v" "/var/lib/crater-agent-workspace/cargo-home:/opt/rustwide/cargo-home:ro,Z" "-v" "/var/lib/crater-agent-workspace/rustup-home:/opt/rustwide/rustup-home:ro,Z" "-e" "SOURCE_DIR=/opt/rustwide/workdir" "-e" "CARGO_TARGET_DIR=/opt/rustwide/target" "-e" "CARGO_HOME=/opt/rustwide/cargo-home" "-e" "RUSTUP_HOME=/opt/rustwide/rustup-home" "-w" "/opt/rustwide/workdir" "-m" "1610612736" "--user" "0:0" "--network" "none" "ghcr.io/rust-lang/crates-build-env/linux@sha256:2788e3201cd34a07e3172128adcd8b3090168a8e3bcc40d7c032b9dda1df7d1c" "/opt/rustwide/cargo-home/bin/cargo" "+1.75.0" "metadata" "--no-deps" "--format-version=1", kill_on_drop: false }`
[INFO] [stdout] 3f4ab35834166fd6e3de40e04799cd36ba7d380e4e6c356535bfffa7a67396e9
[INFO] running `Command { std: "docker" "start" "-a" "3f4ab35834166fd6e3de40e04799cd36ba7d380e4e6c356535bfffa7a67396e9", kill_on_drop: false }`
[INFO] running `Command { std: "docker" "inspect" "3f4ab35834166fd6e3de40e04799cd36ba7d380e4e6c356535bfffa7a67396e9", kill_on_drop: false }`
[INFO] running `Command { std: "docker" "rm" "-f" "3f4ab35834166fd6e3de40e04799cd36ba7d380e4e6c356535bfffa7a67396e9", kill_on_drop: false }`
[INFO] [stdout] 3f4ab35834166fd6e3de40e04799cd36ba7d380e4e6c356535bfffa7a67396e9
[INFO] running `Command { std: "docker" "create" "-v" "/var/lib/crater-agent-workspace/builds/worker-4-tc1/target:/opt/rustwide/target:rw,Z" "-v" "/var/lib/crater-agent-workspace/builds/worker-4-tc1/source:/opt/rustwide/workdir:ro,Z" "-v" "/var/lib/crater-agent-workspace/cargo-home:/opt/rustwide/cargo-home:ro,Z" "-v" "/var/lib/crater-agent-workspace/rustup-home:/opt/rustwide/rustup-home:ro,Z" "-e" "SOURCE_DIR=/opt/rustwide/workdir" "-e" "CARGO_TARGET_DIR=/opt/rustwide/target" "-e" "CARGO_INCREMENTAL=0" "-e" "RUST_BACKTRACE=full" "-e" "RUSTFLAGS=--cap-lints=warn" "-e" "RUSTDOCFLAGS=--cap-lints=warn" "-e" "CARGO_HOME=/opt/rustwide/cargo-home" "-e" "RUSTUP_HOME=/opt/rustwide/rustup-home" "-w" "/opt/rustwide/workdir" "-m" "1610612736" "--user" "0:0" "--network" "none" "ghcr.io/rust-lang/crates-build-env/linux@sha256:2788e3201cd34a07e3172128adcd8b3090168a8e3bcc40d7c032b9dda1df7d1c" "/opt/rustwide/cargo-home/bin/cargo" "+1.75.0" "build" "--frozen" "--message-format=json", kill_on_drop: false }`
[INFO] [stdout] b184480ec79bc6ecb31c5aa9d2fb40d3d61cb7f19ffd5063340850a8fc4cce99
[INFO] running `Command { std: "docker" "start" "-a" "b184480ec79bc6ecb31c5aa9d2fb40d3d61cb7f19ffd5063340850a8fc4cce99", kill_on_drop: false }`
[INFO] [stderr]    Compiling libc v0.2.121
[INFO] [stderr]    Compiling syn v1.0.90
[INFO] [stderr]    Compiling log v0.4.16
[INFO] [stderr]    Compiling quote v1.0.17
[INFO] [stderr]    Compiling serde_derive v1.0.136
[INFO] [stderr]    Compiling smallvec v1.8.0
[INFO] [stderr]    Compiling aho-corasick v0.7.18
[INFO] [stderr]    Compiling serde v1.0.136
[INFO] [stderr]    Compiling ppv-lite86 v0.2.16
[INFO] [stderr]    Compiling num-traits v0.2.14
[INFO] [stderr]    Compiling once_cell v1.10.0
[INFO] [stderr]    Compiling uncased v0.9.6
[INFO] [stderr]    Compiling indexmap v1.8.1
[INFO] [stderr]    Compiling regex v1.5.5
[INFO] [stderr]    Compiling siphasher v0.3.10
[INFO] [stderr]    Compiling jobserver v0.1.24
[INFO] [stderr]    Compiling crossbeam-utils v0.8.8
[INFO] [stderr]    Compiling getrandom v0.2.6
[INFO] [stderr]    Compiling cc v1.0.73
[INFO] [stderr]    Compiling rand_core v0.6.3
[INFO] [stderr]    Compiling num-integer v0.1.44
[INFO] [stderr]    Compiling lock_api v0.4.7
[INFO] [stderr]    Compiling rand_chacha v0.3.1
[INFO] [stderr]    Compiling num_cpus v1.13.1
[INFO] [stderr]    Compiling phf_shared v0.10.0
[INFO] [stderr]    Compiling futures-core v0.3.21
[INFO] [stderr]    Compiling rand v0.8.5
[INFO] [stderr]    Compiling parking_lot_core v0.9.2
[INFO] [stderr]    Compiling typenum v1.15.0
[INFO] [stderr]    Compiling bytes v1.1.0
[INFO] [stderr]    Compiling lexical-util v0.8.3
[INFO] [stderr]    Compiling phf_generator v0.10.0
[INFO] [stderr]    Compiling phf_codegen v0.10.0
[INFO] [stderr]    Compiling phf v0.10.1
[INFO] [stderr]    Compiling parse-zoneinfo v0.3.0
[INFO] [stderr]    Compiling generic-array v0.14.5
[INFO] [stderr]    Compiling futures-sink v0.3.21
[INFO] [stderr]    Compiling futures-channel v0.3.21
[INFO] [stderr]    Compiling pkg-config v0.3.25
[INFO] [stderr]    Compiling futures-task v0.3.21
[INFO] [stderr]    Compiling serde_json v1.0.79
[INFO] [stderr]    Compiling same-file v1.0.6
[INFO] [stderr]    Compiling walkdir v2.3.2
[INFO] [stderr]    Compiling chrono-tz-build v0.0.2
[INFO] [stderr]    Compiling parking_lot v0.12.0
[INFO] [stderr]    Compiling openssl-sys v0.9.72
[INFO] [stderr]    Compiling zstd-sys v1.6.3+zstd.1.5.2
[INFO] [stderr]    Compiling mio v0.8.2
[INFO] [stderr]    Compiling socket2 v0.4.4
[INFO] [stderr]    Compiling thread_local v1.1.4
[INFO] [stderr]    Compiling memoffset v0.6.5
[INFO] [stderr]    Compiling num-bigint v0.4.3
[INFO] [stderr]    Compiling futures-util v0.3.21
[INFO] [stderr]    Compiling ucd-trie v0.1.3
[INFO] [stderr]    Compiling unicode-segmentation v1.9.0
[INFO] [stderr]    Compiling rustversion v1.0.6
[INFO] [stderr]    Compiling percent-encoding v2.1.0
[INFO] [stderr]    Compiling pest v2.1.3
[INFO] [stderr]    Compiling time v0.1.43
[INFO] [stderr]    Compiling num-rational v0.4.0
[INFO] [stderr]    Compiling chrono-tz v0.6.1
[INFO] [stderr]    Compiling num-iter v0.1.42
[INFO] [stderr]    Compiling maplit v1.0.2
[INFO] [stderr]    Compiling unic-common v0.9.0
[INFO] [stderr]    Compiling slab v0.4.6
[INFO] [stderr]    Compiling futures-io v0.3.21
[INFO] [stderr]    Compiling itoa v0.4.8
[INFO] [stderr]    Compiling unic-char-range v0.9.0
[INFO] [stderr]    Compiling unic-ucd-version v0.9.0
[INFO] [stderr]    Compiling unic-char-property v0.9.0
[INFO] [stderr]    Compiling pest_meta v2.1.3
[INFO] [stderr]    Compiling chrono v0.4.19
[INFO] [stderr]    Compiling tokio-macros v1.7.0
[INFO] [stderr]    Compiling futures-macro v0.3.21
[INFO] [stderr]    Compiling thiserror-impl v1.0.30
[INFO] [stderr]    Compiling heck v0.3.3
[INFO] [stderr]    Compiling lexical-write-integer v0.8.3
[INFO] [stderr]    Compiling lexical-parse-integer v0.8.3
[INFO] [stderr]    Compiling lz4-sys v1.9.3
[INFO] [stderr]    Compiling bstr v0.2.17
[INFO] [stderr]    Compiling miniz_oxide v0.4.4
[INFO] [stderr]    Compiling alloc-no-stdlib v2.0.3
[INFO] [stderr]    Compiling zstd-safe v4.1.4+zstd.1.5.2
[INFO] [stderr]    Compiling tokio v1.17.0
[INFO] [stderr]    Compiling globset v0.4.8
[INFO] [stderr]    Compiling alloc-stdlib v0.2.1
[INFO] [stderr]    Compiling lexical-parse-float v0.8.3
[INFO] [stderr]    Compiling lexical-write-float v0.8.4
[INFO] [stderr]    Compiling strum_macros v0.23.1
[INFO] [stderr]    Compiling tracing-attributes v0.1.20
[INFO] [stderr]    Compiling thiserror v1.0.30
[INFO] [stderr]    Compiling multiversion-macros v0.6.1
[INFO] [stderr]    Compiling pest_generator v2.1.3
[INFO] [stderr]    Compiling unic-ucd-segment v0.9.0
[INFO] [stderr]    Compiling crypto-common v0.1.3
[INFO] [stderr]    Compiling block-buffer v0.10.2
[INFO] [stderr]    Compiling threadpool v1.8.1
[INFO] [stderr]    Compiling num-complex v0.4.0
[INFO] [stderr]    Compiling ordered-float v1.1.1
[INFO] [stderr]    Compiling csv-core v0.1.10
[INFO] [stderr]    Compiling tracing-core v0.1.24
[INFO] [stderr]    Compiling crossbeam-epoch v0.9.8
[INFO] [stderr]    Compiling openssl v0.10.38
[INFO] [stderr]    Compiling strum v0.23.0
[INFO] [stderr]    Compiling integer-encoding v1.1.7
[INFO] [stderr]    Compiling deunicode v0.4.3
[INFO] [stderr]    Compiling encoding_rs v0.8.30
[INFO] [stderr]    Compiling snap v1.0.5
[INFO] [stderr]    Compiling digest v0.10.3
[INFO] [stderr]    Compiling tracing v0.1.32
[INFO] [stderr]    Compiling slug v0.1.4
[INFO] [stderr]    Compiling thrift v0.13.0
[INFO] [stderr]    Compiling comfy-table v5.0.1
[INFO] [stderr]    Compiling multiversion v0.6.1
[INFO] [stderr]    Compiling num v0.4.0
[INFO] [stderr]    Compiling unic-segment v0.9.0
[INFO] [stderr]    Compiling pest_derive v2.1.0
[INFO] [stderr]    Compiling flatbuffers v2.0.0
[INFO] [stderr]    Compiling lexical-core v0.8.3
[INFO] [stderr]    Compiling ignore v0.4.18
[INFO] [stderr]    Compiling brotli-decompressor v2.3.2
[INFO] [stderr]    Compiling http v0.2.6
[INFO] [stderr]    Compiling ahash v0.7.6
[INFO] [stderr]    Compiling humansize v1.1.1
[INFO] [stderr]    Compiling tinyvec_macros v0.1.0
[INFO] [stderr]    Compiling matches v0.1.9
[INFO] [stderr]    Compiling httparse v1.6.0
[INFO] [stderr]    Compiling half v1.8.2
[INFO] [stderr]    Compiling io-lifetimes v0.6.1
[INFO] [stderr]    Compiling base64 v0.13.0
[INFO] [stderr]    Compiling parquet v9.1.0
[INFO] [stderr]    Compiling rayon-core v1.9.1
[INFO] [stderr]    Compiling native-tls v0.2.10
[INFO] [stderr]    Compiling tinyvec v1.5.1
[INFO] [stderr]    Compiling brotli v3.3.4
[INFO] [stderr]    Compiling csv v1.1.6
[INFO] [stderr]    Compiling globwalk v0.8.1
[INFO] [stderr]    Compiling arrow v9.1.0
[INFO] [stderr]    Compiling flate2 v1.0.22
[INFO] [stderr]    Compiling parquet-format v4.0.0
[INFO] [stderr]    Compiling tokio-util v0.7.1
[INFO] [stderr]    Compiling atty v0.2.14
[INFO] [stderr]    Compiling parking_lot_core v0.8.5
[INFO] [stderr]    Compiling arrayvec v0.4.12
[INFO] [stderr]    Compiling try-lock v0.2.3
[INFO] [stderr]    Compiling rustix v0.34.1
[INFO] [stderr]    Compiling openssl-probe v0.1.5
[INFO] [stderr]    Compiling want v0.3.0
[INFO] [stderr]    Compiling crossbeam-deque v0.8.1
[INFO] [stderr]    Compiling h2 v0.3.13
[INFO] [stderr]    Compiling proc-macro-error-attr v1.0.4
[INFO] [stderr]    Compiling unicode-normalization v0.1.19
[INFO] [stderr]    Compiling http-body v0.4.4
[INFO] [stderr]    Compiling tera v1.15.0
[INFO] [stderr]    Compiling form_urlencoded v1.0.1
[INFO] [stderr]    Compiling blake3 v1.3.1
[INFO] [stderr]    Compiling dirs-sys v0.3.7
[INFO] [stderr]    Compiling ordered-float v2.10.0
[INFO] [stderr]    Compiling crossbeam-channel v0.5.4
[INFO] [stderr]    Compiling sqlparser v0.14.0
[INFO] [stderr]    Compiling instant v0.1.12
[INFO] [stderr]    Compiling rayon v1.5.1
[INFO] [stderr]    Compiling tower-service v0.3.1
[INFO] [stderr]    Compiling unicode-bidi v0.3.7
[INFO] [stderr]    Compiling linux-raw-sys v0.0.42
[INFO] [stderr]    Compiling httpdate v1.0.2
[INFO] [stderr]    Compiling async-trait v0.1.53
[INFO] [stderr]    Compiling nodrop v0.1.14
[INFO] [stderr]    Compiling hyper v0.14.18
[INFO] [stderr]    Compiling idna v0.2.3
[INFO] [stderr]    Compiling proc-macro-error v1.0.4
[INFO] [stderr]    Compiling encoding_rs_io v0.1.7
[INFO] [stderr]    Compiling tokio-native-tls v0.3.0
[INFO] [stderr]    Compiling futures-executor v0.3.21
[INFO] [stderr]    Compiling textwrap v0.11.0
[INFO] [stderr]    Compiling memmap2 v0.3.1
[INFO] [stderr]    Compiling dirs-sys-next v0.1.2
[INFO] [stderr]    Compiling nibble_vec v0.1.0
[INFO] [stderr]    Compiling grep-matcher v0.1.5
[INFO] [stderr]    Compiling arrayvec v0.7.2
[INFO] [stderr]    Compiling either v1.6.1
[INFO] [stderr]    Compiling constant_time_eq v0.1.5
[INFO] [stderr]    Compiling strsim v0.8.0
[INFO] [stderr]    Compiling endian-type v0.1.2
[INFO] [stderr]    Compiling cpufeatures v0.2.2
[INFO] [stderr]    Compiling linked-hash-map v0.5.4
[INFO] [stderr]    Compiling bytecount v0.6.2
[INFO] [stderr]    Compiling vec_map v0.8.2
[INFO] [stderr]    Compiling arrayref v0.3.6
[INFO] [stderr]    Compiling anyhow v1.0.56
[INFO] [stderr]    Compiling clap v2.34.0
[INFO] [stderr]    Compiling tempfile v3.3.0
[INFO] [stderr]    Compiling grep-searcher v0.1.8
[INFO] [stderr]    Compiling yaml-rust v0.4.5
[INFO] [stderr]    Compiling radix_trie v0.2.1
[INFO] [stderr]    Compiling sha2 v0.10.2
[INFO] [stderr]    Compiling clap_derive v3.1.7
[INFO] [stderr]    Compiling env_logger v0.8.4
[INFO] [stderr]    Compiling tokei v12.1.2
[INFO] [stderr]    Compiling dirs-next v2.0.0
[INFO] [stderr]    Compiling hyper-tls v0.5.0
[INFO] [stderr]    Compiling futures v0.3.21
[INFO] [stderr]    Compiling fd-lock v3.0.5
[INFO] [stderr]    Compiling parking_lot v0.11.2
[INFO] [stderr]    Compiling url v2.2.2
[INFO] [stderr]    Compiling num-format v0.4.0
[INFO] [stderr]    Compiling dirs v3.0.2
[INFO] [stderr]    Compiling serde_urlencoded v0.7.1
[INFO] [stderr]    Compiling hashbrown v0.12.0
[INFO] [stderr]    Compiling dashmap v4.0.2
[INFO] [stderr]    Compiling toml v0.5.8
[INFO] [stderr]    Compiling tokio-stream v0.1.8
[INFO] [stderr]    Compiling blake2 v0.10.4
[INFO] [stderr]    Compiling md-5 v0.10.1
[INFO] [stderr]    Compiling nix v0.23.1
[INFO] [stderr]    Compiling term_size v0.3.2
[INFO] [stderr]    Compiling paste v1.0.7
[INFO] [stderr]    Compiling utf8parse v0.2.0
[INFO] [stderr]    Compiling mime v0.3.16
[INFO] [stderr]    Compiling ipnet v2.4.0
[INFO] [stderr]    Compiling reqwest v0.11.10
[INFO] [stderr]    Compiling clap v3.1.8
[INFO] [stderr]    Compiling serde_yaml v0.8.23
[INFO] [stderr]    Compiling dirs v4.0.0
[INFO] [stderr]    Compiling rustyline v9.1.2
[INFO] [stderr]    Compiling lz4 v1.23.3
[INFO] [stderr]    Compiling zstd v0.10.0+zstd.1.5.2
[INFO] [stderr]    Compiling datafusion-common v7.0.0
[INFO] [stderr]    Compiling datafusion-expr v7.0.0
[INFO] [stderr]    Compiling datafusion v7.0.0
[INFO] [stderr] error: could not compile `datafusion` (lib)
[INFO] [stderr] 
[INFO] [stderr] Caused by:
[INFO] [stderr]   process didn't exit successfully: `/opt/rustwide/rustup-home/toolchains/1.75.0-x86_64-unknown-linux-gnu/bin/rustc --crate-name datafusion --edition=2021 /opt/rustwide/cargo-home/registry/src/index.crates.io-6f17d22bba15001f/datafusion-7.0.0/src/lib.rs --error-format=json --json=diagnostic-rendered-ansi,artifacts,future-incompat --crate-type lib --emit=dep-info,metadata,link -C embed-bitcode=no -C debuginfo=2 --cfg 'feature="blake2"' --cfg 'feature="blake3"' --cfg 'feature="crypto_expressions"' --cfg 'feature="default"' --cfg 'feature="md-5"' --cfg 'feature="regex"' --cfg 'feature="regex_expressions"' --cfg 'feature="sha2"' --cfg 'feature="unicode-segmentation"' --cfg 'feature="unicode_expressions"' -C metadata=eab469357cdf90f5 -C extra-filename=-eab469357cdf90f5 --out-dir /opt/rustwide/target/debug/deps -L dependency=/opt/rustwide/target/debug/deps --extern ahash=/opt/rustwide/target/debug/deps/libahash-9672a881c681bef7.rmeta --extern arrow=/opt/rustwide/target/debug/deps/libarrow-d215f145c8b047ac.rmeta --extern async_trait=/opt/rustwide/target/debug/deps/libasync_trait-4716542ed4b33056.so --extern blake2=/opt/rustwide/target/debug/deps/libblake2-4394f58f68a7d656.rmeta --extern blake3=/opt/rustwide/target/debug/deps/libblake3-598d8ab8e7933284.rmeta --extern chrono=/opt/rustwide/target/debug/deps/libchrono-5fbd093dab729c7e.rmeta --extern datafusion_common=/opt/rustwide/target/debug/deps/libdatafusion_common-80d3f75be4b40e3b.rmeta --extern datafusion_expr=/opt/rustwide/target/debug/deps/libdatafusion_expr-cca9101b9619e63a.rmeta --extern futures=/opt/rustwide/target/debug/deps/libfutures-39d0ca5e30c02306.rmeta --extern hashbrown=/opt/rustwide/target/debug/deps/libhashbrown-2ff69bcfebcb546d.rmeta --extern lazy_static=/opt/rustwide/target/debug/deps/liblazy_static-591486ebcb9a7ead.rmeta --extern log=/opt/rustwide/target/debug/deps/liblog-7b089df37cddad0b.rmeta --extern md5=/opt/rustwide/target/debug/deps/libmd5-e99eeb679af4dd7c.rmeta --extern num_cpus=/opt/rustwide/target/debug/deps/libnum_cpus-3b6de78ab2d38ba7.rmeta --extern ordered_float=/opt/rustwide/target/debug/deps/libordered_float-3f846bc69e3f3233.rmeta --extern parking_lot=/opt/rustwide/target/debug/deps/libparking_lot-69bd9d2d90da92df.rmeta --extern parquet=/opt/rustwide/target/debug/deps/libparquet-07438393d1203716.rmeta --extern paste=/opt/rustwide/target/debug/deps/libpaste-fec6d297b0d79b50.so --extern pin_project_lite=/opt/rustwide/target/debug/deps/libpin_project_lite-bd863d416e545bf5.rmeta --extern rand=/opt/rustwide/target/debug/deps/librand-fee04f4d3a29b3be.rmeta --extern regex=/opt/rustwide/target/debug/deps/libregex-6f701831efb68404.rmeta --extern sha2=/opt/rustwide/target/debug/deps/libsha2-f8bd1877392a875d.rmeta --extern smallvec=/opt/rustwide/target/debug/deps/libsmallvec-4f142526f68b627f.rmeta --extern sqlparser=/opt/rustwide/target/debug/deps/libsqlparser-4dbec1bf8cc86718.rmeta --extern tempfile=/opt/rustwide/target/debug/deps/libtempfile-0c0aa65df73bc178.rmeta --extern tokio=/opt/rustwide/target/debug/deps/libtokio-ba43ad0249434e27.rmeta --extern tokio_stream=/opt/rustwide/target/debug/deps/libtokio_stream-83c9148314321bc6.rmeta --extern unicode_segmentation=/opt/rustwide/target/debug/deps/libunicode_segmentation-1cb74de1f5facf90.rmeta --cap-lints allow --cap-lints=warn -L native=/opt/rustwide/target/debug/build/blake3-5c5ac73c0a2807c3/out -L native=/opt/rustwide/target/debug/build/blake3-5c5ac73c0a2807c3/out -L native=/opt/rustwide/target/debug/build/lz4-sys-50aeb0eaf45238a7/out -L native=/opt/rustwide/target/debug/build/zstd-sys-9c93376830f10796/out` (signal: 9, SIGKILL: kill)
[INFO] running `Command { std: "docker" "inspect" "b184480ec79bc6ecb31c5aa9d2fb40d3d61cb7f19ffd5063340850a8fc4cce99", kill_on_drop: false }`
[INFO] running `Command { std: "docker" "rm" "-f" "b184480ec79bc6ecb31c5aa9d2fb40d3d61cb7f19ffd5063340850a8fc4cce99", kill_on_drop: false }`
[INFO] [stdout] b184480ec79bc6ecb31c5aa9d2fb40d3d61cb7f19ffd5063340850a8fc4cce99
[INFO] testing gitv-0.1.0 against beta-2023-12-22 for beta-1.76-1
[INFO] extracting crate gitv 0.1.0 into /workspace/builds/worker-4-tc2/source
[INFO] validating manifest of crates.io crate gitv 0.1.0 on toolchain beta-2023-12-22
[INFO] running `Command { std: CARGO_HOME="/workspace/cargo-home" RUSTUP_HOME="/workspace/rustup-home" "/workspace/cargo-home/bin/cargo" "+beta-2023-12-22" "metadata" "--manifest-path" "Cargo.toml" "--no-deps", kill_on_drop: false }`
[INFO] started tweaking crates.io crate gitv 0.1.0
[INFO] finished tweaking crates.io crate gitv 0.1.0
[INFO] tweaked toml for crates.io crate gitv 0.1.0 written to /workspace/builds/worker-4-tc2/source/Cargo.toml
[INFO] crate crates.io crate gitv 0.1.0 already has a lockfile, it will not be regenerated
[INFO] running `Command { std: CARGO_HOME="/workspace/cargo-home" RUSTUP_HOME="/workspace/rustup-home" "/workspace/cargo-home/bin/cargo" "+beta-2023-12-22" "fetch" "--manifest-path" "Cargo.toml", kill_on_drop: false }`
[INFO] running `Command { std: "docker" "create" "-v" "/var/lib/crater-agent-workspace/builds/worker-4-tc2/target:/opt/rustwide/target:rw,Z" "-v" "/var/lib/crater-agent-workspace/builds/worker-4-tc2/source:/opt/rustwide/workdir:ro,Z" "-v" "/var/lib/crater-agent-workspace/cargo-home:/opt/rustwide/cargo-home:ro,Z" "-v" "/var/lib/crater-agent-workspace/rustup-home:/opt/rustwide/rustup-home:ro,Z" "-e" "SOURCE_DIR=/opt/rustwide/workdir" "-e" "CARGO_TARGET_DIR=/opt/rustwide/target" "-e" "CARGO_HOME=/opt/rustwide/cargo-home" "-e" "RUSTUP_HOME=/opt/rustwide/rustup-home" "-w" "/opt/rustwide/workdir" "-m" "1610612736" "--user" "0:0" "--network" "none" "ghcr.io/rust-lang/crates-build-env/linux@sha256:2788e3201cd34a07e3172128adcd8b3090168a8e3bcc40d7c032b9dda1df7d1c" "/opt/rustwide/cargo-home/bin/cargo" "+beta-2023-12-22" "metadata" "--no-deps" "--format-version=1", kill_on_drop: false }`
[INFO] [stdout] 46fefeb323b0d2f1cb092d410aef181609a48e7eb3efe43baddb624689e2a574
[INFO] running `Command { std: "docker" "start" "-a" "46fefeb323b0d2f1cb092d410aef181609a48e7eb3efe43baddb624689e2a574", kill_on_drop: false }`
[INFO] running `Command { std: "docker" "inspect" "46fefeb323b0d2f1cb092d410aef181609a48e7eb3efe43baddb624689e2a574", kill_on_drop: false }`
[INFO] running `Command { std: "docker" "rm" "-f" "46fefeb323b0d2f1cb092d410aef181609a48e7eb3efe43baddb624689e2a574", kill_on_drop: false }`
[INFO] [stdout] 46fefeb323b0d2f1cb092d410aef181609a48e7eb3efe43baddb624689e2a574
[INFO] running `Command { std: "docker" "create" "-v" "/var/lib/crater-agent-workspace/builds/worker-4-tc2/target:/opt/rustwide/target:rw,Z" "-v" "/var/lib/crater-agent-workspace/builds/worker-4-tc2/source:/opt/rustwide/workdir:ro,Z" "-v" "/var/lib/crater-agent-workspace/cargo-home:/opt/rustwide/cargo-home:ro,Z" "-v" "/var/lib/crater-agent-workspace/rustup-home:/opt/rustwide/rustup-home:ro,Z" "-e" "SOURCE_DIR=/opt/rustwide/workdir" "-e" "CARGO_TARGET_DIR=/opt/rustwide/target" "-e" "CARGO_INCREMENTAL=0" "-e" "RUST_BACKTRACE=full" "-e" "RUSTFLAGS=--cap-lints=warn" "-e" "RUSTDOCFLAGS=--cap-lints=warn" "-e" "CARGO_HOME=/opt/rustwide/cargo-home" "-e" "RUSTUP_HOME=/opt/rustwide/rustup-home" "-w" "/opt/rustwide/workdir" "-m" "1610612736" "--user" "0:0" "--network" "none" "ghcr.io/rust-lang/crates-build-env/linux@sha256:2788e3201cd34a07e3172128adcd8b3090168a8e3bcc40d7c032b9dda1df7d1c" "/opt/rustwide/cargo-home/bin/cargo" "+beta-2023-12-22" "build" "--frozen" "--message-format=json", kill_on_drop: false }`
[INFO] [stdout] 924ebcb31da70c114b860d49d39452cfca13ce7485c32532ac0fe7a52fec112e
[INFO] running `Command { std: "docker" "start" "-a" "924ebcb31da70c114b860d49d39452cfca13ce7485c32532ac0fe7a52fec112e", kill_on_drop: false }`
[INFO] [stderr]    Compiling libc v0.2.121
[INFO] [stderr]    Compiling syn v1.0.90
[INFO] [stderr]    Compiling log v0.4.16
[INFO] [stderr]    Compiling serde_derive v1.0.136
[INFO] [stderr]    Compiling quote v1.0.17
[INFO] [stderr]    Compiling aho-corasick v0.7.18
[INFO] [stderr]    Compiling smallvec v1.8.0
[INFO] [stderr]    Compiling ppv-lite86 v0.2.16
[INFO] [stderr]    Compiling serde v1.0.136
[INFO] [stderr]    Compiling num-traits v0.2.14
[INFO] [stderr]    Compiling once_cell v1.10.0
[INFO] [stderr]    Compiling uncased v0.9.6
[INFO] [stderr]    Compiling indexmap v1.8.1
[INFO] [stderr]    Compiling crossbeam-utils v0.8.8
[INFO] [stderr]    Compiling siphasher v0.3.10
[INFO] [stderr]    Compiling jobserver v0.1.24
[INFO] [stderr]    Compiling regex v1.5.5
[INFO] [stderr]    Compiling cc v1.0.73
[INFO] [stderr]    Compiling getrandom v0.2.6
[INFO] [stderr]    Compiling rand_core v0.6.3
[INFO] [stderr]    Compiling num-integer v0.1.44
[INFO] [stderr]    Compiling num_cpus v1.13.1
[INFO] [stderr]    Compiling lock_api v0.4.7
[INFO] [stderr]    Compiling rand_chacha v0.3.1
[INFO] [stderr]    Compiling phf_shared v0.10.0
[INFO] [stderr]    Compiling futures-core v0.3.21
[INFO] [stderr]    Compiling rand v0.8.5
[INFO] [stderr]    Compiling parking_lot_core v0.9.2
[INFO] [stderr]    Compiling typenum v1.15.0
[INFO] [stderr]    Compiling bytes v1.1.0
[INFO] [stderr]    Compiling lexical-util v0.8.3
[INFO] [stderr]    Compiling phf v0.10.1
[INFO] [stderr]    Compiling parse-zoneinfo v0.3.0
[INFO] [stderr]    Compiling phf_generator v0.10.0
[INFO] [stderr]    Compiling generic-array v0.14.5
[INFO] [stderr]    Compiling futures-task v0.3.21
[INFO] [stderr]    Compiling phf_codegen v0.10.0
[INFO] [stderr]    Compiling futures-sink v0.3.21
[INFO] [stderr]    Compiling serde_json v1.0.79
[INFO] [stderr]    Compiling pkg-config v0.3.25
[INFO] [stderr]    Compiling same-file v1.0.6
[INFO] [stderr]    Compiling futures-channel v0.3.21
[INFO] [stderr]    Compiling walkdir v2.3.2
[INFO] [stderr]    Compiling chrono-tz-build v0.0.2
[INFO] [stderr]    Compiling parking_lot v0.12.0
[INFO] [stderr]    Compiling zstd-sys v1.6.3+zstd.1.5.2
[INFO] [stderr]    Compiling mio v0.8.2
[INFO] [stderr]    Compiling openssl-sys v0.9.72
[INFO] [stderr]    Compiling socket2 v0.4.4
[INFO] [stderr]    Compiling thread_local v1.1.4
[INFO] [stderr]    Compiling memoffset v0.6.5
[INFO] [stderr]    Compiling num-bigint v0.4.3
[INFO] [stderr]    Compiling ucd-trie v0.1.3
[INFO] [stderr]    Compiling futures-util v0.3.21
[INFO] [stderr]    Compiling unicode-segmentation v1.9.0
[INFO] [stderr]    Compiling rustversion v1.0.6
[INFO] [stderr]    Compiling pest v2.1.3
[INFO] [stderr]    Compiling chrono-tz v0.6.1
[INFO] [stderr]    Compiling time v0.1.43
[INFO] [stderr]    Compiling num-rational v0.4.0
[INFO] [stderr]    Compiling num-iter v0.1.42
[INFO] [stderr]    Compiling maplit v1.0.2
[INFO] [stderr]    Compiling slab v0.4.6
[INFO] [stderr]    Compiling unic-char-range v0.9.0
[INFO] [stderr]    Compiling futures-io v0.3.21
[INFO] [stderr]    Compiling unic-common v0.9.0
[INFO] [stderr]    Compiling itoa v0.4.8
[INFO] [stderr]    Compiling unic-char-property v0.9.0
[INFO] [stderr]    Compiling unic-ucd-version v0.9.0
[INFO] [stderr]    Compiling pest_meta v2.1.3
[INFO] [stderr]    Compiling chrono v0.4.19
[INFO] [stderr]    Compiling heck v0.3.3
[INFO] [stderr]    Compiling lexical-write-integer v0.8.3
[INFO] [stderr]    Compiling lexical-parse-integer v0.8.3
[INFO] [stderr]    Compiling lz4-sys v1.9.3
[INFO] [stderr]    Compiling bstr v0.2.17
[INFO] [stderr]    Compiling tokio-macros v1.7.0
[INFO] [stderr]    Compiling futures-macro v0.3.21
[INFO] [stderr]    Compiling thiserror-impl v1.0.30
[INFO] [stderr]    Compiling miniz_oxide v0.4.4
[INFO] [stderr]    Compiling zstd-safe v4.1.4+zstd.1.5.2
[INFO] [stderr]    Compiling alloc-no-stdlib v2.0.3
[INFO] [stderr]    Compiling alloc-stdlib v0.2.1
[INFO] [stderr]    Compiling globset v0.4.8
[INFO] [stderr]    Compiling strum_macros v0.23.1
[INFO] [stderr]    Compiling tracing-attributes v0.1.20
[INFO] [stderr]    Compiling tokio v1.17.0
[INFO] [stderr]    Compiling multiversion-macros v0.6.1
[INFO] [stderr]    Compiling thiserror v1.0.30
[INFO] [stderr]    Compiling lexical-parse-float v0.8.3
[INFO] [stderr]    Compiling lexical-write-float v0.8.4
[INFO] [stderr]    Compiling pest_generator v2.1.3
[INFO] [stderr]    Compiling unic-ucd-segment v0.9.0
[INFO] [stderr]    Compiling block-buffer v0.10.2
[INFO] [stderr]    Compiling crypto-common v0.1.3
[INFO] [stderr]    Compiling threadpool v1.8.1
[INFO] [stderr]    Compiling num-complex v0.4.0
[INFO] [stderr]    Compiling ordered-float v1.1.1
[INFO] [stderr]    Compiling csv-core v0.1.10
[INFO] [stderr]    Compiling tracing-core v0.1.24
[INFO] [stderr]    Compiling crossbeam-epoch v0.9.8
[INFO] [stderr]    Compiling snap v1.0.5
[INFO] [stderr]    Compiling integer-encoding v1.1.7
[INFO] [stderr]    Compiling strum v0.23.0
[INFO] [stderr]    Compiling encoding_rs v0.8.30
[INFO] [stderr]    Compiling deunicode v0.4.3
[INFO] [stderr]    Compiling openssl v0.10.38
[INFO] [stderr]    Compiling slug v0.1.4
[INFO] [stderr]    Compiling thrift v0.13.0
[INFO] [stderr]    Compiling comfy-table v5.0.1
[INFO] [stderr]    Compiling tracing v0.1.32
[INFO] [stderr]    Compiling digest v0.10.3
[INFO] [stderr]    Compiling num v0.4.0
[INFO] [stderr]    Compiling pest_derive v2.1.0
[INFO] [stderr]    Compiling multiversion v0.6.1
[INFO] [stderr]    Compiling unic-segment v0.9.0
[INFO] [stderr]    Compiling lexical-core v0.8.3
[INFO] [stderr]    Compiling flatbuffers v2.0.0
[INFO] [stderr]    Compiling ignore v0.4.18
[INFO] [stderr]    Compiling brotli-decompressor v2.3.2
[INFO] [stderr]    Compiling http v0.2.6
[INFO] [stderr]    Compiling ahash v0.7.6
[INFO] [stderr]    Compiling parquet v9.1.0
[INFO] [stderr]    Compiling io-lifetimes v0.6.1
[INFO] [stderr]    Compiling humansize v1.1.1
[INFO] [stderr]    Compiling tinyvec_macros v0.1.0
[INFO] [stderr]    Compiling native-tls v0.2.10
[INFO] [stderr]    Compiling httparse v1.6.0
[INFO] [stderr]    Compiling matches v0.1.9
[INFO] [stderr]    Compiling base64 v0.13.0
[INFO] [stderr]    Compiling half v1.8.2
[INFO] [stderr]    Compiling rayon-core v1.9.1
[INFO] [stderr]    Compiling tinyvec v1.5.1
[INFO] [stderr]    Compiling brotli v3.3.4
[INFO] [stderr]    Compiling csv v1.1.6
[INFO] [stderr]    Compiling globwalk v0.8.1
[INFO] [stderr]    Compiling arrow v9.1.0
[INFO] [stderr]    Compiling flate2 v1.0.22
[INFO] [stderr]    Compiling parquet-format v4.0.0
[INFO] [stderr]    Compiling tokio-util v0.7.1
[INFO] [stderr]    Compiling atty v0.2.14
[INFO] [stderr]    Compiling arrayvec v0.4.12
[INFO] [stderr]    Compiling try-lock v0.2.3
[INFO] [stderr]    Compiling parking_lot_core v0.8.5
[INFO] [stderr]    Compiling rustix v0.34.1
[INFO] [stderr]    Compiling openssl-probe v0.1.5
[INFO] [stderr]    Compiling want v0.3.0
[INFO] [stderr]    Compiling crossbeam-deque v0.8.1
[INFO] [stderr]    Compiling h2 v0.3.13
[INFO] [stderr]    Compiling proc-macro-error-attr v1.0.4
[INFO] [stderr]    Compiling tera v1.15.0
[INFO] [stderr]    Compiling unicode-normalization v0.1.19
[INFO] [stderr]    Compiling http-body v0.4.4
[INFO] [stderr]    Compiling form_urlencoded v1.0.1
[INFO] [stderr]    Compiling blake3 v1.3.1
[INFO] [stderr]    Compiling crossbeam-channel v0.5.4
[INFO] [stderr]    Compiling dirs-sys v0.3.7
[INFO] [stderr]    Compiling ordered-float v2.10.0
[INFO] [stderr]    Compiling sqlparser v0.14.0
[INFO] [stderr]    Compiling instant v0.1.12
[INFO] [stderr]    Compiling rayon v1.5.1
[INFO] [stderr]    Compiling nodrop v0.1.14
[INFO] [stderr]    Compiling tower-service v0.3.1
[INFO] [stderr]    Compiling unicode-bidi v0.3.7
[INFO] [stderr]    Compiling linux-raw-sys v0.0.42
[INFO] [stderr]    Compiling async-trait v0.1.53
[INFO] [stderr]    Compiling httpdate v1.0.2
[INFO] [stderr]    Compiling hyper v0.14.18
[INFO] [stderr]    Compiling idna v0.2.3
[INFO] [stderr]    Compiling proc-macro-error v1.0.4
[INFO] [stderr]    Compiling encoding_rs_io v0.1.7
[INFO] [stderr]    Compiling tokio-native-tls v0.3.0
[INFO] [stderr]    Compiling futures-executor v0.3.21
[INFO] [stderr]    Compiling textwrap v0.11.0
[INFO] [stderr]    Compiling memmap2 v0.3.1
[INFO] [stderr]    Compiling dirs-sys-next v0.1.2
[INFO] [stderr]    Compiling nibble_vec v0.1.0
[INFO] [stderr]    Compiling grep-matcher v0.1.5
[INFO] [stderr]    Compiling bytecount v0.6.2
[INFO] [stderr]    Compiling anyhow v1.0.56
[INFO] [stderr]    Compiling strsim v0.8.0
[INFO] [stderr]    Compiling arrayvec v0.7.2
[INFO] [stderr]    Compiling either v1.6.1
[INFO] [stderr]    Compiling cpufeatures v0.2.2
[INFO] [stderr]    Compiling endian-type v0.1.2
[INFO] [stderr]    Compiling linked-hash-map v0.5.4
[INFO] [stderr]    Compiling constant_time_eq v0.1.5
[INFO] [stderr]    Compiling arrayref v0.3.6
[INFO] [stderr]    Compiling vec_map v0.8.2
[INFO] [stderr]    Compiling radix_trie v0.2.1
[INFO] [stderr]    Compiling sha2 v0.10.2
[INFO] [stderr]    Compiling clap v2.34.0
[INFO] [stderr]    Compiling yaml-rust v0.4.5
[INFO] [stderr]    Compiling tempfile v3.3.0
[INFO] [stderr]    Compiling env_logger v0.8.4
[INFO] [stderr]    Compiling clap_derive v3.1.7
[INFO] [stderr]    Compiling grep-searcher v0.1.8
[INFO] [stderr]    Compiling tokei v12.1.2
[INFO] [stderr]    Compiling dirs-next v2.0.0
[INFO] [stderr]    Compiling futures v0.3.21
[INFO] [stderr]    Compiling hyper-tls v0.5.0
[INFO] [stderr]    Compiling fd-lock v3.0.5
[INFO] [stderr]    Compiling parking_lot v0.11.2
[INFO] [stderr]    Compiling num-format v0.4.0
[INFO] [stderr]    Compiling url v2.2.2
[INFO] [stderr]    Compiling dirs v3.0.2
[INFO] [stderr]    Compiling serde_urlencoded v0.7.1
[INFO] [stderr]    Compiling hashbrown v0.12.0
[INFO] [stderr]    Compiling toml v0.5.8
[INFO] [stderr]    Compiling dashmap v4.0.2
[INFO] [stderr]    Compiling tokio-stream v0.1.8
[INFO] [stderr]    Compiling md-5 v0.10.1
[INFO] [stderr]    Compiling blake2 v0.10.4
[INFO] [stderr]    Compiling nix v0.23.1
[INFO] [stderr]    Compiling term_size v0.3.2
[INFO] [stderr]    Compiling utf8parse v0.2.0
[INFO] [stderr]    Compiling ipnet v2.4.0
[INFO] [stderr]    Compiling paste v1.0.7
[INFO] [stderr]    Compiling mime v0.3.16
[INFO] [stderr]    Compiling reqwest v0.11.10
[INFO] [stderr]    Compiling clap v3.1.8
[INFO] [stderr]    Compiling serde_yaml v0.8.23
[INFO] [stderr]    Compiling dirs v4.0.0
[INFO] [stderr]    Compiling rustyline v9.1.2
[INFO] [stderr]    Compiling lz4 v1.23.3
[INFO] [stderr]    Compiling zstd v0.10.0+zstd.1.5.2
[INFO] [stderr]    Compiling datafusion-common v7.0.0
[INFO] [stderr]    Compiling datafusion-expr v7.0.0
[INFO] [stderr]    Compiling datafusion v7.0.0
[INFO] [stderr]    Compiling gitv v0.1.0 (/opt/rustwide/workdir)
[INFO] [stderr]     Finished dev [unoptimized + debuginfo] target(s) in 2m 40s
[INFO] running `Command { std: "docker" "inspect" "924ebcb31da70c114b860d49d39452cfca13ce7485c32532ac0fe7a52fec112e", kill_on_drop: false }`
[INFO] running `Command { std: "docker" "rm" "-f" "924ebcb31da70c114b860d49d39452cfca13ce7485c32532ac0fe7a52fec112e", kill_on_drop: false }`
[INFO] [stdout] 924ebcb31da70c114b860d49d39452cfca13ce7485c32532ac0fe7a52fec112e
[INFO] running `Command { std: "docker" "create" "-v" "/var/lib/crater-agent-workspace/builds/worker-4-tc2/target:/opt/rustwide/target:rw,Z" "-v" "/var/lib/crater-agent-workspace/builds/worker-4-tc2/source:/opt/rustwide/workdir:ro,Z" "-v" "/var/lib/crater-agent-workspace/cargo-home:/opt/rustwide/cargo-home:ro,Z" "-v" "/var/lib/crater-agent-workspace/rustup-home:/opt/rustwide/rustup-home:ro,Z" "-e" "SOURCE_DIR=/opt/rustwide/workdir" "-e" "CARGO_TARGET_DIR=/opt/rustwide/target" "-e" "CARGO_INCREMENTAL=0" "-e" "RUST_BACKTRACE=full" "-e" "RUSTFLAGS=--cap-lints=warn" "-e" "RUSTDOCFLAGS=--cap-lints=warn" "-e" "CARGO_HOME=/opt/rustwide/cargo-home" "-e" "RUSTUP_HOME=/opt/rustwide/rustup-home" "-w" "/opt/rustwide/workdir" "-m" "1610612736" "--user" "0:0" "--network" "none" "ghcr.io/rust-lang/crates-build-env/linux@sha256:2788e3201cd34a07e3172128adcd8b3090168a8e3bcc40d7c032b9dda1df7d1c" "/opt/rustwide/cargo-home/bin/cargo" "+beta-2023-12-22" "test" "--frozen" "--no-run" "--message-format=json", kill_on_drop: false }`
[INFO] [stdout] 6c50793e4833ed9e8785ff9f144a6ac3d4c1d7a92e9730da728706227431ca31
[INFO] running `Command { std: "docker" "start" "-a" "6c50793e4833ed9e8785ff9f144a6ac3d4c1d7a92e9730da728706227431ca31", kill_on_drop: false }`
[INFO] [stderr]    Compiling gitv v0.1.0 (/opt/rustwide/workdir)
[INFO] [stderr]     Finished test [unoptimized + debuginfo] target(s) in 28.68s
[INFO] running `Command { std: "docker" "inspect" "6c50793e4833ed9e8785ff9f144a6ac3d4c1d7a92e9730da728706227431ca31", kill_on_drop: false }`
[INFO] running `Command { std: "docker" "rm" "-f" "6c50793e4833ed9e8785ff9f144a6ac3d4c1d7a92e9730da728706227431ca31", kill_on_drop: false }`
[INFO] [stdout] 6c50793e4833ed9e8785ff9f144a6ac3d4c1d7a92e9730da728706227431ca31
[INFO] running `Command { std: "docker" "create" "-v" "/var/lib/crater-agent-workspace/builds/worker-4-tc2/target:/opt/rustwide/target:rw,Z" "-v" "/var/lib/crater-agent-workspace/builds/worker-4-tc2/source:/opt/rustwide/workdir:ro,Z" "-v" "/var/lib/crater-agent-workspace/cargo-home:/opt/rustwide/cargo-home:ro,Z" "-v" "/var/lib/crater-agent-workspace/rustup-home:/opt/rustwide/rustup-home:ro,Z" "-e" "SOURCE_DIR=/opt/rustwide/workdir" "-e" "CARGO_TARGET_DIR=/opt/rustwide/target" "-e" "CARGO_INCREMENTAL=0" "-e" "RUST_BACKTRACE=full" "-e" "RUSTFLAGS=--cap-lints=warn" "-e" "RUSTDOCFLAGS=--cap-lints=warn" "-e" "CARGO_HOME=/opt/rustwide/cargo-home" "-e" "RUSTUP_HOME=/opt/rustwide/rustup-home" "-w" "/opt/rustwide/workdir" "-m" "1610612736" "--user" "0:0" "--network" "none" "ghcr.io/rust-lang/crates-build-env/linux@sha256:2788e3201cd34a07e3172128adcd8b3090168a8e3bcc40d7c032b9dda1df7d1c" "/opt/rustwide/cargo-home/bin/cargo" "+beta-2023-12-22" "test" "--frozen", kill_on_drop: false }`
[INFO] [stdout] 7eda9dbd77b28ad7b6531ce38b8e5fd9ddfb54870735c702639cd05068664684
[INFO] running `Command { std: "docker" "start" "-a" "7eda9dbd77b28ad7b6531ce38b8e5fd9ddfb54870735c702639cd05068664684", kill_on_drop: false }`
[INFO] [stderr]     Finished test [unoptimized + debuginfo] target(s) in 0.57s
[INFO] [stderr]      Running unittests src/main.rs (/opt/rustwide/target/debug/deps/gitv-d7b05634f04cdd2a)
[INFO] [stdout] 
[INFO] [stdout] running 17 tests
[INFO] [stdout] test executor::tests::test_active_longest ... ok
[INFO] [stdout] test executor::tests::test_udf_period ... ok
[INFO] [stdout] test executor::tests::test_udf_month ... ok
[INFO] [stdout] test executor::tests::test_udf_timestamp ... ok
[INFO] [stdout] test executor::tests::test_udf_dateday ... ok
[INFO] [stdout] test executor::tests::test_udf_hour ... ok
[INFO] [stdout] test executor::tests::test_udaf_active_longest_days ... ok
[INFO] [stdout] test executor::tests::test_udaf_active_longest_start ... ok
[INFO] [stdout] test executor::tests::test_udaf_active_longest_end ... ok
[INFO] [stdout] test executor::tests::test_udf_weeknum ... ok
[INFO] [stdout] test executor::tests::test_udf_weekday ... ok
[INFO] [stdout] test executor::tests::test_udf_timezone ... ok
[INFO] [stdout] test executor::tests::test_udf_year ... ok
[INFO] [stdout] test render::tests::test_parse_variable ... ok
[INFO] [stdout] test executor::tests::test_udf_timestamp_rfc3339 ... ok
[INFO] [stdout] test render::tests::test_cleanup_content ... ok
[INFO] [stdout] test gitimp::tests::test_parse_commit ... FAILED
[INFO] [stdout] 
[INFO] [stdout] failures:
[INFO] [stdout] 
[INFO] [stdout] ---- gitimp::tests::test_parse_commit stdout ----
[INFO] [stdout] thread 'gitimp::tests::test_parse_commit' panicked at src/gitimp.rs:491:9:
[INFO] [stdout] assertion `left == right` failed
[INFO] [stdout]   left: "Mon Nov 8 23:34:49 2021 +0800"
[INFO] [stdout]  right: ""
[INFO] [stdout] stack backtrace:
[INFO] [stdout]    0:     0x55af64130e76 - std::backtrace_rs::backtrace::libunwind::trace::h261606ad26a499c1
[INFO] [stdout]                                at /rustc/0e09125c6c3c2fd70d7de961bcf0e51575235fad/library/std/src/../../backtrace/src/backtrace/libunwind.rs:104:5
[INFO] [stdout]    1:     0x55af64130e76 - std::backtrace_rs::backtrace::trace_unsynchronized::hd183f0625477fb28
[INFO] [stdout]                                at /rustc/0e09125c6c3c2fd70d7de961bcf0e51575235fad/library/std/src/../../backtrace/src/backtrace/mod.rs:66:5
[INFO] [stdout]    2:     0x55af64130e76 - std::sys_common::backtrace::_print_fmt::hd7f8fef21b4eda67
[INFO] [stdout]                                at /rustc/0e09125c6c3c2fd70d7de961bcf0e51575235fad/library/std/src/sys_common/backtrace.rs:68:5
[INFO] [stdout]    3:     0x55af64130e76 - <std::sys_common::backtrace::_print::DisplayBacktrace as core::fmt::Display>::fmt::h623d9b51f2f453f1
[INFO] [stdout]                                at /rustc/0e09125c6c3c2fd70d7de961bcf0e51575235fad/library/std/src/sys_common/backtrace.rs:44:22
[INFO] [stdout]    4:     0x55af6415e820 - core::fmt::rt::Argument::fmt::h9f417ac76a86f368
[INFO] [stdout]                                at /rustc/0e09125c6c3c2fd70d7de961bcf0e51575235fad/library/core/src/fmt/rt.rs:142:9
[INFO] [stdout]    5:     0x55af6415e820 - core::fmt::write::hc9b6faf4ac2aeff7
[INFO] [stdout]                                at /rustc/0e09125c6c3c2fd70d7de961bcf0e51575235fad/library/core/src/fmt/mod.rs:1120:17
[INFO] [stdout]    6:     0x55af6412e69f - std::io::Write::write_fmt::he04625a3a989fec3
[INFO] [stdout]                                at /rustc/0e09125c6c3c2fd70d7de961bcf0e51575235fad/library/std/src/io/mod.rs:1810:15
[INFO] [stdout]    7:     0x55af64130c54 - std::sys_common::backtrace::_print::hd5d66399c7df88a2
[INFO] [stdout]                                at /rustc/0e09125c6c3c2fd70d7de961bcf0e51575235fad/library/std/src/sys_common/backtrace.rs:47:5
[INFO] [stdout]    8:     0x55af64130c54 - std::sys_common::backtrace::print::he81ed2da642d37e5
[INFO] [stdout]                                at /rustc/0e09125c6c3c2fd70d7de961bcf0e51575235fad/library/std/src/sys_common/backtrace.rs:34:9
[INFO] [stdout]    9:     0x55af641329c7 - std::panicking::default_hook::{{closure}}::h85773f4fa117163d
[INFO] [stdout]   10:     0x55af641326ad - std::panicking::default_hook::h6a1694a91d09b278
[INFO] [stdout]                                at /rustc/0e09125c6c3c2fd70d7de961bcf0e51575235fad/library/std/src/panicking.rs:289:9
[INFO] [stdout]   11:     0x55af6209cb17 - <alloc::boxed::Box<F,A> as core::ops::function::Fn<Args>>::call::h616ac37fa3cd6c8f
[INFO] [stdout]                                at /rustc/0e09125c6c3c2fd70d7de961bcf0e51575235fad/library/alloc/src/boxed.rs:2029:9
[INFO] [stdout]   12:     0x55af6209cb17 - test::test_main::{{closure}}::h00d84697cefdcbb6
[INFO] [stdout]                                at /rustc/0e09125c6c3c2fd70d7de961bcf0e51575235fad/library/test/src/lib.rs:138:21
[INFO] [stdout]   13:     0x55af64132fe6 - <alloc::boxed::Box<F,A> as core::ops::function::Fn<Args>>::call::hcb3fe3b9bb537ba8
[INFO] [stdout]                                at /rustc/0e09125c6c3c2fd70d7de961bcf0e51575235fad/library/alloc/src/boxed.rs:2029:9
[INFO] [stdout]   14:     0x55af64132fe6 - std::panicking::rust_panic_with_hook::h0a7ad96e90f7145b
[INFO] [stdout]                                at /rustc/0e09125c6c3c2fd70d7de961bcf0e51575235fad/library/std/src/panicking.rs:783:13
[INFO] [stdout]   15:     0x55af64132d32 - std::panicking::begin_panic_handler::{{closure}}::h7919090525c6485e
[INFO] [stdout]                                at /rustc/0e09125c6c3c2fd70d7de961bcf0e51575235fad/library/std/src/panicking.rs:657:13
[INFO] [stdout]   16:     0x55af64131376 - std::sys_common::backtrace::__rust_end_short_backtrace::hf3289479464f7dfe
[INFO] [stdout]                                at /rustc/0e09125c6c3c2fd70d7de961bcf0e51575235fad/library/std/src/sys_common/backtrace.rs:171:18
[INFO] [stdout]   17:     0x55af64132a90 - rust_begin_unwind
[INFO] [stdout]                                at /rustc/0e09125c6c3c2fd70d7de961bcf0e51575235fad/library/std/src/panicking.rs:645:5
[INFO] [stdout]   18:     0x55af61fb67c5 - core::panicking::panic_fmt::hcc9f77c5c132af55
[INFO] [stdout]                                at /rustc/0e09125c6c3c2fd70d7de961bcf0e51575235fad/library/core/src/panicking.rs:72:14
[INFO] [stdout]   19:     0x55af61fb6c3b - core::panicking::assert_failed_inner::h9f13e27dd63c3a08
[INFO] [stdout]                                at /rustc/0e09125c6c3c2fd70d7de961bcf0e51575235fad/library/core/src/panicking.rs:342:17
[INFO] [stdout]   20:     0x55af64072e62 - core::panicking::assert_failed::hfa98e72a4f3b706b
[INFO] [stdout]                                at /rustc/0e09125c6c3c2fd70d7de961bcf0e51575235fad/library/core/src/panicking.rs:297:5
[INFO] [stdout]   21:     0x55af62038cd3 - gitv::gitimp::tests::test_parse_commit::hafd0cc461b67dc35
[INFO] [stdout]                                at /opt/rustwide/workdir/src/gitimp.rs:491:9
[INFO] [stdout]   22:     0x55af62038717 - gitv::gitimp::tests::test_parse_commit::{{closure}}::h8cdfad21bb76d500
[INFO] [stdout]                                at /opt/rustwide/workdir/src/gitimp.rs:468:27
[INFO] [stdout]   23:     0x55af62020396 - core::ops::function::FnOnce::call_once::h92a7c65934a569e5
[INFO] [stdout]                                at /rustc/0e09125c6c3c2fd70d7de961bcf0e51575235fad/library/core/src/ops/function.rs:250:5
[INFO] [stdout]   24:     0x55af620a23ef - core::ops::function::FnOnce::call_once::hd64d26f405258157
[INFO] [stdout]                                at /rustc/0e09125c6c3c2fd70d7de961bcf0e51575235fad/library/core/src/ops/function.rs:250:5
[INFO] [stdout]   25:     0x55af620a23ef - test::__rust_begin_short_backtrace::he21b0b7a6d731bf9
[INFO] [stdout]                                at /rustc/0e09125c6c3c2fd70d7de961bcf0e51575235fad/library/test/src/lib.rs:627:18
[INFO] [stdout]   26:     0x55af620a1171 - test::run_test_in_process::{{closure}}::hf5c73986d7bdfde2
[INFO] [stdout]                                at /rustc/0e09125c6c3c2fd70d7de961bcf0e51575235fad/library/test/src/lib.rs:650:60
[INFO] [stdout]   27:     0x55af620a1171 - <core::panic::unwind_safe::AssertUnwindSafe<F> as core::ops::function::FnOnce<()>>::call_once::h330011ad032aadc0
[INFO] [stdout]                                at /rustc/0e09125c6c3c2fd70d7de961bcf0e51575235fad/library/core/src/panic/unwind_safe.rs:272:9
[INFO] [stdout]   28:     0x55af620a1171 - std::panicking::try::do_call::he61b0a958b795a41
[INFO] [stdout]                                at /rustc/0e09125c6c3c2fd70d7de961bcf0e51575235fad/library/std/src/panicking.rs:552:40
[INFO] [stdout]   29:     0x55af620a1171 - std::panicking::try::h7309da130f906eb7
[INFO] [stdout]                                at /rustc/0e09125c6c3c2fd70d7de961bcf0e51575235fad/library/std/src/panicking.rs:516:19
[INFO] [stdout]   30:     0x55af620a1171 - std::panic::catch_unwind::hc5c3a06fdaf0a92a
[INFO] [stdout]                                at /rustc/0e09125c6c3c2fd70d7de961bcf0e51575235fad/library/std/src/panic.rs:142:14
[INFO] [stdout]   31:     0x55af620a1171 - test::run_test_in_process::h7e7b7c71c3324e0f
[INFO] [stdout]                                at /rustc/0e09125c6c3c2fd70d7de961bcf0e51575235fad/library/test/src/lib.rs:650:27
[INFO] [stdout]   32:     0x55af620a1171 - test::run_test::{{closure}}::h1f509f28f5cf20b1
[INFO] [stdout]                                at /rustc/0e09125c6c3c2fd70d7de961bcf0e51575235fad/library/test/src/lib.rs:573:43
[INFO] [stdout]   33:     0x55af620684a6 - test::run_test::{{closure}}::h1754218abf443f6d
[INFO] [stdout]                                at /rustc/0e09125c6c3c2fd70d7de961bcf0e51575235fad/library/test/src/lib.rs:601:41
[INFO] [stdout]   34:     0x55af620684a6 - std::sys_common::backtrace::__rust_begin_short_backtrace::h2ee174b9d5954948
[INFO] [stdout]                                at /rustc/0e09125c6c3c2fd70d7de961bcf0e51575235fad/library/std/src/sys_common/backtrace.rs:155:18
[INFO] [stdout]   35:     0x55af6206d507 - std::thread::Builder::spawn_unchecked_::{{closure}}::{{closure}}::hf60bee9c1a17ef09
[INFO] [stdout]                                at /rustc/0e09125c6c3c2fd70d7de961bcf0e51575235fad/library/std/src/thread/mod.rs:529:17
[INFO] [stdout]   36:     0x55af6206d507 - <core::panic::unwind_safe::AssertUnwindSafe<F> as core::ops::function::FnOnce<()>>::call_once::h33d0dddec5216160
[INFO] [stdout]                                at /rustc/0e09125c6c3c2fd70d7de961bcf0e51575235fad/library/core/src/panic/unwind_safe.rs:272:9
[INFO] [stdout]   37:     0x55af6206d507 - std::panicking::try::do_call::h144b3048b546f835
[INFO] [stdout]                                at /rustc/0e09125c6c3c2fd70d7de961bcf0e51575235fad/library/std/src/panicking.rs:552:40
[INFO] [stdout]   38:     0x55af6206d507 - std::panicking::try::h978244d04646189f
[INFO] [stdout]                                at /rustc/0e09125c6c3c2fd70d7de961bcf0e51575235fad/library/std/src/panicking.rs:516:19
[INFO] [stdout]   39:     0x55af6206d507 - std::panic::catch_unwind::hdf436369d188fe86
[INFO] [stdout]                                at /rustc/0e09125c6c3c2fd70d7de961bcf0e51575235fad/library/std/src/panic.rs:142:14
[INFO] [stdout]   40:     0x55af6206d507 - std::thread::Builder::spawn_unchecked_::{{closure}}::h87329cbdd33c79ec
[INFO] [stdout]                                at /rustc/0e09125c6c3c2fd70d7de961bcf0e51575235fad/library/std/src/thread/mod.rs:528:30
[INFO] [stdout]   41:     0x55af6206d507 - core::ops::function::FnOnce::call_once{{vtable.shim}}::h401abbe67897d450
[INFO] [stdout]                                at /rustc/0e09125c6c3c2fd70d7de961bcf0e51575235fad/library/core/src/ops/function.rs:250:5
[INFO] [stdout]   42:     0x55af64138905 - <alloc::boxed::Box<F,A> as core::ops::function::FnOnce<Args>>::call_once::h5d7c8f150ab9c84c
[INFO] [stdout]                                at /rustc/0e09125c6c3c2fd70d7de961bcf0e51575235fad/library/alloc/src/boxed.rs:2015:9
[INFO] [stdout]   43:     0x55af64138905 - <alloc::boxed::Box<F,A> as core::ops::function::FnOnce<Args>>::call_once::h570d5b005c242c15
[INFO] [stdout]                                at /rustc/0e09125c6c3c2fd70d7de961bcf0e51575235fad/library/alloc/src/boxed.rs:2015:9
[INFO] [stdout]   44:     0x55af64138905 - std::sys::unix::thread::Thread::new::thread_start::h36b0a20c0b2361ad
[INFO] [stdout]                                at /rustc/0e09125c6c3c2fd70d7de961bcf0e51575235fad/library/std/src/sys/unix/thread.rs:108:17
[INFO] [stdout]   45:     0x7fc0b29dcac3 - <unknown>
[INFO] [stdout]   46:     0x7fc0b2a6dbf4 - __clone
[INFO] [stdout]   47:                0x0 - <unknown>
[INFO] [stdout] 
[INFO] [stdout] 
[INFO] [stdout] failures:
[INFO] [stdout]     gitimp::tests::test_parse_commit
[INFO] [stdout] 
[INFO] [stdout] test result: FAILED. 16 passed; 1 failed; 0 ignored; 0 measured; 0 filtered out; finished in 0.49s
[INFO] [stdout] 
[INFO] [stderr] error: test failed, to rerun pass `--bin gitv`
[INFO] running `Command { std: "docker" "inspect" "7eda9dbd77b28ad7b6531ce38b8e5fd9ddfb54870735c702639cd05068664684", kill_on_drop: false }`
[INFO] running `Command { std: "docker" "rm" "-f" "7eda9dbd77b28ad7b6531ce38b8e5fd9ddfb54870735c702639cd05068664684", kill_on_drop: false }`
[INFO] [stdout] 7eda9dbd77b28ad7b6531ce38b8e5fd9ddfb54870735c702639cd05068664684
