[INFO] fetching crate elements-miniscript 0.2.0...
[INFO] testing elements-miniscript-0.2.0 against 1.75.0 for beta-1.76-1
[INFO] extracting crate elements-miniscript 0.2.0 into /workspace/builds/worker-1-tc1/source
[INFO] validating manifest of crates.io crate elements-miniscript 0.2.0 on toolchain 1.75.0
[INFO] running `Command { std: CARGO_HOME="/workspace/cargo-home" RUSTUP_HOME="/workspace/rustup-home" "/workspace/cargo-home/bin/cargo" "+1.75.0" "metadata" "--manifest-path" "Cargo.toml" "--no-deps", kill_on_drop: false }`
[INFO] started tweaking crates.io crate elements-miniscript 0.2.0
[INFO] removed 0 missing examples
[INFO] finished tweaking crates.io crate elements-miniscript 0.2.0
[INFO] tweaked toml for crates.io crate elements-miniscript 0.2.0 written to /workspace/builds/worker-1-tc1/source/Cargo.toml
[INFO] crate crates.io crate elements-miniscript 0.2.0 already has a lockfile, it will not be regenerated
[INFO] running `Command { std: CARGO_HOME="/workspace/cargo-home" RUSTUP_HOME="/workspace/rustup-home" "/workspace/cargo-home/bin/cargo" "+1.75.0" "fetch" "--manifest-path" "Cargo.toml", kill_on_drop: false }`
[INFO] [stderr]     Updating crates.io index
[INFO] [stderr]  Downloading crates ...
[INFO] [stderr]   Downloaded slip21 v0.2.1
[INFO] [stderr]   Downloaded bitcoin v0.30.0
[INFO] [stderr]   Downloaded miniscript v10.0.0
[INFO] [stderr]   Downloaded serde_test v1.0.158
[INFO] [stderr]   Downloaded secp256k1-zkp-sys v0.8.0
[INFO] [stderr]   Downloaded secp256k1-zkp v0.9.1
[INFO] [stderr]   Downloaded elements v0.22.0
[INFO] running `Command { std: "docker" "create" "-v" "/var/lib/crater-agent-workspace/builds/worker-1-tc1/target:/opt/rustwide/target:rw,Z" "-v" "/var/lib/crater-agent-workspace/builds/worker-1-tc1/source:/opt/rustwide/workdir:ro,Z" "-v" "/var/lib/crater-agent-workspace/cargo-home:/opt/rustwide/cargo-home:ro,Z" "-v" "/var/lib/crater-agent-workspace/rustup-home:/opt/rustwide/rustup-home:ro,Z" "-e" "SOURCE_DIR=/opt/rustwide/workdir" "-e" "CARGO_TARGET_DIR=/opt/rustwide/target" "-e" "CARGO_HOME=/opt/rustwide/cargo-home" "-e" "RUSTUP_HOME=/opt/rustwide/rustup-home" "-w" "/opt/rustwide/workdir" "-m" "1610612736" "--user" "0:0" "--network" "none" "ghcr.io/rust-lang/crates-build-env/linux@sha256:2788e3201cd34a07e3172128adcd8b3090168a8e3bcc40d7c032b9dda1df7d1c" "/opt/rustwide/cargo-home/bin/cargo" "+1.75.0" "metadata" "--no-deps" "--format-version=1", kill_on_drop: false }`
[INFO] [stdout] a4ec7adf0fb9c448836b27c391e84b815ae48d1bbbf670e1b7dc2dbe67a4e2f6
[INFO] running `Command { std: "docker" "start" "-a" "a4ec7adf0fb9c448836b27c391e84b815ae48d1bbbf670e1b7dc2dbe67a4e2f6", kill_on_drop: false }`
[INFO] running `Command { std: "docker" "inspect" "a4ec7adf0fb9c448836b27c391e84b815ae48d1bbbf670e1b7dc2dbe67a4e2f6", kill_on_drop: false }`
[INFO] running `Command { std: "docker" "rm" "-f" "a4ec7adf0fb9c448836b27c391e84b815ae48d1bbbf670e1b7dc2dbe67a4e2f6", kill_on_drop: false }`
[INFO] [stdout] a4ec7adf0fb9c448836b27c391e84b815ae48d1bbbf670e1b7dc2dbe67a4e2f6
[INFO] running `Command { std: "docker" "create" "-v" "/var/lib/crater-agent-workspace/builds/worker-1-tc1/target:/opt/rustwide/target:rw,Z" "-v" "/var/lib/crater-agent-workspace/builds/worker-1-tc1/source:/opt/rustwide/workdir:ro,Z" "-v" "/var/lib/crater-agent-workspace/cargo-home:/opt/rustwide/cargo-home:ro,Z" "-v" "/var/lib/crater-agent-workspace/rustup-home:/opt/rustwide/rustup-home:ro,Z" "-e" "SOURCE_DIR=/opt/rustwide/workdir" "-e" "CARGO_TARGET_DIR=/opt/rustwide/target" "-e" "CARGO_INCREMENTAL=0" "-e" "RUST_BACKTRACE=full" "-e" "RUSTFLAGS=--cap-lints=warn" "-e" "RUSTDOCFLAGS=--cap-lints=warn" "-e" "CARGO_HOME=/opt/rustwide/cargo-home" "-e" "RUSTUP_HOME=/opt/rustwide/rustup-home" "-w" "/opt/rustwide/workdir" "-m" "1610612736" "--user" "0:0" "--network" "none" "ghcr.io/rust-lang/crates-build-env/linux@sha256:2788e3201cd34a07e3172128adcd8b3090168a8e3bcc40d7c032b9dda1df7d1c" "/opt/rustwide/cargo-home/bin/cargo" "+1.75.0" "build" "--frozen" "--message-format=json", kill_on_drop: false }`
[INFO] [stdout] 0f15acf7103f6cdd2b40166e268f0cc9c2dcb1b4cd5e328ae1a528db80c60973
[INFO] running `Command { std: "docker" "start" "-a" "0f15acf7103f6cdd2b40166e268f0cc9c2dcb1b4cd5e328ae1a528db80c60973", kill_on_drop: false }`
[INFO] [stderr]    Compiling libc v0.2.146
[INFO] [stderr]    Compiling cc v1.0.79
[INFO] [stderr]    Compiling cfg-if v1.0.0
[INFO] [stderr]    Compiling bitcoin-private v0.1.0
[INFO] [stderr]    Compiling ppv-lite86 v0.2.17
[INFO] [stderr]    Compiling hex_lit v0.1.1
[INFO] [stderr]    Compiling serde v1.0.156
[INFO] [stderr]    Compiling bitcoin v0.30.0
[INFO] [stderr]    Compiling base64 v0.13.1
[INFO] [stderr]    Compiling serde_json v1.0.94
[INFO] [stderr]    Compiling bech32 v0.9.1
[INFO] [stderr]    Compiling ryu v1.0.13
[INFO] [stderr]    Compiling bitcoin_hashes v0.11.0
[INFO] [stderr]    Compiling itoa v1.0.6
[INFO] [stderr]    Compiling bitcoin_hashes v0.12.0
[INFO] [stderr]    Compiling secp256k1-sys v0.8.1
[INFO] [stderr]    Compiling secp256k1-zkp-sys v0.8.0
[INFO] [stderr]    Compiling slip21 v0.2.1
[INFO] [stderr]    Compiling getrandom v0.2.8
[INFO] [stderr]    Compiling rand_core v0.6.4
[INFO] [stderr]    Compiling rand_chacha v0.3.1
[INFO] [stderr]    Compiling rand v0.8.5
[INFO] [stderr]    Compiling secp256k1 v0.27.0
[INFO] [stderr]    Compiling secp256k1-zkp v0.9.1
[INFO] [stderr]    Compiling elements v0.22.0
[INFO] [stderr]    Compiling miniscript v10.0.0
[INFO] [stderr]    Compiling elements-miniscript v0.2.0 (/opt/rustwide/workdir)
[INFO] [stdout] warning: unused import: `pub_macros::*`
[INFO] [stdout]    --> src/lib.rs:128:9
[INFO] [stdout]     |
[INFO] [stdout] 128 | pub use pub_macros::*;
[INFO] [stdout]     |         ^^^^^^^^^^^^^
[INFO] [stdout]     |
[INFO] [stdout]     = note: `#[warn(unused_imports)]` on by default
[INFO] [stdout] 
[INFO] [stdout] 
[INFO] [stdout] warning: 1 warning emitted
[INFO] [stdout] 
[INFO] [stdout] 
[INFO] [stderr]     Finished dev [unoptimized + debuginfo] target(s) in 21.05s
[INFO] running `Command { std: "docker" "inspect" "0f15acf7103f6cdd2b40166e268f0cc9c2dcb1b4cd5e328ae1a528db80c60973", kill_on_drop: false }`
[INFO] running `Command { std: "docker" "rm" "-f" "0f15acf7103f6cdd2b40166e268f0cc9c2dcb1b4cd5e328ae1a528db80c60973", kill_on_drop: false }`
[INFO] [stdout] 0f15acf7103f6cdd2b40166e268f0cc9c2dcb1b4cd5e328ae1a528db80c60973
[INFO] running `Command { std: "docker" "create" "-v" "/var/lib/crater-agent-workspace/builds/worker-1-tc1/target:/opt/rustwide/target:rw,Z" "-v" "/var/lib/crater-agent-workspace/builds/worker-1-tc1/source:/opt/rustwide/workdir:ro,Z" "-v" "/var/lib/crater-agent-workspace/cargo-home:/opt/rustwide/cargo-home:ro,Z" "-v" "/var/lib/crater-agent-workspace/rustup-home:/opt/rustwide/rustup-home:ro,Z" "-e" "SOURCE_DIR=/opt/rustwide/workdir" "-e" "CARGO_TARGET_DIR=/opt/rustwide/target" "-e" "CARGO_INCREMENTAL=0" "-e" "RUST_BACKTRACE=full" "-e" "RUSTFLAGS=--cap-lints=warn" "-e" "RUSTDOCFLAGS=--cap-lints=warn" "-e" "CARGO_HOME=/opt/rustwide/cargo-home" "-e" "RUSTUP_HOME=/opt/rustwide/rustup-home" "-w" "/opt/rustwide/workdir" "-m" "1610612736" "--user" "0:0" "--network" "none" "ghcr.io/rust-lang/crates-build-env/linux@sha256:2788e3201cd34a07e3172128adcd8b3090168a8e3bcc40d7c032b9dda1df7d1c" "/opt/rustwide/cargo-home/bin/cargo" "+1.75.0" "test" "--frozen" "--no-run" "--message-format=json", kill_on_drop: false }`
[INFO] [stdout] 70fd51421fbcbfd7d29d6ae79242e052d888e2902d4af2593bef9a6eeff06ac5
[INFO] running `Command { std: "docker" "start" "-a" "70fd51421fbcbfd7d29d6ae79242e052d888e2902d4af2593bef9a6eeff06ac5", kill_on_drop: false }`
[INFO] [stderr]    Compiling serde_test v1.0.158
[INFO] [stdout] warning: unused import: `pub_macros::*`
[INFO] [stdout]    --> src/lib.rs:128:9
[INFO] [stdout]     |
[INFO] [stdout] 128 | pub use pub_macros::*;
[INFO] [stdout]     |         ^^^^^^^^^^^^^
[INFO] [stdout]     |
[INFO] [stdout]     = note: `#[warn(unused_imports)]` on by default
[INFO] [stdout] 
[INFO] [stdout] 
[INFO] [stdout] warning: 1 warning emitted
[INFO] [stdout] 
[INFO] [stdout] 
[INFO] [stderr]    Compiling elements-miniscript v0.2.0 (/opt/rustwide/workdir)
[INFO] [stdout] warning: unused import: `pub_macros::*`
[INFO] [stdout]    --> src/lib.rs:128:9
[INFO] [stdout]     |
[INFO] [stdout] 128 | pub use pub_macros::*;
[INFO] [stdout]     |         ^^^^^^^^^^^^^
[INFO] [stdout]     |
[INFO] [stdout]     = note: `#[warn(unused_imports)]` on by default
[INFO] [stdout] 
[INFO] [stdout] 
[INFO] [stderr] error: could not compile `elements-miniscript` (lib test); 1 warning emitted
[INFO] [stderr] 
[INFO] [stderr] Caused by:
[INFO] [stderr]   process didn't exit successfully: `/opt/rustwide/rustup-home/toolchains/1.75.0-x86_64-unknown-linux-gnu/bin/rustc --crate-name elements_miniscript --edition=2018 src/lib.rs --error-format=json --json=diagnostic-rendered-ansi,artifacts,future-incompat --emit=dep-info,link -C embed-bitcode=no -C debuginfo=2 --test -C metadata=b3aa19c7f69420b6 -C extra-filename=-b3aa19c7f69420b6 --out-dir /opt/rustwide/target/debug/deps -L dependency=/opt/rustwide/target/debug/deps --extern actual_base64=/opt/rustwide/target/debug/deps/libbase64-b09bba5046b087ce.rlib --extern bitcoin=/opt/rustwide/target/debug/deps/libbitcoin-4761ad6bb6ab9e09.rlib --extern elements=/opt/rustwide/target/debug/deps/libelements-f4e2775b5f604630.rlib --extern bitcoin_miniscript=/opt/rustwide/target/debug/deps/libminiscript-b3903f501c32e0f0.rlib --extern actual_rand=/opt/rustwide/target/debug/deps/librand-d79b218d2d1f5c92.rlib --extern secp256k1=/opt/rustwide/target/debug/deps/libsecp256k1-e1588696d678792c.rlib --extern serde_json=/opt/rustwide/target/debug/deps/libserde_json-5209e96a374ebfb1.rlib --extern serde_test=/opt/rustwide/target/debug/deps/libserde_test-836edd138e30174e.rlib --cap-lints=warn -L native=/opt/rustwide/target/debug/build/secp256k1-sys-6328a7966a97e8db/out -L native=/opt/rustwide/target/debug/build/secp256k1-zkp-sys-28a29722e2afef3c/out` (signal: 9, SIGKILL: kill)
[INFO] [stderr] warning: build failed, waiting for other jobs to finish...
[INFO] running `Command { std: "docker" "inspect" "70fd51421fbcbfd7d29d6ae79242e052d888e2902d4af2593bef9a6eeff06ac5", kill_on_drop: false }`
[INFO] running `Command { std: "docker" "rm" "-f" "70fd51421fbcbfd7d29d6ae79242e052d888e2902d4af2593bef9a6eeff06ac5", kill_on_drop: false }`
[INFO] [stdout] 70fd51421fbcbfd7d29d6ae79242e052d888e2902d4af2593bef9a6eeff06ac5
[INFO] testing elements-miniscript-0.2.0 against beta-2023-12-22 for beta-1.76-1
[INFO] extracting crate elements-miniscript 0.2.0 into /workspace/builds/worker-1-tc2/source
[INFO] validating manifest of crates.io crate elements-miniscript 0.2.0 on toolchain beta-2023-12-22
[INFO] running `Command { std: CARGO_HOME="/workspace/cargo-home" RUSTUP_HOME="/workspace/rustup-home" "/workspace/cargo-home/bin/cargo" "+beta-2023-12-22" "metadata" "--manifest-path" "Cargo.toml" "--no-deps", kill_on_drop: false }`
[INFO] started tweaking crates.io crate elements-miniscript 0.2.0
[INFO] removed 0 missing examples
[INFO] finished tweaking crates.io crate elements-miniscript 0.2.0
[INFO] tweaked toml for crates.io crate elements-miniscript 0.2.0 written to /workspace/builds/worker-1-tc2/source/Cargo.toml
[INFO] crate crates.io crate elements-miniscript 0.2.0 already has a lockfile, it will not be regenerated
[INFO] running `Command { std: CARGO_HOME="/workspace/cargo-home" RUSTUP_HOME="/workspace/rustup-home" "/workspace/cargo-home/bin/cargo" "+beta-2023-12-22" "fetch" "--manifest-path" "Cargo.toml", kill_on_drop: false }`
[INFO] running `Command { std: "docker" "create" "-v" "/var/lib/crater-agent-workspace/builds/worker-1-tc2/target:/opt/rustwide/target:rw,Z" "-v" "/var/lib/crater-agent-workspace/builds/worker-1-tc2/source:/opt/rustwide/workdir:ro,Z" "-v" "/var/lib/crater-agent-workspace/cargo-home:/opt/rustwide/cargo-home:ro,Z" "-v" "/var/lib/crater-agent-workspace/rustup-home:/opt/rustwide/rustup-home:ro,Z" "-e" "SOURCE_DIR=/opt/rustwide/workdir" "-e" "CARGO_TARGET_DIR=/opt/rustwide/target" "-e" "CARGO_HOME=/opt/rustwide/cargo-home" "-e" "RUSTUP_HOME=/opt/rustwide/rustup-home" "-w" "/opt/rustwide/workdir" "-m" "1610612736" "--user" "0:0" "--network" "none" "ghcr.io/rust-lang/crates-build-env/linux@sha256:2788e3201cd34a07e3172128adcd8b3090168a8e3bcc40d7c032b9dda1df7d1c" "/opt/rustwide/cargo-home/bin/cargo" "+beta-2023-12-22" "metadata" "--no-deps" "--format-version=1", kill_on_drop: false }`
[INFO] [stdout] 067de855934a1ef29b0f388cc4ad3f752860f65627af868c9584178d244c587a
[INFO] running `Command { std: "docker" "start" "-a" "067de855934a1ef29b0f388cc4ad3f752860f65627af868c9584178d244c587a", kill_on_drop: false }`
[INFO] running `Command { std: "docker" "inspect" "067de855934a1ef29b0f388cc4ad3f752860f65627af868c9584178d244c587a", kill_on_drop: false }`
[INFO] running `Command { std: "docker" "rm" "-f" "067de855934a1ef29b0f388cc4ad3f752860f65627af868c9584178d244c587a", kill_on_drop: false }`
[INFO] [stdout] 067de855934a1ef29b0f388cc4ad3f752860f65627af868c9584178d244c587a
[INFO] running `Command { std: "docker" "create" "-v" "/var/lib/crater-agent-workspace/builds/worker-1-tc2/target:/opt/rustwide/target:rw,Z" "-v" "/var/lib/crater-agent-workspace/builds/worker-1-tc2/source:/opt/rustwide/workdir:ro,Z" "-v" "/var/lib/crater-agent-workspace/cargo-home:/opt/rustwide/cargo-home:ro,Z" "-v" "/var/lib/crater-agent-workspace/rustup-home:/opt/rustwide/rustup-home:ro,Z" "-e" "SOURCE_DIR=/opt/rustwide/workdir" "-e" "CARGO_TARGET_DIR=/opt/rustwide/target" "-e" "CARGO_INCREMENTAL=0" "-e" "RUST_BACKTRACE=full" "-e" "RUSTFLAGS=--cap-lints=warn" "-e" "RUSTDOCFLAGS=--cap-lints=warn" "-e" "CARGO_HOME=/opt/rustwide/cargo-home" "-e" "RUSTUP_HOME=/opt/rustwide/rustup-home" "-w" "/opt/rustwide/workdir" "-m" "1610612736" "--user" "0:0" "--network" "none" "ghcr.io/rust-lang/crates-build-env/linux@sha256:2788e3201cd34a07e3172128adcd8b3090168a8e3bcc40d7c032b9dda1df7d1c" "/opt/rustwide/cargo-home/bin/cargo" "+beta-2023-12-22" "build" "--frozen" "--message-format=json", kill_on_drop: false }`
[INFO] [stdout] 80ed93e05e0d7de4771a9d5a6c0f397290ff049f39926f79b1d2447c76f91131
[INFO] running `Command { std: "docker" "start" "-a" "80ed93e05e0d7de4771a9d5a6c0f397290ff049f39926f79b1d2447c76f91131", kill_on_drop: false }`
[INFO] [stderr]    Compiling cc v1.0.79
[INFO] [stderr]    Compiling libc v0.2.146
[INFO] [stderr]    Compiling cfg-if v1.0.0
[INFO] [stderr]    Compiling bitcoin-private v0.1.0
[INFO] [stderr]    Compiling ppv-lite86 v0.2.17
[INFO] [stderr]    Compiling hex_lit v0.1.1
[INFO] [stderr]    Compiling bitcoin v0.30.0
[INFO] [stderr]    Compiling serde v1.0.156
[INFO] [stderr]    Compiling bech32 v0.9.1
[INFO] [stderr]    Compiling base64 v0.13.1
[INFO] [stderr]    Compiling serde_json v1.0.94
[INFO] [stderr]    Compiling ryu v1.0.13
[INFO] [stderr]    Compiling bitcoin_hashes v0.11.0
[INFO] [stderr]    Compiling itoa v1.0.6
[INFO] [stderr]    Compiling bitcoin_hashes v0.12.0
[INFO] [stderr]    Compiling secp256k1-sys v0.8.1
[INFO] [stderr]    Compiling secp256k1-zkp-sys v0.8.0
[INFO] [stderr]    Compiling getrandom v0.2.8
[INFO] [stderr]    Compiling slip21 v0.2.1
[INFO] [stderr]    Compiling rand_core v0.6.4
[INFO] [stderr]    Compiling rand_chacha v0.3.1
[INFO] [stderr]    Compiling rand v0.8.5
[INFO] [stderr]    Compiling secp256k1 v0.27.0
[INFO] [stderr]    Compiling secp256k1-zkp v0.9.1
[INFO] [stderr]    Compiling miniscript v10.0.0
[INFO] [stderr]    Compiling elements v0.22.0
[INFO] [stderr]    Compiling elements-miniscript v0.2.0 (/opt/rustwide/workdir)
[INFO] [stdout] warning: unused import: `pub_macros::*`
[INFO] [stdout]    --> src/lib.rs:128:9
[INFO] [stdout]     |
[INFO] [stdout] 128 | pub use pub_macros::*;
[INFO] [stdout]     |         ^^^^^^^^^^^^^
[INFO] [stdout]     |
[INFO] [stdout]     = note: `#[warn(unused_imports)]` on by default
[INFO] [stdout] 
[INFO] [stdout] 
[INFO] [stdout] warning: 1 warning emitted
[INFO] [stdout] 
[INFO] [stdout] 
[INFO] [stderr]     Finished dev [unoptimized + debuginfo] target(s) in 27.91s
[INFO] running `Command { std: "docker" "inspect" "80ed93e05e0d7de4771a9d5a6c0f397290ff049f39926f79b1d2447c76f91131", kill_on_drop: false }`
[INFO] running `Command { std: "docker" "rm" "-f" "80ed93e05e0d7de4771a9d5a6c0f397290ff049f39926f79b1d2447c76f91131", kill_on_drop: false }`
[INFO] [stdout] 80ed93e05e0d7de4771a9d5a6c0f397290ff049f39926f79b1d2447c76f91131
[INFO] running `Command { std: "docker" "create" "-v" "/var/lib/crater-agent-workspace/builds/worker-1-tc2/target:/opt/rustwide/target:rw,Z" "-v" "/var/lib/crater-agent-workspace/builds/worker-1-tc2/source:/opt/rustwide/workdir:ro,Z" "-v" "/var/lib/crater-agent-workspace/cargo-home:/opt/rustwide/cargo-home:ro,Z" "-v" "/var/lib/crater-agent-workspace/rustup-home:/opt/rustwide/rustup-home:ro,Z" "-e" "SOURCE_DIR=/opt/rustwide/workdir" "-e" "CARGO_TARGET_DIR=/opt/rustwide/target" "-e" "CARGO_INCREMENTAL=0" "-e" "RUST_BACKTRACE=full" "-e" "RUSTFLAGS=--cap-lints=warn" "-e" "RUSTDOCFLAGS=--cap-lints=warn" "-e" "CARGO_HOME=/opt/rustwide/cargo-home" "-e" "RUSTUP_HOME=/opt/rustwide/rustup-home" "-w" "/opt/rustwide/workdir" "-m" "1610612736" "--user" "0:0" "--network" "none" "ghcr.io/rust-lang/crates-build-env/linux@sha256:2788e3201cd34a07e3172128adcd8b3090168a8e3bcc40d7c032b9dda1df7d1c" "/opt/rustwide/cargo-home/bin/cargo" "+beta-2023-12-22" "test" "--frozen" "--no-run" "--message-format=json", kill_on_drop: false }`
[INFO] [stdout] f9ba70167a1c7bb08f77d0d2bd39f53b11c0ab011adda4b2604513abb46a38c2
[INFO] running `Command { std: "docker" "start" "-a" "f9ba70167a1c7bb08f77d0d2bd39f53b11c0ab011adda4b2604513abb46a38c2", kill_on_drop: false }`
[INFO] [stderr]    Compiling serde_test v1.0.158
[INFO] [stdout] warning: unused import: `pub_macros::*`
[INFO] [stdout]    --> src/lib.rs:128:9
[INFO] [stdout]     |
[INFO] [stdout] 128 | pub use pub_macros::*;
[INFO] [stdout]     |         ^^^^^^^^^^^^^
[INFO] [stdout]     |
[INFO] [stdout]     = note: `#[warn(unused_imports)]` on by default
[INFO] [stdout] 
[INFO] [stdout] 
[INFO] [stdout] warning: 1 warning emitted
[INFO] [stdout] 
[INFO] [stdout] 
[INFO] [stderr]    Compiling elements-miniscript v0.2.0 (/opt/rustwide/workdir)
[INFO] [stdout] warning: unused import: `pub_macros::*`
[INFO] [stdout]    --> src/lib.rs:128:9
[INFO] [stdout]     |
[INFO] [stdout] 128 | pub use pub_macros::*;
[INFO] [stdout]     |         ^^^^^^^^^^^^^
[INFO] [stdout]     |
[INFO] [stdout]     = note: `#[warn(unused_imports)]` on by default
[INFO] [stdout] 
[INFO] [stdout] 
[INFO] [stdout] warning: 1 warning emitted
[INFO] [stdout] 
[INFO] [stdout] 
[INFO] [stderr]     Finished test [unoptimized + debuginfo] target(s) in 18.98s
[INFO] running `Command { std: "docker" "inspect" "f9ba70167a1c7bb08f77d0d2bd39f53b11c0ab011adda4b2604513abb46a38c2", kill_on_drop: false }`
[INFO] running `Command { std: "docker" "rm" "-f" "f9ba70167a1c7bb08f77d0d2bd39f53b11c0ab011adda4b2604513abb46a38c2", kill_on_drop: false }`
[INFO] [stdout] f9ba70167a1c7bb08f77d0d2bd39f53b11c0ab011adda4b2604513abb46a38c2
[INFO] running `Command { std: "docker" "create" "-v" "/var/lib/crater-agent-workspace/builds/worker-1-tc2/target:/opt/rustwide/target:rw,Z" "-v" "/var/lib/crater-agent-workspace/builds/worker-1-tc2/source:/opt/rustwide/workdir:ro,Z" "-v" "/var/lib/crater-agent-workspace/cargo-home:/opt/rustwide/cargo-home:ro,Z" "-v" "/var/lib/crater-agent-workspace/rustup-home:/opt/rustwide/rustup-home:ro,Z" "-e" "SOURCE_DIR=/opt/rustwide/workdir" "-e" "CARGO_TARGET_DIR=/opt/rustwide/target" "-e" "CARGO_INCREMENTAL=0" "-e" "RUST_BACKTRACE=full" "-e" "RUSTFLAGS=--cap-lints=warn" "-e" "RUSTDOCFLAGS=--cap-lints=warn" "-e" "CARGO_HOME=/opt/rustwide/cargo-home" "-e" "RUSTUP_HOME=/opt/rustwide/rustup-home" "-w" "/opt/rustwide/workdir" "-m" "1610612736" "--user" "0:0" "--network" "none" "ghcr.io/rust-lang/crates-build-env/linux@sha256:2788e3201cd34a07e3172128adcd8b3090168a8e3bcc40d7c032b9dda1df7d1c" "/opt/rustwide/cargo-home/bin/cargo" "+beta-2023-12-22" "test" "--frozen", kill_on_drop: false }`
[INFO] [stdout] 991db72e631b6c7b00b2543f41278dae639aa753a5f2d3c58b0bee6ea5f57896
[INFO] running `Command { std: "docker" "start" "-a" "991db72e631b6c7b00b2543f41278dae639aa753a5f2d3c58b0bee6ea5f57896", kill_on_drop: false }`
[INFO] [stderr] warning: unused import: `pub_macros::*`
[INFO] [stderr]    --> src/lib.rs:128:9
[INFO] [stderr]     |
[INFO] [stderr] 128 | pub use pub_macros::*;
[INFO] [stderr]     |         ^^^^^^^^^^^^^
[INFO] [stderr]     |
[INFO] [stderr]     = note: `#[warn(unused_imports)]` on by default
[INFO] [stderr] 
[INFO] [stderr] warning: `elements-miniscript` (lib) generated 1 warning (run `cargo fix --lib -p elements-miniscript` to apply 1 suggestion)
[INFO] [stderr] warning: `elements-miniscript` (lib test) generated 1 warning (1 duplicate)
[INFO] [stderr]     Finished test [unoptimized + debuginfo] target(s) in 0.02s
[INFO] [stderr]      Running unittests src/lib.rs (/opt/rustwide/target/debug/deps/elements_miniscript-f5882e4ca5c1a6ac)
[INFO] [stdout] 
[INFO] [stdout] running 100 tests
[INFO] [stdout] test descriptor::checksum::test::test_desc_checksum_invalid_character ... ok
[INFO] [stdout] test descriptor::checksum::test::test_valid_descriptor_checksum ... ok
[INFO] [stdout] test descriptor::csfs_cov::tests::test_sanity_check_limits ... ok
[INFO] [stdout] test descriptor::csfs_cov::tests::fund_output ... ok
[INFO] [stdout] test descriptor::key::test::parse_descriptor_secret_key_error ... ok
[INFO] [stdout] test descriptor::key::test::parse_descriptor_key_errors ... ok
[INFO] [stdout] test descriptor::csfs_cov::tests::parse_cov ... ok
[INFO] [stdout] test descriptor::key::test::test_master_fingerprint ... ok
[INFO] [stdout] test descriptor::sortedmulti::tests::too_many_pubkeys ... ok
[INFO] [stdout] test descriptor::tests::after_is_cltv ... ok
[INFO] [stdout] test descriptor::key::test::test_wildcard ... ok
[INFO] [stdout] test descriptor::tests::empty_thresh ... ok
[INFO] [stdout] test descriptor::tests::roundtrip_tests ... ok
[INFO] [stdout] test descriptor::tests::older_is_csv ... ok
[INFO] [stdout] test descriptor::tests::desc_rtt_tests ... ok
[INFO] [stdout] test descriptor::csfs_cov::tests::spend_tx ... ok
[INFO] [stdout] test descriptor::tests::parse_descriptor ... ok
[INFO] [stdout] test descriptor::tests::display_alternate ... ok
[INFO] [stdout] test descriptor::tests::checksum_for_nested_sh ... ok
[INFO] [stdout] test descriptor::tests::script_pubkey ... ok
[INFO] [stdout] test descriptor::tests::test_regression_29 ... ok
[INFO] [stdout] test descriptor::tests::satisfy ... ok
[INFO] [stdout] test descriptor::tests::test_scriptcode ... ok
[INFO] [stdout] test descriptor::tests::parse_descriptor_key ... ok
[INFO] [stdout] test descriptor::csfs_cov::tests::script_encode_test ... ok
[INFO] [stdout] test descriptor::tests::tr_roundtrip_key ... ok
[INFO] [stdout] test descriptor::tests::parse_with_secrets ... ok
[INFO] [stdout] test descriptor::key::test::test_deriv_on_xprv ... ok
[INFO] [stdout] test descriptor::tests::tr_roundtrip_script ... ok
[INFO] [stdout] test descriptor::tests::test_xonly_keys ... ok
[INFO] [stdout] test expression::tests::test_parse_num ... ok
[INFO] [stdout] test descriptor::tests::witness_stack_for_andv_is_arranged_in_correct_order ... ok
[INFO] [stdout] test descriptor::tr::tests::test_for_each ... ok
[INFO] [stdout] test descriptor::tests::tr_script_pubkey ... ok
[INFO] [stdout] test descriptor::tests::tr_roundtrip_tree ... ok
[INFO] [stdout] test extensions::arith::tests::test_fuji_fixed_signs ... ok
[INFO] [stdout] test descriptor::csfs_cov::tests::satisfy_and_interpret ... ok
[INFO] [stdout] test extensions::arith::tests::test_index_ops_with_arith ... ok
[INFO] [stdout] test descriptor::tests::multipath_descriptors ... ok
[INFO] [stdout] test extensions::tx_ver::tests::test_ver_eq ... ok
[INFO] [stdout] test extensions::introspect_ops::tests::options_fail_test ... ok
[INFO] [stdout] test descriptor::key::test::multipath_extended_keys ... ok
[INFO] [stdout] test extensions::csfs::tests::test_csfs ... ok
[INFO] [stdout] test interpreter::inner::tests::pubkey_pk ... ok
[INFO] [stdout] test descriptor::tests::test_parse_descriptor ... ok
[INFO] [stdout] test interpreter::inner::tests::pubkey_pkh ... ok
[INFO] [stdout] test interpreter::inner::tests::pubkey_sh_wpkh ... ok
[INFO] [stdout] test extensions::outputs_pref::tests::test_outputs_pref ... ok
[INFO] [stdout] test interpreter::inner::tests::script_bare ... ok
[INFO] [stdout] test interpreter::inner::tests::pubkey_wpkh ... ok
[INFO] [stdout] test extensions::introspect_ops::tests::test_index_ops ... ok
[INFO] [stdout] test interpreter::inner::tests::script_wsh ... ok
[INFO] [stdout] test interpreter::inner::tests::script_sh_wsh ... ok
[INFO] [stdout] test interpreter::inner::tests::script_sh ... ok
[INFO] [stdout] test descriptor::tests::test_find_derivation_index_for_spk ... ok
[INFO] [stdout] test miniscript::tests::expr_features ... ok
[INFO] [stdout] test miniscript::tests::cov_script_rtt ... ok
[INFO] [stdout] test miniscript::tests::deserialize ... ok
[INFO] [stdout] test miniscript::tests::basic ... ok
[INFO] [stdout] test descriptor::tests::test_sortedmulti ... ok
[INFO] [stdout] test miniscript::tests::non_ascii ... ok
[INFO] [stdout] test miniscript::tests::recursive_key_parsing ... ok
[INFO] [stdout] test miniscript::tests::tr_multi_a_j_wrapper ... ok
[INFO] [stdout] test miniscript::tests::pk_alias ... ok
[INFO] [stdout] test extensions::introspect_ops::tests::cov_parse ... ok
[INFO] [stdout] test extensions::arith::tests::arith_parse ... ok
[INFO] [stdout] test miniscript::tests::true_false ... ok
[INFO] [stdout] test miniscript::iter::test::find_keys ... ok
[INFO] [stdout] test miniscript::types::extra_props::tests::combine_threshold ... ok
[INFO] [stdout] test miniscript::tests::verify_parse ... ok
[INFO] [stdout] test policy::semantic::tests::entailment_escrow ... ok
[INFO] [stdout] test policy::tests::compile_invalid ... ok
[INFO] [stdout] test miniscript::tests::all_attribute_tests ... ok
[INFO] [stdout] test policy::semantic::tests::parse_policy_err ... ok
[INFO] [stdout] test miniscript::tests::test_tapscript_rtt ... ok
[INFO] [stdout] test policy::semantic::tests::semantic_analysis ... ok
[INFO] [stdout] test policy::tests::policy_rtt_tests ... ok
[INFO] [stdout] test policy::tests::test_timelock_validity ... ok
[INFO] [stdout] test miniscript::tests::decode_bug_cpp_review ... ok
[INFO] [stdout] test policy::tests::lift_andor ... ok
[INFO] [stdout] test miniscript::tests::multi_a_tests ... ok
[INFO] [stdout] test policy::tests::heavy_nest ... ok
[INFO] [stdout] test tests::regression_bitcoin_key_hash ... ok
[INFO] [stdout] test miniscript::tests::serialize ... ok
[INFO] [stdout] test tests::regression_xonly_key_hash ... ok
[INFO] [stdout] test psbt::tests::test_update_output_checks ... ok
[INFO] [stdout] test psbt::tests::test_update_item_tr_no_script ... ok
[INFO] [stdout] test tests::regression_secp256k1_key_hash ... ok
[INFO] [stdout] test psbt::tests::test_update_input_checks ... ok
[INFO] [stdout] test psbt::tests::test_finalize_psbt ... ok
[INFO] [stdout] test psbt::tests::test_extract_psbt ... ok
[INFO] [stdout] test psbt::tests::test_update_item_tr_with_tapscript ... ok
[INFO] [stdout] test interpreter::tests::sat_constraints ... ok
[INFO] [stdout] test psbt::tests::test_update_item_non_tr_multi ... ok
[INFO] [stdout] test miniscript::ms_tests::tests::conflict_tests_from_alloy ... ok
[INFO] [stdout] test miniscript::ms_tests::tests::invalid_tests_from_alloy ... ok
[INFO] [stdout] test miniscript::ms_tests::tests::mall_8f1e8_tests_from_alloy ... ok
[INFO] [stdout] test miniscript::ms_tests::tests::main_tests_from_alloy ... ok
[INFO] [stdout] test miniscript::ms_tests::tests::malleable_tests_from_alloy ... ok
[INFO] [stdout] test policy::semantic::tests::entailment_liquid_test ... ok
[INFO] [stdout] 
[INFO] [stdout] test result: ok. 100 passed; 0 failed; 0 ignored; 0 measured; 0 filtered out; finished in 0.22s
[INFO] [stdout] 
[INFO] [stderr]    Doc-tests elements-miniscript
[INFO] [stdout] 
[INFO] [stdout] running 10 tests
[INFO] [stdout] test src/descriptor/mod.rs - descriptor::Descriptor<Pk,Ext>::max_weight_to_satisfy (line 475) ... ignored
[INFO] [stdout] test src/descriptor/mod.rs - descriptor::Descriptor<Pk,Ext>::max_weight_to_satisfy (line 486) ... ignored
[INFO] [stdout] test src/miniscript/mod.rs - miniscript::Miniscript<Ctx::Key,Ctx,Ext>::parse (line 199) ... FAILED
[INFO] [stdout] test src/descriptor/key.rs - descriptor::key::DescriptorXKey<K>::matches (line 900) ... ok
[INFO] [stdout] test src/policy/semantic.rs - policy::semantic::Policy<Pk>::translate_pk (line 87) ... ok
[INFO] [stdout] test src/policy/concrete.rs - policy::concrete::Policy<Pk>::translate_pk (line 688) ... ok
[INFO] [stdout] test src/pub_macros.rs - pub_macros::translate_hash_fail (line 12) ... ok
[INFO] [stdout] test src/lib.rs - (line 48) ... ok
[INFO] [stdout] test src/descriptor/mod.rs - descriptor::Descriptor<DefiniteDescriptorKey,Ext>::derived_descriptor (line 1145) ... ok
[INFO] [stdout] test src/descriptor/mod.rs - descriptor::Descriptor<DescriptorPublicKey,Ext>::derived_descriptor (line 866) ... ok
[INFO] [stdout] 
[INFO] [stdout] failures:
[INFO] [stdout] 
[INFO] [stdout] ---- src/miniscript/mod.rs - miniscript::Miniscript<Ctx::Key,Ctx,Ext>::parse (line 199) stdout ----
[INFO] [stdout] error: linking with `cc` failed: exit status: 1
[INFO] [stdout]   |
[INFO] [stdout]   = note: LC_ALL="C" PATH="/opt/rustwide/rustup-home/toolchains/beta-2023-12-22-x86_64-unknown-linux-gnu/lib/rustlib/x86_64-unknown-linux-gnu/bin:/opt/rustwide/cargo-home/bin:/usr/local/sbin:/usr/local/bin:/usr/sbin:/usr/bin:/sbin:/bin" VSLANG="1033" "cc" "-m64" "/tmp/rustcI1rlI8/symbols.o" "/tmp/rustdoctestOHC7Yq/rust_out.rust_out.1380c8ea7c88b8e2-cgu.0.rcgu.o" "/tmp/rustdoctestOHC7Yq/rust_out.3lr6z6385pynyhem.rcgu.o" "-Wl,--as-needed" "-L" "/opt/rustwide/target/debug/deps" "-L" "/opt/rustwide/target/debug/deps" "-L" "/opt/rustwide/target/debug/build/secp256k1-sys-0221d47a05b265c7/out" "-L" "/opt/rustwide/target/debug/build/secp256k1-zkp-sys-4ab44f21c41da279/out" "-L" "/opt/rustwide/rustup-home/toolchains/beta-2023-12-22-x86_64-unknown-linux-gnu/lib/rustlib/x86_64-unknown-linux-gnu/lib" "-Wl,-Bstatic" "/opt/rustwide/target/debug/deps/libelements_miniscript-5370aca749f08344.rlib" "/opt/rustwide/target/debug/deps/libminiscript-e3bcf7fcc4888d2a.rlib" "/opt/rustwide/target/debug/deps/libelements-a328ed35793d126b.rlib" "/opt/rustwide/target/debug/deps/libserde_json-febcb54150a11f4b.rlib" "/opt/rustwide/target/debug/deps/libryu-ce09991353a76c10.rlib" "/opt/rustwide/target/debug/deps/libitoa-780f6737fc9d34ad.rlib" "/opt/rustwide/target/debug/deps/libserde-cafb34b9f7b0b532.rlib" "/opt/rustwide/target/debug/deps/libsecp256k1_zkp-c9993ecfe0f690b4.rlib" "/opt/rustwide/target/debug/deps/libsecp256k1_zkp_sys-95d96ee52c60b064.rlib" "/opt/rustwide/target/debug/deps/libslip21-e5ae8a0836d2f9da.rlib" "/opt/rustwide/target/debug/deps/libbitcoin_hashes-b74d86a9a5e49482.rlib" "/opt/rustwide/target/debug/deps/libbitcoin-0298eacd156c38fc.rlib" "/opt/rustwide/target/debug/deps/libhex_lit-42c19d2088410f33.rlib" "/opt/rustwide/target/debug/deps/libsecp256k1-d89b381ce6b3df36.rlib" "/opt/rustwide/target/debug/deps/librand-cca6b2588e9e9121.rlib" "/opt/rustwide/target/debug/deps/librand_chacha-e0427f9deeebc35e.rlib" "/opt/rustwide/target/debug/deps/libppv_lite86-db48c90fa293bcfe.rlib" "/opt/rustwide/target/debug/deps/librand_core-56fb15183860bcdd.rlib" "/opt/rustwide/target/debug/deps/libgetrandom-8b19c04a3de194d8.rlib" "/opt/rustwide/target/debug/deps/liblibc-9843d29803cfbce8.rlib" "/opt/rustwide/target/debug/deps/libcfg_if-e7002d307f97bc56.rlib" "/opt/rustwide/target/debug/deps/libsecp256k1_sys-27fede8ca978c2ef.rlib" "/opt/rustwide/target/debug/deps/libbitcoin_hashes-1042046cf130881b.rlib" "/opt/rustwide/target/debug/deps/libbitcoin_private-7a8aff58b5afc31d.rlib" "/opt/rustwide/target/debug/deps/libbech32-ae7e3b41e3257d87.rlib" "/opt/rustwide/target/debug/deps/libbase64-fca76a9e376e88b4.rlib" "/opt/rustwide/rustup-home/toolchains/beta-2023-12-22-x86_64-unknown-linux-gnu/lib/rustlib/x86_64-unknown-linux-gnu/lib/libstd-0672489a78b613de.rlib" "/opt/rustwide/rustup-home/toolchains/beta-2023-12-22-x86_64-unknown-linux-gnu/lib/rustlib/x86_64-unknown-linux-gnu/lib/libpanic_unwind-7eb3ffc34a49f675.rlib" "/opt/rustwide/rustup-home/toolchains/beta-2023-12-22-x86_64-unknown-linux-gnu/lib/rustlib/x86_64-unknown-linux-gnu/lib/libobject-6478a9daa4bee8e2.rlib" "/opt/rustwide/rustup-home/toolchains/beta-2023-12-22-x86_64-unknown-linux-gnu/lib/rustlib/x86_64-unknown-linux-gnu/lib/libmemchr-0c75d871a5c3923d.rlib" "/opt/rustwide/rustup-home/toolchains/beta-2023-12-22-x86_64-unknown-linux-gnu/lib/rustlib/x86_64-unknown-linux-gnu/lib/libaddr2line-d163ef63ad37bb71.rlib" "/opt/rustwide/rustup-home/toolchains/beta-2023-12-22-x86_64-unknown-linux-gnu/lib/rustlib/x86_64-unknown-linux-gnu/lib/libgimli-8a3fd810a85b9f4c.rlib" "/opt/rustwide/rustup-home/toolchains/beta-2023-12-22-x86_64-unknown-linux-gnu/lib/rustlib/x86_64-unknown-linux-gnu/lib/librustc_demangle-462a2cde8c5dfc10.rlib" "/opt/rustwide/rustup-home/toolchains/beta-2023-12-22-x86_64-unknown-linux-gnu/lib/rustlib/x86_64-unknown-linux-gnu/lib/libstd_detect-cb06ac9f54713f71.rlib" "/opt/rustwide/rustup-home/toolchains/beta-2023-12-22-x86_64-unknown-linux-gnu/lib/rustlib/x86_64-unknown-linux-gnu/lib/libhashbrown-f20bfd1f8e59b393.rlib" "/opt/rustwide/rustup-home/toolchains/beta-2023-12-22-x86_64-unknown-linux-gnu/lib/rustlib/x86_64-unknown-linux-gnu/lib/librustc_std_workspace_alloc-1ef460949b49da4b.rlib" "/opt/rustwide/rustup-home/toolchains/beta-2023-12-22-x86_64-unknown-linux-gnu/lib/rustlib/x86_64-unknown-linux-gnu/lib/libminiz_oxide-2cb0c0ffe4f87514.rlib" "/opt/rustwide/rustup-home/toolchains/beta-2023-12-22-x86_64-unknown-linux-gnu/lib/rustlib/x86_64-unknown-linux-gnu/lib/libadler-58d841eb322a11a2.rlib" "/opt/rustwide/rustup-home/toolchains/beta-2023-12-22-x86_64-unknown-linux-gnu/lib/rustlib/x86_64-unknown-linux-gnu/lib/libunwind-aa2ae0b0a9d11533.rlib" "/opt/rustwide/rustup-home/toolchains/beta-2023-12-22-x86_64-unknown-linux-gnu/lib/rustlib/x86_64-unknown-linux-gnu/lib/libcfg_if-23874e15830ed336.rlib" "/opt/rustwide/rustup-home/toolchains/beta-2023-12-22-x86_64-unknown-linux-gnu/lib/rustlib/x86_64-unknown-linux-gnu/lib/liblibc-e47cddc003bce885.rlib" "/opt/rustwide/rustup-home/toolchains/beta-2023-12-22-x86_64-unknown-linux-gnu/lib/rustlib/x86_64-unknown-linux-gnu/lib/liballoc-c22b13b48a8f128e.rlib" "/opt/rustwide/rustup-home/toolchains/beta-2023-12-22-x86_64-unknown-linux-gnu/lib/rustlib/x86_64-unknown-linux-gnu/lib/librustc_std_workspace_core-e46bc3da6d7c462f.rlib" "/opt/rustwide/rustup-home/toolchains/beta-2023-12-22-x86_64-unknown-linux-gnu/lib/rustlib/x86_64-unknown-linux-gnu/lib/libcore-8d1ac131d3cb2645.rlib" "/opt/rustwide/rustup-home/toolchains/beta-2023-12-22-x86_64-unknown-linux-gnu/lib/rustlib/x86_64-unknown-linux-gnu/lib/libcompiler_builtins-a1b43df8c6899c1f.rlib" "-Wl,-Bdynamic" "-lc" "-lm" "-lrt" "-lpthread" "-lgcc_s" "-lutil" "-lrt" "-lpthread" "-lm" "-ldl" "-lc" "-Wl,--eh-frame-hdr" "-Wl,-z,noexecstack" "-L" "/opt/rustwide/rustup-home/toolchains/beta-2023-12-22-x86_64-unknown-linux-gnu/lib/rustlib/x86_64-unknown-linux-gnu/lib" "-o" "/tmp/rustdoctestOHC7Yq/rust_out" "-Wl,--gc-sections" "-pie" "-Wl,-z,relro,-z,now" "-nodefaultlibs"
[INFO] [stdout]   = note: collect2: fatal error: ld terminated with signal 9 [Killed]
[INFO] [stdout]           compilation terminated.
[INFO] [stdout]           
[INFO] [stdout] 
[INFO] [stdout] error: aborting due to 1 previous error
[INFO] [stdout] 
[INFO] [stdout] Couldn't compile the test.
[INFO] [stdout] 
[INFO] [stdout] failures:
[INFO] [stdout]     src/miniscript/mod.rs - miniscript::Miniscript<Ctx::Key,Ctx,Ext>::parse (line 199)
[INFO] [stdout] 
[INFO] [stdout] test result: FAILED. 7 passed; 1 failed; 2 ignored; 0 measured; 0 filtered out; finished in 4.08s
[INFO] [stdout] 
[INFO] [stderr] error: doctest failed, to rerun pass `--doc`
[INFO] running `Command { std: "docker" "inspect" "991db72e631b6c7b00b2543f41278dae639aa753a5f2d3c58b0bee6ea5f57896", kill_on_drop: false }`
[INFO] running `Command { std: "docker" "rm" "-f" "991db72e631b6c7b00b2543f41278dae639aa753a5f2d3c58b0bee6ea5f57896", kill_on_drop: false }`
[INFO] [stdout] 991db72e631b6c7b00b2543f41278dae639aa753a5f2d3c58b0bee6ea5f57896
