[INFO] fetching crate dydx-v3-blocking 1.0.0...
[INFO] testing dydx-v3-blocking-1.0.0 against 1.75.0 for beta-1.76-1
[INFO] extracting crate dydx-v3-blocking 1.0.0 into /workspace/builds/worker-7-tc1/source
[INFO] validating manifest of crates.io crate dydx-v3-blocking 1.0.0 on toolchain 1.75.0
[INFO] running `Command { std: CARGO_HOME="/workspace/cargo-home" RUSTUP_HOME="/workspace/rustup-home" "/workspace/cargo-home/bin/cargo" "+1.75.0" "metadata" "--manifest-path" "Cargo.toml" "--no-deps", kill_on_drop: false }`
[INFO] started tweaking crates.io crate dydx-v3-blocking 1.0.0
[INFO] finished tweaking crates.io crate dydx-v3-blocking 1.0.0
[INFO] tweaked toml for crates.io crate dydx-v3-blocking 1.0.0 written to /workspace/builds/worker-7-tc1/source/Cargo.toml
[INFO] running `Command { std: CARGO_HOME="/workspace/cargo-home" RUSTUP_HOME="/workspace/rustup-home" "/workspace/cargo-home/bin/cargo" "+1.75.0" "generate-lockfile" "--manifest-path" "Cargo.toml", kill_on_drop: false }`
[INFO] [stderr]     Updating crates.io index
[INFO] running `Command { std: CARGO_HOME="/workspace/cargo-home" RUSTUP_HOME="/workspace/rustup-home" "/workspace/cargo-home/bin/cargo" "+1.75.0" "fetch" "--manifest-path" "Cargo.toml", kill_on_drop: false }`
[INFO] [stderr]  Downloading crates ...
[INFO] [stderr]   Downloaded pyo3 v0.16.6
[INFO] [stderr]   Downloaded pyo3-macros-backend v0.16.6
[INFO] [stderr]   Downloaded pyo3-ffi v0.16.6
[INFO] [stderr]   Downloaded pyo3-build-config v0.16.6
[INFO] [stderr]   Downloaded pyo3-macros v0.16.6
[INFO] [stderr]   Downloaded readonly v0.2.12
[INFO] [stderr]   Downloaded speculate v0.1.2
[INFO] running `Command { std: "docker" "create" "-v" "/var/lib/crater-agent-workspace/builds/worker-7-tc1/target:/opt/rustwide/target:rw,Z" "-v" "/var/lib/crater-agent-workspace/builds/worker-7-tc1/source:/opt/rustwide/workdir:ro,Z" "-v" "/var/lib/crater-agent-workspace/cargo-home:/opt/rustwide/cargo-home:ro,Z" "-v" "/var/lib/crater-agent-workspace/rustup-home:/opt/rustwide/rustup-home:ro,Z" "-e" "SOURCE_DIR=/opt/rustwide/workdir" "-e" "CARGO_TARGET_DIR=/opt/rustwide/target" "-e" "CARGO_HOME=/opt/rustwide/cargo-home" "-e" "RUSTUP_HOME=/opt/rustwide/rustup-home" "-w" "/opt/rustwide/workdir" "-m" "1610612736" "--user" "0:0" "--network" "none" "ghcr.io/rust-lang/crates-build-env/linux@sha256:2788e3201cd34a07e3172128adcd8b3090168a8e3bcc40d7c032b9dda1df7d1c" "/opt/rustwide/cargo-home/bin/cargo" "+1.75.0" "metadata" "--no-deps" "--format-version=1", kill_on_drop: false }`
[INFO] [stdout] b469fd2e054680d3ce454db7201316800558f5c2c3f95aaf742fd9b36959b3e0
[INFO] running `Command { std: "docker" "start" "-a" "b469fd2e054680d3ce454db7201316800558f5c2c3f95aaf742fd9b36959b3e0", kill_on_drop: false }`
[INFO] running `Command { std: "docker" "inspect" "b469fd2e054680d3ce454db7201316800558f5c2c3f95aaf742fd9b36959b3e0", kill_on_drop: false }`
[INFO] running `Command { std: "docker" "rm" "-f" "b469fd2e054680d3ce454db7201316800558f5c2c3f95aaf742fd9b36959b3e0", kill_on_drop: false }`
[INFO] [stdout] b469fd2e054680d3ce454db7201316800558f5c2c3f95aaf742fd9b36959b3e0
[INFO] running `Command { std: "docker" "create" "-v" "/var/lib/crater-agent-workspace/builds/worker-7-tc1/target:/opt/rustwide/target:rw,Z" "-v" "/var/lib/crater-agent-workspace/builds/worker-7-tc1/source:/opt/rustwide/workdir:ro,Z" "-v" "/var/lib/crater-agent-workspace/cargo-home:/opt/rustwide/cargo-home:ro,Z" "-v" "/var/lib/crater-agent-workspace/rustup-home:/opt/rustwide/rustup-home:ro,Z" "-e" "SOURCE_DIR=/opt/rustwide/workdir" "-e" "CARGO_TARGET_DIR=/opt/rustwide/target" "-e" "CARGO_INCREMENTAL=0" "-e" "RUST_BACKTRACE=full" "-e" "RUSTFLAGS=--cap-lints=warn" "-e" "RUSTDOCFLAGS=--cap-lints=warn" "-e" "CARGO_HOME=/opt/rustwide/cargo-home" "-e" "RUSTUP_HOME=/opt/rustwide/rustup-home" "-w" "/opt/rustwide/workdir" "-m" "1610612736" "--user" "0:0" "--network" "none" "ghcr.io/rust-lang/crates-build-env/linux@sha256:2788e3201cd34a07e3172128adcd8b3090168a8e3bcc40d7c032b9dda1df7d1c" "/opt/rustwide/cargo-home/bin/cargo" "+1.75.0" "build" "--frozen" "--message-format=json", kill_on_drop: false }`
[INFO] [stdout] 86f61362631a825d0fc5383c65d86f47fcad90ec87b0caf114869843a628e2a3
[INFO] running `Command { std: "docker" "start" "-a" "86f61362631a825d0fc5383c65d86f47fcad90ec87b0caf114869843a628e2a3", kill_on_drop: false }`
[INFO] [stderr]    Compiling libc v0.2.151
[INFO] [stderr]    Compiling target-lexicon v0.12.13
[INFO] [stderr]    Compiling pin-project-lite v0.2.13
[INFO] [stderr]    Compiling pkg-config v0.3.28
[INFO] [stderr]    Compiling scopeguard v1.2.0
[INFO] [stderr]    Compiling smallvec v1.11.2
[INFO] [stderr]    Compiling vcpkg v0.2.15
[INFO] [stderr]    Compiling itoa v1.0.10
[INFO] [stderr]    Compiling parking_lot_core v0.9.9
[INFO] [stderr]    Compiling typenum v1.17.0
[INFO] [stderr]    Compiling slab v0.4.9
[INFO] [stderr]    Compiling futures-core v0.3.30
[INFO] [stderr]    Compiling lock_api v0.4.11
[INFO] [stderr]    Compiling generic-array v0.14.7
[INFO] [stderr]    Compiling num_cpus v1.16.0
[INFO] [stderr]    Compiling syn v2.0.48
[INFO] [stderr]    Compiling socket2 v0.5.5
[INFO] [stderr]    Compiling mio v0.8.10
[INFO] [stderr]    Compiling signal-hook-registry v1.4.1
[INFO] [stderr]    Compiling tracing-core v0.1.32
[INFO] [stderr]    Compiling openssl v0.10.62
[INFO] [stderr]    Compiling foreign-types-shared v0.1.1
[INFO] [stderr]    Compiling http v0.2.11
[INFO] [stderr]    Compiling foreign-types v0.3.2
[INFO] [stderr]    Compiling parking_lot v0.12.1
[INFO] [stderr]    Compiling tracing v0.1.40
[INFO] [stderr]    Compiling tinyvec_macros v0.1.1
[INFO] [stderr]    Compiling hashbrown v0.14.3
[INFO] [stderr]    Compiling syn v1.0.109
[INFO] [stderr]    Compiling serde v1.0.194
[INFO] [stderr]    Compiling httparse v1.8.0
[INFO] [stderr]    Compiling native-tls v0.2.11
[INFO] [stderr]    Compiling futures-sink v0.3.30
[INFO] [stderr]    Compiling futures-io v0.3.30
[INFO] [stderr]    Compiling bitflags v2.4.1
[INFO] [stderr]    Compiling equivalent v1.0.1
[INFO] [stderr]    Compiling futures-task v0.3.30
[INFO] [stderr]    Compiling tinyvec v1.6.0
[INFO] [stderr]    Compiling cc v1.0.83
[INFO] [stderr]    Compiling pyo3-build-config v0.16.6
[INFO] [stderr]    Compiling openssl-probe v0.1.5
[INFO] [stderr]    Compiling futures-util v0.3.30
[INFO] [stderr]    Compiling log v0.4.20
[INFO] [stderr]    Compiling try-lock v0.2.5
[INFO] [stderr]    Compiling percent-encoding v2.3.1
[INFO] [stderr]    Compiling http-body v0.4.6
[INFO] [stderr]    Compiling futures-channel v0.3.30
[INFO] [stderr]    Compiling want v0.3.1
[INFO] [stderr]    Compiling form_urlencoded v1.2.1
[INFO] [stderr]    Compiling getrandom v0.2.11
[INFO] [stderr]    Compiling num-traits v0.2.17
[INFO] [stderr]    Compiling unicode-bidi v0.3.14
[INFO] [stderr]    Compiling indexmap v2.1.0
[INFO] [stderr]    Compiling ryu v1.0.16
[INFO] [stderr]    Compiling httpdate v1.0.3
[INFO] [stderr]    Compiling tower-service v0.3.2
[INFO] [stderr]    Compiling serde_json v1.0.111
[INFO] [stderr]    Compiling subtle v2.5.0
[INFO] [stderr]    Compiling rand_core v0.6.4
[INFO] [stderr]    Compiling ppv-lite86 v0.2.17
[INFO] [stderr]    Compiling sha1_smol v1.0.0
[INFO] [stderr]    Compiling encoding_rs v0.8.33
[INFO] [stderr]    Compiling cpufeatures v0.2.12
[INFO] [stderr]    Compiling sha1 v0.6.1
[INFO] [stderr]    Compiling unicode-normalization v0.1.22
[INFO] [stderr]    Compiling indoc v1.0.9
[INFO] [stderr]    Compiling unindent v0.1.11
[INFO] [stderr]    Compiling ipnet v2.9.0
[INFO] [stderr]    Compiling iana-time-zone v0.1.59
[INFO] [stderr]    Compiling rand_chacha v0.3.1
[INFO] [stderr]    Compiling base64 v0.21.5
[INFO] [stderr]    Compiling mime v0.3.17
[INFO] [stderr]    Compiling uuid v0.8.2
[INFO] [stderr]    Compiling idna v0.5.0
[INFO] [stderr]    Compiling openssl-sys v0.9.98
[INFO] [stderr]    Compiling block-buffer v0.10.4
[INFO] [stderr]    Compiling crypto-common v0.1.6
[INFO] [stderr]    Compiling rand v0.8.5
[INFO] [stderr]    Compiling hex v0.4.3
[INFO] [stderr]    Compiling hex-literal v0.3.4
[INFO] [stderr]    Compiling digest v0.10.7
[INFO] [stderr]    Compiling url v2.5.0
[INFO] [stderr]    Compiling sha2 v0.10.8
[INFO] [stderr]    Compiling hmac v0.12.1
[INFO] [stderr]    Compiling chrono v0.4.31
[INFO] [stderr]    Compiling pyo3-ffi v0.16.6
[INFO] [stderr]    Compiling pyo3 v0.16.6
[INFO] [stderr]    Compiling tokio-macros v2.2.0
[INFO] [stderr]    Compiling openssl-macros v0.1.1
[INFO] [stderr]    Compiling serde_derive v1.0.194
[INFO] [stderr]    Compiling readonly v0.2.12
[INFO] [stderr]    Compiling pyo3-macros-backend v0.16.6
[INFO] [stderr]    Compiling tokio v1.35.1
[INFO] [stderr]    Compiling pyo3-macros v0.16.6
[INFO] [stderr]    Compiling tokio-util v0.7.10
[INFO] [stderr]    Compiling tokio-native-tls v0.3.1
[INFO] [stderr]    Compiling h2 v0.3.22
[INFO] [stderr]    Compiling serde_urlencoded v0.7.1
[INFO] [stderr]    Compiling hyper v0.14.28
[INFO] [stderr]    Compiling hyper-tls v0.5.0
[INFO] [stderr]    Compiling reqwest v0.11.23
[INFO] [stderr]    Compiling dydx-v3-blocking v1.0.0 (/opt/rustwide/workdir)
[INFO] [stdout] warning: use of deprecated associated function `chrono::DateTime::<Tz>::from_utc`: Use TimeZone::from_utc_datetime() or DateTime::from_naive_utc_and_offset instead
[INFO] [stdout]    --> src/modules/private.rs:177:49
[INFO] [stdout]     |
[INFO] [stdout] 177 |         let datetime: DateTime<Utc> = DateTime::from_utc(naive, Utc);
[INFO] [stdout]     |                                                 ^^^^^^^^
[INFO] [stdout]     |
[INFO] [stdout]     = note: `#[warn(deprecated)]` on by default
[INFO] [stdout] 
[INFO] [stdout] 
[INFO] [stdout] warning: use of deprecated associated function `chrono::DateTime::<Tz>::from_utc`: Use TimeZone::from_utc_datetime() or DateTime::from_naive_utc_and_offset instead
[INFO] [stdout]    --> src/modules/private.rs:221:49
[INFO] [stdout]     |
[INFO] [stdout] 221 |         let datetime: DateTime<Utc> = DateTime::from_utc(naive, Utc);
[INFO] [stdout]     |                                                 ^^^^^^^^
[INFO] [stdout] 
[INFO] [stdout] 
[INFO] [stdout] warning: use of deprecated associated function `chrono::DateTime::<Tz>::from_utc`: Use TimeZone::from_utc_datetime() or DateTime::from_naive_utc_and_offset instead
[INFO] [stdout]    --> src/modules/private.rs:254:49
[INFO] [stdout]     |
[INFO] [stdout] 254 |         let datetime: DateTime<Utc> = DateTime::from_utc(naive, Utc);
[INFO] [stdout]     |                                                 ^^^^^^^^
[INFO] [stdout] 
[INFO] [stdout] 
[INFO] [stdout] warning: use of deprecated associated function `chrono::DateTime::<Tz>::from_utc`: Use TimeZone::from_utc_datetime() or DateTime::from_naive_utc_and_offset instead
[INFO] [stdout]    --> src/modules/private.rs:304:49
[INFO] [stdout]     |
[INFO] [stdout] 304 |         let datetime: DateTime<Utc> = DateTime::from_utc(naive, Utc);
[INFO] [stdout]     |                                                 ^^^^^^^^
[INFO] [stdout] 
[INFO] [stdout] 
[INFO] [stdout] warning: 4 warnings emitted
[INFO] [stdout] 
[INFO] [stdout] 
[INFO] [stderr]     Finished dev [unoptimized + debuginfo] target(s) in 22.75s
[INFO] running `Command { std: "docker" "inspect" "86f61362631a825d0fc5383c65d86f47fcad90ec87b0caf114869843a628e2a3", kill_on_drop: false }`
[INFO] running `Command { std: "docker" "rm" "-f" "86f61362631a825d0fc5383c65d86f47fcad90ec87b0caf114869843a628e2a3", kill_on_drop: false }`
[INFO] [stdout] 86f61362631a825d0fc5383c65d86f47fcad90ec87b0caf114869843a628e2a3
[INFO] running `Command { std: "docker" "create" "-v" "/var/lib/crater-agent-workspace/builds/worker-7-tc1/target:/opt/rustwide/target:rw,Z" "-v" "/var/lib/crater-agent-workspace/builds/worker-7-tc1/source:/opt/rustwide/workdir:ro,Z" "-v" "/var/lib/crater-agent-workspace/cargo-home:/opt/rustwide/cargo-home:ro,Z" "-v" "/var/lib/crater-agent-workspace/rustup-home:/opt/rustwide/rustup-home:ro,Z" "-e" "SOURCE_DIR=/opt/rustwide/workdir" "-e" "CARGO_TARGET_DIR=/opt/rustwide/target" "-e" "CARGO_INCREMENTAL=0" "-e" "RUST_BACKTRACE=full" "-e" "RUSTFLAGS=--cap-lints=warn" "-e" "RUSTDOCFLAGS=--cap-lints=warn" "-e" "CARGO_HOME=/opt/rustwide/cargo-home" "-e" "RUSTUP_HOME=/opt/rustwide/rustup-home" "-w" "/opt/rustwide/workdir" "-m" "1610612736" "--user" "0:0" "--network" "none" "ghcr.io/rust-lang/crates-build-env/linux@sha256:2788e3201cd34a07e3172128adcd8b3090168a8e3bcc40d7c032b9dda1df7d1c" "/opt/rustwide/cargo-home/bin/cargo" "+1.75.0" "test" "--frozen" "--no-run" "--message-format=json", kill_on_drop: false }`
[INFO] [stdout] f180b4d8577a02056741b2521cbe8ebc753273dcec2e2ebabc2507b97b6dfab9
[INFO] running `Command { std: "docker" "start" "-a" "f180b4d8577a02056741b2521cbe8ebc753273dcec2e2ebabc2507b97b6dfab9", kill_on_drop: false }`
[INFO] [stderr]    Compiling proc-macro2 v0.4.30
[INFO] [stdout] warning: use of deprecated associated function `chrono::DateTime::<Tz>::from_utc`: Use TimeZone::from_utc_datetime() or DateTime::from_naive_utc_and_offset instead
[INFO] [stdout]    --> src/modules/private.rs:177:49
[INFO] [stdout]     |
[INFO] [stdout] 177 |         let datetime: DateTime<Utc> = DateTime::from_utc(naive, Utc);
[INFO] [stdout]     |                                                 ^^^^^^^^
[INFO] [stdout]     |
[INFO] [stdout]     = note: `#[warn(deprecated)]` on by default
[INFO] [stdout] 
[INFO] [stdout] 
[INFO] [stdout] warning: use of deprecated associated function `chrono::DateTime::<Tz>::from_utc`: Use TimeZone::from_utc_datetime() or DateTime::from_naive_utc_and_offset instead
[INFO] [stdout]    --> src/modules/private.rs:221:49
[INFO] [stdout]     |
[INFO] [stdout] 221 |         let datetime: DateTime<Utc> = DateTime::from_utc(naive, Utc);
[INFO] [stdout]     |                                                 ^^^^^^^^
[INFO] [stdout] 
[INFO] [stdout] 
[INFO] [stdout] warning: use of deprecated associated function `chrono::DateTime::<Tz>::from_utc`: Use TimeZone::from_utc_datetime() or DateTime::from_naive_utc_and_offset instead
[INFO] [stdout]    --> src/modules/private.rs:254:49
[INFO] [stdout]     |
[INFO] [stdout] 254 |         let datetime: DateTime<Utc> = DateTime::from_utc(naive, Utc);
[INFO] [stdout]     |                                                 ^^^^^^^^
[INFO] [stdout] 
[INFO] [stdout] 
[INFO] [stdout] warning: use of deprecated associated function `chrono::DateTime::<Tz>::from_utc`: Use TimeZone::from_utc_datetime() or DateTime::from_naive_utc_and_offset instead
[INFO] [stdout]    --> src/modules/private.rs:304:49
[INFO] [stdout]     |
[INFO] [stdout] 304 |         let datetime: DateTime<Utc> = DateTime::from_utc(naive, Utc);
[INFO] [stdout]     |                                                 ^^^^^^^^
[INFO] [stdout] 
[INFO] [stdout] 
[INFO] [stdout] warning: 4 warnings emitted
[INFO] [stdout] 
[INFO] [stdout] 
[INFO] [stderr]    Compiling quote v0.6.13
[INFO] [stderr]    Compiling syn v0.14.9
[INFO] [stderr]    Compiling speculate v0.1.2
[INFO] [stderr]    Compiling dydx-v3-blocking v1.0.0 (/opt/rustwide/workdir)
[INFO] [stdout] warning: use of deprecated associated function `chrono::DateTime::<Tz>::from_utc`: Use TimeZone::from_utc_datetime() or DateTime::from_naive_utc_and_offset instead
[INFO] [stdout]    --> src/modules/private.rs:177:49
[INFO] [stdout]     |
[INFO] [stdout] 177 |         let datetime: DateTime<Utc> = DateTime::from_utc(naive, Utc);
[INFO] [stdout]     |                                                 ^^^^^^^^
[INFO] [stdout]     |
[INFO] [stdout]     = note: `#[warn(deprecated)]` on by default
[INFO] [stdout] 
[INFO] [stdout] 
[INFO] [stdout] warning: use of deprecated associated function `chrono::DateTime::<Tz>::from_utc`: Use TimeZone::from_utc_datetime() or DateTime::from_naive_utc_and_offset instead
[INFO] [stdout]    --> src/modules/private.rs:221:49
[INFO] [stdout]     |
[INFO] [stdout] 221 |         let datetime: DateTime<Utc> = DateTime::from_utc(naive, Utc);
[INFO] [stdout]     |                                                 ^^^^^^^^
[INFO] [stdout] 
[INFO] [stdout] 
[INFO] [stdout] warning: use of deprecated associated function `chrono::DateTime::<Tz>::from_utc`: Use TimeZone::from_utc_datetime() or DateTime::from_naive_utc_and_offset instead
[INFO] [stdout]    --> src/modules/private.rs:254:49
[INFO] [stdout]     |
[INFO] [stdout] 254 |         let datetime: DateTime<Utc> = DateTime::from_utc(naive, Utc);
[INFO] [stdout]     |                                                 ^^^^^^^^
[INFO] [stdout] 
[INFO] [stdout] 
[INFO] [stdout] warning: use of deprecated associated function `chrono::DateTime::<Tz>::from_utc`: Use TimeZone::from_utc_datetime() or DateTime::from_naive_utc_and_offset instead
[INFO] [stdout]    --> src/modules/private.rs:304:49
[INFO] [stdout]     |
[INFO] [stdout] 304 |         let datetime: DateTime<Utc> = DateTime::from_utc(naive, Utc);
[INFO] [stdout]     |                                                 ^^^^^^^^
[INFO] [stdout] 
[INFO] [stdout] 
[INFO] [stderr] error: could not compile `dydx-v3-blocking` (lib test); 4 warnings emitted
[INFO] [stderr] 
[INFO] [stderr] Caused by:
[INFO] [stderr]   process didn't exit successfully: `/opt/rustwide/rustup-home/toolchains/1.75.0-x86_64-unknown-linux-gnu/bin/rustc --crate-name dydx_v3_blocking --edition=2021 src/lib.rs --error-format=json --json=diagnostic-rendered-ansi,artifacts,future-incompat --emit=dep-info,link -C embed-bitcode=no -C debuginfo=2 --test -C metadata=475a185db5c473b9 -C extra-filename=-475a185db5c473b9 --out-dir /opt/rustwide/target/debug/deps -L dependency=/opt/rustwide/target/debug/deps --extern base64=/opt/rustwide/target/debug/deps/libbase64-b09bba5046b087ce.rlib --extern chrono=/opt/rustwide/target/debug/deps/libchrono-697a4be3634de71c.rlib --extern hex=/opt/rustwide/target/debug/deps/libhex-05644b5497b79c5b.rlib --extern hex_literal=/opt/rustwide/target/debug/deps/libhex_literal-b60b3e1fd72572f0.so --extern hmac=/opt/rustwide/target/debug/deps/libhmac-287be771f29823d8.rlib --extern http=/opt/rustwide/target/debug/deps/libhttp-087a4805b82b800b.rlib --extern pyo3=/opt/rustwide/target/debug/deps/libpyo3-808b73690c621082.rlib --extern rand=/opt/rustwide/target/debug/deps/librand-a76c3fe6b34a9f29.rlib --extern readonly=/opt/rustwide/target/debug/deps/libreadonly-b7dcd34df70720df.so --extern reqwest=/opt/rustwide/target/debug/deps/libreqwest-28abbcb8fb639bb5.rlib --extern serde=/opt/rustwide/target/debug/deps/libserde-4243fd887ab9c7e6.rlib --extern serde_json=/opt/rustwide/target/debug/deps/libserde_json-b8c63570e4c5f99d.rlib --extern sha2=/opt/rustwide/target/debug/deps/libsha2-d9b067a48e63d273.rlib --extern speculate=/opt/rustwide/target/debug/deps/libspeculate-da6c4ce3224e866a.so --extern tokio=/opt/rustwide/target/debug/deps/libtokio-4ef0b242a4626f76.rlib --extern uuid=/opt/rustwide/target/debug/deps/libuuid-1dd7f856ecbaeec1.rlib --cap-lints=warn -L native=/usr/lib/x86_64-linux-gnu` (signal: 9, SIGKILL: kill)
[INFO] [stderr] warning: build failed, waiting for other jobs to finish...
[INFO] [stdout] error: linking with `cc` failed: exit status: 1
[INFO] [stdout]   |
[INFO] [stdout]   = note: LC_ALL="C" PATH="/opt/rustwide/rustup-home/toolchains/1.75.0-x86_64-unknown-linux-gnu/lib/rustlib/x86_64-unknown-linux-gnu/bin:/opt/rustwide/cargo-home/bin:/usr/local/sbin:/usr/local/bin:/usr/sbin:/usr/bin:/sbin:/bin" VSLANG="1033" "cc" "-m64" "/tmp/rustcptpH3u/symbols.o" "/opt/rustwide/target/debug/deps/private_test-d21536ccbcf5e2c2.private_test.24675d48eaa3c017-cgu.0.rcgu.o" "/opt/rustwide/target/debug/deps/private_test-d21536ccbcf5e2c2.4b0d2jyrnlmt3oie.rcgu.o" "-Wl,--as-needed" "-L" "/opt/rustwide/target/debug/deps" "-L" "/usr/lib/x86_64-linux-gnu" "-L" "/opt/rustwide/rustup-home/toolchains/1.75.0-x86_64-unknown-linux-gnu/lib/rustlib/x86_64-unknown-linux-gnu/lib" "-Wl,-Bstatic" "/opt/rustwide/rustup-home/toolchains/1.75.0-x86_64-unknown-linux-gnu/lib/rustlib/x86_64-unknown-linux-gnu/lib/libtest-3df1bed8075ce1de.rlib" "/opt/rustwide/rustup-home/toolchains/1.75.0-x86_64-unknown-linux-gnu/lib/rustlib/x86_64-unknown-linux-gnu/lib/libgetopts-2076fd86b325cb5d.rlib" "/opt/rustwide/rustup-home/toolchains/1.75.0-x86_64-unknown-linux-gnu/lib/rustlib/x86_64-unknown-linux-gnu/lib/libunicode_width-caa7152ee70c190f.rlib" "/opt/rustwide/rustup-home/toolchains/1.75.0-x86_64-unknown-linux-gnu/lib/rustlib/x86_64-unknown-linux-gnu/lib/librustc_std_workspace_std-04e6425e07f02a3c.rlib" "/opt/rustwide/target/debug/deps/libdydx_v3_blocking-06109c5867d7c262.rlib" "/opt/rustwide/target/debug/deps/libbase64-b09bba5046b087ce.rlib" "/opt/rustwide/target/debug/deps/libreqwest-28abbcb8fb639bb5.rlib" "/opt/rustwide/target/debug/deps/libhyper_tls-46dc463d9d5b2ee5.rlib" "/opt/rustwide/target/debug/deps/libbase64-c757f6e1d18850a5.rlib" "/opt/rustwide/target/debug/deps/libipnet-31f1670f407a9398.rlib" "/opt/rustwide/target/debug/deps/libtokio_native_tls-4e00c8f73bb5255b.rlib" "/opt/rustwide/target/debug/deps/libserde_urlencoded-50a311448c48d7bb.rlib" "/opt/rustwide/target/debug/deps/libmime-7e306270d8ceb372.rlib" "/opt/rustwide/target/debug/deps/libencoding_rs-000c97fafd38c2ed.rlib" "/opt/rustwide/target/debug/deps/libnative_tls-37e4dd7c3c346b78.rlib" "/opt/rustwide/target/debug/deps/libopenssl_probe-d850575132083d7c.rlib" "/opt/rustwide/target/debug/deps/libopenssl-25acc7db1c1eb8f5.rlib" "/opt/rustwide/target/debug/deps/libbitflags-0065cf305c229aa5.rlib" "/opt/rustwide/target/debug/deps/libforeign_types-c05743815e5b8a9d.rlib" "/opt/rustwide/target/debug/deps/libforeign_types_shared-d149f5491fde2862.rlib" "/opt/rustwide/target/debug/deps/libopenssl_sys-c1221a102e8e425d.rlib" "/opt/rustwide/target/debug/deps/libhyper-d23ca157f6cf9eb0.rlib" "/opt/rustwide/target/debug/deps/libwant-0be28e71d2a5cee8.rlib" "/opt/rustwide/target/debug/deps/libtry_lock-ba0ec0947155aa20.rlib" "/opt/rustwide/target/debug/deps/libhttparse-64f1ffbeda450424.rlib" "/opt/rustwide/target/debug/deps/libh2-886529280fc79be9.rlib" "/opt/rustwide/target/debug/deps/libindexmap-8fc97cbaa956011a.rlib" "/opt/rustwide/target/debug/deps/libequivalent-daf5c71f5fc642dd.rlib" "/opt/rustwide/target/debug/deps/libhashbrown-3d9e58c92093ae49.rlib" "/opt/rustwide/target/debug/deps/libtokio_util-16efb064ccccfbc5.rlib" "/opt/rustwide/target/debug/deps/libfutures_sink-8957e1e23a8e4733.rlib" "/opt/rustwide/target/debug/deps/libtower_service-104d6e83d5ce383d.rlib" "/opt/rustwide/target/debug/deps/libtracing-53b1b32365aca46d.rlib" "/opt/rustwide/target/debug/deps/libtracing_core-de9779e9c86396c9.rlib" "/opt/rustwide/target/debug/deps/libonce_cell-63be820ac0ed0954.rlib" "/opt/rustwide/target/debug/deps/libfutures_channel-3151a32f36b687de.rlib" "/opt/rustwide/target/debug/deps/libtokio-4ef0b242a4626f76.rlib" "/opt/rustwide/target/debug/deps/libsignal_hook_registry-f33810147f436d2a.rlib" "/opt/rustwide/target/debug/deps/libnum_cpus-cb81d41626d198af.rlib" "/opt/rustwide/target/debug/deps/libsocket2-2489340dad73c28d.rlib" "/opt/rustwide/target/debug/deps/libmio-1f577062c0615c74.rlib" "/opt/rustwide/target/debug/deps/libhttp_body-3c42bd17f1cfc680.rlib" "/opt/rustwide/target/debug/deps/liblog-4f472032e8cdd371.rlib" "/opt/rustwide/target/debug/deps/libfutures_util-1b37e5a756ee862d.rlib" "/opt/rustwide/target/debug/deps/libmemchr-94009dd89ebb9d8d.rlib" "/opt/rustwide/target/debug/deps/libfutures_io-06ca5b85b7f1c406.rlib" "/opt/rustwide/target/debug/deps/libslab-6eb39baadbe9101c.rlib" "/opt/rustwide/target/debug/deps/libpin_project_lite-e0757e0deaa2f8a0.rlib" "/opt/rustwide/target/debug/deps/libfutures_task-c1403167034c79e1.rlib" "/opt/rustwide/target/debug/deps/libpin_utils-741f7d9d160e4a16.rlib" "/opt/rustwide/target/debug/deps/libfutures_core-9cff0d103c3b3c9e.rlib" "/opt/rustwide/target/debug/deps/liburl-e2bbdc8176814ab9.rlib" "/opt/rustwide/target/debug/deps/libidna-be495c60b826cafb.rlib" "/opt/rustwide/target/debug/deps/libunicode_normalization-e04a0b39935fba30.rlib" "/opt/rustwide/target/debug/deps/libtinyvec-cf6c9f6b792a5507.rlib" "/opt/rustwide/target/debug/deps/libtinyvec_macros-b1cb7f53f58c9f87.rlib" "/opt/rustwide/target/debug/deps/libunicode_bidi-091e6a375aa15ffb.rlib" "/opt/rustwide/target/debug/deps/libform_urlencoded-ef5eb70334031c86.rlib" "/opt/rustwide/target/debug/deps/libpercent_encoding-fe0d57427b4d92e0.rlib" "/opt/rustwide/target/debug/deps/libsha2-d9b067a48e63d273.rlib" "/opt/rustwide/target/debug/deps/libcpufeatures-b8d9ed5bb45874e9.rlib" "/opt/rustwide/target/debug/deps/libserde_json-b8c63570e4c5f99d.rlib" "/opt/rustwide/target/debug/deps/libryu-5f304b1b6393964f.rlib" "/opt/rustwide/target/debug/deps/libhmac-287be771f29823d8.rlib" "/opt/rustwide/target/debug/deps/libdigest-68278d6a0ee6afac.rlib" "/opt/rustwide/target/debug/deps/libsubtle-32983fc17c133a89.rlib" "/opt/rustwide/target/debug/deps/libblock_buffer-7e9270fb9b7ff635.rlib" "/opt/rustwide/target/debug/deps/libcrypto_common-145014adf1649651.rlib" "/opt/rustwide/target/debug/deps/libgeneric_array-18b3188a0c567140.rlib" "/opt/rustwide/target/debug/deps/libtypenum-da95465dc70d2c95.rlib" "/opt/rustwide/target/debug/deps/libpyo3-808b73690c621082.rlib" "/opt/rustwide/target/debug/deps/libparking_lot-0c7bcc779f815d26.rlib" "/opt/rustwide/target/debug/deps/libparking_lot_core-7ef8619e484c37f5.rlib" "/opt/rustwide/target/debug/deps/libsmallvec-19f6a51af3f3c214.rlib" "/opt/rustwide/target/debug/deps/liblock_api-2e3cdc36e2d071f0.rlib" "/opt/rustwide/target/debug/deps/libscopeguard-012e5ed929fc2fe6.rlib" "/opt/rustwide/target/debug/deps/libpyo3_ffi-c2e01118b26e3236.rlib" "/opt/rustwide/target/debug/deps/libunindent-0de6dc63a9f40191.rlib" "/opt/rustwide/target/debug/deps/libhttp-087a4805b82b800b.rlib" "/opt/rustwide/target/debug/deps/libitoa-5f181af53b99b92c.rlib" "/opt/rustwide/target/debug/deps/libbytes-0a052f49710012b1.rlib" "/opt/rustwide/target/debug/deps/libfnv-18bf5144d055e772.rlib" "/opt/rustwide/target/debug/deps/libuuid-1dd7f856ecbaeec1.rlib" "/opt/rustwide/target/debug/deps/libsha1-b49b2409a2eff2ab.rlib" "/opt/rustwide/target/debug/deps/libsha1_smol-4a0feee4864ab55a.rlib" "/opt/rustwide/target/debug/deps/librand-a76c3fe6b34a9f29.rlib" "/opt/rustwide/target/debug/deps/librand_chacha-93c229a7eeb7ab43.rlib" "/opt/rustwide/target/debug/deps/libppv_lite86-9f808eb911999ef2.rlib" "/opt/rustwide/target/debug/deps/librand_core-c8190ea9532a8248.rlib" "/opt/rustwide/target/debug/deps/libgetrandom-68b0603389864cc3.rlib" "/opt/rustwide/target/debug/deps/liblibc-f01c1240f7c859d0.rlib" "/opt/rustwide/target/debug/deps/libcfg_if-61dc7a6799e72b18.rlib" "/opt/rustwide/target/debug/deps/libserde-4243fd887ab9c7e6.rlib" "/opt/rustwide/target/debug/deps/libchrono-697a4be3634de71c.rlib" "/opt/rustwide/target/debug/deps/libnum_traits-fbf3e4065138c85e.rlib" "/opt/rustwide/target/debug/deps/libiana_time_zone-528d9768cce5eb89.rlib" "/opt/rustwide/rustup-home/toolchains/1.75.0-x86_64-unknown-linux-gnu/lib/rustlib/x86_64-unknown-linux-gnu/lib/libstd-90f6ddbf82de36ec.rlib" "/opt/rustwide/rustup-home/toolchains/1.75.0-x86_64-unknown-linux-gnu/lib/rustlib/x86_64-unknown-linux-gnu/lib/libpanic_unwind-480c41e9d4e1f677.rlib" "/opt/rustwide/rustup-home/toolchains/1.75.0-x86_64-unknown-linux-gnu/lib/rustlib/x86_64-unknown-linux-gnu/lib/libobject-db744c0ca03eed1d.rlib" "/opt/rustwide/rustup-home/toolchains/1.75.0-x86_64-unknown-linux-gnu/lib/rustlib/x86_64-unknown-linux-gnu/lib/libmemchr-8ba652dc7d4b285a.rlib" "/opt/rustwide/rustup-home/toolchains/1.75.0-x86_64-unknown-linux-gnu/lib/rustlib/x86_64-unknown-linux-gnu/lib/libaddr2line-d5f4520a9ebc0d58.rlib" "/opt/rustwide/rustup-home/toolchains/1.75.0-x86_64-unknown-linux-gnu/lib/rustlib/x86_64-unknown-linux-gnu/lib/libgimli-4ad84de58f0cb463.rlib" "/opt/rustwide/rustup-home/toolchains/1.75.0-x86_64-unknown-linux-gnu/lib/rustlib/x86_64-unknown-linux-gnu/lib/librustc_demangle-0d10aae2e0f38735.rlib" "/opt/rustwide/rustup-home/toolchains/1.75.0-x86_64-unknown-linux-gnu/lib/rustlib/x86_64-unknown-linux-gnu/lib/libstd_detect-0c17cff739e6745b.rlib" "/opt/rustwide/rustup-home/toolchains/1.75.0-x86_64-unknown-linux-gnu/lib/rustlib/x86_64-unknown-linux-gnu/lib/libhashbrown-b29e17139dde1aa8.rlib" "/opt/rustwide/rustup-home/toolchains/1.75.0-x86_64-unknown-linux-gnu/lib/rustlib/x86_64-unknown-linux-gnu/lib/librustc_std_workspace_alloc-1f975299829cc7bd.rlib" "/opt/rustwide/rustup-home/toolchains/1.75.0-x86_64-unknown-linux-gnu/lib/rustlib/x86_64-unknown-linux-gnu/lib/libminiz_oxide-86bae3bc3079f89b.rlib" "/opt/rustwide/rustup-home/toolchains/1.75.0-x86_64-unknown-linux-gnu/lib/rustlib/x86_64-unknown-linux-gnu/lib/libadler-321b82c30dffdf5f.rlib" "/opt/rustwide/rustup-home/toolchains/1.75.0-x86_64-unknown-linux-gnu/lib/rustlib/x86_64-unknown-linux-gnu/lib/libunwind-3dd8a6810a0bdfef.rlib" "/opt/rustwide/rustup-home/toolchains/1.75.0-x86_64-unknown-linux-gnu/lib/rustlib/x86_64-unknown-linux-gnu/lib/libcfg_if-eb39a61c0c879984.rlib" "/opt/rustwide/rustup-home/toolchains/1.75.0-x86_64-unknown-linux-gnu/lib/rustlib/x86_64-unknown-linux-gnu/lib/liblibc-aa769569f91c3548.rlib" "/opt/rustwide/rustup-home/toolchains/1.75.0-x86_64-unknown-linux-gnu/lib/rustlib/x86_64-unknown-linux-gnu/lib/liballoc-510a192a50a983ed.rlib" "/opt/rustwide/rustup-home/toolchains/1.75.0-x86_64-unknown-linux-gnu/lib/rustlib/x86_64-unknown-linux-gnu/lib/librustc_std_workspace_core-0577018320f99037.rlib" "/opt/rustwide/rustup-home/toolchains/1.75.0-x86_64-unknown-linux-gnu/lib/rustlib/x86_64-unknown-linux-gnu/lib/libcore-193cf992125ccd4c.rlib" "/opt/rustwide/rustup-home/toolchains/1.75.0-x86_64-unknown-linux-gnu/lib/rustlib/x86_64-unknown-linux-gnu/lib/libcompiler_builtins-8e138eaf26ebb4a8.rlib" "-Wl,-Bdynamic" "-lssl" "-lcrypto" "-lpython3.10" "-lgcc_s" "-lutil" "-lrt" "-lpthread" "-lm" "-ldl" "-lc" "-Wl,--eh-frame-hdr" "-Wl,-z,noexecstack" "-L" "/opt/rustwide/rustup-home/toolchains/1.75.0-x86_64-unknown-linux-gnu/lib/rustlib/x86_64-unknown-linux-gnu/lib" "-o" "/opt/rustwide/target/debug/deps/private_test-d21536ccbcf5e2c2" "-Wl,--gc-sections" "-pie" "-Wl,-z,relro,-z,now" "-nodefaultlibs"
[INFO] [stdout]   = note: collect2: fatal error: ld terminated with signal 9 [Killed]
[INFO] [stdout]           compilation terminated.
[INFO] [stdout]           
[INFO] [stdout] 
[INFO] [stdout] 
[INFO] [stdout] error: aborting due to previous error
[INFO] [stdout] 
[INFO] [stdout] 
[INFO] [stderr] error: could not compile `dydx-v3-blocking` (test "private_test") due to 2 previous errors
[INFO] running `Command { std: "docker" "inspect" "f180b4d8577a02056741b2521cbe8ebc753273dcec2e2ebabc2507b97b6dfab9", kill_on_drop: false }`
[INFO] running `Command { std: "docker" "rm" "-f" "f180b4d8577a02056741b2521cbe8ebc753273dcec2e2ebabc2507b97b6dfab9", kill_on_drop: false }`
[INFO] [stdout] f180b4d8577a02056741b2521cbe8ebc753273dcec2e2ebabc2507b97b6dfab9
[INFO] testing dydx-v3-blocking-1.0.0 against beta-2023-12-22 for beta-1.76-1
[INFO] extracting crate dydx-v3-blocking 1.0.0 into /workspace/builds/worker-7-tc2/source
[INFO] validating manifest of crates.io crate dydx-v3-blocking 1.0.0 on toolchain beta-2023-12-22
[INFO] running `Command { std: CARGO_HOME="/workspace/cargo-home" RUSTUP_HOME="/workspace/rustup-home" "/workspace/cargo-home/bin/cargo" "+beta-2023-12-22" "metadata" "--manifest-path" "Cargo.toml" "--no-deps", kill_on_drop: false }`
[INFO] started tweaking crates.io crate dydx-v3-blocking 1.0.0
[INFO] finished tweaking crates.io crate dydx-v3-blocking 1.0.0
[INFO] tweaked toml for crates.io crate dydx-v3-blocking 1.0.0 written to /workspace/builds/worker-7-tc2/source/Cargo.toml
[INFO] running `Command { std: CARGO_HOME="/workspace/cargo-home" RUSTUP_HOME="/workspace/rustup-home" "/workspace/cargo-home/bin/cargo" "+beta-2023-12-22" "generate-lockfile" "--manifest-path" "Cargo.toml", kill_on_drop: false }`
[INFO] [stderr]     Updating crates.io index
[INFO] running `Command { std: CARGO_HOME="/workspace/cargo-home" RUSTUP_HOME="/workspace/rustup-home" "/workspace/cargo-home/bin/cargo" "+beta-2023-12-22" "fetch" "--manifest-path" "Cargo.toml", kill_on_drop: false }`
[INFO] running `Command { std: "docker" "create" "-v" "/var/lib/crater-agent-workspace/builds/worker-7-tc2/target:/opt/rustwide/target:rw,Z" "-v" "/var/lib/crater-agent-workspace/builds/worker-7-tc2/source:/opt/rustwide/workdir:ro,Z" "-v" "/var/lib/crater-agent-workspace/cargo-home:/opt/rustwide/cargo-home:ro,Z" "-v" "/var/lib/crater-agent-workspace/rustup-home:/opt/rustwide/rustup-home:ro,Z" "-e" "SOURCE_DIR=/opt/rustwide/workdir" "-e" "CARGO_TARGET_DIR=/opt/rustwide/target" "-e" "CARGO_HOME=/opt/rustwide/cargo-home" "-e" "RUSTUP_HOME=/opt/rustwide/rustup-home" "-w" "/opt/rustwide/workdir" "-m" "1610612736" "--user" "0:0" "--network" "none" "ghcr.io/rust-lang/crates-build-env/linux@sha256:2788e3201cd34a07e3172128adcd8b3090168a8e3bcc40d7c032b9dda1df7d1c" "/opt/rustwide/cargo-home/bin/cargo" "+beta-2023-12-22" "metadata" "--no-deps" "--format-version=1", kill_on_drop: false }`
[INFO] [stdout] c3b6a3b38534eb9d4bf98de527687fb53f79f169005dc71a625b7074fe7136a7
[INFO] running `Command { std: "docker" "start" "-a" "c3b6a3b38534eb9d4bf98de527687fb53f79f169005dc71a625b7074fe7136a7", kill_on_drop: false }`
[INFO] running `Command { std: "docker" "inspect" "c3b6a3b38534eb9d4bf98de527687fb53f79f169005dc71a625b7074fe7136a7", kill_on_drop: false }`
[INFO] running `Command { std: "docker" "rm" "-f" "c3b6a3b38534eb9d4bf98de527687fb53f79f169005dc71a625b7074fe7136a7", kill_on_drop: false }`
[INFO] [stdout] c3b6a3b38534eb9d4bf98de527687fb53f79f169005dc71a625b7074fe7136a7
[INFO] running `Command { std: "docker" "create" "-v" "/var/lib/crater-agent-workspace/builds/worker-7-tc2/target:/opt/rustwide/target:rw,Z" "-v" "/var/lib/crater-agent-workspace/builds/worker-7-tc2/source:/opt/rustwide/workdir:ro,Z" "-v" "/var/lib/crater-agent-workspace/cargo-home:/opt/rustwide/cargo-home:ro,Z" "-v" "/var/lib/crater-agent-workspace/rustup-home:/opt/rustwide/rustup-home:ro,Z" "-e" "SOURCE_DIR=/opt/rustwide/workdir" "-e" "CARGO_TARGET_DIR=/opt/rustwide/target" "-e" "CARGO_INCREMENTAL=0" "-e" "RUST_BACKTRACE=full" "-e" "RUSTFLAGS=--cap-lints=warn" "-e" "RUSTDOCFLAGS=--cap-lints=warn" "-e" "CARGO_HOME=/opt/rustwide/cargo-home" "-e" "RUSTUP_HOME=/opt/rustwide/rustup-home" "-w" "/opt/rustwide/workdir" "-m" "1610612736" "--user" "0:0" "--network" "none" "ghcr.io/rust-lang/crates-build-env/linux@sha256:2788e3201cd34a07e3172128adcd8b3090168a8e3bcc40d7c032b9dda1df7d1c" "/opt/rustwide/cargo-home/bin/cargo" "+beta-2023-12-22" "build" "--frozen" "--message-format=json", kill_on_drop: false }`
[INFO] [stdout] 68f3592446b836a4ce93c8c387d1385a0b037214c52adb57f7501f2b999088e6
[INFO] running `Command { std: "docker" "start" "-a" "68f3592446b836a4ce93c8c387d1385a0b037214c52adb57f7501f2b999088e6", kill_on_drop: false }`
[INFO] [stderr]    Compiling libc v0.2.151
[INFO] [stderr]    Compiling target-lexicon v0.12.13
[INFO] [stderr]    Compiling smallvec v1.11.2
[INFO] [stderr]    Compiling scopeguard v1.2.0
[INFO] [stderr]    Compiling pkg-config v0.3.28
[INFO] [stderr]    Compiling vcpkg v0.2.15
[INFO] [stderr]    Compiling pin-project-lite v0.2.13
[INFO] [stderr]    Compiling typenum v1.17.0
[INFO] [stderr]    Compiling parking_lot_core v0.9.9
[INFO] [stderr]    Compiling itoa v1.0.10
[INFO] [stderr]    Compiling slab v0.4.9
[INFO] [stderr]    Compiling futures-core v0.3.30
[INFO] [stderr]    Compiling lock_api v0.4.11
[INFO] [stderr]    Compiling generic-array v0.14.7
[INFO] [stderr]    Compiling syn v2.0.48
[INFO] [stderr]    Compiling mio v0.8.10
[INFO] [stderr]    Compiling signal-hook-registry v1.4.1
[INFO] [stderr]    Compiling socket2 v0.5.5
[INFO] [stderr]    Compiling num_cpus v1.16.0
[INFO] [stderr]    Compiling tracing-core v0.1.32
[INFO] [stderr]    Compiling openssl v0.10.62
[INFO] [stderr]    Compiling foreign-types-shared v0.1.1
[INFO] [stderr]    Compiling foreign-types v0.3.2
[INFO] [stderr]    Compiling http v0.2.11
[INFO] [stderr]    Compiling httparse v1.8.0
[INFO] [stderr]    Compiling parking_lot v0.12.1
[INFO] [stderr]    Compiling tracing v0.1.40
[INFO] [stderr]    Compiling bitflags v2.4.1
[INFO] [stderr]    Compiling hashbrown v0.14.3
[INFO] [stderr]    Compiling futures-io v0.3.30
[INFO] [stderr]    Compiling native-tls v0.2.11
[INFO] [stderr]    Compiling futures-task v0.3.30
[INFO] [stderr]    Compiling equivalent v1.0.1
[INFO] [stderr]    Compiling tinyvec_macros v0.1.1
[INFO] [stderr]    Compiling futures-sink v0.3.30
[INFO] [stderr]    Compiling syn v1.0.109
[INFO] [stderr]    Compiling serde v1.0.194
[INFO] [stderr]    Compiling tinyvec v1.6.0
[INFO] [stderr]    Compiling pyo3-build-config v0.16.6
[INFO] [stderr]    Compiling futures-util v0.3.30
[INFO] [stderr]    Compiling cc v1.0.83
[INFO] [stderr]    Compiling try-lock v0.2.5
[INFO] [stderr]    Compiling openssl-probe v0.1.5
[INFO] [stderr]    Compiling percent-encoding v2.3.1
[INFO] [stderr]    Compiling log v0.4.20
[INFO] [stderr]    Compiling want v0.3.1
[INFO] [stderr]    Compiling futures-channel v0.3.30
[INFO] [stderr]    Compiling form_urlencoded v1.2.1
[INFO] [stderr]    Compiling getrandom v0.2.11
[INFO] [stderr]    Compiling num-traits v0.2.17
[INFO] [stderr]    Compiling subtle v2.5.0
[INFO] [stderr]    Compiling serde_json v1.0.111
[INFO] [stderr]    Compiling http-body v0.4.6
[INFO] [stderr]    Compiling ryu v1.0.16
[INFO] [stderr]    Compiling unicode-bidi v0.3.14
[INFO] [stderr]    Compiling tower-service v0.3.2
[INFO] [stderr]    Compiling indexmap v2.1.0
[INFO] [stderr]    Compiling httpdate v1.0.3
[INFO] [stderr]    Compiling rand_core v0.6.4
[INFO] [stderr]    Compiling sha1_smol v1.0.0
[INFO] [stderr]    Compiling ppv-lite86 v0.2.17
[INFO] [stderr]    Compiling encoding_rs v0.8.33
[INFO] [stderr]    Compiling sha1 v0.6.1
[INFO] [stderr]    Compiling unindent v0.1.11
[INFO] [stderr]    Compiling ipnet v2.9.0
[INFO] [stderr]    Compiling mime v0.3.17
[INFO] [stderr]    Compiling unicode-normalization v0.1.22
[INFO] [stderr]    Compiling indoc v1.0.9
[INFO] [stderr]    Compiling rand_chacha v0.3.1
[INFO] [stderr]    Compiling base64 v0.21.5
[INFO] [stderr]    Compiling idna v0.5.0
[INFO] [stderr]    Compiling iana-time-zone v0.1.59
[INFO] [stderr]    Compiling openssl-sys v0.9.98
[INFO] [stderr]    Compiling cpufeatures v0.2.12
[INFO] [stderr]    Compiling crypto-common v0.1.6
[INFO] [stderr]    Compiling block-buffer v0.10.4
[INFO] [stderr]    Compiling rand v0.8.5
[INFO] [stderr]    Compiling digest v0.10.7
[INFO] [stderr]    Compiling uuid v0.8.2
[INFO] [stderr]    Compiling hex-literal v0.3.4
[INFO] [stderr]    Compiling hex v0.4.3
[INFO] [stderr]    Compiling url v2.5.0
[INFO] [stderr]    Compiling sha2 v0.10.8
[INFO] [stderr]    Compiling hmac v0.12.1
[INFO] [stderr]    Compiling chrono v0.4.31
[INFO] [stderr]    Compiling pyo3-ffi v0.16.6
[INFO] [stderr]    Compiling pyo3 v0.16.6
[INFO] [stderr]    Compiling tokio-macros v2.2.0
[INFO] [stderr]    Compiling openssl-macros v0.1.1
[INFO] [stderr]    Compiling serde_derive v1.0.194
[INFO] [stderr]    Compiling readonly v0.2.12
[INFO] [stderr]    Compiling tokio v1.35.1
[INFO] [stderr]    Compiling pyo3-macros-backend v0.16.6
[INFO] [stderr]    Compiling pyo3-macros v0.16.6
[INFO] [stderr]    Compiling tokio-util v0.7.10
[INFO] [stderr]    Compiling tokio-native-tls v0.3.1
[INFO] [stderr]    Compiling serde_urlencoded v0.7.1
[INFO] [stderr]    Compiling h2 v0.3.22
[INFO] [stderr]    Compiling hyper v0.14.28
[INFO] [stderr]    Compiling hyper-tls v0.5.0
[INFO] [stderr]    Compiling reqwest v0.11.23
[INFO] [stderr]    Compiling dydx-v3-blocking v1.0.0 (/opt/rustwide/workdir)
[INFO] [stdout] warning: use of deprecated associated function `chrono::DateTime::<Tz>::from_utc`: Use TimeZone::from_utc_datetime() or DateTime::from_naive_utc_and_offset instead
[INFO] [stdout]    --> src/modules/private.rs:177:49
[INFO] [stdout]     |
[INFO] [stdout] 177 |         let datetime: DateTime<Utc> = DateTime::from_utc(naive, Utc);
[INFO] [stdout]     |                                                 ^^^^^^^^
[INFO] [stdout]     |
[INFO] [stdout]     = note: `#[warn(deprecated)]` on by default
[INFO] [stdout] 
[INFO] [stdout] 
[INFO] [stdout] warning: use of deprecated associated function `chrono::DateTime::<Tz>::from_utc`: Use TimeZone::from_utc_datetime() or DateTime::from_naive_utc_and_offset instead
[INFO] [stdout]    --> src/modules/private.rs:221:49
[INFO] [stdout]     |
[INFO] [stdout] 221 |         let datetime: DateTime<Utc> = DateTime::from_utc(naive, Utc);
[INFO] [stdout]     |                                                 ^^^^^^^^
[INFO] [stdout] 
[INFO] [stdout] 
[INFO] [stdout] warning: use of deprecated associated function `chrono::DateTime::<Tz>::from_utc`: Use TimeZone::from_utc_datetime() or DateTime::from_naive_utc_and_offset instead
[INFO] [stdout]    --> src/modules/private.rs:254:49
[INFO] [stdout]     |
[INFO] [stdout] 254 |         let datetime: DateTime<Utc> = DateTime::from_utc(naive, Utc);
[INFO] [stdout]     |                                                 ^^^^^^^^
[INFO] [stdout] 
[INFO] [stdout] 
[INFO] [stdout] warning: use of deprecated associated function `chrono::DateTime::<Tz>::from_utc`: Use TimeZone::from_utc_datetime() or DateTime::from_naive_utc_and_offset instead
[INFO] [stdout]    --> src/modules/private.rs:304:49
[INFO] [stdout]     |
[INFO] [stdout] 304 |         let datetime: DateTime<Utc> = DateTime::from_utc(naive, Utc);
[INFO] [stdout]     |                                                 ^^^^^^^^
[INFO] [stdout] 
[INFO] [stdout] 
[INFO] [stdout] warning: 4 warnings emitted
[INFO] [stdout] 
[INFO] [stdout] 
[INFO] [stderr]     Finished dev [unoptimized + debuginfo] target(s) in 23.06s
[INFO] running `Command { std: "docker" "inspect" "68f3592446b836a4ce93c8c387d1385a0b037214c52adb57f7501f2b999088e6", kill_on_drop: false }`
[INFO] running `Command { std: "docker" "rm" "-f" "68f3592446b836a4ce93c8c387d1385a0b037214c52adb57f7501f2b999088e6", kill_on_drop: false }`
[INFO] [stdout] 68f3592446b836a4ce93c8c387d1385a0b037214c52adb57f7501f2b999088e6
[INFO] running `Command { std: "docker" "create" "-v" "/var/lib/crater-agent-workspace/builds/worker-7-tc2/target:/opt/rustwide/target:rw,Z" "-v" "/var/lib/crater-agent-workspace/builds/worker-7-tc2/source:/opt/rustwide/workdir:ro,Z" "-v" "/var/lib/crater-agent-workspace/cargo-home:/opt/rustwide/cargo-home:ro,Z" "-v" "/var/lib/crater-agent-workspace/rustup-home:/opt/rustwide/rustup-home:ro,Z" "-e" "SOURCE_DIR=/opt/rustwide/workdir" "-e" "CARGO_TARGET_DIR=/opt/rustwide/target" "-e" "CARGO_INCREMENTAL=0" "-e" "RUST_BACKTRACE=full" "-e" "RUSTFLAGS=--cap-lints=warn" "-e" "RUSTDOCFLAGS=--cap-lints=warn" "-e" "CARGO_HOME=/opt/rustwide/cargo-home" "-e" "RUSTUP_HOME=/opt/rustwide/rustup-home" "-w" "/opt/rustwide/workdir" "-m" "1610612736" "--user" "0:0" "--network" "none" "ghcr.io/rust-lang/crates-build-env/linux@sha256:2788e3201cd34a07e3172128adcd8b3090168a8e3bcc40d7c032b9dda1df7d1c" "/opt/rustwide/cargo-home/bin/cargo" "+beta-2023-12-22" "test" "--frozen" "--no-run" "--message-format=json", kill_on_drop: false }`
[INFO] [stdout] 79257a23b1192ebba3a7b10c4b38ea58f6ddd9241d158bfa7a1c65fc21386843
[INFO] running `Command { std: "docker" "start" "-a" "79257a23b1192ebba3a7b10c4b38ea58f6ddd9241d158bfa7a1c65fc21386843", kill_on_drop: false }`
[INFO] [stderr]    Compiling proc-macro2 v0.4.30
[INFO] [stdout] warning: use of deprecated associated function `chrono::DateTime::<Tz>::from_utc`: Use TimeZone::from_utc_datetime() or DateTime::from_naive_utc_and_offset instead
[INFO] [stdout]    --> src/modules/private.rs:177:49
[INFO] [stdout]     |
[INFO] [stdout] 177 |         let datetime: DateTime<Utc> = DateTime::from_utc(naive, Utc);
[INFO] [stdout]     |                                                 ^^^^^^^^
[INFO] [stdout]     |
[INFO] [stdout]     = note: `#[warn(deprecated)]` on by default
[INFO] [stdout] 
[INFO] [stdout] 
[INFO] [stdout] warning: use of deprecated associated function `chrono::DateTime::<Tz>::from_utc`: Use TimeZone::from_utc_datetime() or DateTime::from_naive_utc_and_offset instead
[INFO] [stdout]    --> src/modules/private.rs:221:49
[INFO] [stdout]     |
[INFO] [stdout] 221 |         let datetime: DateTime<Utc> = DateTime::from_utc(naive, Utc);
[INFO] [stdout]     |                                                 ^^^^^^^^
[INFO] [stdout] 
[INFO] [stdout] 
[INFO] [stdout] warning: use of deprecated associated function `chrono::DateTime::<Tz>::from_utc`: Use TimeZone::from_utc_datetime() or DateTime::from_naive_utc_and_offset instead
[INFO] [stdout]    --> src/modules/private.rs:254:49
[INFO] [stdout]     |
[INFO] [stdout] 254 |         let datetime: DateTime<Utc> = DateTime::from_utc(naive, Utc);
[INFO] [stdout]     |                                                 ^^^^^^^^
[INFO] [stdout] 
[INFO] [stdout] 
[INFO] [stdout] warning: use of deprecated associated function `chrono::DateTime::<Tz>::from_utc`: Use TimeZone::from_utc_datetime() or DateTime::from_naive_utc_and_offset instead
[INFO] [stdout]    --> src/modules/private.rs:304:49
[INFO] [stdout]     |
[INFO] [stdout] 304 |         let datetime: DateTime<Utc> = DateTime::from_utc(naive, Utc);
[INFO] [stdout]     |                                                 ^^^^^^^^
[INFO] [stdout] 
[INFO] [stdout] 
[INFO] [stdout] warning: 4 warnings emitted
[INFO] [stdout] 
[INFO] [stdout] 
[INFO] [stderr]    Compiling quote v0.6.13
[INFO] [stderr]    Compiling syn v0.14.9
[INFO] [stderr]    Compiling speculate v0.1.2
[INFO] [stderr]    Compiling dydx-v3-blocking v1.0.0 (/opt/rustwide/workdir)
[INFO] [stdout] warning: use of deprecated associated function `chrono::DateTime::<Tz>::from_utc`: Use TimeZone::from_utc_datetime() or DateTime::from_naive_utc_and_offset instead
[INFO] [stdout]    --> src/modules/private.rs:177:49
[INFO] [stdout]     |
[INFO] [stdout] 177 |         let datetime: DateTime<Utc> = DateTime::from_utc(naive, Utc);
[INFO] [stdout]     |                                                 ^^^^^^^^
[INFO] [stdout]     |
[INFO] [stdout]     = note: `#[warn(deprecated)]` on by default
[INFO] [stdout] 
[INFO] [stdout] 
[INFO] [stdout] warning: use of deprecated associated function `chrono::DateTime::<Tz>::from_utc`: Use TimeZone::from_utc_datetime() or DateTime::from_naive_utc_and_offset instead
[INFO] [stdout]    --> src/modules/private.rs:221:49
[INFO] [stdout]     |
[INFO] [stdout] 221 |         let datetime: DateTime<Utc> = DateTime::from_utc(naive, Utc);
[INFO] [stdout]     |                                                 ^^^^^^^^
[INFO] [stdout] 
[INFO] [stdout] 
[INFO] [stdout] warning: use of deprecated associated function `chrono::DateTime::<Tz>::from_utc`: Use TimeZone::from_utc_datetime() or DateTime::from_naive_utc_and_offset instead
[INFO] [stdout]    --> src/modules/private.rs:254:49
[INFO] [stdout]     |
[INFO] [stdout] 254 |         let datetime: DateTime<Utc> = DateTime::from_utc(naive, Utc);
[INFO] [stdout]     |                                                 ^^^^^^^^
[INFO] [stdout] 
[INFO] [stdout] 
[INFO] [stdout] warning: use of deprecated associated function `chrono::DateTime::<Tz>::from_utc`: Use TimeZone::from_utc_datetime() or DateTime::from_naive_utc_and_offset instead
[INFO] [stdout]    --> src/modules/private.rs:304:49
[INFO] [stdout]     |
[INFO] [stdout] 304 |         let datetime: DateTime<Utc> = DateTime::from_utc(naive, Utc);
[INFO] [stdout]     |                                                 ^^^^^^^^
[INFO] [stdout] 
[INFO] [stdout] 
[INFO] [stdout] warning: 4 warnings emitted
[INFO] [stdout] 
[INFO] [stdout] 
[INFO] [stderr]     Finished test [unoptimized + debuginfo] target(s) in 14.16s
[INFO] [stderr] warning: the following packages contain code that will be rejected by a future version of Rust: syn v0.14.9
[INFO] [stderr] note: to see what the problems were, use the option `--future-incompat-report`, or run `cargo report future-incompatibilities --id 1`
[INFO] running `Command { std: "docker" "inspect" "79257a23b1192ebba3a7b10c4b38ea58f6ddd9241d158bfa7a1c65fc21386843", kill_on_drop: false }`
[INFO] running `Command { std: "docker" "rm" "-f" "79257a23b1192ebba3a7b10c4b38ea58f6ddd9241d158bfa7a1c65fc21386843", kill_on_drop: false }`
[INFO] [stdout] 79257a23b1192ebba3a7b10c4b38ea58f6ddd9241d158bfa7a1c65fc21386843
[INFO] running `Command { std: "docker" "create" "-v" "/var/lib/crater-agent-workspace/builds/worker-7-tc2/target:/opt/rustwide/target:rw,Z" "-v" "/var/lib/crater-agent-workspace/builds/worker-7-tc2/source:/opt/rustwide/workdir:ro,Z" "-v" "/var/lib/crater-agent-workspace/cargo-home:/opt/rustwide/cargo-home:ro,Z" "-v" "/var/lib/crater-agent-workspace/rustup-home:/opt/rustwide/rustup-home:ro,Z" "-e" "SOURCE_DIR=/opt/rustwide/workdir" "-e" "CARGO_TARGET_DIR=/opt/rustwide/target" "-e" "CARGO_INCREMENTAL=0" "-e" "RUST_BACKTRACE=full" "-e" "RUSTFLAGS=--cap-lints=warn" "-e" "RUSTDOCFLAGS=--cap-lints=warn" "-e" "CARGO_HOME=/opt/rustwide/cargo-home" "-e" "RUSTUP_HOME=/opt/rustwide/rustup-home" "-w" "/opt/rustwide/workdir" "-m" "1610612736" "--user" "0:0" "--network" "none" "ghcr.io/rust-lang/crates-build-env/linux@sha256:2788e3201cd34a07e3172128adcd8b3090168a8e3bcc40d7c032b9dda1df7d1c" "/opt/rustwide/cargo-home/bin/cargo" "+beta-2023-12-22" "test" "--frozen", kill_on_drop: false }`
[INFO] [stdout] c1ea9ad4a37c84cd82140317207484faa9e2d9ad80458dc8eff7d231085afb84
[INFO] running `Command { std: "docker" "start" "-a" "c1ea9ad4a37c84cd82140317207484faa9e2d9ad80458dc8eff7d231085afb84", kill_on_drop: false }`
[INFO] [stderr] warning: use of deprecated associated function `chrono::DateTime::<Tz>::from_utc`: Use TimeZone::from_utc_datetime() or DateTime::from_naive_utc_and_offset instead
[INFO] [stderr]    --> src/modules/private.rs:177:49
[INFO] [stderr]     |
[INFO] [stderr] 177 |         let datetime: DateTime<Utc> = DateTime::from_utc(naive, Utc);
[INFO] [stderr]     |                                                 ^^^^^^^^
[INFO] [stderr]     |
[INFO] [stderr]     = note: `#[warn(deprecated)]` on by default
[INFO] [stderr] 
[INFO] [stderr] warning: use of deprecated associated function `chrono::DateTime::<Tz>::from_utc`: Use TimeZone::from_utc_datetime() or DateTime::from_naive_utc_and_offset instead
[INFO] [stderr]    --> src/modules/private.rs:221:49
[INFO] [stderr]     |
[INFO] [stderr] 221 |         let datetime: DateTime<Utc> = DateTime::from_utc(naive, Utc);
[INFO] [stderr]     |                                                 ^^^^^^^^
[INFO] [stderr] 
[INFO] [stderr] warning: use of deprecated associated function `chrono::DateTime::<Tz>::from_utc`: Use TimeZone::from_utc_datetime() or DateTime::from_naive_utc_and_offset instead
[INFO] [stderr]    --> src/modules/private.rs:254:49
[INFO] [stderr]     |
[INFO] [stderr] 254 |         let datetime: DateTime<Utc> = DateTime::from_utc(naive, Utc);
[INFO] [stderr]     |                                                 ^^^^^^^^
[INFO] [stderr] 
[INFO] [stderr] warning: use of deprecated associated function `chrono::DateTime::<Tz>::from_utc`: Use TimeZone::from_utc_datetime() or DateTime::from_naive_utc_and_offset instead
[INFO] [stderr]    --> src/modules/private.rs:304:49
[INFO] [stderr]     |
[INFO] [stderr] 304 |         let datetime: DateTime<Utc> = DateTime::from_utc(naive, Utc);
[INFO] [stderr]     |                                                 ^^^^^^^^
[INFO] [stderr] 
[INFO] [stderr] warning: `dydx-v3-blocking` (lib) generated 4 warnings
[INFO] [stderr] warning: `dydx-v3-blocking` (lib test) generated 4 warnings (4 duplicates)
[INFO] [stderr]     Finished test [unoptimized + debuginfo] target(s) in 1.17s
[INFO] [stderr] warning: the following packages contain code that will be rejected by a future version of Rust: syn v0.14.9
[INFO] [stderr] note: to see what the problems were, use the option `--future-incompat-report`, or run `cargo report future-incompatibilities --id 1`
[INFO] [stderr]      Running unittests src/lib.rs (/opt/rustwide/target/debug/deps/dydx_v3_blocking-fe6cd07b847739c1)
[INFO] [stdout] 
[INFO] [stdout] running 0 tests
[INFO] [stdout] 
[INFO] [stdout] test result: ok. 0 passed; 0 failed; 0 ignored; 0 measured; 0 filtered out; finished in 0.00s
[INFO] [stdout] 
[INFO] [stderr]      Running tests/eth_private_test.rs (/opt/rustwide/target/debug/deps/eth_private_test-4583c80fba690712)
[INFO] [stdout] 
[INFO] [stdout] running 2 tests
[INFO] [stdout] test speculate_0::ethPrivateTest::test_recovery ... FAILED
[INFO] [stdout] test speculate_0::ethPrivateTest::test_createAndDeleteApiKey ... FAILED
[INFO] [stdout] 
[INFO] [stdout] failures:
[INFO] [stdout] 
[INFO] [stdout] ---- speculate_0::ethPrivateTest::test_recovery stdout ----
[INFO] [stdout] thread 'speculate_0::ethPrivateTest::test_recovery' panicked at src/modules/eth_sign.rs:38:20:
[INFO] [stdout] called `Result::unwrap()` on an `Err` value: PyErr { type: <class 'ModuleNotFoundError'>, value: ModuleNotFoundError("No module named 'eth_account'"), traceback: Some(<traceback object at 0x7fe244c5bf00>) }
[INFO] [stdout] stack backtrace:
[INFO] [stdout]    0:     0x55c750df6716 - std::backtrace_rs::backtrace::libunwind::trace::h261606ad26a499c1
[INFO] [stdout]                                at /rustc/0e09125c6c3c2fd70d7de961bcf0e51575235fad/library/std/src/../../backtrace/src/backtrace/libunwind.rs:104:5
[INFO] [stdout]    1:     0x55c750df6716 - std::backtrace_rs::backtrace::trace_unsynchronized::hd183f0625477fb28
[INFO] [stdout]                                at /rustc/0e09125c6c3c2fd70d7de961bcf0e51575235fad/library/std/src/../../backtrace/src/backtrace/mod.rs:66:5
[INFO] [stdout]    2:     0x55c750df6716 - std::sys_common::backtrace::_print_fmt::hd7f8fef21b4eda67
[INFO] [stdout]                                at /rustc/0e09125c6c3c2fd70d7de961bcf0e51575235fad/library/std/src/sys_common/backtrace.rs:68:5
[INFO] [stdout]    3:     0x55c750df6716 - <std::sys_common::backtrace::_print::DisplayBacktrace as core::fmt::Display>::fmt::h623d9b51f2f453f1
[INFO] [stdout]                                at /rustc/0e09125c6c3c2fd70d7de961bcf0e51575235fad/library/std/src/sys_common/backtrace.rs:44:22
[INFO] [stdout]    4:     0x55c750e226e0 - core::fmt::rt::Argument::fmt::h9f417ac76a86f368
[INFO] [stdout]                                at /rustc/0e09125c6c3c2fd70d7de961bcf0e51575235fad/library/core/src/fmt/rt.rs:142:9
[INFO] [stdout]    5:     0x55c750e226e0 - core::fmt::write::hc9b6faf4ac2aeff7
[INFO] [stdout]                                at /rustc/0e09125c6c3c2fd70d7de961bcf0e51575235fad/library/core/src/fmt/mod.rs:1120:17
[INFO] [stdout]    6:     0x55c750df35bf - std::io::Write::write_fmt::he04625a3a989fec3
[INFO] [stdout]                                at /rustc/0e09125c6c3c2fd70d7de961bcf0e51575235fad/library/std/src/io/mod.rs:1810:15
[INFO] [stdout]    7:     0x55c750df64f4 - std::sys_common::backtrace::_print::hd5d66399c7df88a2
[INFO] [stdout]                                at /rustc/0e09125c6c3c2fd70d7de961bcf0e51575235fad/library/std/src/sys_common/backtrace.rs:47:5
[INFO] [stdout]    8:     0x55c750df64f4 - std::sys_common::backtrace::print::he81ed2da642d37e5
[INFO] [stdout]                                at /rustc/0e09125c6c3c2fd70d7de961bcf0e51575235fad/library/std/src/sys_common/backtrace.rs:34:9
[INFO] [stdout]    9:     0x55c750df8267 - std::panicking::default_hook::{{closure}}::h85773f4fa117163d
[INFO] [stdout]   10:     0x55c750df7f4d - std::panicking::default_hook::h6a1694a91d09b278
[INFO] [stdout]                                at /rustc/0e09125c6c3c2fd70d7de961bcf0e51575235fad/library/std/src/panicking.rs:289:9
[INFO] [stdout]   11:     0x55c7508e79d7 - <alloc::boxed::Box<F,A> as core::ops::function::Fn<Args>>::call::h616ac37fa3cd6c8f
[INFO] [stdout]                                at /rustc/0e09125c6c3c2fd70d7de961bcf0e51575235fad/library/alloc/src/boxed.rs:2029:9
[INFO] [stdout]   12:     0x55c7508e79d7 - test::test_main::{{closure}}::h00d84697cefdcbb6
[INFO] [stdout]                                at /rustc/0e09125c6c3c2fd70d7de961bcf0e51575235fad/library/test/src/lib.rs:138:21
[INFO] [stdout]   13:     0x55c750df8886 - <alloc::boxed::Box<F,A> as core::ops::function::Fn<Args>>::call::hcb3fe3b9bb537ba8
[INFO] [stdout]                                at /rustc/0e09125c6c3c2fd70d7de961bcf0e51575235fad/library/alloc/src/boxed.rs:2029:9
[INFO] [stdout]   14:     0x55c750df8886 - std::panicking::rust_panic_with_hook::h0a7ad96e90f7145b
[INFO] [stdout]                                at /rustc/0e09125c6c3c2fd70d7de961bcf0e51575235fad/library/std/src/panicking.rs:783:13
[INFO] [stdout]   15:     0x55c750df85d2 - std::panicking::begin_panic_handler::{{closure}}::h7919090525c6485e
[INFO] [stdout]                                at /rustc/0e09125c6c3c2fd70d7de961bcf0e51575235fad/library/std/src/panicking.rs:657:13
[INFO] [stdout]   16:     0x55c750df6c16 - std::sys_common::backtrace::__rust_end_short_backtrace::hf3289479464f7dfe
[INFO] [stdout]                                at /rustc/0e09125c6c3c2fd70d7de961bcf0e51575235fad/library/std/src/sys_common/backtrace.rs:171:18
[INFO] [stdout]   17:     0x55c750df8330 - rust_begin_unwind
[INFO] [stdout]                                at /rustc/0e09125c6c3c2fd70d7de961bcf0e51575235fad/library/std/src/panicking.rs:645:5
[INFO] [stdout]   18:     0x55c7508b15e5 - core::panicking::panic_fmt::hcc9f77c5c132af55
[INFO] [stdout]                                at /rustc/0e09125c6c3c2fd70d7de961bcf0e51575235fad/library/core/src/panicking.rs:72:14
[INFO] [stdout]   19:     0x55c7508b1c23 - core::result::unwrap_failed::hbe14f498be1452f9
[INFO] [stdout]                                at /rustc/0e09125c6c3c2fd70d7de961bcf0e51575235fad/library/core/src/result.rs:1649:5
[INFO] [stdout]   20:     0x55c750913021 - core::result::Result<T,E>::unwrap::hef10f34f70fe9c8e
[INFO] [stdout]                                at /rustc/0e09125c6c3c2fd70d7de961bcf0e51575235fad/library/core/src/result.rs:1073:23
[INFO] [stdout]   21:     0x55c7508fc25c - dydx_v3_blocking::modules::eth_sign::sign_private::h470aad9cccfca30f
[INFO] [stdout]                                at /opt/rustwide/workdir/src/modules/eth_sign.rs:38:8
[INFO] [stdout]   22:     0x55c7508f6498 - dydx_v3_blocking::modules::eth_private::EthPrivate::request::hf709b8d3dc36f63d
[INFO] [stdout]                                at /opt/rustwide/workdir/src/modules/eth_private.rs:65:25
[INFO] [stdout]   23:     0x55c7508f52ff - dydx_v3_blocking::modules::eth_private::EthPrivate::recovery::h9ba9d3225c99301a
[INFO] [stdout]                                at /opt/rustwide/workdir/src/modules/eth_private.rs:31:24
[INFO] [stdout]   24:     0x55c7508b29f3 - eth_private_test::speculate_0::ethPrivateTest::test_recovery::h1a2b0d13aec092cb
[INFO] [stdout]                                at /opt/rustwide/workdir/tests/eth_private_test.rs:31:49
[INFO] [stdout]   25:     0x55c7508b2917 - eth_private_test::speculate_0::ethPrivateTest::test_recovery::{{closure}}::h4639d2a9253fbea6
[INFO] [stdout]                                at /opt/rustwide/workdir/tests/eth_private_test.rs:29:30
[INFO] [stdout]   26:     0x55c7508b2206 - core::ops::function::FnOnce::call_once::h4a3c193d4c6a631f
[INFO] [stdout]                                at /rustc/0e09125c6c3c2fd70d7de961bcf0e51575235fad/library/core/src/ops/function.rs:250:5
[INFO] [stdout]   27:     0x55c7508ed2af - core::ops::function::FnOnce::call_once::hd64d26f405258157
[INFO] [stdout]                                at /rustc/0e09125c6c3c2fd70d7de961bcf0e51575235fad/library/core/src/ops/function.rs:250:5
[INFO] [stdout]   28:     0x55c7508ed2af - test::__rust_begin_short_backtrace::he21b0b7a6d731bf9
[INFO] [stdout]                                at /rustc/0e09125c6c3c2fd70d7de961bcf0e51575235fad/library/test/src/lib.rs:627:18
[INFO] [stdout]   29:     0x55c7508ec031 - test::run_test_in_process::{{closure}}::hf5c73986d7bdfde2
[INFO] [stdout]                                at /rustc/0e09125c6c3c2fd70d7de961bcf0e51575235fad/library/test/src/lib.rs:650:60
[INFO] [stdout]   30:     0x55c7508ec031 - <core::panic::unwind_safe::AssertUnwindSafe<F> as core::ops::function::FnOnce<()>>::call_once::h330011ad032aadc0
[INFO] [stdout]                                at /rustc/0e09125c6c3c2fd70d7de961bcf0e51575235fad/library/core/src/panic/unwind_safe.rs:272:9
[INFO] [stdout]   31:     0x55c7508ec031 - std::panicking::try::do_call::he61b0a958b795a41
[INFO] [stdout]                                at /rustc/0e09125c6c3c2fd70d7de961bcf0e51575235fad/library/std/src/panicking.rs:552:40
[INFO] [stdout]   32:     0x55c7508ec031 - std::panicking::try::h7309da130f906eb7
[INFO] [stdout]                                at /rustc/0e09125c6c3c2fd70d7de961bcf0e51575235fad/library/std/src/panicking.rs:516:19
[INFO] [stdout]   33:     0x55c7508ec031 - std::panic::catch_unwind::hc5c3a06fdaf0a92a
[INFO] [stdout]                                at /rustc/0e09125c6c3c2fd70d7de961bcf0e51575235fad/library/std/src/panic.rs:142:14
[INFO] [stdout]   34:     0x55c7508ec031 - test::run_test_in_process::h7e7b7c71c3324e0f
[INFO] [stdout]                                at /rustc/0e09125c6c3c2fd70d7de961bcf0e51575235fad/library/test/src/lib.rs:650:27
[INFO] [stdout]   35:     0x55c7508ec031 - test::run_test::{{closure}}::h1f509f28f5cf20b1
[INFO] [stdout]                                at /rustc/0e09125c6c3c2fd70d7de961bcf0e51575235fad/library/test/src/lib.rs:573:43
[INFO] [stdout]   36:     0x55c7508b3366 - test::run_test::{{closure}}::h1754218abf443f6d
[INFO] [stdout]                                at /rustc/0e09125c6c3c2fd70d7de961bcf0e51575235fad/library/test/src/lib.rs:601:41
[INFO] [stdout]   37:     0x55c7508b3366 - std::sys_common::backtrace::__rust_begin_short_backtrace::h2ee174b9d5954948
[INFO] [stdout]                                at /rustc/0e09125c6c3c2fd70d7de961bcf0e51575235fad/library/std/src/sys_common/backtrace.rs:155:18
[INFO] [stdout]   38:     0x55c7508b83c7 - std::thread::Builder::spawn_unchecked_::{{closure}}::{{closure}}::hf60bee9c1a17ef09
[INFO] [stdout]                                at /rustc/0e09125c6c3c2fd70d7de961bcf0e51575235fad/library/std/src/thread/mod.rs:529:17
[INFO] [stdout]   39:     0x55c7508b83c7 - <core::panic::unwind_safe::AssertUnwindSafe<F> as core::ops::function::FnOnce<()>>::call_once::h33d0dddec5216160
[INFO] [stdout]                                at /rustc/0e09125c6c3c2fd70d7de961bcf0e51575235fad/library/core/src/panic/unwind_safe.rs:272:9
[INFO] [stdout]   40:     0x55c7508b83c7 - std::panicking::try::do_call::h144b3048b546f835
[INFO] [stdout]                                at /rustc/0e09125c6c3c2fd70d7de961bcf0e51575235fad/library/std/src/panicking.rs:552:40
[INFO] [stdout]   41:     0x55c7508b83c7 - std::panicking::try::h978244d04646189f
[INFO] [stdout]                                at /rustc/0e09125c6c3c2fd70d7de961bcf0e51575235fad/library/std/src/panicking.rs:516:19
[INFO] [stdout]   42:     0x55c7508b83c7 - std::panic::catch_unwind::hdf436369d188fe86
[INFO] [stdout]                                at /rustc/0e09125c6c3c2fd70d7de961bcf0e51575235fad/library/std/src/panic.rs:142:14
[INFO] [stdout]   43:     0x55c7508b83c7 - std::thread::Builder::spawn_unchecked_::{{closure}}::h87329cbdd33c79ec
[INFO] [stdout]                                at /rustc/0e09125c6c3c2fd70d7de961bcf0e51575235fad/library/std/src/thread/mod.rs:528:30
[INFO] [stdout]   44:     0x55c7508b83c7 - core::ops::function::FnOnce::call_once{{vtable.shim}}::h401abbe67897d450
[INFO] [stdout]                                at /rustc/0e09125c6c3c2fd70d7de961bcf0e51575235fad/library/core/src/ops/function.rs:250:5
[INFO] [stdout]   45:     0x55c750dfd5c5 - <alloc::boxed::Box<F,A> as core::ops::function::FnOnce<Args>>::call_once::h5d7c8f150ab9c84c
[INFO] [stdout]                                at /rustc/0e09125c6c3c2fd70d7de961bcf0e51575235fad/library/alloc/src/boxed.rs:2015:9
[INFO] [stdout]   46:     0x55c750dfd5c5 - <alloc::boxed::Box<F,A> as core::ops::function::FnOnce<Args>>::call_once::h570d5b005c242c15
[INFO] [stdout]                                at /rustc/0e09125c6c3c2fd70d7de961bcf0e51575235fad/library/alloc/src/boxed.rs:2015:9
[INFO] [stdout]   47:     0x55c750dfd5c5 - std::sys::unix::thread::Thread::new::thread_start::h36b0a20c0b2361ad
[INFO] [stdout]                                at /rustc/0e09125c6c3c2fd70d7de961bcf0e51575235fad/library/std/src/sys/unix/thread.rs:108:17
[INFO] [stdout]   48:     0x7fe245f34ac3 - <unknown>
[INFO] [stdout]   49:     0x7fe245fc5bf4 - __clone
[INFO] [stdout]   50:                0x0 - <unknown>
[INFO] [stdout] 
[INFO] [stdout] ---- speculate_0::ethPrivateTest::test_createAndDeleteApiKey stdout ----
[INFO] [stdout] thread 'speculate_0::ethPrivateTest::test_createAndDeleteApiKey' panicked at src/modules/eth_sign.rs:38:20:
[INFO] [stdout] called `Result::unwrap()` on an `Err` value: PyErr { type: <class 'ModuleNotFoundError'>, value: ModuleNotFoundError("No module named 'eth_account'"), traceback: Some(<traceback object at 0x7fe244c37d00>) }
[INFO] [stdout] stack backtrace:
[INFO] [stdout]    0:     0x55c750df6716 - std::backtrace_rs::backtrace::libunwind::trace::h261606ad26a499c1
[INFO] [stdout]                                at /rustc/0e09125c6c3c2fd70d7de961bcf0e51575235fad/library/std/src/../../backtrace/src/backtrace/libunwind.rs:104:5
[INFO] [stdout]    1:     0x55c750df6716 - std::backtrace_rs::backtrace::trace_unsynchronized::hd183f0625477fb28
[INFO] [stdout]                                at /rustc/0e09125c6c3c2fd70d7de961bcf0e51575235fad/library/std/src/../../backtrace/src/backtrace/mod.rs:66:5
[INFO] [stdout]    2:     0x55c750df6716 - std::sys_common::backtrace::_print_fmt::hd7f8fef21b4eda67
[INFO] [stdout]                                at /rustc/0e09125c6c3c2fd70d7de961bcf0e51575235fad/library/std/src/sys_common/backtrace.rs:68:5
[INFO] [stdout]    3:     0x55c750df6716 - <std::sys_common::backtrace::_print::DisplayBacktrace as core::fmt::Display>::fmt::h623d9b51f2f453f1
[INFO] [stdout]                                at /rustc/0e09125c6c3c2fd70d7de961bcf0e51575235fad/library/std/src/sys_common/backtrace.rs:44:22
[INFO] [stdout]    4:     0x55c750e226e0 - core::fmt::rt::Argument::fmt::h9f417ac76a86f368
[INFO] [stdout]                                at /rustc/0e09125c6c3c2fd70d7de961bcf0e51575235fad/library/core/src/fmt/rt.rs:142:9
[INFO] [stdout]    5:     0x55c750e226e0 - core::fmt::write::hc9b6faf4ac2aeff7
[INFO] [stdout]                                at /rustc/0e09125c6c3c2fd70d7de961bcf0e51575235fad/library/core/src/fmt/mod.rs:1120:17
[INFO] [stdout]    6:     0x55c750df35bf - std::io::Write::write_fmt::he04625a3a989fec3
[INFO] [stdout]                                at /rustc/0e09125c6c3c2fd70d7de961bcf0e51575235fad/library/std/src/io/mod.rs:1810:15
[INFO] [stdout]    7:     0x55c750df64f4 - std::sys_common::backtrace::_print::hd5d66399c7df88a2
[INFO] [stdout]                                at /rustc/0e09125c6c3c2fd70d7de961bcf0e51575235fad/library/std/src/sys_common/backtrace.rs:47:5
[INFO] [stdout]    8:     0x55c750df64f4 - std::sys_common::backtrace::print::he81ed2da642d37e5
[INFO] [stdout]                                at /rustc/0e09125c6c3c2fd70d7de961bcf0e51575235fad/library/std/src/sys_common/backtrace.rs:34:9
[INFO] [stdout]    9:     0x55c750df8267 - std::panicking::default_hook::{{closure}}::h85773f4fa117163d
[INFO] [stdout]   10:     0x55c750df7f4d - std::panicking::default_hook::h6a1694a91d09b278
[INFO] [stdout]                                at /rustc/0e09125c6c3c2fd70d7de961bcf0e51575235fad/library/std/src/panicking.rs:289:9
[INFO] [stdout]   11:     0x55c7508e79d7 - <alloc::boxed::Box<F,A> as core::ops::function::Fn<Args>>::call::h616ac37fa3cd6c8f
[INFO] [stdout]                                at /rustc/0e09125c6c3c2fd70d7de961bcf0e51575235fad/library/alloc/src/boxed.rs:2029:9
[INFO] [stdout]   12:     0x55c7508e79d7 - test::test_main::{{closure}}::h00d84697cefdcbb6
[INFO] [stdout]                                at /rustc/0e09125c6c3c2fd70d7de961bcf0e51575235fad/library/test/src/lib.rs:138:21
[INFO] [stdout]   13:     0x55c750df8886 - <alloc::boxed::Box<F,A> as core::ops::function::Fn<Args>>::call::hcb3fe3b9bb537ba8
[INFO] [stdout]                                at /rustc/0e09125c6c3c2fd70d7de961bcf0e51575235fad/library/alloc/src/boxed.rs:2029:9
[INFO] [stdout]   14:     0x55c750df8886 - std::panicking::rust_panic_with_hook::h0a7ad96e90f7145b
[INFO] [stdout]                                at /rustc/0e09125c6c3c2fd70d7de961bcf0e51575235fad/library/std/src/panicking.rs:783:13
[INFO] [stdout]   15:     0x55c750df85d2 - std::panicking::begin_panic_handler::{{closure}}::h7919090525c6485e
[INFO] [stdout]                                at /rustc/0e09125c6c3c2fd70d7de961bcf0e51575235fad/library/std/src/panicking.rs:657:13
[INFO] [stdout]   16:     0x55c750df6c16 - std::sys_common::backtrace::__rust_end_short_backtrace::hf3289479464f7dfe
[INFO] [stdout]                                at /rustc/0e09125c6c3c2fd70d7de961bcf0e51575235fad/library/std/src/sys_common/backtrace.rs:171:18
[INFO] [stdout]   17:     0x55c750df8330 - rust_begin_unwind
[INFO] [stdout]                                at /rustc/0e09125c6c3c2fd70d7de961bcf0e51575235fad/library/std/src/panicking.rs:645:5
[INFO] [stdout]   18:     0x55c7508b15e5 - core::panicking::panic_fmt::hcc9f77c5c132af55
[INFO] [stdout]                                at /rustc/0e09125c6c3c2fd70d7de961bcf0e51575235fad/library/core/src/panicking.rs:72:14
[INFO] [stdout]   19:     0x55c7508b1c23 - core::result::unwrap_failed::hbe14f498be1452f9
[INFO] [stdout]                                at /rustc/0e09125c6c3c2fd70d7de961bcf0e51575235fad/library/core/src/result.rs:1649:5
[INFO] [stdout]   20:     0x55c750913021 - core::result::Result<T,E>::unwrap::hef10f34f70fe9c8e
[INFO] [stdout]                                at /rustc/0e09125c6c3c2fd70d7de961bcf0e51575235fad/library/core/src/result.rs:1073:23
[INFO] [stdout]   21:     0x55c7508fc25c - dydx_v3_blocking::modules::eth_sign::sign_private::h470aad9cccfca30f
[INFO] [stdout]                                at /opt/rustwide/workdir/src/modules/eth_sign.rs:38:8
[INFO] [stdout]   22:     0x55c7508f5868 - dydx_v3_blocking::modules::eth_private::EthPrivate::request::hcd1ad4885c53e03e
[INFO] [stdout]                                at /opt/rustwide/workdir/src/modules/eth_private.rs:65:25
[INFO] [stdout]   23:     0x55c7508f536f - dydx_v3_blocking::modules::eth_private::EthPrivate::create_api_key::h3fc6d5b4b8cdee09
[INFO] [stdout]                                at /opt/rustwide/workdir/src/modules/eth_private.rs:40:24
[INFO] [stdout]   24:     0x55c7508b2c80 - eth_private_test::speculate_0::ethPrivateTest::test_createAndDeleteApiKey::hee66c6878935feef
[INFO] [stdout]                                at /opt/rustwide/workdir/tests/eth_private_test.rs:38:49
[INFO] [stdout]   25:     0x55c7508b2ba7 - eth_private_test::speculate_0::ethPrivateTest::test_createAndDeleteApiKey::{{closure}}::h6e8f2529ca72c220
[INFO] [stdout]                                at /opt/rustwide/workdir/tests/eth_private_test.rs:36:43
[INFO] [stdout]   26:     0x55c7508b2246 - core::ops::function::FnOnce::call_once::hb74db0ca95dacf20
[INFO] [stdout]                                at /rustc/0e09125c6c3c2fd70d7de961bcf0e51575235fad/library/core/src/ops/function.rs:250:5
[INFO] [stdout]   27:     0x55c7508ed2af - core::ops::function::FnOnce::call_once::hd64d26f405258157
[INFO] [stdout]                                at /rustc/0e09125c6c3c2fd70d7de961bcf0e51575235fad/library/core/src/ops/function.rs:250:5
[INFO] [stdout]   28:     0x55c7508ed2af - test::__rust_begin_short_backtrace::he21b0b7a6d731bf9
[INFO] [stdout]                                at /rustc/0e09125c6c3c2fd70d7de961bcf0e51575235fad/library/test/src/lib.rs:627:18
[INFO] [stdout]   29:     0x55c7508ec031 - test::run_test_in_process::{{closure}}::hf5c73986d7bdfde2
[INFO] [stdout]                                at /rustc/0e09125c6c3c2fd70d7de961bcf0e51575235fad/library/test/src/lib.rs:650:60
[INFO] [stdout]   30:     0x55c7508ec031 - <core::panic::unwind_safe::AssertUnwindSafe<F> as core::ops::function::FnOnce<()>>::call_once::h330011ad032aadc0
[INFO] [stdout]                                at /rustc/0e09125c6c3c2fd70d7de961bcf0e51575235fad/library/core/src/panic/unwind_safe.rs:272:9
[INFO] [stdout]   31:     0x55c7508ec031 - std::panicking::try::do_call::he61b0a958b795a41
[INFO] [stdout]                                at /rustc/0e09125c6c3c2fd70d7de961bcf0e51575235fad/library/std/src/panicking.rs:552:40
[INFO] [stdout]   32:     0x55c7508ec031 - std::panicking::try::h7309da130f906eb7
[INFO] [stdout]                                at /rustc/0e09125c6c3c2fd70d7de961bcf0e51575235fad/library/std/src/panicking.rs:516:19
[INFO] [stdout]   33:     0x55c7508ec031 - std::panic::catch_unwind::hc5c3a06fdaf0a92a
[INFO] [stdout]                                at /rustc/0e09125c6c3c2fd70d7de961bcf0e51575235fad/library/std/src/panic.rs:142:14
[INFO] [stdout]   34:     0x55c7508ec031 - test::run_test_in_process::h7e7b7c71c3324e0f
[INFO] [stdout]                                at /rustc/0e09125c6c3c2fd70d7de961bcf0e51575235fad/library/test/src/lib.rs:650:27
[INFO] [stdout]   35:     0x55c7508ec031 - test::run_test::{{closure}}::h1f509f28f5cf20b1
[INFO] [stdout]                                at /rustc/0e09125c6c3c2fd70d7de961bcf0e51575235fad/library/test/src/lib.rs:573:43
[INFO] [stdout]   36:     0x55c7508b3366 - test::run_test::{{closure}}::h1754218abf443f6d
[INFO] [stdout]                                at /rustc/0e09125c6c3c2fd70d7de961bcf0e51575235fad/library/test/src/lib.rs:601:41
[INFO] [stdout]   37:     0x55c7508b3366 - std::sys_common::backtrace::__rust_begin_short_backtrace::h2ee174b9d5954948
[INFO] [stdout]                                at /rustc/0e09125c6c3c2fd70d7de961bcf0e51575235fad/library/std/src/sys_common/backtrace.rs:155:18
[INFO] [stdout]   38:     0x55c7508b83c7 - std::thread::Builder::spawn_unchecked_::{{closure}}::{{closure}}::hf60bee9c1a17ef09
[INFO] [stdout]                                at /rustc/0e09125c6c3c2fd70d7de961bcf0e51575235fad/library/std/src/thread/mod.rs:529:17
[INFO] [stdout]   39:     0x55c7508b83c7 - <core::panic::unwind_safe::AssertUnwindSafe<F> as core::ops::function::FnOnce<()>>::call_once::h33d0dddec5216160
[INFO] [stdout]                                at /rustc/0e09125c6c3c2fd70d7de961bcf0e51575235fad/library/core/src/panic/unwind_safe.rs:272:9
[INFO] [stdout]   40:     0x55c7508b83c7 - std::panicking::try::do_call::h144b3048b546f835
[INFO] [stdout]                                at /rustc/0e09125c6c3c2fd70d7de961bcf0e51575235fad/library/std/src/panicking.rs:552:40
[INFO] [stdout]   41:     0x55c7508b83c7 - std::panicking::try::h978244d04646189f
[INFO] [stdout]                                at /rustc/0e09125c6c3c2fd70d7de961bcf0e51575235fad/library/std/src/panicking.rs:516:19
[INFO] [stdout]   42:     0x55c7508b83c7 - std::panic::catch_unwind::hdf436369d188fe86
[INFO] [stdout]                                at /rustc/0e09125c6c3c2fd70d7de961bcf0e51575235fad/library/std/src/panic.rs:142:14
[INFO] [stdout]   43:     0x55c7508b83c7 - std::thread::Builder::spawn_unchecked_::{{closure}}::h87329cbdd33c79ec
[INFO] [stdout]                                at /rustc/0e09125c6c3c2fd70d7de961bcf0e51575235fad/library/std/src/thread/mod.rs:528:30
[INFO] [stdout]   44:     0x55c7508b83c7 - core::ops::function::FnOnce::call_once{{vtable.shim}}::h401abbe67897d450
[INFO] [stdout]                                at /rustc/0e09125c6c3c2fd70d7de961bcf0e51575235fad/library/core/src/ops/function.rs:250:5
[INFO] [stdout]   45:     0x55c750dfd5c5 - <alloc::boxed::Box<F,A> as core::ops::function::FnOnce<Args>>::call_once::h5d7c8f150ab9c84c
[INFO] [stdout]                                at /rustc/0e09125c6c3c2fd70d7de961bcf0e51575235fad/library/alloc/src/boxed.rs:2015:9
[INFO] [stdout]   46:     0x55c750dfd5c5 - <alloc::boxed::Box<F,A> as core::ops::function::FnOnce<Args>>::call_once::h570d5b005c242c15
[INFO] [stdout]                                at /rustc/0e09125c6c3c2fd70d7de961bcf0e51575235fad/library/alloc/src/boxed.rs:2015:9
[INFO] [stdout]   47:     0x55c750dfd5c5 - std::sys::unix::thread::Thread::new::thread_start::h36b0a20c0b2361ad
[INFO] [stdout]                                at /rustc/0e09125c6c3c2fd70d7de961bcf0e51575235fad/library/std/src/sys/unix/thread.rs:108:17
[INFO] [stdout]   48:     0x7fe245f34ac3 - <unknown>
[INFO] [stdout]   49:     0x7fe245fc5bf4 - __clone
[INFO] [stdout]   50:                0x0 - <unknown>
[INFO] [stdout] 
[INFO] [stdout] 
[INFO] [stdout] failures:
[INFO] [stdout]     speculate_0::ethPrivateTest::test_createAndDeleteApiKey
[INFO] [stdout]     speculate_0::ethPrivateTest::test_recovery
[INFO] [stdout] 
[INFO] [stdout] test result: FAILED. 0 passed; 2 failed; 0 ignored; 0 measured; 0 filtered out; finished in 1.34s
[INFO] [stdout] 
[INFO] [stderr] error: test failed, to rerun pass `--test eth_private_test`
[INFO] running `Command { std: "docker" "inspect" "c1ea9ad4a37c84cd82140317207484faa9e2d9ad80458dc8eff7d231085afb84", kill_on_drop: false }`
[INFO] running `Command { std: "docker" "rm" "-f" "c1ea9ad4a37c84cd82140317207484faa9e2d9ad80458dc8eff7d231085afb84", kill_on_drop: false }`
[INFO] [stdout] c1ea9ad4a37c84cd82140317207484faa9e2d9ad80458dc8eff7d231085afb84
