[INFO] fetching crate cote 0.4.6...
[INFO] testing cote-0.4.6 against 1.75.0 for beta-1.76-1
[INFO] extracting crate cote 0.4.6 into /workspace/builds/worker-6-tc1/source
[INFO] validating manifest of crates.io crate cote 0.4.6 on toolchain 1.75.0
[INFO] running `Command { std: CARGO_HOME="/workspace/cargo-home" RUSTUP_HOME="/workspace/rustup-home" "/workspace/cargo-home/bin/cargo" "+1.75.0" "metadata" "--manifest-path" "Cargo.toml" "--no-deps", kill_on_drop: false }`
[INFO] started tweaking crates.io crate cote 0.4.6
[INFO] finished tweaking crates.io crate cote 0.4.6
[INFO] tweaked toml for crates.io crate cote 0.4.6 written to /workspace/builds/worker-6-tc1/source/Cargo.toml
[INFO] crate crates.io crate cote 0.4.6 already has a lockfile, it will not be regenerated
[INFO] running `Command { std: CARGO_HOME="/workspace/cargo-home" RUSTUP_HOME="/workspace/rustup-home" "/workspace/cargo-home/bin/cargo" "+1.75.0" "fetch" "--manifest-path" "Cargo.toml", kill_on_drop: false }`
[INFO] [stderr]     Blocking waiting for file lock on package cache
[INFO] [stderr]     Updating crates.io index
[INFO] [stderr]  Downloading crates ...
[INFO] [stderr]   Downloaded smawk v0.3.2
[INFO] [stderr]   Downloaded cote-derive v0.2.3
[INFO] [stderr]   Downloaded aopt-help v0.3.4
[INFO] [stderr]   Downloaded charize v0.0.2
[INFO] [stderr]   Downloaded neure v0.3.1
[INFO] [stderr]   Downloaded regex-automata v0.4.1
[INFO] [stderr]   Downloaded aopt v0.11.3
[INFO] running `Command { std: "docker" "create" "-v" "/var/lib/crater-agent-workspace/builds/worker-6-tc1/target:/opt/rustwide/target:rw,Z" "-v" "/var/lib/crater-agent-workspace/builds/worker-6-tc1/source:/opt/rustwide/workdir:ro,Z" "-v" "/var/lib/crater-agent-workspace/cargo-home:/opt/rustwide/cargo-home:ro,Z" "-v" "/var/lib/crater-agent-workspace/rustup-home:/opt/rustwide/rustup-home:ro,Z" "-e" "SOURCE_DIR=/opt/rustwide/workdir" "-e" "CARGO_TARGET_DIR=/opt/rustwide/target" "-e" "CARGO_HOME=/opt/rustwide/cargo-home" "-e" "RUSTUP_HOME=/opt/rustwide/rustup-home" "-w" "/opt/rustwide/workdir" "-m" "1610612736" "--user" "0:0" "--network" "none" "ghcr.io/rust-lang/crates-build-env/linux@sha256:2788e3201cd34a07e3172128adcd8b3090168a8e3bcc40d7c032b9dda1df7d1c" "/opt/rustwide/cargo-home/bin/cargo" "+1.75.0" "metadata" "--no-deps" "--format-version=1", kill_on_drop: false }`
[INFO] [stdout] 0c97dc063a3dda05b1b8b9bcba30a922c118ca20ac9faa4d3ca9e85914d4466a
[INFO] running `Command { std: "docker" "start" "-a" "0c97dc063a3dda05b1b8b9bcba30a922c118ca20ac9faa4d3ca9e85914d4466a", kill_on_drop: false }`
[INFO] running `Command { std: "docker" "inspect" "0c97dc063a3dda05b1b8b9bcba30a922c118ca20ac9faa4d3ca9e85914d4466a", kill_on_drop: false }`
[INFO] running `Command { std: "docker" "rm" "-f" "0c97dc063a3dda05b1b8b9bcba30a922c118ca20ac9faa4d3ca9e85914d4466a", kill_on_drop: false }`
[INFO] [stdout] 0c97dc063a3dda05b1b8b9bcba30a922c118ca20ac9faa4d3ca9e85914d4466a
[INFO] running `Command { std: "docker" "create" "-v" "/var/lib/crater-agent-workspace/builds/worker-6-tc1/target:/opt/rustwide/target:rw,Z" "-v" "/var/lib/crater-agent-workspace/builds/worker-6-tc1/source:/opt/rustwide/workdir:ro,Z" "-v" "/var/lib/crater-agent-workspace/cargo-home:/opt/rustwide/cargo-home:ro,Z" "-v" "/var/lib/crater-agent-workspace/rustup-home:/opt/rustwide/rustup-home:ro,Z" "-e" "SOURCE_DIR=/opt/rustwide/workdir" "-e" "CARGO_TARGET_DIR=/opt/rustwide/target" "-e" "CARGO_INCREMENTAL=0" "-e" "RUST_BACKTRACE=full" "-e" "RUSTFLAGS=--cap-lints=warn" "-e" "RUSTDOCFLAGS=--cap-lints=warn" "-e" "CARGO_HOME=/opt/rustwide/cargo-home" "-e" "RUSTUP_HOME=/opt/rustwide/rustup-home" "-w" "/opt/rustwide/workdir" "-m" "1610612736" "--user" "0:0" "--network" "none" "ghcr.io/rust-lang/crates-build-env/linux@sha256:2788e3201cd34a07e3172128adcd8b3090168a8e3bcc40d7c032b9dda1df7d1c" "/opt/rustwide/cargo-home/bin/cargo" "+1.75.0" "build" "--frozen" "--message-format=json", kill_on_drop: false }`
[INFO] [stdout] 8020ade11c64937c56ffc01fba6d0346aae98f8b596ddcc849659fe904b8e521
[INFO] running `Command { std: "docker" "start" "-a" "8020ade11c64937c56ffc01fba6d0346aae98f8b596ddcc849659fe904b8e521", kill_on_drop: false }`
[INFO] [stderr]    Compiling proc-macro2 v1.0.69
[INFO] [stderr]    Compiling libc v0.2.149
[INFO] [stderr]    Compiling syn v1.0.109
[INFO] [stderr]    Compiling smawk v0.3.2
[INFO] [stderr]    Compiling charize v0.0.2
[INFO] [stderr]    Compiling once_cell v1.18.0
[INFO] [stderr]    Compiling ahash v0.8.3
[INFO] [stderr]    Compiling textwrap v0.16.0
[INFO] [stderr]    Compiling aopt-help v0.3.4
[INFO] [stderr]    Compiling neure v0.3.1
[INFO] [stderr]    Compiling quote v1.0.33
[INFO] [stderr]    Compiling getrandom v0.2.10
[INFO] [stderr]    Compiling aopt v0.11.3
[INFO] [stderr]    Compiling cote-derive v0.2.3
[INFO] [stderr]    Compiling cote v0.4.6 (/opt/rustwide/workdir)
[INFO] [stderr]     Finished dev [unoptimized + debuginfo] target(s) in 7.53s
[INFO] running `Command { std: "docker" "inspect" "8020ade11c64937c56ffc01fba6d0346aae98f8b596ddcc849659fe904b8e521", kill_on_drop: false }`
[INFO] running `Command { std: "docker" "rm" "-f" "8020ade11c64937c56ffc01fba6d0346aae98f8b596ddcc849659fe904b8e521", kill_on_drop: false }`
[INFO] [stdout] 8020ade11c64937c56ffc01fba6d0346aae98f8b596ddcc849659fe904b8e521
[INFO] running `Command { std: "docker" "create" "-v" "/var/lib/crater-agent-workspace/builds/worker-6-tc1/target:/opt/rustwide/target:rw,Z" "-v" "/var/lib/crater-agent-workspace/builds/worker-6-tc1/source:/opt/rustwide/workdir:ro,Z" "-v" "/var/lib/crater-agent-workspace/cargo-home:/opt/rustwide/cargo-home:ro,Z" "-v" "/var/lib/crater-agent-workspace/rustup-home:/opt/rustwide/rustup-home:ro,Z" "-e" "SOURCE_DIR=/opt/rustwide/workdir" "-e" "CARGO_TARGET_DIR=/opt/rustwide/target" "-e" "CARGO_INCREMENTAL=0" "-e" "RUST_BACKTRACE=full" "-e" "RUSTFLAGS=--cap-lints=warn" "-e" "RUSTDOCFLAGS=--cap-lints=warn" "-e" "CARGO_HOME=/opt/rustwide/cargo-home" "-e" "RUSTUP_HOME=/opt/rustwide/rustup-home" "-w" "/opt/rustwide/workdir" "-m" "1610612736" "--user" "0:0" "--network" "none" "ghcr.io/rust-lang/crates-build-env/linux@sha256:2788e3201cd34a07e3172128adcd8b3090168a8e3bcc40d7c032b9dda1df7d1c" "/opt/rustwide/cargo-home/bin/cargo" "+1.75.0" "test" "--frozen" "--no-run" "--message-format=json", kill_on_drop: false }`
[INFO] [stdout] fb4c9cb6d7a66fb760776fc3416a15f77f37d18c5a180b45039198e4d76acc4b
[INFO] running `Command { std: "docker" "start" "-a" "fb4c9cb6d7a66fb760776fc3416a15f77f37d18c5a180b45039198e4d76acc4b", kill_on_drop: false }`
[INFO] [stderr]    Compiling libc v0.2.149
[INFO] [stderr]    Compiling once_cell v1.18.0
[INFO] [stderr]    Compiling memchr v2.6.4
[INFO] [stderr]    Compiling parking_lot_core v0.9.8
[INFO] [stderr]    Compiling lock_api v0.4.10
[INFO] [stderr]    Compiling sharded-slab v0.1.7
[INFO] [stderr]    Compiling eyre v0.6.8
[INFO] [stderr]    Compiling serde v1.0.188
[INFO] [stderr]    Compiling gimli v0.28.0
[INFO] [stderr]    Compiling smallvec v1.11.1
[INFO] [stderr]    Compiling serde_json v1.0.107
[INFO] [stderr]    Compiling owo-colors v1.3.0
[INFO] [stderr]    Compiling regex-syntax v0.8.0
[INFO] [stderr]    Compiling syn v2.0.38
[INFO] [stderr]    Compiling indenter v0.3.3
[INFO] [stderr]    Compiling ryu v1.0.15
[INFO] [stderr]    Compiling tracing-core v0.1.31
[INFO] [stderr]    Compiling thread_local v1.1.7
[INFO] [stderr]    Compiling itoa v1.0.9
[INFO] [stderr]    Compiling aho-corasick v1.1.2
[INFO] [stderr]    Compiling object v0.32.1
[INFO] [stderr]    Compiling tracing-subscriber v0.2.25
[INFO] [stderr]    Compiling cc v1.0.83
[INFO] [stderr]    Compiling getrandom v0.2.10
[INFO] [stderr]    Compiling socket2 v0.5.4
[INFO] [stderr]    Compiling num_cpus v1.16.0
[INFO] [stderr]    Compiling signal-hook-registry v1.4.1
[INFO] [stderr]    Compiling mio v0.8.8
[INFO] [stderr]    Compiling ahash v0.8.3
[INFO] [stderr]    Compiling parking_lot v0.12.1
[INFO] [stderr]    Compiling aopt v0.11.3
[INFO] [stderr]    Compiling backtrace v0.3.69
[INFO] [stderr]    Compiling regex-automata v0.4.1
[INFO] [stderr]    Compiling addr2line v0.21.0
[INFO] [stderr]    Compiling cote v0.4.6 (/opt/rustwide/workdir)
[INFO] [stderr]    Compiling regex v1.10.0
[INFO] [stderr]    Compiling tracing-attributes v0.1.26
[INFO] [stderr]    Compiling tokio-macros v2.1.0
[INFO] [stderr]    Compiling tokio v1.33.0
[INFO] [stderr]    Compiling tracing v0.1.37
[INFO] [stderr]    Compiling tracing-error v0.1.2
[INFO] [stderr]    Compiling color-spantrace v0.1.6
[INFO] [stderr]    Compiling color-eyre v0.5.11
[INFO] [stderr] error: could not compile `cote` (lib test)
[INFO] [stderr] 
[INFO] [stderr] Caused by:
[INFO] [stderr]   process didn't exit successfully: `/opt/rustwide/rustup-home/toolchains/1.75.0-x86_64-unknown-linux-gnu/bin/rustc --crate-name cote --edition=2021 src/lib.rs --error-format=json --json=diagnostic-rendered-ansi,artifacts,future-incompat --emit=dep-info,link -C embed-bitcode=no -C debuginfo=2 --test -C metadata=d2f37d1936703a8d -C extra-filename=-d2f37d1936703a8d --out-dir /opt/rustwide/target/debug/deps -L dependency=/opt/rustwide/target/debug/deps --extern aopt=/opt/rustwide/target/debug/deps/libaopt-64c3f2202cc49892.rlib --extern aopt_help=/opt/rustwide/target/debug/deps/libaopt_help-060f45e5bd7c7860.rlib --extern color_eyre=/opt/rustwide/target/debug/deps/libcolor_eyre-d291bad93cf240ae.rlib --extern cote_derive=/opt/rustwide/target/debug/deps/libcote_derive-12c49d36264a9175.so --extern regex=/opt/rustwide/target/debug/deps/libregex-ce0894d74537c4b2.rlib --extern serde_json=/opt/rustwide/target/debug/deps/libserde_json-2bba90278baeb447.rlib --extern tokio=/opt/rustwide/target/debug/deps/libtokio-d435951fc0b0999c.rlib --cap-lints=warn` (signal: 9, SIGKILL: kill)
[INFO] [stderr] warning: build failed, waiting for other jobs to finish...
[INFO] running `Command { std: "docker" "inspect" "fb4c9cb6d7a66fb760776fc3416a15f77f37d18c5a180b45039198e4d76acc4b", kill_on_drop: false }`
[INFO] running `Command { std: "docker" "rm" "-f" "fb4c9cb6d7a66fb760776fc3416a15f77f37d18c5a180b45039198e4d76acc4b", kill_on_drop: false }`
[INFO] [stdout] fb4c9cb6d7a66fb760776fc3416a15f77f37d18c5a180b45039198e4d76acc4b
[INFO] testing cote-0.4.6 against beta-2023-12-22 for beta-1.76-1
[INFO] extracting crate cote 0.4.6 into /workspace/builds/worker-6-tc2/source
[INFO] validating manifest of crates.io crate cote 0.4.6 on toolchain beta-2023-12-22
[INFO] running `Command { std: CARGO_HOME="/workspace/cargo-home" RUSTUP_HOME="/workspace/rustup-home" "/workspace/cargo-home/bin/cargo" "+beta-2023-12-22" "metadata" "--manifest-path" "Cargo.toml" "--no-deps", kill_on_drop: false }`
[INFO] started tweaking crates.io crate cote 0.4.6
[INFO] finished tweaking crates.io crate cote 0.4.6
[INFO] tweaked toml for crates.io crate cote 0.4.6 written to /workspace/builds/worker-6-tc2/source/Cargo.toml
[INFO] crate crates.io crate cote 0.4.6 already has a lockfile, it will not be regenerated
[INFO] running `Command { std: CARGO_HOME="/workspace/cargo-home" RUSTUP_HOME="/workspace/rustup-home" "/workspace/cargo-home/bin/cargo" "+beta-2023-12-22" "fetch" "--manifest-path" "Cargo.toml", kill_on_drop: false }`
[INFO] [stderr]     Blocking waiting for file lock on package cache
[INFO] [stderr]     Blocking waiting for file lock on package cache
[INFO] running `Command { std: "docker" "create" "-v" "/var/lib/crater-agent-workspace/builds/worker-6-tc2/target:/opt/rustwide/target:rw,Z" "-v" "/var/lib/crater-agent-workspace/builds/worker-6-tc2/source:/opt/rustwide/workdir:ro,Z" "-v" "/var/lib/crater-agent-workspace/cargo-home:/opt/rustwide/cargo-home:ro,Z" "-v" "/var/lib/crater-agent-workspace/rustup-home:/opt/rustwide/rustup-home:ro,Z" "-e" "SOURCE_DIR=/opt/rustwide/workdir" "-e" "CARGO_TARGET_DIR=/opt/rustwide/target" "-e" "CARGO_HOME=/opt/rustwide/cargo-home" "-e" "RUSTUP_HOME=/opt/rustwide/rustup-home" "-w" "/opt/rustwide/workdir" "-m" "1610612736" "--user" "0:0" "--network" "none" "ghcr.io/rust-lang/crates-build-env/linux@sha256:2788e3201cd34a07e3172128adcd8b3090168a8e3bcc40d7c032b9dda1df7d1c" "/opt/rustwide/cargo-home/bin/cargo" "+beta-2023-12-22" "metadata" "--no-deps" "--format-version=1", kill_on_drop: false }`
[INFO] [stdout] e7c8f7fff4b6e169770ec5f524d386c8556b2be87e4d0e69be82c54e61e2c7a8
[INFO] running `Command { std: "docker" "start" "-a" "e7c8f7fff4b6e169770ec5f524d386c8556b2be87e4d0e69be82c54e61e2c7a8", kill_on_drop: false }`
[INFO] running `Command { std: "docker" "inspect" "e7c8f7fff4b6e169770ec5f524d386c8556b2be87e4d0e69be82c54e61e2c7a8", kill_on_drop: false }`
[INFO] running `Command { std: "docker" "rm" "-f" "e7c8f7fff4b6e169770ec5f524d386c8556b2be87e4d0e69be82c54e61e2c7a8", kill_on_drop: false }`
[INFO] [stdout] e7c8f7fff4b6e169770ec5f524d386c8556b2be87e4d0e69be82c54e61e2c7a8
[INFO] running `Command { std: "docker" "create" "-v" "/var/lib/crater-agent-workspace/builds/worker-6-tc2/target:/opt/rustwide/target:rw,Z" "-v" "/var/lib/crater-agent-workspace/builds/worker-6-tc2/source:/opt/rustwide/workdir:ro,Z" "-v" "/var/lib/crater-agent-workspace/cargo-home:/opt/rustwide/cargo-home:ro,Z" "-v" "/var/lib/crater-agent-workspace/rustup-home:/opt/rustwide/rustup-home:ro,Z" "-e" "SOURCE_DIR=/opt/rustwide/workdir" "-e" "CARGO_TARGET_DIR=/opt/rustwide/target" "-e" "CARGO_INCREMENTAL=0" "-e" "RUST_BACKTRACE=full" "-e" "RUSTFLAGS=--cap-lints=warn" "-e" "RUSTDOCFLAGS=--cap-lints=warn" "-e" "CARGO_HOME=/opt/rustwide/cargo-home" "-e" "RUSTUP_HOME=/opt/rustwide/rustup-home" "-w" "/opt/rustwide/workdir" "-m" "1610612736" "--user" "0:0" "--network" "none" "ghcr.io/rust-lang/crates-build-env/linux@sha256:2788e3201cd34a07e3172128adcd8b3090168a8e3bcc40d7c032b9dda1df7d1c" "/opt/rustwide/cargo-home/bin/cargo" "+beta-2023-12-22" "build" "--frozen" "--message-format=json", kill_on_drop: false }`
[INFO] [stdout] a5bb70fdc1635a1c05233a5479fb10e1a739cd770e2b6adc4f5c4c7f7c347c9a
[INFO] running `Command { std: "docker" "start" "-a" "a5bb70fdc1635a1c05233a5479fb10e1a739cd770e2b6adc4f5c4c7f7c347c9a", kill_on_drop: false }`
[INFO] [stderr]    Compiling libc v0.2.149
[INFO] [stderr]    Compiling proc-macro2 v1.0.69
[INFO] [stderr]    Compiling ahash v0.8.3
[INFO] [stderr]    Compiling syn v1.0.109
[INFO] [stderr]    Compiling charize v0.0.2
[INFO] [stderr]    Compiling once_cell v1.18.0
[INFO] [stderr]    Compiling smawk v0.3.2
[INFO] [stderr]    Compiling textwrap v0.16.0
[INFO] [stderr]    Compiling neure v0.3.1
[INFO] [stderr]    Compiling aopt-help v0.3.4
[INFO] [stderr]    Compiling quote v1.0.33
[INFO] [stderr]    Compiling getrandom v0.2.10
[INFO] [stderr]    Compiling aopt v0.11.3
[INFO] [stderr]    Compiling cote-derive v0.2.3
[INFO] [stderr]    Compiling cote v0.4.6 (/opt/rustwide/workdir)
[INFO] [stderr]     Finished dev [unoptimized + debuginfo] target(s) in 8.91s
[INFO] running `Command { std: "docker" "inspect" "a5bb70fdc1635a1c05233a5479fb10e1a739cd770e2b6adc4f5c4c7f7c347c9a", kill_on_drop: false }`
[INFO] running `Command { std: "docker" "rm" "-f" "a5bb70fdc1635a1c05233a5479fb10e1a739cd770e2b6adc4f5c4c7f7c347c9a", kill_on_drop: false }`
[INFO] [stdout] a5bb70fdc1635a1c05233a5479fb10e1a739cd770e2b6adc4f5c4c7f7c347c9a
[INFO] running `Command { std: "docker" "create" "-v" "/var/lib/crater-agent-workspace/builds/worker-6-tc2/target:/opt/rustwide/target:rw,Z" "-v" "/var/lib/crater-agent-workspace/builds/worker-6-tc2/source:/opt/rustwide/workdir:ro,Z" "-v" "/var/lib/crater-agent-workspace/cargo-home:/opt/rustwide/cargo-home:ro,Z" "-v" "/var/lib/crater-agent-workspace/rustup-home:/opt/rustwide/rustup-home:ro,Z" "-e" "SOURCE_DIR=/opt/rustwide/workdir" "-e" "CARGO_TARGET_DIR=/opt/rustwide/target" "-e" "CARGO_INCREMENTAL=0" "-e" "RUST_BACKTRACE=full" "-e" "RUSTFLAGS=--cap-lints=warn" "-e" "RUSTDOCFLAGS=--cap-lints=warn" "-e" "CARGO_HOME=/opt/rustwide/cargo-home" "-e" "RUSTUP_HOME=/opt/rustwide/rustup-home" "-w" "/opt/rustwide/workdir" "-m" "1610612736" "--user" "0:0" "--network" "none" "ghcr.io/rust-lang/crates-build-env/linux@sha256:2788e3201cd34a07e3172128adcd8b3090168a8e3bcc40d7c032b9dda1df7d1c" "/opt/rustwide/cargo-home/bin/cargo" "+beta-2023-12-22" "test" "--frozen" "--no-run" "--message-format=json", kill_on_drop: false }`
[INFO] [stdout] 1f9ee4b96cc18a09d0560df090ce9bb829f177d68d9ea281c65c04e33dafb0b9
[INFO] running `Command { std: "docker" "start" "-a" "1f9ee4b96cc18a09d0560df090ce9bb829f177d68d9ea281c65c04e33dafb0b9", kill_on_drop: false }`
[INFO] [stderr]    Compiling libc v0.2.149
[INFO] [stderr]    Compiling once_cell v1.18.0
[INFO] [stderr]    Compiling memchr v2.6.4
[INFO] [stderr]    Compiling parking_lot_core v0.9.8
[INFO] [stderr]    Compiling eyre v0.6.8
[INFO] [stderr]    Compiling sharded-slab v0.1.7
[INFO] [stderr]    Compiling lock_api v0.4.10
[INFO] [stderr]    Compiling gimli v0.28.0
[INFO] [stderr]    Compiling serde v1.0.188
[INFO] [stderr]    Compiling smallvec v1.11.1
[INFO] [stderr]    Compiling indenter v0.3.3
[INFO] [stderr]    Compiling regex-syntax v0.8.0
[INFO] [stderr]    Compiling syn v2.0.38
[INFO] [stderr]    Compiling serde_json v1.0.107
[INFO] [stderr]    Compiling owo-colors v1.3.0
[INFO] [stderr]    Compiling tracing-core v0.1.31
[INFO] [stderr]    Compiling thread_local v1.1.7
[INFO] [stderr]    Compiling itoa v1.0.9
[INFO] [stderr]    Compiling ryu v1.0.15
[INFO] [stderr]    Compiling object v0.32.1
[INFO] [stderr]    Compiling aho-corasick v1.1.2
[INFO] [stderr]    Compiling cc v1.0.83
[INFO] [stderr]    Compiling tracing-subscriber v0.2.25
[INFO] [stderr]    Compiling getrandom v0.2.10
[INFO] [stderr]    Compiling ahash v0.8.3
[INFO] [stderr]    Compiling signal-hook-registry v1.4.1
[INFO] [stderr]    Compiling num_cpus v1.16.0
[INFO] [stderr]    Compiling mio v0.8.8
[INFO] [stderr]    Compiling socket2 v0.5.4
[INFO] [stderr]    Compiling parking_lot v0.12.1
[INFO] [stderr]    Compiling aopt v0.11.3
[INFO] [stderr]    Compiling backtrace v0.3.69
[INFO] [stderr]    Compiling addr2line v0.21.0
[INFO] [stderr]    Compiling regex-automata v0.4.1
[INFO] [stderr]    Compiling cote v0.4.6 (/opt/rustwide/workdir)
[INFO] [stderr]    Compiling regex v1.10.0
[INFO] [stderr]    Compiling tracing-attributes v0.1.26
[INFO] [stderr]    Compiling tokio-macros v2.1.0
[INFO] [stderr]    Compiling tokio v1.33.0
[INFO] [stderr]    Compiling tracing v0.1.37
[INFO] [stderr]    Compiling tracing-error v0.1.2
[INFO] [stderr]    Compiling color-spantrace v0.1.6
[INFO] [stderr]    Compiling color-eyre v0.5.11
[INFO] [stderr]     Finished test [unoptimized + debuginfo] target(s) in 29.46s
[INFO] running `Command { std: "docker" "inspect" "1f9ee4b96cc18a09d0560df090ce9bb829f177d68d9ea281c65c04e33dafb0b9", kill_on_drop: false }`
[INFO] running `Command { std: "docker" "rm" "-f" "1f9ee4b96cc18a09d0560df090ce9bb829f177d68d9ea281c65c04e33dafb0b9", kill_on_drop: false }`
[INFO] [stdout] 1f9ee4b96cc18a09d0560df090ce9bb829f177d68d9ea281c65c04e33dafb0b9
[INFO] running `Command { std: "docker" "create" "-v" "/var/lib/crater-agent-workspace/builds/worker-6-tc2/target:/opt/rustwide/target:rw,Z" "-v" "/var/lib/crater-agent-workspace/builds/worker-6-tc2/source:/opt/rustwide/workdir:ro,Z" "-v" "/var/lib/crater-agent-workspace/cargo-home:/opt/rustwide/cargo-home:ro,Z" "-v" "/var/lib/crater-agent-workspace/rustup-home:/opt/rustwide/rustup-home:ro,Z" "-e" "SOURCE_DIR=/opt/rustwide/workdir" "-e" "CARGO_TARGET_DIR=/opt/rustwide/target" "-e" "CARGO_INCREMENTAL=0" "-e" "RUST_BACKTRACE=full" "-e" "RUSTFLAGS=--cap-lints=warn" "-e" "RUSTDOCFLAGS=--cap-lints=warn" "-e" "CARGO_HOME=/opt/rustwide/cargo-home" "-e" "RUSTUP_HOME=/opt/rustwide/rustup-home" "-w" "/opt/rustwide/workdir" "-m" "1610612736" "--user" "0:0" "--network" "none" "ghcr.io/rust-lang/crates-build-env/linux@sha256:2788e3201cd34a07e3172128adcd8b3090168a8e3bcc40d7c032b9dda1df7d1c" "/opt/rustwide/cargo-home/bin/cargo" "+beta-2023-12-22" "test" "--frozen", kill_on_drop: false }`
[INFO] [stdout] 47d2fc9efaa6d21570c85f6fedec30f1f80c6c91fb5e6a73f6fce7788a042222
[INFO] running `Command { std: "docker" "start" "-a" "47d2fc9efaa6d21570c85f6fedec30f1f80c6c91fb5e6a73f6fce7788a042222", kill_on_drop: false }`
[INFO] [stderr]     Finished test [unoptimized + debuginfo] target(s) in 0.14s
[INFO] [stderr]      Running unittests src/lib.rs (/opt/rustwide/target/debug/deps/cote-2c1958f1572053c5)
[INFO] [stdout] 
[INFO] [stdout] running 4 tests
[INFO] [stdout] test test::test_example_simple ... ok
[INFO] [stdout] test test::test_fallback ... ok
[INFO] [stdout] test test::test_multiple_pos_arguments ... ok
[INFO] [stdout] test test::sub_test ... ok
[INFO] [stdout] 
[INFO] [stdout] test result: ok. 4 passed; 0 failed; 0 ignored; 0 measured; 0 filtered out; finished in 0.00s
[INFO] [stdout] 
[INFO] [stderr]    Doc-tests cote
[INFO] [stdout] 
[INFO] [stdout] running 50 tests
[INFO] [stdout] test src/_reference.rs - _reference (line 1376) - compile ... ok
[INFO] [stdout] test src/_reference.rs - _reference (line 1258) - compile ... ok
[INFO] [stdout] test src/_reference.rs - _reference (line 1577) - compile ... ok
[INFO] [stdout] test src/_reference.rs - _reference (line 1474) - compile ... ok
[INFO] [stdout] test src/_reference.rs - _reference (line 1843) ... ok
[INFO] [stdout] test src/_reference.rs - _reference (line 2163) ... FAILED
[INFO] [stdout] test src/_reference.rs - _reference (line 2189) ... FAILED
[INFO] [stdout] test src/_reference.rs - _reference (line 2258) ... FAILED
[INFO] [stdout] test src/_reference.rs - _reference (line 2231) ... FAILED
[INFO] [stdout] test src/_reference.rs - _reference (line 1740) ... FAILED
[INFO] [stdout] test src/_reference.rs - _reference (line 1183) ... FAILED
[INFO] [stdout] test src/_reference.rs - _reference (line 1914) ... ok
[INFO] [stdout] test src/_reference.rs - _reference (line 251) ... FAILED
[INFO] [stdout] test src/_reference.rs - _reference (line 2393) ... FAILED
[INFO] [stdout] test src/_reference.rs - _reference (line 2446) ... FAILED
[INFO] [stdout] test src/_reference.rs - _reference (line 2327) ... FAILED
[INFO] [stdout] test src/_reference.rs - _reference (line 2570) ... FAILED
[INFO] [stdout] test src/_reference.rs - _reference (line 2618) ... FAILED
[INFO] [stdout] test src/_reference.rs - _reference (line 343) ... FAILED
[INFO] [stdout] test src/_reference.rs - _reference (line 1135) ... FAILED
[INFO] [stdout] test src/_reference.rs - _reference (line 1983) ... FAILED
[INFO] [stdout] test src/_reference.rs - _reference (line 376) ... FAILED
[INFO] [stdout] test src/_reference.rs - _reference (line 2661) ... FAILED
[INFO] [stdout] test src/_reference.rs - _reference (line 517) ... FAILED
[INFO] [stdout] test src/_reference.rs - _reference (line 400) ... FAILED
[INFO] [stdout] test src/_reference.rs - _reference (line 448) ... FAILED
[INFO] [stdout] test src/_reference.rs - _reference (line 1697) ... ok
[INFO] [stdout] test src/_reference.rs - _reference (line 1953) ... ok
[INFO] [stdout] test src/_reference.rs - _reference (line 2025) ... ok
[INFO] [stdout] test src/_reference.rs - _reference (line 40) - compile ... ok
[INFO] [stdout] test src/_reference.rs - _reference (line 2084) ... ok
[INFO] [stdout] test src/_reference.rs - _reference (line 209) ... ok
[INFO] [stdout] test src/_reference.rs - _reference (line 2113) ... ok
[INFO] [stdout] test src/_reference.rs - _reference (line 2504) ... ok
[INFO] [stdout] test src/_reference.rs - _reference (line 2139) ... ok
[INFO] [stdout] test src/_reference.rs - _reference (line 963) - compile ... ok
[INFO] [stdout] test src/_reference.rs - _reference (line 482) ... ok
[INFO] [stdout] test src/_reference.rs - _reference (line 761) ... ok
[INFO] [stdout] test src/lib.rs - (line 42) ... ok
[INFO] [stdout] test src/parser.rs - parser::Parser<'a,Set,Ser>::run_with (line 578) ... ok
[INFO] [stdout] test src/parser.rs - parser::Parser<'a,Set,Ser>::run_mut_with (line 440) ... ok
[INFO] [stdout] test src/valid.rs - valid::valid (line 165) ... ok
[INFO] [stdout] test src/_reference.rs - _reference (line 857) ... ok
[INFO] [stdout] test src/_reference.rs - _reference (line 625) ... ok
[INFO] [stdout] test src/_reference.rs - _reference (line 678) ... ok
[INFO] [stdout] test src/_reference.rs - _reference (line 902) ... ok
[INFO] [stdout] test src/_reference.rs - _reference (line 803) ... ok
[INFO] [stdout] test src/_reference.rs - _reference (line 549) ... ok
[INFO] [stdout] test src/parser.rs - parser::Parser<'a,Set,Ser>::run_async_with (line 638) ... ok
[INFO] [stdout] test src/parser.rs - parser::Parser<'a,Set,Ser>::run_async_mut_with (line 500) ... ok
[INFO] [stdout] 
[INFO] [stdout] failures:
[INFO] [stdout] 
[INFO] [stdout] ---- src/_reference.rs - _reference (line 2163) stdout ----
[INFO] [stdout] Couldn't compile the test.
[INFO] [stdout] ---- src/_reference.rs - _reference (line 2189) stdout ----
[INFO] [stdout] Couldn't compile the test.
[INFO] [stdout] ---- src/_reference.rs - _reference (line 2258) stdout ----
[INFO] [stdout] Couldn't compile the test.
[INFO] [stdout] ---- src/_reference.rs - _reference (line 2231) stdout ----
[INFO] [stdout] Couldn't compile the test.
[INFO] [stdout] ---- src/_reference.rs - _reference (line 1740) stdout ----
[INFO] [stdout] Couldn't compile the test.
[INFO] [stdout] ---- src/_reference.rs - _reference (line 1183) stdout ----
[INFO] [stdout] Couldn't compile the test.
[INFO] [stdout] ---- src/_reference.rs - _reference (line 251) stdout ----
[INFO] [stdout] Couldn't compile the test.
[INFO] [stdout] ---- src/_reference.rs - _reference (line 2393) stdout ----
[INFO] [stdout] Couldn't compile the test.
[INFO] [stdout] ---- src/_reference.rs - _reference (line 2446) stdout ----
[INFO] [stdout] Couldn't compile the test.
[INFO] [stdout] ---- src/_reference.rs - _reference (line 2327) stdout ----
[INFO] [stdout] Couldn't compile the test.
[INFO] [stdout] ---- src/_reference.rs - _reference (line 2570) stdout ----
[INFO] [stdout] Couldn't compile the test.
[INFO] [stdout] ---- src/_reference.rs - _reference (line 2618) stdout ----
[INFO] [stdout] Couldn't compile the test.
[INFO] [stdout] ---- src/_reference.rs - _reference (line 343) stdout ----
[INFO] [stdout] Couldn't compile the test.
[INFO] [stdout] ---- src/_reference.rs - _reference (line 1135) stdout ----
[INFO] [stdout] Couldn't compile the test.
[INFO] [stdout] ---- src/_reference.rs - _reference (line 1983) stdout ----
[INFO] [stdout] Couldn't compile the test.
[INFO] [stdout] ---- src/_reference.rs - _reference (line 376) stdout ----
[INFO] [stdout] Couldn't compile the test.
[INFO] [stdout] ---- src/_reference.rs - _reference (line 2661) stdout ----
[INFO] [stdout] Couldn't compile the test.
[INFO] [stdout] ---- src/_reference.rs - _reference (line 517) stdout ----
[INFO] [stdout] Couldn't compile the test.
[INFO] [stdout] ---- src/_reference.rs - _reference (line 400) stdout ----
[INFO] [stdout] Couldn't compile the test.
[INFO] [stdout] ---- src/_reference.rs - _reference (line 448) stdout ----
[INFO] [stdout] Couldn't compile the test.
[INFO] [stdout] 
[INFO] [stdout] failures:
[INFO] [stdout]     src/_reference.rs - _reference (line 1135)
[INFO] [stdout]     src/_reference.rs - _reference (line 1183)
[INFO] [stdout]     src/_reference.rs - _reference (line 1740)
[INFO] [stdout]     src/_reference.rs - _reference (line 1983)
[INFO] [stdout]     src/_reference.rs - _reference (line 2163)
[INFO] [stdout]     src/_reference.rs - _reference (line 2189)
[INFO] [stdout]     src/_reference.rs - _reference (line 2231)
[INFO] [stdout]     src/_reference.rs - _reference (line 2258)
[INFO] [stdout]     src/_reference.rs - _reference (line 2327)
[INFO] [stdout]     src/_reference.rs - _reference (line 2393)
[INFO] [stdout]     src/_reference.rs - _reference (line 2446)
[INFO] [stdout]     src/_reference.rs - _reference (line 251)
[INFO] [stdout]     src/_reference.rs - _reference (line 2570)
[INFO] [stdout]     src/_reference.rs - _reference (line 2618)
[INFO] [stdout]     src/_reference.rs - _reference (line 2661)
[INFO] [stdout]     src/_reference.rs - _reference (line 343)
[INFO] [stdout]     src/_reference.rs - _reference (line 376)
[INFO] [stdout]     src/_reference.rs - _reference (line 400)
[INFO] [stdout]     src/_reference.rs - _reference (line 448)
[INFO] [stdout]     src/_reference.rs - _reference (line 517)
[INFO] [stdout] 
[INFO] [stdout] test result: FAILED. 30 passed; 20 failed; 0 ignored; 0 measured; 0 filtered out; finished in 9.86s
[INFO] [stdout] 
[INFO] [stderr] error: doctest failed, to rerun pass `--doc`
[INFO] running `Command { std: "docker" "inspect" "47d2fc9efaa6d21570c85f6fedec30f1f80c6c91fb5e6a73f6fce7788a042222", kill_on_drop: false }`
[INFO] running `Command { std: "docker" "rm" "-f" "47d2fc9efaa6d21570c85f6fedec30f1f80c6c91fb5e6a73f6fce7788a042222", kill_on_drop: false }`
[INFO] [stdout] 47d2fc9efaa6d21570c85f6fedec30f1f80c6c91fb5e6a73f6fce7788a042222
