[INFO] cloning repository https://github.com/zianksm/web-server-template
[INFO] running `Command { std: "git" "-c" "credential.helper=" "-c" "credential.helper=/workspace/cargo-home/bin/git-credential-null" "clone" "--bare" "https://github.com/zianksm/web-server-template" "/workspace/cache/git-repos/https%3A%2F%2Fgithub.com%2Fzianksm%2Fweb-server-template", kill_on_drop: false }`
[INFO] [stderr] Cloning into bare repository '/workspace/cache/git-repos/https%3A%2F%2Fgithub.com%2Fzianksm%2Fweb-server-template'...
[INFO] running `Command { std: "git" "rev-parse" "HEAD", kill_on_drop: false }`
[INFO] [stdout] 45c23d44b524df1f012eed3a934dd4d7aad821a3
[INFO] testing zianksm/web-server-template against 1.75.0 for beta-1.76-1
[INFO] running `Command { std: "git" "clone" "/workspace/cache/git-repos/https%3A%2F%2Fgithub.com%2Fzianksm%2Fweb-server-template" "/workspace/builds/worker-5-tc1/source", kill_on_drop: false }`
[INFO] [stderr] Cloning into '/workspace/builds/worker-5-tc1/source'...
[INFO] [stderr] done.
[INFO] validating manifest of git repo https://github.com/zianksm/web-server-template on toolchain 1.75.0
[INFO] running `Command { std: CARGO_HOME="/workspace/cargo-home" RUSTUP_HOME="/workspace/rustup-home" "/workspace/cargo-home/bin/cargo" "+1.75.0" "metadata" "--manifest-path" "Cargo.toml" "--no-deps", kill_on_drop: false }`
[INFO] started tweaking git repo https://github.com/zianksm/web-server-template
[INFO] finished tweaking git repo https://github.com/zianksm/web-server-template
[INFO] tweaked toml for git repo https://github.com/zianksm/web-server-template written to /workspace/builds/worker-5-tc1/source/Cargo.toml
[INFO] crate git repo https://github.com/zianksm/web-server-template already has a lockfile, it will not be regenerated
[INFO] running `Command { std: CARGO_HOME="/workspace/cargo-home" RUSTUP_HOME="/workspace/rustup-home" "/workspace/cargo-home/bin/cargo" "+1.75.0" "fetch" "--manifest-path" "Cargo.toml", kill_on_drop: false }`
[INFO] [stderr] warning: virtual workspace defaulting to `resolver = "1"` despite one or more workspace members being on edition 2021 which implies `resolver = "2"`
[INFO] [stderr] note: to keep the current resolver, specify `workspace.resolver = "1"` in the workspace root's manifest
[INFO] [stderr] note: to use the edition 2021 resolver, specify `workspace.resolver = "2"` in the workspace root's manifest
[INFO] [stderr] note: for more details see https://doc.rust-lang.org/cargo/reference/resolver.html#resolver-versions
[INFO] [stderr]  Downloading crates ...
[INFO] [stderr]   Downloaded color-backtrace v0.4.2
[INFO] [stderr]   Downloaded eyre v0.4.3
[INFO] [stderr]   Downloaded color-eyre v0.3.4
[INFO] running `Command { std: "docker" "create" "-v" "/var/lib/crater-agent-workspace/builds/worker-5-tc1/target:/opt/rustwide/target:rw,Z" "-v" "/var/lib/crater-agent-workspace/builds/worker-5-tc1/source:/opt/rustwide/workdir:ro,Z" "-v" "/var/lib/crater-agent-workspace/cargo-home:/opt/rustwide/cargo-home:ro,Z" "-v" "/var/lib/crater-agent-workspace/rustup-home:/opt/rustwide/rustup-home:ro,Z" "-e" "SOURCE_DIR=/opt/rustwide/workdir" "-e" "CARGO_TARGET_DIR=/opt/rustwide/target" "-e" "CARGO_HOME=/opt/rustwide/cargo-home" "-e" "RUSTUP_HOME=/opt/rustwide/rustup-home" "-w" "/opt/rustwide/workdir" "-m" "1610612736" "--user" "0:0" "--network" "none" "ghcr.io/rust-lang/crates-build-env/linux@sha256:2788e3201cd34a07e3172128adcd8b3090168a8e3bcc40d7c032b9dda1df7d1c" "/opt/rustwide/cargo-home/bin/cargo" "+1.75.0" "metadata" "--no-deps" "--format-version=1", kill_on_drop: false }`
[INFO] [stdout] f66475a6d4e97650cbd63b843217eccf1a97908e55b9fd15163e7f32a18ac905
[INFO] running `Command { std: "docker" "start" "-a" "f66475a6d4e97650cbd63b843217eccf1a97908e55b9fd15163e7f32a18ac905", kill_on_drop: false }`
[INFO] running `Command { std: "docker" "inspect" "f66475a6d4e97650cbd63b843217eccf1a97908e55b9fd15163e7f32a18ac905", kill_on_drop: false }`
[INFO] running `Command { std: "docker" "rm" "-f" "f66475a6d4e97650cbd63b843217eccf1a97908e55b9fd15163e7f32a18ac905", kill_on_drop: false }`
[INFO] [stdout] f66475a6d4e97650cbd63b843217eccf1a97908e55b9fd15163e7f32a18ac905
[INFO] running `Command { std: "docker" "create" "-v" "/var/lib/crater-agent-workspace/builds/worker-5-tc1/target:/opt/rustwide/target:rw,Z" "-v" "/var/lib/crater-agent-workspace/builds/worker-5-tc1/source:/opt/rustwide/workdir:ro,Z" "-v" "/var/lib/crater-agent-workspace/cargo-home:/opt/rustwide/cargo-home:ro,Z" "-v" "/var/lib/crater-agent-workspace/rustup-home:/opt/rustwide/rustup-home:ro,Z" "-e" "SOURCE_DIR=/opt/rustwide/workdir" "-e" "CARGO_TARGET_DIR=/opt/rustwide/target" "-e" "CARGO_INCREMENTAL=0" "-e" "RUST_BACKTRACE=full" "-e" "RUSTFLAGS=--cap-lints=warn" "-e" "RUSTDOCFLAGS=--cap-lints=warn" "-e" "CARGO_HOME=/opt/rustwide/cargo-home" "-e" "RUSTUP_HOME=/opt/rustwide/rustup-home" "-w" "/opt/rustwide/workdir" "-m" "1610612736" "--user" "0:0" "--network" "none" "ghcr.io/rust-lang/crates-build-env/linux@sha256:2788e3201cd34a07e3172128adcd8b3090168a8e3bcc40d7c032b9dda1df7d1c" "/opt/rustwide/cargo-home/bin/cargo" "+1.75.0" "build" "--frozen" "--message-format=json", kill_on_drop: false }`
[INFO] [stdout] 95de1831d1d2b22b16a366eeb8353e241c213a3f12bae14ee0e96be1183666d9
[INFO] running `Command { std: "docker" "start" "-a" "95de1831d1d2b22b16a366eeb8353e241c213a3f12bae14ee0e96be1183666d9", kill_on_drop: false }`
[INFO] [stderr] warning: virtual workspace defaulting to `resolver = "1"` despite one or more workspace members being on edition 2021 which implies `resolver = "2"`
[INFO] [stderr] note: to keep the current resolver, specify `workspace.resolver = "1"` in the workspace root's manifest
[INFO] [stderr] note: to use the edition 2021 resolver, specify `workspace.resolver = "2"` in the workspace root's manifest
[INFO] [stderr] note: for more details see https://doc.rust-lang.org/cargo/reference/resolver.html#resolver-versions
[INFO] [stderr]    Compiling libc v0.2.126
[INFO] [stderr]    Compiling cfg-if v1.0.0
[INFO] [stderr]    Compiling autocfg v1.1.0
[INFO] [stderr]    Compiling proc-macro2 v1.0.40
[INFO] [stderr]    Compiling unicode-ident v1.0.1
[INFO] [stderr]    Compiling quote v1.0.20
[INFO] [stderr]    Compiling syn v1.0.98
[INFO] [stderr]    Compiling memchr v2.5.0
[INFO] [stderr]    Compiling log v0.4.17
[INFO] [stderr]    Compiling version_check v0.9.4
[INFO] [stderr]    Compiling once_cell v1.12.0
[INFO] [stderr]    Compiling pin-project-lite v0.2.9
[INFO] [stderr]    Compiling smallvec v1.8.0
[INFO] [stderr]    Compiling serde_derive v1.0.137
[INFO] [stderr]    Compiling itoa v1.0.2
[INFO] [stderr]    Compiling parking_lot_core v0.9.3
[INFO] [stderr]    Compiling serde v1.0.137
[INFO] [stderr]    Compiling scopeguard v1.1.0
[INFO] [stderr]    Compiling regex-syntax v0.6.26
[INFO] [stderr]    Compiling futures-core v0.3.21
[INFO] [stderr]    Compiling bytes v1.1.0
[INFO] [stderr]    Compiling tracing-core v0.1.27
[INFO] [stderr]    Compiling ryu v1.0.10
[INFO] [stderr]    Compiling tinyvec_macros v0.1.0
[INFO] [stderr]    Compiling typenum v1.15.0
[INFO] [stderr]    Compiling matches v0.1.9
[INFO] [stderr]    Compiling generic-array v0.14.5
[INFO] [stderr]    Compiling tinyvec v1.6.0
[INFO] [stderr]    Compiling serde_json v1.0.81
[INFO] [stderr]    Compiling lock_api v0.4.7
[INFO] [stderr]    Compiling num-traits v0.2.15
[INFO] [stderr]    Compiling futures-task v0.3.21
[INFO] [stderr]    Compiling lazy_static v1.4.0
[INFO] [stderr]    Compiling adler v1.0.2
[INFO] [stderr]    Compiling unicode-bidi v0.3.8
[INFO] [stderr]    Compiling futures-util v0.3.21
[INFO] [stderr]    Compiling miniz_oxide v0.5.3
[INFO] [stderr]    Compiling num-integer v0.1.45
[INFO] [stderr]    Compiling termcolor v1.1.3
[INFO] [stderr]    Compiling aho-corasick v0.7.18
[INFO] [stderr]    Compiling pin-utils v0.1.0
[INFO] [stderr]    Compiling fnv v1.0.7
[INFO] [stderr]    Compiling percent-encoding v2.1.0
[INFO] [stderr]    Compiling quick-error v1.2.3
[INFO] [stderr]    Compiling bitflags v1.3.2
[INFO] [stderr]    Compiling futures-sink v0.3.21
[INFO] [stderr]    Compiling humantime v1.3.0
[INFO] [stderr]    Compiling jobserver v0.1.24
[INFO] [stderr]    Compiling mio v0.8.4
[INFO] [stderr]    Compiling signal-hook-registry v1.4.0
[INFO] [stderr]    Compiling socket2 v0.4.4
[INFO] [stderr]    Compiling cc v1.0.73
[INFO] [stderr]    Compiling getrandom v0.2.7
[INFO] [stderr]    Compiling parking_lot v0.12.1
[INFO] [stderr]    Compiling unicode-normalization v0.1.19
[INFO] [stderr]    Compiling atty v0.2.14
[INFO] [stderr]    Compiling http v0.2.8
[INFO] [stderr]    Compiling indexmap v1.9.0
[INFO] [stderr]    Compiling tokio v1.19.2
[INFO] [stderr]    Compiling crc32fast v1.3.2
[INFO] [stderr]    Compiling zstd-safe v5.0.2+zstd.1.5.2
[INFO] [stderr]    Compiling local-waker v0.1.3
[INFO] [stderr]    Compiling alloc-no-stdlib v2.0.3
[INFO] [stderr]    Compiling rand_core v0.6.3
[INFO] [stderr]    Compiling alloc-stdlib v0.2.1
[INFO] [stderr]    Compiling bytestring v1.1.0
[INFO] [stderr]    Compiling ahash v0.7.6
[INFO] [stderr]    Compiling httparse v1.7.1
[INFO] [stderr]    Compiling encoding_rs v0.8.31
[INFO] [stderr]    Compiling hashbrown v0.12.1
[INFO] [stderr]    Compiling regex v1.5.6
[INFO] [stderr]    Compiling regex-automata v0.1.10
[INFO] [stderr]    Compiling pkg-config v0.3.25
[INFO] [stderr]    Compiling paste v1.0.7
[INFO] [stderr]    Compiling ppv-lite86 v0.2.16
[INFO] [stderr]    Compiling chrono v0.4.19
[INFO] [stderr]    Compiling brotli-decompressor v2.3.2
[INFO] [stderr]    Compiling zstd-sys v2.0.1+zstd.1.5.2
[INFO] [stderr]    Compiling backtrace v0.3.65
[INFO] [stderr]    Compiling block-buffer v0.10.2
[INFO] [stderr]    Compiling crypto-common v0.1.3
[INFO] [stderr]    Compiling rand_chacha v0.3.1
[INFO] [stderr]    Compiling digest v0.10.3
[INFO] [stderr]    Compiling mysqlclient-sys v0.2.5
[INFO] [stderr]    Compiling actix-utils v3.0.0
[INFO] [stderr]    Compiling form_urlencoded v1.0.1
[INFO] [stderr]    Compiling actix-service v2.0.2
[INFO] [stderr]    Compiling matchers v0.0.1
[INFO] [stderr]    Compiling sharded-slab v0.1.4
[INFO] [stderr]    Compiling cookie v0.16.0
[INFO] [stderr]    Compiling thread_local v1.1.4
[INFO] [stderr]    Compiling cpufeatures v0.2.2
[INFO] [stderr]    Compiling serde v0.8.23
[INFO] [stderr]    Compiling env_logger v0.7.1
[INFO] [stderr]    Compiling slab v0.4.6
[INFO] [stderr]    Compiling firestorm v0.5.1
[INFO] [stderr]    Compiling lexical-core v0.7.6
[INFO] [stderr]    Compiling ansi_term v0.12.1
[INFO] [stderr]    Compiling num_threads v0.1.6
[INFO] [stderr]    Compiling convert_case v0.4.0
[INFO] [stderr]    Compiling tracing-log v0.1.3
[INFO] [stderr]    Compiling time-macros v0.2.4
[INFO] [stderr]    Compiling gimli v0.26.1
[INFO] [stderr]    Compiling local-channel v0.1.3
[INFO] [stderr]    Compiling brotli v3.3.4
[INFO] [stderr]    Compiling sha1 v0.10.1
[INFO] [stderr]    Compiling flate2 v1.0.24
[INFO] [stderr]    Compiling rand v0.8.5
[INFO] [stderr]    Compiling idna v0.2.3
[INFO] [stderr]    Compiling idna v0.1.5
[INFO] [stderr]    Compiling scheduled-thread-pool v0.2.6
[INFO] [stderr]    Compiling num_cpus v1.13.1
[INFO] [stderr]    Compiling object v0.28.4
[INFO] [stderr]    Compiling nom v5.1.2
[INFO] [stderr]    Compiling base64 v0.13.0
[INFO] [stderr]    Compiling httpdate v1.0.2
[INFO] [stderr]    Compiling percent-encoding v1.0.1
[INFO] [stderr]    Compiling eyre v0.4.3
[INFO] [stderr]    Compiling arrayvec v0.5.2
[INFO] [stderr]    Compiling serde_test v0.8.23
[INFO] [stderr]    Compiling mime v0.3.16
[INFO] [stderr]    Compiling static_assertions v1.1.0
[INFO] [stderr]    Compiling language-tags v0.3.2
[INFO] [stderr]    Compiling rustc-demangle v0.1.21
[INFO] [stderr]    Compiling url v1.7.2
[INFO] [stderr]    Compiling linked-hash-map v0.3.0
[INFO] [stderr]    Compiling url v2.2.2
[INFO] [stderr]    Compiling r2d2 v0.8.10
[INFO] [stderr]    Compiling actix-rt v2.7.0
[INFO] [stderr]    Compiling num-traits v0.1.43
[INFO] [stderr]    Compiling indenter v0.3.3
[INFO] [stderr]    Compiling byteorder v1.4.3
[INFO] [stderr]    Compiling linked-hash-map v0.5.4
[INFO] [stderr]    Compiling time v0.3.10
[INFO] [stderr]    Compiling owo-colors v1.3.0
[INFO] [stderr]    Compiling yaml-rust v0.4.5
[INFO] [stderr]    Compiling addr2line v0.17.0
[INFO] [stderr] error: could not compile `syn` (lib)
[INFO] [stderr] 
[INFO] [stderr] Caused by:
[INFO] [stderr]   process didn't exit successfully: `/opt/rustwide/rustup-home/toolchains/1.75.0-x86_64-unknown-linux-gnu/bin/rustc --crate-name syn --edition=2018 /opt/rustwide/cargo-home/registry/src/index.crates.io-6f17d22bba15001f/syn-1.0.98/src/lib.rs --error-format=json --json=diagnostic-rendered-ansi,artifacts,future-incompat --crate-type lib --emit=dep-info,metadata,link -C embed-bitcode=no --cfg 'feature="clone-impls"' --cfg 'feature="default"' --cfg 'feature="derive"' --cfg 'feature="extra-traits"' --cfg 'feature="fold"' --cfg 'feature="full"' --cfg 'feature="parsing"' --cfg 'feature="printing"' --cfg 'feature="proc-macro"' --cfg 'feature="quote"' --cfg 'feature="visit"' --cfg 'feature="visit-mut"' -C metadata=fb573127b03f3759 -C extra-filename=-fb573127b03f3759 --out-dir /opt/rustwide/target/debug/deps -L dependency=/opt/rustwide/target/debug/deps --extern proc_macro2=/opt/rustwide/target/debug/deps/libproc_macro2-03aee01daea4d8d0.rmeta --extern quote=/opt/rustwide/target/debug/deps/libquote-79cc995b2f77b437.rmeta --extern unicode_ident=/opt/rustwide/target/debug/deps/libunicode_ident-a9f7b0e419e36f8b.rmeta --cap-lints allow --cap-lints=warn --cfg syn_disable_nightly_tests` (signal: 9, SIGKILL: kill)
[INFO] [stderr] warning: build failed, waiting for other jobs to finish...
[INFO] running `Command { std: "docker" "inspect" "95de1831d1d2b22b16a366eeb8353e241c213a3f12bae14ee0e96be1183666d9", kill_on_drop: false }`
[INFO] running `Command { std: "docker" "rm" "-f" "95de1831d1d2b22b16a366eeb8353e241c213a3f12bae14ee0e96be1183666d9", kill_on_drop: false }`
[INFO] [stdout] 95de1831d1d2b22b16a366eeb8353e241c213a3f12bae14ee0e96be1183666d9
[INFO] testing zianksm/web-server-template against beta-2023-12-22 for beta-1.76-1
[INFO] running `Command { std: "git" "clone" "/workspace/cache/git-repos/https%3A%2F%2Fgithub.com%2Fzianksm%2Fweb-server-template" "/workspace/builds/worker-5-tc2/source", kill_on_drop: false }`
[INFO] [stderr] Cloning into '/workspace/builds/worker-5-tc2/source'...
[INFO] [stderr] done.
[INFO] validating manifest of git repo https://github.com/zianksm/web-server-template on toolchain beta-2023-12-22
[INFO] running `Command { std: CARGO_HOME="/workspace/cargo-home" RUSTUP_HOME="/workspace/rustup-home" "/workspace/cargo-home/bin/cargo" "+beta-2023-12-22" "metadata" "--manifest-path" "Cargo.toml" "--no-deps", kill_on_drop: false }`
[INFO] started tweaking git repo https://github.com/zianksm/web-server-template
[INFO] finished tweaking git repo https://github.com/zianksm/web-server-template
[INFO] tweaked toml for git repo https://github.com/zianksm/web-server-template written to /workspace/builds/worker-5-tc2/source/Cargo.toml
[INFO] crate git repo https://github.com/zianksm/web-server-template already has a lockfile, it will not be regenerated
[INFO] running `Command { std: CARGO_HOME="/workspace/cargo-home" RUSTUP_HOME="/workspace/rustup-home" "/workspace/cargo-home/bin/cargo" "+beta-2023-12-22" "fetch" "--manifest-path" "Cargo.toml", kill_on_drop: false }`
[INFO] [stderr] warning: virtual workspace defaulting to `resolver = "1"` despite one or more workspace members being on edition 2021 which implies `resolver = "2"`
[INFO] [stderr] note: to keep the current resolver, specify `workspace.resolver = "1"` in the workspace root's manifest
[INFO] [stderr] note: to use the edition 2021 resolver, specify `workspace.resolver = "2"` in the workspace root's manifest
[INFO] [stderr] note: for more details see https://doc.rust-lang.org/cargo/reference/resolver.html#resolver-versions
[INFO] running `Command { std: "docker" "create" "-v" "/var/lib/crater-agent-workspace/builds/worker-5-tc2/target:/opt/rustwide/target:rw,Z" "-v" "/var/lib/crater-agent-workspace/builds/worker-5-tc2/source:/opt/rustwide/workdir:ro,Z" "-v" "/var/lib/crater-agent-workspace/cargo-home:/opt/rustwide/cargo-home:ro,Z" "-v" "/var/lib/crater-agent-workspace/rustup-home:/opt/rustwide/rustup-home:ro,Z" "-e" "SOURCE_DIR=/opt/rustwide/workdir" "-e" "CARGO_TARGET_DIR=/opt/rustwide/target" "-e" "CARGO_HOME=/opt/rustwide/cargo-home" "-e" "RUSTUP_HOME=/opt/rustwide/rustup-home" "-w" "/opt/rustwide/workdir" "-m" "1610612736" "--user" "0:0" "--network" "none" "ghcr.io/rust-lang/crates-build-env/linux@sha256:2788e3201cd34a07e3172128adcd8b3090168a8e3bcc40d7c032b9dda1df7d1c" "/opt/rustwide/cargo-home/bin/cargo" "+beta-2023-12-22" "metadata" "--no-deps" "--format-version=1", kill_on_drop: false }`
[INFO] [stdout] 08fa81076672e1b50e1bb1e08844853e9d78c7f73c7acc50298b691a4cb8cc22
[INFO] running `Command { std: "docker" "start" "-a" "08fa81076672e1b50e1bb1e08844853e9d78c7f73c7acc50298b691a4cb8cc22", kill_on_drop: false }`
[INFO] running `Command { std: "docker" "inspect" "08fa81076672e1b50e1bb1e08844853e9d78c7f73c7acc50298b691a4cb8cc22", kill_on_drop: false }`
[INFO] running `Command { std: "docker" "rm" "-f" "08fa81076672e1b50e1bb1e08844853e9d78c7f73c7acc50298b691a4cb8cc22", kill_on_drop: false }`
[INFO] [stdout] 08fa81076672e1b50e1bb1e08844853e9d78c7f73c7acc50298b691a4cb8cc22
[INFO] running `Command { std: "docker" "create" "-v" "/var/lib/crater-agent-workspace/builds/worker-5-tc2/target:/opt/rustwide/target:rw,Z" "-v" "/var/lib/crater-agent-workspace/builds/worker-5-tc2/source:/opt/rustwide/workdir:ro,Z" "-v" "/var/lib/crater-agent-workspace/cargo-home:/opt/rustwide/cargo-home:ro,Z" "-v" "/var/lib/crater-agent-workspace/rustup-home:/opt/rustwide/rustup-home:ro,Z" "-e" "SOURCE_DIR=/opt/rustwide/workdir" "-e" "CARGO_TARGET_DIR=/opt/rustwide/target" "-e" "CARGO_INCREMENTAL=0" "-e" "RUST_BACKTRACE=full" "-e" "RUSTFLAGS=--cap-lints=warn" "-e" "RUSTDOCFLAGS=--cap-lints=warn" "-e" "CARGO_HOME=/opt/rustwide/cargo-home" "-e" "RUSTUP_HOME=/opt/rustwide/rustup-home" "-w" "/opt/rustwide/workdir" "-m" "1610612736" "--user" "0:0" "--network" "none" "ghcr.io/rust-lang/crates-build-env/linux@sha256:2788e3201cd34a07e3172128adcd8b3090168a8e3bcc40d7c032b9dda1df7d1c" "/opt/rustwide/cargo-home/bin/cargo" "+beta-2023-12-22" "build" "--frozen" "--message-format=json", kill_on_drop: false }`
[INFO] [stdout] e25057d0813989c7af7ff640cf931ce8588b0ffd0d7f41b66b473124e4fb0a76
[INFO] running `Command { std: "docker" "start" "-a" "e25057d0813989c7af7ff640cf931ce8588b0ffd0d7f41b66b473124e4fb0a76", kill_on_drop: false }`
[INFO] [stderr] warning: virtual workspace defaulting to `resolver = "1"` despite one or more workspace members being on edition 2021 which implies `resolver = "2"`
[INFO] [stderr] note: to keep the current resolver, specify `workspace.resolver = "1"` in the workspace root's manifest
[INFO] [stderr] note: to use the edition 2021 resolver, specify `workspace.resolver = "2"` in the workspace root's manifest
[INFO] [stderr] note: for more details see https://doc.rust-lang.org/cargo/reference/resolver.html#resolver-versions
[INFO] [stderr]    Compiling libc v0.2.126
[INFO] [stderr]    Compiling cfg-if v1.0.0
[INFO] [stderr]    Compiling autocfg v1.1.0
[INFO] [stderr]    Compiling proc-macro2 v1.0.40
[INFO] [stderr]    Compiling unicode-ident v1.0.1
[INFO] [stderr]    Compiling quote v1.0.20
[INFO] [stderr]    Compiling syn v1.0.98
[INFO] [stderr]    Compiling memchr v2.5.0
[INFO] [stderr]    Compiling log v0.4.17
[INFO] [stderr]    Compiling version_check v0.9.4
[INFO] [stderr]    Compiling once_cell v1.12.0
[INFO] [stderr]    Compiling pin-project-lite v0.2.9
[INFO] [stderr]    Compiling smallvec v1.8.0
[INFO] [stderr]    Compiling serde_derive v1.0.137
[INFO] [stderr]    Compiling itoa v1.0.2
[INFO] [stderr]    Compiling serde v1.0.137
[INFO] [stderr]    Compiling parking_lot_core v0.9.3
[INFO] [stderr]    Compiling scopeguard v1.1.0
[INFO] [stderr]    Compiling regex-syntax v0.6.26
[INFO] [stderr]    Compiling bytes v1.1.0
[INFO] [stderr]    Compiling futures-core v0.3.21
[INFO] [stderr]    Compiling tracing-core v0.1.27
[INFO] [stderr]    Compiling ryu v1.0.10
[INFO] [stderr]    Compiling typenum v1.15.0
[INFO] [stderr]    Compiling matches v0.1.9
[INFO] [stderr]    Compiling tinyvec_macros v0.1.0
[INFO] [stderr]    Compiling futures-task v0.3.21
[INFO] [stderr]    Compiling tinyvec v1.6.0
[INFO] [stderr]    Compiling serde_json v1.0.81
[INFO] [stderr]    Compiling generic-array v0.14.5
[INFO] [stderr]    Compiling lock_api v0.4.7
[INFO] [stderr]    Compiling num-traits v0.2.15
[INFO] [stderr]    Compiling lazy_static v1.4.0
[INFO] [stderr]    Compiling adler v1.0.2
[INFO] [stderr]    Compiling unicode-bidi v0.3.8
[INFO] [stderr]    Compiling futures-util v0.3.21
[INFO] [stderr]    Compiling miniz_oxide v0.5.3
[INFO] [stderr]    Compiling num-integer v0.1.45
[INFO] [stderr]    Compiling percent-encoding v2.1.0
[INFO] [stderr]    Compiling pin-utils v0.1.0
[INFO] [stderr]    Compiling aho-corasick v0.7.18
[INFO] [stderr]    Compiling futures-sink v0.3.21
[INFO] [stderr]    Compiling fnv v1.0.7
[INFO] [stderr]    Compiling bitflags v1.3.2
[INFO] [stderr]    Compiling quick-error v1.2.3
[INFO] [stderr]    Compiling termcolor v1.1.3
[INFO] [stderr]    Compiling http v0.2.8
[INFO] [stderr]    Compiling jobserver v0.1.24
[INFO] [stderr]    Compiling signal-hook-registry v1.4.0
[INFO] [stderr]    Compiling socket2 v0.4.4
[INFO] [stderr]    Compiling cc v1.0.73
[INFO] [stderr]    Compiling parking_lot v0.12.1
[INFO] [stderr]    Compiling mio v0.8.4
[INFO] [stderr]    Compiling atty v0.2.14
[INFO] [stderr]    Compiling unicode-normalization v0.1.19
[INFO] [stderr]    Compiling getrandom v0.2.7
[INFO] [stderr]    Compiling humantime v1.3.0
[INFO] [stderr]    Compiling indexmap v1.9.0
[INFO] [stderr]    Compiling local-waker v0.1.3
[INFO] [stderr]    Compiling tokio v1.19.2
[INFO] [stderr]    Compiling zstd-safe v5.0.2+zstd.1.5.2
[INFO] [stderr]    Compiling alloc-no-stdlib v2.0.3
[INFO] [stderr]    Compiling crc32fast v1.3.2
[INFO] [stderr]    Compiling rand_core v0.6.3
[INFO] [stderr]    Compiling alloc-stdlib v0.2.1
[INFO] [stderr]    Compiling bytestring v1.1.0
[INFO] [stderr]    Compiling ahash v0.7.6
[INFO] [stderr]    Compiling encoding_rs v0.8.31
[INFO] [stderr]    Compiling httparse v1.7.1
[INFO] [stderr]    Compiling regex v1.5.6
[INFO] [stderr]    Compiling regex-automata v0.1.10
[INFO] [stderr]    Compiling pkg-config v0.3.25
[INFO] [stderr]    Compiling hashbrown v0.12.1
[INFO] [stderr]    Compiling paste v1.0.7
[INFO] [stderr]    Compiling ppv-lite86 v0.2.16
[INFO] [stderr]    Compiling chrono v0.4.19
[INFO] [stderr]    Compiling brotli-decompressor v2.3.2
[INFO] [stderr]    Compiling zstd-sys v2.0.1+zstd.1.5.2
[INFO] [stderr]    Compiling backtrace v0.3.65
[INFO] [stderr]    Compiling rand_chacha v0.3.1
[INFO] [stderr]    Compiling actix-utils v3.0.0
[INFO] [stderr]    Compiling crypto-common v0.1.3
[INFO] [stderr]    Compiling block-buffer v0.10.2
[INFO] [stderr]    Compiling mysqlclient-sys v0.2.5
[INFO] [stderr]    Compiling form_urlencoded v1.0.1
[INFO] [stderr]    Compiling digest v0.10.3
[INFO] [stderr]    Compiling matchers v0.0.1
[INFO] [stderr]    Compiling sharded-slab v0.1.4
[INFO] [stderr]    Compiling cookie v0.16.0
[INFO] [stderr]    Compiling actix-service v2.0.2
[INFO] [stderr]    Compiling thread_local v1.1.4
[INFO] [stderr]    Compiling env_logger v0.7.1
[INFO] [stderr]    Compiling convert_case v0.4.0
[INFO] [stderr]    Compiling firestorm v0.5.1
[INFO] [stderr]    Compiling gimli v0.26.1
[INFO] [stderr]    Compiling ansi_term v0.12.1
[INFO] [stderr]    Compiling tracing-log v0.1.3
[INFO] [stderr]    Compiling serde v0.8.23
[INFO] [stderr]    Compiling num_threads v0.1.6
[INFO] [stderr]    Compiling cpufeatures v0.2.2
[INFO] [stderr]    Compiling slab v0.4.6
[INFO] [stderr]    Compiling time-macros v0.2.4
[INFO] [stderr]    Compiling lexical-core v0.7.6
[INFO] [stderr]    Compiling sha1 v0.10.1
[INFO] [stderr]    Compiling brotli v3.3.4
[INFO] [stderr]    Compiling local-channel v0.1.3
[INFO] [stderr]    Compiling rand v0.8.5
[INFO] [stderr]    Compiling flate2 v1.0.24
[INFO] [stderr]    Compiling idna v0.2.3
[INFO] [stderr]    Compiling idna v0.1.5
[INFO] [stderr]    Compiling scheduled-thread-pool v0.2.6
[INFO] [stderr]    Compiling num_cpus v1.13.1
[INFO] [stderr]    Compiling object v0.28.4
[INFO] [stderr]    Compiling nom v5.1.2
[INFO] [stderr]    Compiling base64 v0.13.0
[INFO] [stderr]    Compiling percent-encoding v1.0.1
[INFO] [stderr]    Compiling rustc-demangle v0.1.21
[INFO] [stderr]    Compiling httpdate v1.0.2
[INFO] [stderr]    Compiling arrayvec v0.5.2
[INFO] [stderr]    Compiling language-tags v0.3.2
[INFO] [stderr]    Compiling static_assertions v1.1.0
[INFO] [stderr]    Compiling eyre v0.4.3
[INFO] [stderr]    Compiling mime v0.3.16
[INFO] [stderr]    Compiling url v1.7.2
[INFO] [stderr]    Compiling url v2.2.2
[INFO] [stderr]    Compiling serde_test v0.8.23
[INFO] [stderr]    Compiling actix-rt v2.7.0
[INFO] [stderr]    Compiling r2d2 v0.8.10
[INFO] [stderr]    Compiling num-traits v0.1.43
[INFO] [stderr]    Compiling addr2line v0.17.0
[INFO] [stderr]    Compiling linked-hash-map v0.3.0
[INFO] [stderr]    Compiling byteorder v1.4.3
[INFO] [stderr]    Compiling indenter v0.3.3
[INFO] [stderr]    Compiling linked-hash-map v0.5.4
[INFO] [stderr]    Compiling time v0.3.10
[INFO] [stderr]    Compiling owo-colors v1.3.0
[INFO] [stderr]    Compiling yaml-rust v0.4.5
[INFO] [stderr]    Compiling serde-hjson v0.9.1
[INFO] [stderr]    Compiling dotenv v0.15.0
[INFO] [stderr]    Compiling rust-ini v0.13.0
[INFO] [stderr]    Compiling ansi_term v0.11.0
[INFO] [stderr]    Compiling tracing-attributes v0.1.21
[INFO] [stderr]    Compiling derive_more v0.99.17
[INFO] [stderr]    Compiling pin-project-internal v1.0.10
[INFO] [stderr]    Compiling actix-macros v0.2.3
[INFO] [stderr]    Compiling diesel_derives v1.4.1
[INFO] [stderr]    Compiling color-backtrace v0.4.2
[INFO] [stderr]    Compiling pin-project v1.0.10
[INFO] [stderr]    Compiling tracing v0.1.35
[INFO] [stderr]    Compiling tokio-util v0.7.3
[INFO] [stderr]    Compiling actix-server v2.1.1
[INFO] [stderr]    Compiling h2 v0.3.13
[INFO] [stderr]    Compiling actix-codec v0.5.0
[INFO] [stderr]    Compiling tracing-futures v0.2.5
[INFO] [stderr]    Compiling diesel v1.4.8
[INFO] [stderr]    Compiling tracing-serde v0.1.3
[INFO] [stderr]    Compiling actix-router v0.5.0
[INFO] [stderr]    Compiling serde_urlencoded v0.7.1
[INFO] [stderr]    Compiling toml v0.5.9
[INFO] [stderr]    Compiling actix-web-codegen v4.0.1
[INFO] [stderr]    Compiling tracing-subscriber v0.2.25
[INFO] [stderr]    Compiling config v0.10.1
[INFO] [stderr]    Compiling tracing-error v0.1.2
[INFO] [stderr]    Compiling color-spantrace v0.1.6
[INFO] [stderr]    Compiling color-eyre v0.3.4
[INFO] [stderr]    Compiling database v0.1.0 (/opt/rustwide/workdir/database)
[INFO] [stderr]    Compiling zstd v0.11.2+zstd.1.5.2
[INFO] [stderr]    Compiling actix-http v3.1.0
[INFO] [stderr]    Compiling actix-web v4.1.0
[INFO] [stderr]    Compiling actix-cors v0.6.1
[INFO] [stderr]    Compiling rust v0.1.0 (/opt/rustwide/workdir/API)
[INFO] [stderr]     Finished dev [unoptimized + debuginfo] target(s) in 25.45s
[INFO] [stderr] warning: the following packages contain code that will be rejected by a future version of Rust: nom v5.1.2
[INFO] [stderr] note: to see what the problems were, use the option `--future-incompat-report`, or run `cargo report future-incompatibilities --id 1`
[INFO] running `Command { std: "docker" "inspect" "e25057d0813989c7af7ff640cf931ce8588b0ffd0d7f41b66b473124e4fb0a76", kill_on_drop: false }`
[INFO] running `Command { std: "docker" "rm" "-f" "e25057d0813989c7af7ff640cf931ce8588b0ffd0d7f41b66b473124e4fb0a76", kill_on_drop: false }`
[INFO] [stdout] e25057d0813989c7af7ff640cf931ce8588b0ffd0d7f41b66b473124e4fb0a76
[INFO] running `Command { std: "docker" "create" "-v" "/var/lib/crater-agent-workspace/builds/worker-5-tc2/target:/opt/rustwide/target:rw,Z" "-v" "/var/lib/crater-agent-workspace/builds/worker-5-tc2/source:/opt/rustwide/workdir:ro,Z" "-v" "/var/lib/crater-agent-workspace/cargo-home:/opt/rustwide/cargo-home:ro,Z" "-v" "/var/lib/crater-agent-workspace/rustup-home:/opt/rustwide/rustup-home:ro,Z" "-e" "SOURCE_DIR=/opt/rustwide/workdir" "-e" "CARGO_TARGET_DIR=/opt/rustwide/target" "-e" "CARGO_INCREMENTAL=0" "-e" "RUST_BACKTRACE=full" "-e" "RUSTFLAGS=--cap-lints=warn" "-e" "RUSTDOCFLAGS=--cap-lints=warn" "-e" "CARGO_HOME=/opt/rustwide/cargo-home" "-e" "RUSTUP_HOME=/opt/rustwide/rustup-home" "-w" "/opt/rustwide/workdir" "-m" "1610612736" "--user" "0:0" "--network" "none" "ghcr.io/rust-lang/crates-build-env/linux@sha256:2788e3201cd34a07e3172128adcd8b3090168a8e3bcc40d7c032b9dda1df7d1c" "/opt/rustwide/cargo-home/bin/cargo" "+beta-2023-12-22" "test" "--frozen" "--no-run" "--message-format=json", kill_on_drop: false }`
[INFO] [stdout] ed5287b370199cc99f03a71af6624a94da0c6022fea48fcd64a8a66210462408
[INFO] running `Command { std: "docker" "start" "-a" "ed5287b370199cc99f03a71af6624a94da0c6022fea48fcd64a8a66210462408", kill_on_drop: false }`
[INFO] [stderr] warning: virtual workspace defaulting to `resolver = "1"` despite one or more workspace members being on edition 2021 which implies `resolver = "2"`
[INFO] [stderr] note: to keep the current resolver, specify `workspace.resolver = "1"` in the workspace root's manifest
[INFO] [stderr] note: to use the edition 2021 resolver, specify `workspace.resolver = "2"` in the workspace root's manifest
[INFO] [stderr] note: for more details see https://doc.rust-lang.org/cargo/reference/resolver.html#resolver-versions
[INFO] [stderr]    Compiling database v0.1.0 (/opt/rustwide/workdir/database)
[INFO] [stderr]    Compiling rust v0.1.0 (/opt/rustwide/workdir/API)
[INFO] [stderr]     Finished test [unoptimized + debuginfo] target(s) in 0.66s
[INFO] [stderr] warning: the following packages contain code that will be rejected by a future version of Rust: nom v5.1.2
[INFO] [stderr] note: to see what the problems were, use the option `--future-incompat-report`, or run `cargo report future-incompatibilities --id 1`
[INFO] running `Command { std: "docker" "inspect" "ed5287b370199cc99f03a71af6624a94da0c6022fea48fcd64a8a66210462408", kill_on_drop: false }`
[INFO] running `Command { std: "docker" "rm" "-f" "ed5287b370199cc99f03a71af6624a94da0c6022fea48fcd64a8a66210462408", kill_on_drop: false }`
[INFO] [stdout] ed5287b370199cc99f03a71af6624a94da0c6022fea48fcd64a8a66210462408
[INFO] running `Command { std: "docker" "create" "-v" "/var/lib/crater-agent-workspace/builds/worker-5-tc2/target:/opt/rustwide/target:rw,Z" "-v" "/var/lib/crater-agent-workspace/builds/worker-5-tc2/source:/opt/rustwide/workdir:ro,Z" "-v" "/var/lib/crater-agent-workspace/cargo-home:/opt/rustwide/cargo-home:ro,Z" "-v" "/var/lib/crater-agent-workspace/rustup-home:/opt/rustwide/rustup-home:ro,Z" "-e" "SOURCE_DIR=/opt/rustwide/workdir" "-e" "CARGO_TARGET_DIR=/opt/rustwide/target" "-e" "CARGO_INCREMENTAL=0" "-e" "RUST_BACKTRACE=full" "-e" "RUSTFLAGS=--cap-lints=warn" "-e" "RUSTDOCFLAGS=--cap-lints=warn" "-e" "CARGO_HOME=/opt/rustwide/cargo-home" "-e" "RUSTUP_HOME=/opt/rustwide/rustup-home" "-w" "/opt/rustwide/workdir" "-m" "1610612736" "--user" "0:0" "--network" "none" "ghcr.io/rust-lang/crates-build-env/linux@sha256:2788e3201cd34a07e3172128adcd8b3090168a8e3bcc40d7c032b9dda1df7d1c" "/opt/rustwide/cargo-home/bin/cargo" "+beta-2023-12-22" "test" "--frozen", kill_on_drop: false }`
[INFO] [stdout] d30dee4ea2a8f57e1cbdfb61966b25d023c2ce08925e6b2463dae5c2a88f9725
[INFO] running `Command { std: "docker" "start" "-a" "d30dee4ea2a8f57e1cbdfb61966b25d023c2ce08925e6b2463dae5c2a88f9725", kill_on_drop: false }`
[INFO] [stderr] warning: virtual workspace defaulting to `resolver = "1"` despite one or more workspace members being on edition 2021 which implies `resolver = "2"`
[INFO] [stderr] note: to keep the current resolver, specify `workspace.resolver = "1"` in the workspace root's manifest
[INFO] [stderr] note: to use the edition 2021 resolver, specify `workspace.resolver = "2"` in the workspace root's manifest
[INFO] [stderr] note: for more details see https://doc.rust-lang.org/cargo/reference/resolver.html#resolver-versions
[INFO] [stderr]     Finished test [unoptimized + debuginfo] target(s) in 0.11s
[INFO] [stderr] warning: the following packages contain code that will be rejected by a future version of Rust: nom v5.1.2
[INFO] [stderr] note: to see what the problems were, use the option `--future-incompat-report`, or run `cargo report future-incompatibilities --id 1`
[INFO] [stderr]      Running unittests src/lib.rs (/opt/rustwide/target/debug/deps/database-8572285f1ec02533)
[INFO] [stdout] 
[INFO] [stdout] running 0 tests
[INFO] [stdout] 
[INFO] [stdout] test result: ok. 0 passed; 0 failed; 0 ignored; 0 measured; 0 filtered out; finished in 0.00s
[INFO] [stdout] 
[INFO] [stderr]      Running unittests src/main.rs (/opt/rustwide/target/debug/deps/rust-1558b728e19af27f)
[INFO] [stdout] 
[INFO] [stdout] running 0 tests
[INFO] [stdout] 
[INFO] [stdout] test result: ok. 0 passed; 0 failed; 0 ignored; 0 measured; 0 filtered out; finished in 0.00s
[INFO] [stdout] 
[INFO] [stderr]    Doc-tests database
[INFO] [stdout] 
[INFO] [stdout] running 21 tests
[INFO] [stdout] test database/src/lib.rs - delete_user_by_id (line 283) ... FAILED
[INFO] [stdout] test database/src/lib.rs - find_by_id (line 81) ... FAILED
[INFO] [stdout] test database/src/lib.rs - delete_user_by_id (line 287) ... FAILED
[INFO] [stdout] test database/src/lib.rs - establish_connection (line 31) ... FAILED
[INFO] [stdout] test database/src/lib.rs - establish_connection (line 36) ... FAILED
[INFO] [stdout] test database/src/lib.rs - find_by_id (line 61) ... FAILED
[INFO] [stdout] test database/src/lib.rs - register_new_user (line 179) ... FAILED
[INFO] [stdout] test database/src/lib.rs - establish_connection (line 40) ... FAILED
[INFO] [stdout] test database/src/lib.rs - find_by_username (line 107) ... FAILED
[INFO] [stdout] test database/src/lib.rs - establish_connection (line 22) ... FAILED
[INFO] [stdout] test database/src/lib.rs - find_all (line 137) ... FAILED
[INFO] [stdout] test database/src/lib.rs - find_by_id (line 71) ... FAILED
[INFO] [stdout] test database/src/lib.rs - register_new_user (line 168) ... FAILED
[INFO] [stdout] test database/src/lib.rs - update_user_by_id (line 228) ... FAILED
[INFO] [stdout] test database/src/lib.rs - update_user_by_id (line 219) ... FAILED
[INFO] [stdout] test database/src/lib.rs - update_user_by_id (line 233) ... FAILED
[INFO] [stdout] test database/src/lib.rs - update_user_by_id (line 240) ... FAILED
[INFO] [stdout] test database/src/lib.rs - update_user_by_id (line 245) ... FAILED
[INFO] [stdout] test database/src/models.rs - models::NewUser (line 29) ... FAILED
[INFO] [stdout] test database/src/lib.rs - delete_user_by_id (line 269) ... FAILED
[INFO] [stdout] test database/src/models.rs - models::User (line 9) ... ok
[INFO] [stdout] 
[INFO] [stdout] failures:
[INFO] [stdout] 
[INFO] [stdout] ---- database/src/lib.rs - delete_user_by_id (line 283) stdout ----
[INFO] [stdout] error: mismatched closing delimiter: `}`
[INFO] [stdout]  --> database/src/lib.rs:284:7
[INFO] [stdout]   |
[INFO] [stdout] 2 | fn main() { #[allow(non_snake_case)] fn _doctest_main_database_src_lib_rs_283_0() {
[INFO] [stdout]   |                                                                                   - closing delimiter possibly meant for this
[INFO] [stdout] 3 | delete(your_table_name.filter(field_name.eq(field_value))
[INFO] [stdout]   |       ^ unclosed delimiter
[INFO] [stdout] 4 | } _doctest_main_database_src_lib_rs_283_0() }
[INFO] [stdout]   | ^ mismatched closing delimiter
[INFO] [stdout] 
[INFO] [stdout] error: aborting due to 1 previous error
[INFO] [stdout] 
[INFO] [stdout] Couldn't compile the test.
[INFO] [stdout] ---- database/src/lib.rs - find_by_id (line 81) stdout ----
[INFO] [stdout] error: expected expression, found `.`
[INFO] [stdout]  --> database/src/lib.rs:83:1
[INFO] [stdout]   |
[INFO] [stdout] 5 | .load::<User>(connection_to_database)
[INFO] [stdout]   | ^ expected expression
[INFO] [stdout] 
[INFO] [stdout] error: aborting due to 1 previous error
[INFO] [stdout] 
[INFO] [stdout] Couldn't compile the test.
[INFO] [stdout] ---- database/src/lib.rs - delete_user_by_id (line 287) stdout ----
[INFO] [stdout] error: expected expression, found `.`
[INFO] [stdout]  --> database/src/lib.rs:289:1
[INFO] [stdout]   |
[INFO] [stdout] 5 | .execute(database_connection)
[INFO] [stdout]   | ^ expected expression
[INFO] [stdout] 
[INFO] [stdout] error: aborting due to 1 previous error
[INFO] [stdout] 
[INFO] [stdout] Couldn't compile the test.
[INFO] [stdout] ---- database/src/lib.rs - establish_connection (line 31) stdout ----
[INFO] [stdout] error[E0423]: expected function, found crate `dotenv`
[INFO] [stdout]  --> database/src/lib.rs:32:1
[INFO] [stdout]   |
[INFO] [stdout] 3 | dotenv().ok()
[INFO] [stdout]   | ^^^^^^ not a function
[INFO] [stdout]   |
[INFO] [stdout] help: consider importing this function instead
[INFO] [stdout]   |
[INFO] [stdout] 2 + use dotenv::dotenv;
[INFO] [stdout]   |
[INFO] [stdout] 
[INFO] [stdout] error: aborting due to 1 previous error
[INFO] [stdout] 
[INFO] [stdout] For more information about this error, try `rustc --explain E0423`.
[INFO] [stdout] Couldn't compile the test.
[INFO] [stdout] ---- database/src/lib.rs - establish_connection (line 36) stdout ----
[INFO] [stdout] error[E0433]: failed to resolve: use of undeclared crate or module `env`
[INFO] [stdout]  --> database/src/lib.rs:38:20
[INFO] [stdout]   |
[INFO] [stdout] 5 | let database_url = env::var("DATABASE_URL").expect("DATABASE_URL cannot be empty");
[INFO] [stdout]   |                    ^^^ use of undeclared crate or module `env`
[INFO] [stdout]   |
[INFO] [stdout] help: consider importing this module
[INFO] [stdout]   |
[INFO] [stdout] 2 + use std::env;
[INFO] [stdout]   |
[INFO] [stdout] 
[INFO] [stdout] error: aborting due to 1 previous error
[INFO] [stdout] 
[INFO] [stdout] For more information about this error, try `rustc --explain E0433`.
[INFO] [stdout] Couldn't compile the test.
[INFO] [stdout] ---- database/src/lib.rs - find_by_id (line 61) stdout ----
[INFO] [stdout] error[E0425]: cannot find function `sql_query` in this scope
[INFO] [stdout]  --> database/src/lib.rs:63:14
[INFO] [stdout]   |
[INFO] [stdout] 5 | let result = sql_query(format!(
[INFO] [stdout]   |              ^^^^^^^^^ not found in this scope
[INFO] [stdout]   |
[INFO] [stdout] help: consider importing this function
[INFO] [stdout]   |
[INFO] [stdout] 2 + use diesel::sql_query;
[INFO] [stdout]   |
[INFO] [stdout] 
[INFO] [stdout] error[E0425]: cannot find value `id` in this scope
[INFO] [stdout]  --> database/src/lib.rs:65:5
[INFO] [stdout]   |
[INFO] [stdout] 7 |     id
[INFO] [stdout]   |     ^^ not found in this scope
[INFO] [stdout]   |
[INFO] [stdout] help: consider importing one of these items
[INFO] [stdout]   |
[INFO] [stdout] 2 + use database::schema::user::id;
[INFO] [stdout]   |
[INFO] [stdout] 2 + use std::process::id;
[INFO] [stdout]   |
[INFO] [stdout] 
[INFO] [stdout] error[E0425]: cannot find value `connection_to_database` in this scope
[INFO] [stdout]  --> database/src/lib.rs:67:15
[INFO] [stdout]   |
[INFO] [stdout] 9 | .load::<User>(connection_to_database)
[INFO] [stdout]   |               ^^^^^^^^^^^^^^^^^^^^^^ not found in this scope
[INFO] [stdout] 
[INFO] [stdout] error[E0412]: cannot find type `User` in this scope
[INFO] [stdout]  --> database/src/lib.rs:67:9
[INFO] [stdout]   |
[INFO] [stdout] 9 | .load::<User>(connection_to_database)
[INFO] [stdout]   |         ^^^^ not found in this scope
[INFO] [stdout]   |
[INFO] [stdout] help: consider importing this struct
[INFO] [stdout]   |
[INFO] [stdout] 2 + use database::models::User;
[INFO] [stdout]   |
[INFO] [stdout] 
[INFO] [stdout] error: aborting due to 4 previous errors
[INFO] [stdout] 
[INFO] [stdout] Some errors have detailed explanations: E0412, E0425.
[INFO] [stdout] For more information about an error, try `rustc --explain E0412`.
[INFO] [stdout] Couldn't compile the test.
[INFO] [stdout] ---- database/src/lib.rs - register_new_user (line 179) stdout ----
[INFO] [stdout] error: expected expression, found `.`
[INFO] [stdout]  --> database/src/lib.rs:183:5
[INFO] [stdout]   |
[INFO] [stdout] 7 |     .execute(connection_to_database)
[INFO] [stdout]   |     ^ expected expression
[INFO] [stdout] 
[INFO] [stdout] error[E0425]: cannot find function `insert_into` in this scope
[INFO] [stdout]  --> database/src/lib.rs:181:14
[INFO] [stdout]   |
[INFO] [stdout] 5 | let result = insert_into(user)
[INFO] [stdout]   |              ^^^^^^^^^^^ not found in this scope
[INFO] [stdout]   |
[INFO] [stdout] help: consider importing this function
[INFO] [stdout]   |
[INFO] [stdout] 2 + use diesel::insert_into;
[INFO] [stdout]   |
[INFO] [stdout] 
[INFO] [stdout] error[E0425]: cannot find value `user` in this scope
[INFO] [stdout]  --> database/src/lib.rs:181:26
[INFO] [stdout]   |
[INFO] [stdout] 5 | let result = insert_into(user)
[INFO] [stdout]   |                          ^^^^ not found in this scope
[INFO] [stdout]   |
[INFO] [stdout] help: consider importing this unit struct
[INFO] [stdout]   |
[INFO] [stdout] 2 + use database::schema::user::dsl::user;
[INFO] [stdout]   |
[INFO] [stdout] 
[INFO] [stdout] error[E0425]: cannot find value `temp_user` in this scope
[INFO] [stdout]  --> database/src/lib.rs:182:14
[INFO] [stdout]   |
[INFO] [stdout] 6 |     .values(&temp_user);
[INFO] [stdout]   |              ^^^^^^^^^ not found in this scope
[INFO] [stdout] 
[INFO] [stdout] error: aborting due to 4 previous errors
[INFO] [stdout] 
[INFO] [stdout] For more information about this error, try `rustc --explain E0425`.
[INFO] [stdout] Couldn't compile the test.
[INFO] [stdout] ---- database/src/lib.rs - establish_connection (line 40) stdout ----
[INFO] [stdout] error[E0433]: failed to resolve: use of undeclared type `MysqlConnection`
[INFO] [stdout]  --> database/src/lib.rs:42:1
[INFO] [stdout]   |
[INFO] [stdout] 5 | MysqlConnection::establish(&database_url)
[INFO] [stdout]   | ^^^^^^^^^^^^^^^ use of undeclared type `MysqlConnection`
[INFO] [stdout]   |
[INFO] [stdout] help: consider importing this struct
[INFO] [stdout]   |
[INFO] [stdout] 2 + use diesel::MysqlConnection;
[INFO] [stdout]   |
[INFO] [stdout] 
[INFO] [stdout] error[E0425]: cannot find value `database_url` in this scope
[INFO] [stdout]  --> database/src/lib.rs:42:29
[INFO] [stdout]   |
[INFO] [stdout] 5 | MysqlConnection::establish(&database_url)
[INFO] [stdout]   |                             ^^^^^^^^^^^^ not found in this scope
[INFO] [stdout] 
[INFO] [stdout] error[E0425]: cannot find value `database_url` in this scope
[INFO] [stdout]  --> database/src/lib.rs:43:60
[INFO] [stdout]   |
[INFO] [stdout] 6 |      .expect(&format!("Error connecting to database '{}'", database_url))
[INFO] [stdout]   |                                                            ^^^^^^^^^^^^ not found in this scope
[INFO] [stdout] 
[INFO] [stdout] error: aborting due to 3 previous errors
[INFO] [stdout] 
[INFO] [stdout] Some errors have detailed explanations: E0425, E0433.
[INFO] [stdout] For more information about an error, try `rustc --explain E0425`.
[INFO] [stdout] Couldn't compile the test.
[INFO] [stdout] ---- database/src/lib.rs - find_by_username (line 107) stdout ----
[INFO] [stdout] error[E0425]: cannot find function `sql_query` in this scope
[INFO] [stdout]  --> database/src/lib.rs:109:14
[INFO] [stdout]   |
[INFO] [stdout] 5 | let result = sql_query(format!(
[INFO] [stdout]   |              ^^^^^^^^^ not found in this scope
[INFO] [stdout]   |
[INFO] [stdout] help: consider importing this function
[INFO] [stdout]   |
[INFO] [stdout] 2 + use diesel::sql_query;
[INFO] [stdout]   |
[INFO] [stdout] 
[INFO] [stdout] error[E0425]: cannot find value `_username` in this scope
[INFO] [stdout]  --> database/src/lib.rs:111:4
[INFO] [stdout]   |
[INFO] [stdout] 7 |    _username
[INFO] [stdout]   |    ^^^^^^^^^ not found in this scope
[INFO] [stdout] 
[INFO] [stdout] error[E0425]: cannot find value `connection_to_database` in this scope
[INFO] [stdout]  --> database/src/lib.rs:113:15
[INFO] [stdout]   |
[INFO] [stdout] 9 | .load::<User>(connection_to_database)
[INFO] [stdout]   |               ^^^^^^^^^^^^^^^^^^^^^^ not found in this scope
[INFO] [stdout] 
[INFO] [stdout] error[E0412]: cannot find type `User` in this scope
[INFO] [stdout]  --> database/src/lib.rs:113:9
[INFO] [stdout]   |
[INFO] [stdout] 9 | .load::<User>(connection_to_database)
[INFO] [stdout]   |         ^^^^ not found in this scope
[INFO] [stdout]   |
[INFO] [stdout] help: consider importing this struct
[INFO] [stdout]   |
[INFO] [stdout] 2 + use database::models::User;
[INFO] [stdout]   |
[INFO] [stdout] 
[INFO] [stdout] error: aborting due to 4 previous errors
[INFO] [stdout] 
[INFO] [stdout] Some errors have detailed explanations: E0412, E0425.
[INFO] [stdout] For more information about an error, try `rustc --explain E0412`.
[INFO] [stdout] Couldn't compile the test.
[INFO] [stdout] ---- database/src/lib.rs - establish_connection (line 22) stdout ----
[INFO] [stdout] error[E0423]: expected function, found crate `dotenv`
[INFO] [stdout]  --> database/src/lib.rs:24:1
[INFO] [stdout]   |
[INFO] [stdout] 5 | dotenv().ok();
[INFO] [stdout]   | ^^^^^^ not a function
[INFO] [stdout]   |
[INFO] [stdout] help: consider importing this function instead
[INFO] [stdout]   |
[INFO] [stdout] 2 + use dotenv::dotenv;
[INFO] [stdout]   |
[INFO] [stdout] 
[INFO] [stdout] error[E0433]: failed to resolve: use of undeclared crate or module `env`
[INFO] [stdout]  --> database/src/lib.rs:26:20
[INFO] [stdout]   |
[INFO] [stdout] 7 | let database_url = env::var("DATABASE_URL").expect("DATABASE_URL cannot be empty");
[INFO] [stdout]   |                    ^^^ use of undeclared crate or module `env`
[INFO] [stdout]   |
[INFO] [stdout] help: consider importing this module
[INFO] [stdout]   |
[INFO] [stdout] 2 + use std::env;
[INFO] [stdout]   |
[INFO] [stdout] 
[INFO] [stdout] error[E0433]: failed to resolve: use of undeclared type `MysqlConnection`
[INFO] [stdout]  --> database/src/lib.rs:27:1
[INFO] [stdout]   |
[INFO] [stdout] 8 | MysqlConnection::establish(&database_url)
[INFO] [stdout]   | ^^^^^^^^^^^^^^^ use of undeclared type `MysqlConnection`
[INFO] [stdout]   |
[INFO] [stdout] help: consider importing this struct
[INFO] [stdout]   |
[INFO] [stdout] 2 + use diesel::MysqlConnection;
[INFO] [stdout]   |
[INFO] [stdout] 
[INFO] [stdout] error: aborting due to 3 previous errors
[INFO] [stdout] 
[INFO] [stdout] Some errors have detailed explanations: E0423, E0433.
[INFO] [stdout] For more information about an error, try `rustc --explain E0423`.
[INFO] [stdout] Couldn't compile the test.
[INFO] [stdout] ---- database/src/lib.rs - find_all (line 137) stdout ----
[INFO] [stdout] error[E0425]: cannot find function `sql_query` in this scope
[INFO] [stdout]  --> database/src/lib.rs:140:14
[INFO] [stdout]   |
[INFO] [stdout] 6 | let result = sql_query(format!("SELECT * {} FROM `{}`", optional_query_statement,table_name))
[INFO] [stdout]   |              ^^^^^^^^^ not found in this scope
[INFO] [stdout]   |
[INFO] [stdout] help: consider importing this function
[INFO] [stdout]   |
[INFO] [stdout] 3 + use diesel::sql_query;
[INFO] [stdout]   |
[INFO] [stdout] 
[INFO] [stdout] error[E0425]: cannot find value `optional_query_statement` in this scope
[INFO] [stdout]  --> database/src/lib.rs:140:57
[INFO] [stdout]   |
[INFO] [stdout] 6 | let result = sql_query(format!("SELECT * {} FROM `{}`", optional_query_statement,table_name))
[INFO] [stdout]   |                                                         ^^^^^^^^^^^^^^^^^^^^^^^^ not found in this scope
[INFO] [stdout] 
[INFO] [stdout] error[E0425]: cannot find value `table_name` in this scope
[INFO] [stdout]  --> database/src/lib.rs:140:82
[INFO] [stdout]   |
[INFO] [stdout] 6 | let result = sql_query(format!("SELECT * {} FROM `{}`", optional_query_statement,table_name))
[INFO] [stdout]   |                                                                                  ^^^^^^^^^^ not found in this scope
[INFO] [stdout] 
[INFO] [stdout] error[E0425]: cannot find value `connection_to_database_` in this scope
[INFO] [stdout]  --> database/src/lib.rs:141:19
[INFO] [stdout]   |
[INFO] [stdout] 7 |     .load::<User>(connection_to_database_)
[INFO] [stdout]   |                   ^^^^^^^^^^^^^^^^^^^^^^^ not found in this scope
[INFO] [stdout] 
[INFO] [stdout] error[E0412]: cannot find type `User` in this scope
[INFO] [stdout]  --> database/src/lib.rs:141:13
[INFO] [stdout]   |
[INFO] [stdout] 7 |     .load::<User>(connection_to_database_)
[INFO] [stdout]   |             ^^^^ not found in this scope
[INFO] [stdout]   |
[INFO] [stdout] help: consider importing this struct
[INFO] [stdout]   |
[INFO] [stdout] 3 + use database::models::User;
[INFO] [stdout]   |
[INFO] [stdout] 
[INFO] [stdout] error: aborting due to 5 previous errors
[INFO] [stdout] 
[INFO] [stdout] Some errors have detailed explanations: E0412, E0425.
[INFO] [stdout] For more information about an error, try `rustc --explain E0412`.
[INFO] [stdout] Couldn't compile the test.
[INFO] [stdout] ---- database/src/lib.rs - find_by_id (line 71) stdout ----
[INFO] [stdout] error: expected `;`, found `}`
[INFO] [stdout]  --> database/src/lib.rs:75:5
[INFO] [stdout]   |
[INFO] [stdout] 6 |   ))
[INFO] [stdout]   |     ^ help: add `;` here
[INFO] [stdout] 7 | } _doctest_main_database_src_lib_rs_71_0() }
[INFO] [stdout]   | - unexpected token
[INFO] [stdout] 
[INFO] [stdout] error[E0425]: cannot find function `sql_query` in this scope
[INFO] [stdout]  --> database/src/lib.rs:72:14
[INFO] [stdout]   |
[INFO] [stdout] 3 | let result = sql_query(format!(
[INFO] [stdout]   |              ^^^^^^^^^ not found in this scope
[INFO] [stdout]   |
[INFO] [stdout] help: consider importing this function
[INFO] [stdout]   |
[INFO] [stdout] 2 + use diesel::sql_query;
[INFO] [stdout]   |
[INFO] [stdout] 
[INFO] [stdout] error[E0425]: cannot find value `id` in this scope
[INFO] [stdout]  --> database/src/lib.rs:74:5
[INFO] [stdout]   |
[INFO] [stdout] 5 |     id
[INFO] [stdout]   |     ^^ not found in this scope
[INFO] [stdout]   |
[INFO] [stdout] help: consider importing one of these items
[INFO] [stdout]   |
[INFO] [stdout] 2 + use database::schema::user::id;
[INFO] [stdout]   |
[INFO] [stdout] 2 + use std::process::id;
[INFO] [stdout]   |
[INFO] [stdout] 
[INFO] [stdout] error: aborting due to 3 previous errors
[INFO] [stdout] 
[INFO] [stdout] For more information about this error, try `rustc --explain E0425`.
[INFO] [stdout] Couldn't compile the test.
[INFO] [stdout] ---- database/src/lib.rs - register_new_user (line 168) stdout ----
[INFO] [stdout] error[E0422]: cannot find struct, variant or union type `NewUser` in this scope
[INFO] [stdout]  --> database/src/lib.rs:169:17
[INFO] [stdout]   |
[INFO] [stdout] 3 | let temp_user = NewUser{
[INFO] [stdout]   |                 ^^^^^^^ not found in this scope
[INFO] [stdout]   |
[INFO] [stdout] help: consider importing this struct
[INFO] [stdout]   |
[INFO] [stdout] 2 + use database::models::NewUser;
[INFO] [stdout]   |
[INFO] [stdout] 
[INFO] [stdout] error[E0425]: cannot find value `_username` in this scope
[INFO] [stdout]  --> database/src/lib.rs:170:11
[INFO] [stdout]   |
[INFO] [stdout] 4 | username: _username,
[INFO] [stdout]   |           ^^^^^^^^^ not found in this scope
[INFO] [stdout] 
[INFO] [stdout] error[E0425]: cannot find value `_password` in this scope
[INFO] [stdout]  --> database/src/lib.rs:171:11
[INFO] [stdout]   |
[INFO] [stdout] 5 | password: _password
[INFO] [stdout]   |           ^^^^^^^^^ not found in this scope
[INFO] [stdout] 
[INFO] [stdout] error: aborting due to 3 previous errors
[INFO] [stdout] 
[INFO] [stdout] Some errors have detailed explanations: E0422, E0425.
[INFO] [stdout] For more information about an error, try `rustc --explain E0422`.
[INFO] [stdout] Couldn't compile the test.
[INFO] [stdout] ---- database/src/lib.rs - update_user_by_id (line 228) stdout ----
[INFO] [stdout] error: expected `;`, found `}`
[INFO] [stdout]  --> database/src/lib.rs:229:32
[INFO] [stdout]   |
[INFO] [stdout] 3 | let result = update(table_name)
[INFO] [stdout]   |                                ^ help: add `;` here
[INFO] [stdout] 4 | } _doctest_main_database_src_lib_rs_228_0() }
[INFO] [stdout]   | - unexpected token
[INFO] [stdout] 
[INFO] [stdout] error[E0425]: cannot find function `update` in this scope
[INFO] [stdout]  --> database/src/lib.rs:229:14
[INFO] [stdout]   |
[INFO] [stdout] 3 | let result = update(table_name)
[INFO] [stdout]   |              ^^^^^^ not found in this scope
[INFO] [stdout]   |
[INFO] [stdout] help: consider importing this function
[INFO] [stdout]   |
[INFO] [stdout] 2 + use diesel::update;
[INFO] [stdout]   |
[INFO] [stdout] 
[INFO] [stdout] error[E0425]: cannot find value `table_name` in this scope
[INFO] [stdout]  --> database/src/lib.rs:229:21
[INFO] [stdout]   |
[INFO] [stdout] 3 | let result = update(table_name)
[INFO] [stdout]   |                     ^^^^^^^^^^ not found in this scope
[INFO] [stdout] 
[INFO] [stdout] error: aborting due to 3 previous errors
[INFO] [stdout] 
[INFO] [stdout] For more information about this error, try `rustc --explain E0425`.
[INFO] [stdout] Couldn't compile the test.
[INFO] [stdout] ---- database/src/lib.rs - update_user_by_id (line 219) stdout ----
[INFO] [stdout] error: expected `;`, found `}`
[INFO] [stdout]  --> database/src/lib.rs:223:18
[INFO] [stdout]   |
[INFO] [stdout] 6 |     .execute(con)
[INFO] [stdout]   |                  ^ help: add `;` here
[INFO] [stdout] 7 | } _doctest_main_database_src_lib_rs_219_0() }
[INFO] [stdout]   | - unexpected token
[INFO] [stdout] 
[INFO] [stdout] error[E0425]: cannot find function `update` in this scope
[INFO] [stdout]  --> database/src/lib.rs:220:14
[INFO] [stdout]   |
[INFO] [stdout] 3 | let result = update(user)
[INFO] [stdout]   |              ^^^^^^ not found in this scope
[INFO] [stdout]   |
[INFO] [stdout] help: consider importing this function
[INFO] [stdout]   |
[INFO] [stdout] 2 + use diesel::update;
[INFO] [stdout]   |
[INFO] [stdout] 
[INFO] [stdout] error[E0425]: cannot find value `user` in this scope
[INFO] [stdout]  --> database/src/lib.rs:220:21
[INFO] [stdout]   |
[INFO] [stdout] 3 | let result = update(user)
[INFO] [stdout]   |                     ^^^^ not found in this scope
[INFO] [stdout]   |
[INFO] [stdout] help: consider importing this unit struct
[INFO] [stdout]   |
[INFO] [stdout] 2 + use database::schema::user::dsl::user;
[INFO] [stdout]   |
[INFO] [stdout] 
[INFO] [stdout] error[E0425]: cannot find value `id` in this scope
[INFO] [stdout]  --> database/src/lib.rs:221:13
[INFO] [stdout]   |
[INFO] [stdout] 4 |     .filter(id.eq(_id))
[INFO] [stdout]   |             ^^ not found in this scope
[INFO] [stdout]   |
[INFO] [stdout] help: consider importing one of these items
[INFO] [stdout]   |
[INFO] [stdout] 2 + use database::schema::user::id;
[INFO] [stdout]   |
[INFO] [stdout] 2 + use std::process::id;
[INFO] [stdout]   |
[INFO] [stdout] 
[INFO] [stdout] error[E0425]: cannot find value `_id` in this scope
[INFO] [stdout]  --> database/src/lib.rs:221:19
[INFO] [stdout]   |
[INFO] [stdout] 4 |     .filter(id.eq(_id))
[INFO] [stdout]   |                   ^^^ not found in this scope
[INFO] [stdout] 
[INFO] [stdout] error[E0425]: cannot find value `value` in this scope
[INFO] [stdout]  --> database/src/lib.rs:222:10
[INFO] [stdout]   |
[INFO] [stdout] 5 |     .set(value.eq(_value))
[INFO] [stdout]   |          ^^^^^ not found in this scope
[INFO] [stdout]   |
[INFO] [stdout] help: consider importing this unit struct
[INFO] [stdout]   |
[INFO] [stdout] 2 + use database::schema::user::value;
[INFO] [stdout]   |
[INFO] [stdout] 
[INFO] [stdout] error[E0425]: cannot find value `_value` in this scope
[INFO] [stdout]  --> database/src/lib.rs:222:19
[INFO] [stdout]   |
[INFO] [stdout] 5 |     .set(value.eq(_value))
[INFO] [stdout]   |                   ^^^^^^ not found in this scope
[INFO] [stdout] 
[INFO] [stdout] error[E0425]: cannot find value `con` in this scope
[INFO] [stdout]  --> database/src/lib.rs:223:14
[INFO] [stdout]   |
[INFO] [stdout] 6 |     .execute(con)
[INFO] [stdout]   |              ^^^ not found in this scope
[INFO] [stdout] 
[INFO] [stdout] error: aborting due to 8 previous errors
[INFO] [stdout] 
[INFO] [stdout] For more information about this error, try `rustc --explain E0425`.
[INFO] [stdout] Couldn't compile the test.
[INFO] [stdout] ---- database/src/lib.rs - update_user_by_id (line 233) stdout ----
[INFO] [stdout] error: expected expression, found `.`
[INFO] [stdout]  --> database/src/lib.rs:234:1
[INFO] [stdout]   |
[INFO] [stdout] 3 | .filter(id.eq(_id))
[INFO] [stdout]   | ^ expected expression
[INFO] [stdout] 
[INFO] [stdout] error: aborting due to 1 previous error
[INFO] [stdout] 
[INFO] [stdout] Couldn't compile the test.
[INFO] [stdout] ---- database/src/lib.rs - update_user_by_id (line 240) stdout ----
[INFO] [stdout] error: expected expression, found `.`
[INFO] [stdout]  --> database/src/lib.rs:241:1
[INFO] [stdout]   |
[INFO] [stdout] 3 | .set(eq(field_value))
[INFO] [stdout]   | ^ expected expression
[INFO] [stdout] 
[INFO] [stdout] error: aborting due to 1 previous error
[INFO] [stdout] 
[INFO] [stdout] Couldn't compile the test.
[INFO] [stdout] ---- database/src/lib.rs - update_user_by_id (line 245) stdout ----
[INFO] [stdout] error: expected expression, found `.`
[INFO] [stdout]  --> database/src/lib.rs:247:1
[INFO] [stdout]   |
[INFO] [stdout] 5 | .execute(database_connection)
[INFO] [stdout]   | ^ expected expression
[INFO] [stdout] 
[INFO] [stdout] error: aborting due to 1 previous error
[INFO] [stdout] 
[INFO] [stdout] Couldn't compile the test.
[INFO] [stdout] ---- database/src/models.rs - models::NewUser (line 29) stdout ----
[INFO] [stdout] error[E0392]: parameter `'a` is never used
[INFO] [stdout]  --> database/src/models.rs:30:22
[INFO] [stdout]   |
[INFO] [stdout] 3 | pub struct NewUser  <'a>   {
[INFO] [stdout]   |                      ^^ unused parameter
[INFO] [stdout]   |
[INFO] [stdout]   = help: consider removing `'a`, referring to it in a field, or using a marker such as `PhantomData`
[INFO] [stdout] 
[INFO] [stdout] error: aborting due to 1 previous error
[INFO] [stdout] 
[INFO] [stdout] For more information about this error, try `rustc --explain E0392`.
[INFO] [stdout] Couldn't compile the test.
[INFO] [stdout] ---- database/src/lib.rs - delete_user_by_id (line 269) stdout ----
[INFO] [stdout] error[E0425]: cannot find function `delete` in this scope
[INFO] [stdout]  --> database/src/lib.rs:270:14
[INFO] [stdout]   |
[INFO] [stdout] 3 | let result = delete(user.filter(id.eq(_id)))
[INFO] [stdout]   |              ^^^^^^ not found in this scope
[INFO] [stdout]   |
[INFO] [stdout] help: consider importing this function
[INFO] [stdout]   |
[INFO] [stdout] 2 + use diesel::delete;
[INFO] [stdout]   |
[INFO] [stdout] 
[INFO] [stdout] error[E0425]: cannot find value `user` in this scope
[INFO] [stdout]  --> database/src/lib.rs:270:21
[INFO] [stdout]   |
[INFO] [stdout] 3 | let result = delete(user.filter(id.eq(_id)))
[INFO] [stdout]   |                     ^^^^ not found in this scope
[INFO] [stdout]   |
[INFO] [stdout] help: consider importing this unit struct
[INFO] [stdout]   |
[INFO] [stdout] 2 + use database::schema::user::dsl::user;
[INFO] [stdout]   |
[INFO] [stdout] 
[INFO] [stdout] error[E0425]: cannot find value `id` in this scope
[INFO] [stdout]  --> database/src/lib.rs:270:33
[INFO] [stdout]   |
[INFO] [stdout] 3 | let result = delete(user.filter(id.eq(_id)))
[INFO] [stdout]   |                                 ^^ not found in this scope
[INFO] [stdout]   |
[INFO] [stdout] help: consider importing one of these items
[INFO] [stdout]   |
[INFO] [stdout] 2 + use database::schema::user::id;
[INFO] [stdout]   |
[INFO] [stdout] 2 + use std::process::id;
[INFO] [stdout]   |
[INFO] [stdout] 
[INFO] [stdout] error[E0425]: cannot find value `_id` in this scope
[INFO] [stdout]  --> database/src/lib.rs:270:39
[INFO] [stdout]   |
[INFO] [stdout] 3 | let result = delete(user.filter(id.eq(_id)))
[INFO] [stdout]   |                                       ^^^ not found in this scope
[INFO] [stdout] 
[INFO] [stdout] error[E0425]: cannot find value `con` in this scope
[INFO] [stdout]  --> database/src/lib.rs:271:14
[INFO] [stdout]   |
[INFO] [stdout] 4 |     .execute(con)
[INFO] [stdout]   |              ^^^ not found in this scope
[INFO] [stdout] 
[INFO] [stdout] error[E0308]: mismatched types
[INFO] [stdout]  --> database/src/lib.rs:275:12
[INFO] [stdout]   |
[INFO] [stdout] 2 | fn main() { #[allow(non_snake_case)] fn _doctest_main_database_src_lib_rs_269_0() {
[INFO] [stdout]   |                                                                                  - help: try adding a return type: `-> bool`
[INFO] [stdout] ...
[INFO] [stdout] 8 |     return false
[INFO] [stdout]   |            ^^^^^ expected `()`, found `bool`
[INFO] [stdout] 
[INFO] [stdout] error: aborting due to 6 previous errors
[INFO] [stdout] 
[INFO] [stdout] Some errors have detailed explanations: E0308, E0425.
[INFO] [stdout] For more information about an error, try `rustc --explain E0308`.
[INFO] [stdout] Couldn't compile the test.
[INFO] [stdout] 
[INFO] [stdout] failures:
[INFO] [stdout]     database/src/lib.rs - delete_user_by_id (line 269)
[INFO] [stdout]     database/src/lib.rs - delete_user_by_id (line 283)
[INFO] [stdout]     database/src/lib.rs - delete_user_by_id (line 287)
[INFO] [stdout]     database/src/lib.rs - establish_connection (line 22)
[INFO] [stdout]     database/src/lib.rs - establish_connection (line 31)
[INFO] [stdout]     database/src/lib.rs - establish_connection (line 36)
[INFO] [stdout]     database/src/lib.rs - establish_connection (line 40)
[INFO] [stdout]     database/src/lib.rs - find_all (line 137)
[INFO] [stdout]     database/src/lib.rs - find_by_id (line 61)
[INFO] [stdout]     database/src/lib.rs - find_by_id (line 71)
[INFO] [stdout]     database/src/lib.rs - find_by_id (line 81)
[INFO] [stdout]     database/src/lib.rs - find_by_username (line 107)
[INFO] [stdout]     database/src/lib.rs - register_new_user (line 168)
[INFO] [stdout]     database/src/lib.rs - register_new_user (line 179)
[INFO] [stdout]     database/src/lib.rs - update_user_by_id (line 219)
[INFO] [stdout]     database/src/lib.rs - update_user_by_id (line 228)
[INFO] [stdout]     database/src/lib.rs - update_user_by_id (line 233)
[INFO] [stdout]     database/src/lib.rs - update_user_by_id (line 240)
[INFO] [stdout]     database/src/lib.rs - update_user_by_id (line 245)
[INFO] [stdout]     database/src/models.rs - models::NewUser (line 29)
[INFO] [stdout] 
[INFO] [stdout] test result: FAILED. 1 passed; 20 failed; 0 ignored; 0 measured; 0 filtered out; finished in 0.19s
[INFO] [stdout] 
[INFO] [stderr] error: doctest failed, to rerun pass `-p database --doc`
[INFO] running `Command { std: "docker" "inspect" "d30dee4ea2a8f57e1cbdfb61966b25d023c2ce08925e6b2463dae5c2a88f9725", kill_on_drop: false }`
[INFO] running `Command { std: "docker" "rm" "-f" "d30dee4ea2a8f57e1cbdfb61966b25d023c2ce08925e6b2463dae5c2a88f9725", kill_on_drop: false }`
[INFO] [stdout] d30dee4ea2a8f57e1cbdfb61966b25d023c2ce08925e6b2463dae5c2a88f9725
