[INFO] cloning repository https://github.com/trkohler/space
[INFO] running `Command { std: "git" "-c" "credential.helper=" "-c" "credential.helper=/workspace/cargo-home/bin/git-credential-null" "clone" "--bare" "https://github.com/trkohler/space" "/workspace/cache/git-repos/https%3A%2F%2Fgithub.com%2Ftrkohler%2Fspace", kill_on_drop: false }`
[INFO] [stderr] Cloning into bare repository '/workspace/cache/git-repos/https%3A%2F%2Fgithub.com%2Ftrkohler%2Fspace'...
[INFO] running `Command { std: "git" "rev-parse" "HEAD", kill_on_drop: false }`
[INFO] [stdout] 50258abe0312036153687cd0be05b1a8091e74b6
[INFO] testing trkohler/space against 1.75.0 for beta-1.76-1
[INFO] running `Command { std: "git" "clone" "/workspace/cache/git-repos/https%3A%2F%2Fgithub.com%2Ftrkohler%2Fspace" "/workspace/builds/worker-5-tc1/source", kill_on_drop: false }`
[INFO] [stderr] Cloning into '/workspace/builds/worker-5-tc1/source'...
[INFO] [stderr] done.
[INFO] validating manifest of git repo https://github.com/trkohler/space on toolchain 1.75.0
[INFO] running `Command { std: CARGO_HOME="/workspace/cargo-home" RUSTUP_HOME="/workspace/rustup-home" "/workspace/cargo-home/bin/cargo" "+1.75.0" "metadata" "--manifest-path" "Cargo.toml" "--no-deps", kill_on_drop: false }`
[INFO] started tweaking git repo https://github.com/trkohler/space
[INFO] finished tweaking git repo https://github.com/trkohler/space
[INFO] tweaked toml for git repo https://github.com/trkohler/space written to /workspace/builds/worker-5-tc1/source/Cargo.toml
[INFO] crate git repo https://github.com/trkohler/space already has a lockfile, it will not be regenerated
[INFO] running `Command { std: CARGO_HOME="/workspace/cargo-home" RUSTUP_HOME="/workspace/rustup-home" "/workspace/cargo-home/bin/cargo" "+1.75.0" "fetch" "--manifest-path" "Cargo.toml", kill_on_drop: false }`
[INFO] [stderr]     Blocking waiting for file lock on package cache
[ERROR] error running command: no output for 300 seconds
[ERROR] this task or one of its parent failed!
[ERROR] no output for 300 seconds
[ERROR] note: run with `RUST_BACKTRACE=1` to display a backtrace.
[INFO] testing trkohler/space against beta-2023-12-22 for beta-1.76-1
[INFO] running `Command { std: "git" "clone" "/workspace/cache/git-repos/https%3A%2F%2Fgithub.com%2Ftrkohler%2Fspace" "/workspace/builds/worker-5-tc2/source", kill_on_drop: false }`
[INFO] [stderr] Cloning into '/workspace/builds/worker-5-tc2/source'...
[INFO] [stderr] done.
[INFO] validating manifest of git repo https://github.com/trkohler/space on toolchain beta-2023-12-22
[INFO] running `Command { std: CARGO_HOME="/workspace/cargo-home" RUSTUP_HOME="/workspace/rustup-home" "/workspace/cargo-home/bin/cargo" "+beta-2023-12-22" "metadata" "--manifest-path" "Cargo.toml" "--no-deps", kill_on_drop: false }`
[INFO] started tweaking git repo https://github.com/trkohler/space
[INFO] finished tweaking git repo https://github.com/trkohler/space
[INFO] tweaked toml for git repo https://github.com/trkohler/space written to /workspace/builds/worker-5-tc2/source/Cargo.toml
[INFO] crate git repo https://github.com/trkohler/space already has a lockfile, it will not be regenerated
[INFO] running `Command { std: CARGO_HOME="/workspace/cargo-home" RUSTUP_HOME="/workspace/rustup-home" "/workspace/cargo-home/bin/cargo" "+beta-2023-12-22" "fetch" "--manifest-path" "Cargo.toml", kill_on_drop: false }`
[INFO] [stderr]     Blocking waiting for file lock on package cache
[INFO] [stderr]     Updating crates.io index
[INFO] [stderr]     Blocking waiting for file lock on package cache
[ERROR] error running command: no output for 300 seconds
[INFO] testing trkohler/space against beta-2023-12-22 for beta-1.76-1
[INFO] running `Command { std: "git" "clone" "/workspace/cache/git-repos/https%3A%2F%2Fgithub.com%2Ftrkohler%2Fspace" "/workspace/builds/worker-5-tc2/source", kill_on_drop: false }`
[INFO] [stderr] Cloning into '/workspace/builds/worker-5-tc2/source'...
[INFO] [stderr] done.
[INFO] validating manifest of git repo https://github.com/trkohler/space on toolchain beta-2023-12-22
[INFO] running `Command { std: CARGO_HOME="/workspace/cargo-home" RUSTUP_HOME="/workspace/rustup-home" "/workspace/cargo-home/bin/cargo" "+beta-2023-12-22" "metadata" "--manifest-path" "Cargo.toml" "--no-deps", kill_on_drop: false }`
[INFO] started tweaking git repo https://github.com/trkohler/space
[INFO] finished tweaking git repo https://github.com/trkohler/space
[INFO] tweaked toml for git repo https://github.com/trkohler/space written to /workspace/builds/worker-5-tc2/source/Cargo.toml
[INFO] crate git repo https://github.com/trkohler/space already has a lockfile, it will not be regenerated
[INFO] running `Command { std: CARGO_HOME="/workspace/cargo-home" RUSTUP_HOME="/workspace/rustup-home" "/workspace/cargo-home/bin/cargo" "+beta-2023-12-22" "fetch" "--manifest-path" "Cargo.toml", kill_on_drop: false }`
[INFO] [stderr]     Blocking waiting for file lock on package cache
[INFO] [stderr]     Blocking waiting for file lock on package cache
[INFO] [stderr]  Downloading crates ...
[INFO] [stderr]   Downloaded shuttle-runtime v0.19.0
[INFO] [stderr]   Downloaded shuttle-proto v0.19.0
[INFO] [stderr]   Downloaded shuttle-common v0.19.0
[INFO] [stderr]   Downloaded shuttle-codegen v0.19.0
[INFO] [stderr]   Downloaded shuttle-secrets v0.19.0
[INFO] [stderr]   Downloaded shuttle-service v0.19.0
[INFO] [stderr]   Downloaded rustrict v0.7.7
[INFO] [stderr]   Downloaded google-jwt-verify v0.3.0
[INFO] [stderr]   Downloaded google-oauth v1.1.0
[INFO] [stderr]   Downloaded shuttle-axum v0.19.0
[INFO] [stderr]   Downloaded async-graphql-axum v5.0.9
[INFO] running `Command { std: "docker" "create" "-v" "/var/lib/crater-agent-workspace/builds/worker-5-tc2/target:/opt/rustwide/target:rw,Z" "-v" "/var/lib/crater-agent-workspace/builds/worker-5-tc2/source:/opt/rustwide/workdir:ro,Z" "-v" "/var/lib/crater-agent-workspace/cargo-home:/opt/rustwide/cargo-home:ro,Z" "-v" "/var/lib/crater-agent-workspace/rustup-home:/opt/rustwide/rustup-home:ro,Z" "-e" "SOURCE_DIR=/opt/rustwide/workdir" "-e" "CARGO_TARGET_DIR=/opt/rustwide/target" "-e" "CARGO_HOME=/opt/rustwide/cargo-home" "-e" "RUSTUP_HOME=/opt/rustwide/rustup-home" "-w" "/opt/rustwide/workdir" "-m" "1610612736" "--user" "0:0" "--network" "none" "ghcr.io/rust-lang/crates-build-env/linux@sha256:2788e3201cd34a07e3172128adcd8b3090168a8e3bcc40d7c032b9dda1df7d1c" "/opt/rustwide/cargo-home/bin/cargo" "+beta-2023-12-22" "metadata" "--no-deps" "--format-version=1", kill_on_drop: false }`
[INFO] [stdout] fca55f50d227d313a0f01ca595d8f868f2600739535ce5de164700c179b71f73
[INFO] running `Command { std: "docker" "start" "-a" "fca55f50d227d313a0f01ca595d8f868f2600739535ce5de164700c179b71f73", kill_on_drop: false }`
[INFO] running `Command { std: "docker" "inspect" "fca55f50d227d313a0f01ca595d8f868f2600739535ce5de164700c179b71f73", kill_on_drop: false }`
[INFO] running `Command { std: "docker" "rm" "-f" "fca55f50d227d313a0f01ca595d8f868f2600739535ce5de164700c179b71f73", kill_on_drop: false }`
[INFO] [stdout] fca55f50d227d313a0f01ca595d8f868f2600739535ce5de164700c179b71f73
[INFO] running `Command { std: "docker" "create" "-v" "/var/lib/crater-agent-workspace/builds/worker-5-tc2/target:/opt/rustwide/target:rw,Z" "-v" "/var/lib/crater-agent-workspace/builds/worker-5-tc2/source:/opt/rustwide/workdir:ro,Z" "-v" "/var/lib/crater-agent-workspace/cargo-home:/opt/rustwide/cargo-home:ro,Z" "-v" "/var/lib/crater-agent-workspace/rustup-home:/opt/rustwide/rustup-home:ro,Z" "-e" "SOURCE_DIR=/opt/rustwide/workdir" "-e" "CARGO_TARGET_DIR=/opt/rustwide/target" "-e" "CARGO_INCREMENTAL=0" "-e" "RUST_BACKTRACE=full" "-e" "RUSTFLAGS=--cap-lints=warn" "-e" "RUSTDOCFLAGS=--cap-lints=warn" "-e" "CARGO_HOME=/opt/rustwide/cargo-home" "-e" "RUSTUP_HOME=/opt/rustwide/rustup-home" "-w" "/opt/rustwide/workdir" "-m" "1610612736" "--user" "0:0" "--network" "none" "ghcr.io/rust-lang/crates-build-env/linux@sha256:2788e3201cd34a07e3172128adcd8b3090168a8e3bcc40d7c032b9dda1df7d1c" "/opt/rustwide/cargo-home/bin/cargo" "+beta-2023-12-22" "build" "--frozen" "--message-format=json", kill_on_drop: false }`
[INFO] [stdout] 915523ae6d357e98c160184fa41133a3e012e9ae0eb64483e791e749238d3315
[INFO] running `Command { std: "docker" "start" "-a" "915523ae6d357e98c160184fa41133a3e012e9ae0eb64483e791e749238d3315", kill_on_drop: false }`
[INFO] [stderr]    Compiling proc-macro2 v1.0.59
[INFO] [stderr]    Compiling quote v1.0.28
[INFO] [stderr]    Compiling unicode-ident v1.0.9
[INFO] [stderr]    Compiling autocfg v1.1.0
[INFO] [stderr]    Compiling cfg-if v1.0.0
[INFO] [stderr]    Compiling libc v0.2.144
[INFO] [stderr]    Compiling version_check v0.9.4
[INFO] [stderr]    Compiling serde v1.0.164
[INFO] [stderr]    Compiling once_cell v1.17.2
[INFO] [stderr]    Compiling futures-core v0.3.28
[INFO] [stderr]    Compiling pin-project-lite v0.2.9
[INFO] [stderr]    Compiling memchr v2.5.0
[INFO] [stderr]    Compiling itoa v1.0.6
[INFO] [stderr]    Compiling typenum v1.16.0
[INFO] [stderr]    Compiling value-bag v1.4.0
[INFO] [stderr]    Compiling slab v0.4.8
[INFO] [stderr]    Compiling generic-array v0.14.7
[INFO] [stderr]    Compiling lock_api v0.4.9
[INFO] [stderr]    Compiling log v0.4.19
[INFO] [stderr]    Compiling futures-io v0.3.28
[INFO] [stderr]    Compiling smallvec v1.10.0
[INFO] [stderr]    Compiling futures-task v0.3.28
[INFO] [stderr]    Compiling scopeguard v1.1.0
[INFO] [stderr]    Compiling pin-utils v0.1.0
[INFO] [stderr]    Compiling syn v2.0.18
[INFO] [stderr]    Compiling futures-sink v0.3.28
[INFO] [stderr]    Compiling fnv v1.0.7
[INFO] [stderr]    Compiling futures-channel v0.3.28
[INFO] [stderr]    Compiling indexmap v1.9.3
[INFO] [stderr]    Compiling hashbrown v0.12.3
[INFO] [stderr]    Compiling futures-util v0.3.28
[INFO] [stderr]    Compiling bitflags v1.3.2
[INFO] [stderr]    Compiling syn v1.0.109
[INFO] [stderr]    Compiling thiserror v1.0.40
[INFO] [stderr]    Compiling cc v1.0.79
[INFO] [stderr]    Compiling parking_lot_core v0.9.7
[INFO] [stderr]    Compiling const-oid v0.9.2
[INFO] [stderr]    Compiling subtle v2.5.0
[INFO] [stderr]    Compiling tokio v1.28.2
[INFO] [stderr]    Compiling getrandom v0.2.9
[INFO] [stderr]    Compiling num_cpus v1.15.0
[INFO] [stderr]    Compiling rand_core v0.6.4
[INFO] [stderr]    Compiling socket2 v0.4.9
[INFO] [stderr]    Compiling cpufeatures v0.2.7
[INFO] [stderr]    Compiling parking_lot v0.12.1
[INFO] [stderr]    Compiling crypto-common v0.1.6
[INFO] [stderr]    Compiling block-buffer v0.10.4
[INFO] [stderr]    Compiling signal-hook-registry v1.4.1
[INFO] [stderr]    Compiling mio v0.8.7
[INFO] [stderr]    Compiling percent-encoding v2.2.0
[INFO] [stderr]    Compiling ryu v1.0.13
[INFO] [stderr]    Compiling tracing-core v0.1.31
[INFO] [stderr]    Compiling ppv-lite86 v0.2.17
[INFO] [stderr]    Compiling digest v0.10.7
[INFO] [stderr]    Compiling tinyvec_macros v0.1.1
[INFO] [stderr]    Compiling libm v0.2.7
[INFO] [stderr]    Compiling serde_json v1.0.96
[INFO] [stderr]    Compiling tinyvec v1.6.0
[INFO] [stderr]    Compiling num-traits v0.2.15
[INFO] [stderr]    Compiling pkg-config v0.3.27
[INFO] [stderr]    Compiling form_urlencoded v1.1.0
[INFO] [stderr]    Compiling unicode-bidi v0.3.13
[INFO] [stderr]    Compiling rand_chacha v0.3.1
[INFO] [stderr]    Compiling num-integer v0.1.45
[INFO] [stderr]    Compiling unicode-normalization v0.1.22
[INFO] [stderr]    Compiling rand v0.8.5
[INFO] [stderr]    Compiling openssl-sys v0.9.87
[INFO] [stderr]    Compiling httparse v1.8.0
[INFO] [stderr]    Compiling crossbeam-utils v0.8.15
[INFO] [stderr]    Compiling idna v0.3.0
[INFO] [stderr]    Compiling base64 v0.13.1
[INFO] [stderr]    Compiling unicode-segmentation v1.10.1
[INFO] [stderr]    Compiling rustversion v1.0.12
[INFO] [stderr]    Compiling spin v0.5.2
[INFO] [stderr]    Compiling url v2.3.1
[INFO] [stderr]    Compiling byteorder v1.4.3
[INFO] [stderr]    Compiling time-core v0.1.1
[INFO] [stderr]    Compiling time-macros v0.2.9
[INFO] [stderr]    Compiling lazy_static v1.4.0
[INFO] [stderr]    Compiling num-bigint v0.4.3
[INFO] [stderr]    Compiling foreign-types-shared v0.1.1
[INFO] [stderr]    Compiling tower-service v0.3.2
[INFO] [stderr]    Compiling async-trait v0.1.68
[INFO] [stderr]    Compiling openssl v0.10.52
[INFO] [stderr]    Compiling foreign-types v0.3.2
[INFO] [stderr]    Compiling mime v0.3.17
[INFO] [stderr]    Compiling either v1.8.1
[INFO] [stderr]    Compiling sha1 v0.10.5
[INFO] [stderr]    Compiling itertools v0.10.5
[INFO] [stderr]    Compiling native-tls v0.2.11
[INFO] [stderr]    Compiling openssl-probe v0.1.5
[INFO] [stderr]    Compiling try-lock v0.2.4
[INFO] [stderr]    Compiling want v0.3.0
[INFO] [stderr]    Compiling heck v0.4.1
[INFO] [stderr]    Compiling aho-corasick v1.0.1
[INFO] [stderr]    Compiling iana-time-zone v0.1.56
[INFO] [stderr]    Compiling regex-syntax v0.7.2
[INFO] [stderr]    Compiling proc-macro-error-attr v1.0.4
[INFO] [stderr]    Compiling paste v1.0.12
[INFO] [stderr]    Compiling httpdate v1.0.2
[INFO] [stderr]    Compiling proc-macro-error v1.0.4
[INFO] [stderr]    Compiling arrayvec v0.7.2
[INFO] [stderr]    Compiling serde_derive v1.0.164
[INFO] [stderr]    Compiling futures-macro v0.3.28
[INFO] [stderr]    Compiling thiserror-impl v1.0.40
[INFO] [stderr]    Compiling tokio-macros v2.1.0
[INFO] [stderr]    Compiling tracing-attributes v0.1.24
[INFO] [stderr]    Compiling pin-project-internal v1.1.0
[INFO] [stderr]    Compiling openssl-macros v0.1.1
[INFO] [stderr]    Compiling regex v1.8.3
[INFO] [stderr]    Compiling tracing v0.1.37
[INFO] [stderr]    Compiling pin-project v1.1.0
[INFO] [stderr]    Compiling time v0.1.45
[INFO] [stderr]    Compiling base64 v0.21.2
[INFO] [stderr]    Compiling async-stream-impl v0.3.5
[INFO] [stderr]    Compiling parking_lot_core v0.8.6
[INFO] [stderr]    Compiling event-listener v2.5.3
[INFO] [stderr]    Compiling instant v0.1.12
[INFO] [stderr]    Compiling tower-layer v0.3.2
[INFO] [stderr]    Compiling rust_decimal v1.29.1
[INFO] [stderr]    Compiling strsim v0.10.0
[INFO] [stderr]    Compiling anyhow v1.0.71
[INFO] [stderr]    Compiling async-stream v0.3.5
[INFO] [stderr]    Compiling axum-core v0.3.4
[INFO] [stderr]    Compiling sha2 v0.10.6
[INFO] [stderr]    Compiling spin v0.9.8
[INFO] [stderr]    Compiling tracing-futures v0.2.5
[INFO] [stderr]    Compiling hmac v0.12.1
[INFO] [stderr]    Compiling ahash v0.8.3
[INFO] [stderr]    Compiling utf-8 v0.7.6
[INFO] [stderr]    Compiling axum v0.6.18
[INFO] [stderr]    Compiling futures-executor v0.3.28
[INFO] [stderr]    Compiling futures v0.3.28
[INFO] [stderr]    Compiling ahash v0.7.6
[INFO] [stderr]    Compiling crossbeam-queue v0.3.8
[INFO] [stderr]    Compiling urlencoding v2.1.2
[INFO] [stderr]    Compiling vcpkg v0.2.15
[INFO] [stderr]    Compiling regex-syntax v0.6.29
[INFO] [stderr]    Compiling heck v0.3.3
[INFO] [stderr]    Compiling overload v0.1.1
[INFO] [stderr]    Compiling hex v0.4.3
[INFO] [stderr]    Compiling fastrand v1.9.0
[INFO] [stderr]    Compiling io-lifetimes v1.0.11
[INFO] [stderr]    Compiling matchit v0.7.0
[INFO] [stderr]    Compiling libsqlite3-sys v0.24.2
[INFO] [stderr]    Compiling ucd-trie v0.1.5
[INFO] [stderr]    Compiling minimal-lexical v0.2.1
[INFO] [stderr]    Compiling sync_wrapper v0.1.2
[INFO] [stderr]    Compiling pest v2.6.0
[INFO] [stderr]    Compiling nom v7.1.3
[INFO] [stderr]    Compiling nu-ansi-term v0.46.0
[INFO] [stderr]    Compiling hashbrown v0.13.2
[INFO] [stderr]    Compiling bytes v1.4.0
[INFO] [stderr]    Compiling http v0.2.9
[INFO] [stderr]    Compiling time v0.3.21
[INFO] [stderr]    Compiling http-body v0.4.5
[INFO] [stderr]    Compiling serde_urlencoded v0.7.1
[INFO] [stderr]    Compiling chrono v0.4.26
[INFO] [stderr]    Compiling uuid v1.3.3
[INFO] [stderr]    Compiling headers-core v0.2.0
[INFO] [stderr]    Compiling headers v0.3.8
[INFO] [stderr]    Compiling tungstenite v0.18.0
[INFO] [stderr]    Compiling opentelemetry_api v0.19.0
[INFO] [stderr]    Compiling regex-automata v0.1.10
[INFO] [stderr]    Compiling serde_path_to_error v0.1.11
[INFO] [stderr]    Compiling prost-derive v0.11.9
[INFO] [stderr]    Compiling matchers v0.1.0
[INFO] [stderr]    Compiling hkdf v0.12.3
[INFO] [stderr]    Compiling bigdecimal v0.3.1
[INFO] [stderr]    Compiling sharded-slab v0.1.4
[INFO] [stderr]    Compiling tracing-log v0.1.3
[INFO] [stderr]    Compiling crossbeam-channel v0.5.8
[INFO] [stderr]    Compiling dashmap v5.4.0
[INFO] [stderr]    Compiling tokio-stream v0.1.14
[INFO] [stderr]    Compiling tokio-util v0.7.8
[INFO] [stderr]    Compiling tokio-tungstenite v0.18.0
[INFO] [stderr]    Compiling tokio-native-tls v0.3.1
[INFO] [stderr]    Compiling thread_local v1.1.7
[INFO] [stderr]    Compiling rustix v0.37.19
[INFO] [stderr]    Compiling unicode_categories v0.1.1
[INFO] [stderr]    Compiling dotenvy v0.15.7
[INFO] [stderr]    Compiling sqlformat v0.2.1
[INFO] [stderr]    Compiling h2 v0.3.19
[INFO] [stderr]    Compiling tower v0.4.13
[INFO] [stderr]    Compiling prost v0.11.9
[INFO] [stderr]    Compiling tracing-subscriber v0.3.17
[INFO] [stderr]    Compiling Inflector v0.11.4
[INFO] [stderr]    Compiling opentelemetry_sdk v0.19.0
[INFO] [stderr]    Compiling tokio-io-timeout v1.2.0
[INFO] [stderr]    Compiling parking_lot v0.11.2
[INFO] [stderr]    Compiling hashlink v0.8.2
[INFO] [stderr]    Compiling dirs-sys v0.3.7
[INFO] [stderr]    Compiling stringprep v0.1.2
[INFO] [stderr]    Compiling encoding_rs v0.8.32
[INFO] [stderr]    Compiling whoami v1.4.0
[INFO] [stderr]    Compiling cfg-if v0.1.10
[INFO] [stderr]    Compiling linux-raw-sys v0.3.8
[INFO] [stderr]    Compiling net2 v0.2.39
[INFO] [stderr]    Compiling hyper v0.14.26
[INFO] [stderr]    Compiling dirs v4.0.0
[INFO] [stderr]    Compiling opentelemetry v0.19.0
[INFO] [stderr]    Compiling futures-intrusive v0.4.2
[INFO] [stderr]    Compiling sqlx-rt v0.6.3
[INFO] [stderr]    Compiling flume v0.10.14
[INFO] [stderr]    Compiling atoi v1.0.0
[INFO] [stderr]    Compiling md-5 v0.10.5
[INFO] [stderr]    Compiling sea-query-derive v0.3.0
[INFO] [stderr]    Compiling ring v0.16.20
[INFO] [stderr]    Compiling iovec v0.1.4
[INFO] [stderr]    Compiling bytes v0.5.6
[INFO] [stderr]    Compiling ident_case v1.0.1
[INFO] [stderr]    Compiling doc-comment v0.3.3
[INFO] [stderr]    Compiling darling_core v0.14.4
[INFO] [stderr]    Compiling sea-query v0.28.5
[INFO] [stderr]    Compiling mio v0.6.23
[INFO] [stderr]    Compiling sqlx-core v0.6.3
[INFO] [stderr]    Compiling hyper-timeout v0.4.1
[INFO] [stderr]    Compiling pest_meta v2.6.0
[INFO] [stderr]    Compiling base64ct v1.6.0
[INFO] [stderr]    Compiling zeroize v1.6.0
[INFO] [stderr]    Compiling untrusted v0.7.1
[INFO] [stderr]    Compiling pin-project-lite v0.1.12
[INFO] [stderr]    Compiling http-range-header v0.3.0
[INFO] [stderr]    Compiling toml_datetime v0.6.2
[INFO] [stderr]    Compiling winnow v0.4.6
[INFO] [stderr]    Compiling tower-http v0.4.0
[INFO] [stderr]    Compiling darling_macro v0.14.4
[INFO] [stderr]    Compiling pem-rfc7468 v0.6.0
[INFO] [stderr]    Compiling tokio v0.2.25
[INFO] [stderr]    Compiling pest_generator v2.6.0
[INFO] [stderr]    Compiling toml_edit v0.19.10
[INFO] [stderr]    Compiling simple_asn1 v0.6.2
[INFO] [stderr]    Compiling async-graphql-value v5.0.10
[INFO] [stderr]    Compiling tonic v0.8.3
[INFO] [stderr]    Compiling strum_macros v0.24.3
[INFO] [stderr]    Compiling rmp v0.8.11
[INFO] [stderr]    Compiling concurrent-queue v2.2.0
[INFO] [stderr]    Compiling pem v1.1.1
[INFO] [stderr]    Compiling inout v0.1.3
[INFO] [stderr]    Compiling multer v2.1.0
[INFO] [stderr]    Compiling unicase v2.6.0
[INFO] [stderr]    Compiling parking v2.1.0
[INFO] [stderr]    Compiling rustc-hash v1.1.0
[INFO] [stderr]    Compiling finl_unicode v1.2.0
[INFO] [stderr]    Compiling waker-fn v1.1.0
[INFO] [stderr]    Compiling linked-hash-map v0.5.6
[INFO] [stderr]    Compiling opentelemetry-proto v0.2.0
[INFO] [stderr]    Compiling ttl_cache v0.5.1
[INFO] [stderr]    Compiling rustrict v0.7.7
[INFO] [stderr]    Compiling futures-lite v1.13.0
[INFO] [stderr]    Compiling strum v0.24.1
[INFO] [stderr]    Compiling opentelemetry-otlp v0.12.0
[INFO] [stderr]    Compiling cipher v0.4.4
[INFO] [stderr]    Compiling jsonwebtoken v8.3.0
[INFO] [stderr]    Compiling rmp-serde v1.1.1
[INFO] [stderr]    Compiling async-graphql-parser v5.0.10
[INFO] [stderr]    Compiling proc-macro-crate v1.3.1
[INFO] [stderr]    Compiling pest_derive v2.6.0
[INFO] [stderr]    Compiling darling v0.14.4
[INFO] [stderr]    Compiling der v0.6.1
[INFO] [stderr]    Compiling tracing-opentelemetry v0.19.0
[INFO] [stderr]    Compiling ouroboros_macro v0.15.6
[INFO] [stderr]    Compiling prost-types v0.11.9
[INFO] [stderr]    Compiling opentelemetry-http v0.8.0
[INFO] [stderr]    Compiling http-serde v1.1.2
[INFO] [stderr]    Compiling sea-strum_macros v0.23.0
[INFO] [stderr]    Compiling bae v0.1.7
[INFO] [stderr]    Compiling sqlx-macros v0.6.3
[INFO] [stderr]    Compiling async-lock v2.7.0
[INFO] [stderr]    Compiling universal-hash v0.5.1
[INFO] [stderr]    Compiling num-iter v0.1.43
[INFO] [stderr]    Compiling polling v2.8.0
[INFO] [stderr]    Compiling aliasable v0.1.3
[INFO] [stderr]    Compiling ascii_utils v0.9.3
[INFO] [stderr]    Compiling opaque-debug v0.3.0
[INFO] [stderr]    Compiling polyval v0.6.1
[INFO] [stderr]    Compiling fast_chemail v0.9.6
[INFO] [stderr]    Compiling ouroboros v0.15.6
[INFO] [stderr]    Compiling sea-orm-macros v0.11.3
[INFO] [stderr]    Compiling shuttle-common v0.19.0
[INFO] [stderr]    Compiling spki v0.6.0
[INFO] [stderr]    Compiling handlebars v4.3.7
[INFO] [stderr]    Compiling async-graphql-derive v5.0.10
[INFO] [stderr]    Compiling sea-strum v0.23.0
[INFO] [stderr]    Compiling tokio-util v0.3.1
[INFO] [stderr]    Compiling tempfile v3.5.0
[INFO] [stderr]    Compiling async-io v1.13.0
[INFO] [stderr]    Compiling os_str_bytes v6.5.0
[INFO] [stderr]    Compiling static_assertions v1.1.0
[INFO] [stderr]    Compiling async-task v4.4.0
[INFO] [stderr]    Compiling ipnet v2.7.2
[INFO] [stderr]    Compiling num-bigint-dig v0.8.2
[INFO] [stderr]    Compiling clap_lex v0.2.4
[INFO] [stderr]    Compiling h2 v0.2.7
[INFO] [stderr]    Compiling mime_guess v2.0.4
[INFO] [stderr]    Compiling pkcs8 v0.9.0
[INFO] [stderr]    Compiling ghash v0.5.0
[INFO] [stderr]    Compiling aes v0.8.3
[INFO] [stderr]    Compiling ctr v0.9.2
[INFO] [stderr]    Compiling async-channel v1.8.0
[INFO] [stderr]    Compiling sqlx v0.6.3
[INFO] [stderr]    Compiling http-body v0.3.1
[INFO] [stderr]    Compiling sea-schema-derive v0.1.0
[INFO] [stderr]    Compiling sea-query-binder v0.3.1
[INFO] [stderr]    Compiling clap_derive v3.2.25
[INFO] [stderr]    Compiling sea-orm v0.11.3
[INFO] [stderr]    Compiling shuttle-codegen v0.19.0
[INFO] [stderr]    Compiling aead v0.5.2
[INFO] [stderr]    Compiling socket2 v0.3.19
[INFO] [stderr]    Compiling cookie v0.17.0
[INFO] [stderr]    Compiling httpdate v0.3.2
[INFO] [stderr]    Compiling textwrap v0.16.0
[INFO] [stderr]    Compiling itoa v0.4.8
[INFO] [stderr]    Compiling strfmt v0.2.4
[INFO] [stderr]    Compiling atomic-waker v1.1.1
[INFO] [stderr]    Compiling blocking v1.3.1
[INFO] [stderr]    Compiling shuttle-service v0.19.0
[INFO] [stderr]    Compiling aes-gcm v0.10.2
[INFO] [stderr]    Compiling sea-schema v0.11.0
[INFO] [stderr]    Compiling hyper v0.13.10
[INFO] [stderr]    Compiling clap v3.2.25
[INFO] [stderr]    Compiling pkcs1 v0.4.1
[INFO] [stderr]    Compiling async-executor v1.5.1
[INFO] [stderr]    Compiling tokio-tls v0.3.1
[INFO] [stderr]    Compiling hyper-tls v0.5.0
[INFO] [stderr]    Compiling signature v2.1.0
[INFO] [stderr]    Compiling rsa v0.8.2
[INFO] [stderr]    Compiling reqwest v0.11.18
[INFO] [stderr]    Compiling async-global-executor v2.3.1
[INFO] [stderr]    Compiling async-graphql v5.0.10
[INFO] [stderr]    Compiling jwt v0.16.0
[INFO] [stderr]    Compiling sha256 v1.1.4
[INFO] [stderr]    Compiling async-attributes v1.1.2
[INFO] [stderr]    Compiling sea-orm-cli v0.11.3
[INFO] [stderr]    Compiling kv-log-macro v1.0.7
[INFO] [stderr]    Compiling home v0.5.5
[INFO] [stderr]    Compiling shuttle-proto v0.19.0
[INFO] [stderr]    Compiling hyper-tls v0.4.3
[INFO] [stderr]    Compiling reqwest v0.10.10
[INFO] [stderr]    Compiling async-std v1.12.0
[INFO] [stderr]    Compiling sea-orm-migration v0.11.3
[INFO] [stderr]    Compiling google-oauth v1.1.0
[INFO] [stderr]    Compiling base64 v0.11.0
[INFO] [stderr]    Compiling dotenv v0.15.0
[INFO] [stderr]    Compiling shuttle-runtime v0.19.0
[INFO] [stderr]    Compiling axum-extra v0.7.4
[INFO] [stderr]    Compiling google-jwt-verify v0.3.0
[INFO] [stderr]    Compiling tower-cookies v0.9.0
[INFO] [stderr]    Compiling shuttle-secrets v0.19.0
[INFO] [stderr]    Compiling shuttle-axum v0.19.0
[INFO] [stderr]    Compiling entity v0.1.0 (/opt/rustwide/workdir/entity)
[INFO] [stderr]    Compiling async-graphql-axum v5.0.9
[INFO] [stdout] warning: unused imports: `DeleteMany`, `JsonValue`
[INFO] [stdout]  --> entity/src/bookable_resource.rs:2:35
[INFO] [stdout]   |
[INFO] [stdout] 2 | use sea_orm::{entity::prelude::*, DeleteMany, JsonValue};
[INFO] [stdout]   |                                   ^^^^^^^^^^  ^^^^^^^^^
[INFO] [stdout]   |
[INFO] [stdout]   = note: `#[warn(unused_imports)]` on by default
[INFO] [stdout] 
[INFO] [stdout] 
[INFO] [stderr]    Compiling migration v0.1.0 (/opt/rustwide/workdir/migration)
[INFO] [stderr]    Compiling graphql-example-service v0.1.0 (/opt/rustwide/workdir/service)
[INFO] [stdout] warning: unused import: `entity::sea_orm::DbBackend`
[INFO] [stdout]  --> migration/src/m20230528_create_table.rs:2:5
[INFO] [stdout]   |
[INFO] [stdout] 2 | use entity::sea_orm::DbBackend;
[INFO] [stdout]   |     ^^^^^^^^^^^^^^^^^^^^^^^^^^
[INFO] [stdout]   |
[INFO] [stdout]   = note: `#[warn(unused_imports)]` on by default
[INFO] [stdout] 
[INFO] [stdout] 
[INFO] [stdout] warning: unused import: `entity::sea_orm::EntityTrait`
[INFO] [stdout]  --> migration/src/m20230528_create_table.rs:3:5
[INFO] [stdout]   |
[INFO] [stdout] 3 | use entity::sea_orm::EntityTrait;
[INFO] [stdout]   |     ^^^^^^^^^^^^^^^^^^^^^^^^^^^^
[INFO] [stdout] 
[INFO] [stdout] 
[INFO] [stdout] warning: unused import: `entity::sea_orm::Schema`
[INFO] [stdout]  --> migration/src/m20230528_create_table.rs:4:5
[INFO] [stdout]   |
[INFO] [stdout] 4 | use entity::sea_orm::Schema;
[INFO] [stdout]   |     ^^^^^^^^^^^^^^^^^^^^^^^
[INFO] [stdout] 
[INFO] [stdout] 
[INFO] [stdout] warning: unused import: `entity::sea_orm::DbBackend`
[INFO] [stdout]  --> migration/src/m20230529_create_table.rs:3:5
[INFO] [stdout]   |
[INFO] [stdout] 3 | use entity::sea_orm::DbBackend;
[INFO] [stdout]   |     ^^^^^^^^^^^^^^^^^^^^^^^^^^
[INFO] [stdout] 
[INFO] [stdout] 
[INFO] [stdout] warning: unused import: `entity::sea_orm::EntityTrait`
[INFO] [stdout]  --> migration/src/m20230529_create_table.rs:4:5
[INFO] [stdout]   |
[INFO] [stdout] 4 | use entity::sea_orm::EntityTrait;
[INFO] [stdout]   |     ^^^^^^^^^^^^^^^^^^^^^^^^^^^^
[INFO] [stdout] 
[INFO] [stdout] 
[INFO] [stdout] warning: unused import: `entity::sea_orm::Schema`
[INFO] [stdout]  --> migration/src/m20230529_create_table.rs:5:5
[INFO] [stdout]   |
[INFO] [stdout] 5 | use entity::sea_orm::Schema;
[INFO] [stdout]   |     ^^^^^^^^^^^^^^^^^^^^^^^
[INFO] [stdout] 
[INFO] [stdout] 
[INFO] [stdout] warning: unused import: `entity::sea_orm::DbBackend`
[INFO] [stdout]  --> migration/src/m20230626_create_table.rs:2:5
[INFO] [stdout]   |
[INFO] [stdout] 2 | use entity::sea_orm::DbBackend;
[INFO] [stdout]   |     ^^^^^^^^^^^^^^^^^^^^^^^^^^
[INFO] [stdout] 
[INFO] [stdout] 
[INFO] [stdout] warning: unused import: `entity::sea_orm::EntityTrait`
[INFO] [stdout]  --> migration/src/m20230626_create_table.rs:3:5
[INFO] [stdout]   |
[INFO] [stdout] 3 | use entity::sea_orm::EntityTrait;
[INFO] [stdout]   |     ^^^^^^^^^^^^^^^^^^^^^^^^^^^^
[INFO] [stdout] 
[INFO] [stdout] 
[INFO] [stdout] warning: unused import: `entity::sea_orm::Schema`
[INFO] [stdout]  --> migration/src/m20230626_create_table.rs:4:5
[INFO] [stdout]   |
[INFO] [stdout] 4 | use entity::sea_orm::Schema;
[INFO] [stdout]   |     ^^^^^^^^^^^^^^^^^^^^^^^
[INFO] [stdout] 
[INFO] [stdout] 
[INFO] [stdout] warning: unused variable: `db`
[INFO] [stdout]   --> service/src/query.rs:44:42
[INFO] [stdout]    |
[INFO] [stdout] 44 |     pub async fn get_plan_with_resources(db: &DbConn, plan_id: i32) -> Result<plan::Model, DbErr> {
[INFO] [stdout]    |                                          ^^ help: if this is intentional, prefix it with an underscore: `_db`
[INFO] [stdout]    |
[INFO] [stdout]    = note: `#[warn(unused_variables)]` on by default
[INFO] [stdout] 
[INFO] [stdout] 
[INFO] [stdout] warning: unused variable: `plan_id`
[INFO] [stdout]   --> service/src/query.rs:44:55
[INFO] [stdout]    |
[INFO] [stdout] 44 |     pub async fn get_plan_with_resources(db: &DbConn, plan_id: i32) -> Result<plan::Model, DbErr> {
[INFO] [stdout]    |                                                       ^^^^^^^ help: if this is intentional, prefix it with an underscore: `_plan_id`
[INFO] [stdout] 
[INFO] [stdout] 
[INFO] [stdout] warning: 2 warnings emitted
[INFO] [stdout] 
[INFO] [stdout] 
[INFO] [stderr]    Compiling graphql-api v0.1.0 (/opt/rustwide/workdir/api)
[INFO] [stdout] warning: unused import: `crate::async_graphql::futures_util::AsyncReadExt`
[INFO] [stdout]  --> api/src/graphql/mutation/plan.rs:1:5
[INFO] [stdout]   |
[INFO] [stdout] 1 | use crate::async_graphql::futures_util::AsyncReadExt;
[INFO] [stdout]   |     ^^^^^^^^^^^^^^^^^^^^^^^^^^^^^^^^^^^^^^^^^^^^^^^^
[INFO] [stdout]   |
[INFO] [stdout]   = note: `#[warn(unused_imports)]` on by default
[INFO] [stdout] 
[INFO] [stdout] 
[INFO] [stdout] warning: unused imports: `InputObject`, `SimpleObject`
[INFO] [stdout]  --> api/src/graphql/mutation/plan.rs:4:35
[INFO] [stdout]   |
[INFO] [stdout] 4 | use entity::async_graphql::{self, InputObject, SimpleObject};
[INFO] [stdout]   |                                   ^^^^^^^^^^^  ^^^^^^^^^^^^
[INFO] [stdout] 
[INFO] [stdout] 
[INFO] [stdout] warning: unused import: `crate::async_graphql::futures_util::AsyncReadExt`
[INFO] [stdout]  --> api/src/graphql/mutation/bookable_resource.rs:1:5
[INFO] [stdout]   |
[INFO] [stdout] 1 | use crate::async_graphql::futures_util::AsyncReadExt;
[INFO] [stdout]   |     ^^^^^^^^^^^^^^^^^^^^^^^^^^^^^^^^^^^^^^^^^^^^^^^^
[INFO] [stdout] 
[INFO] [stdout] 
[INFO] [stdout] warning: unused import: `crate::async_graphql::Upload`
[INFO] [stdout]  --> api/src/graphql/mutation/bookable_resource.rs:2:5
[INFO] [stdout]   |
[INFO] [stdout] 2 | use crate::async_graphql::Upload;
[INFO] [stdout]   |     ^^^^^^^^^^^^^^^^^^^^^^^^^^^^
[INFO] [stdout] 
[INFO] [stdout] 
[INFO] [stdout] warning: unused import: `SimpleObject`
[INFO] [stdout]  --> api/src/graphql/mutation/bookable_resource.rs:4:48
[INFO] [stdout]   |
[INFO] [stdout] 4 | use entity::async_graphql::{self, InputObject, SimpleObject};
[INFO] [stdout]   |                                                ^^^^^^^^^^^^
[INFO] [stdout] 
[INFO] [stdout] 
[INFO] [stdout] warning: unused import: `std::io::Read`
[INFO] [stdout]  --> api/src/graphql/mutation/bookable_resource.rs:7:5
[INFO] [stdout]   |
[INFO] [stdout] 7 | use std::io::Read;
[INFO] [stdout]   |     ^^^^^^^^^^^^^
[INFO] [stdout] 
[INFO] [stdout] 
[INFO] [stdout] warning: unused import: `plan`
[INFO] [stdout]  --> api/src/graphql/query/plan.rs:2:29
[INFO] [stdout]   |
[INFO] [stdout] 2 | use entity::{async_graphql, plan};
[INFO] [stdout]   |                             ^^^^
[INFO] [stdout] 
[INFO] [stdout] 
[INFO] [stdout] warning: unused imports: `BookableResourceKind`, `Coordinate`
[INFO] [stdout]  --> api/src/graphql/query/plan.rs:3:33
[INFO] [stdout]   |
[INFO] [stdout] 3 | use entity::bookable_resource::{BookableResourceKind, Coordinate};
[INFO] [stdout]   |                                 ^^^^^^^^^^^^^^^^^^^^  ^^^^^^^^^^
[INFO] [stdout] 
[INFO] [stdout] 
[INFO] [stdout] warning: unused imports: `FromRef`, `State`
[INFO] [stdout]  --> api/src/lib.rs:7:21
[INFO] [stdout]   |
[INFO] [stdout] 7 | use axum::extract::{FromRef, State};
[INFO] [stdout]   |                     ^^^^^^^  ^^^^^
[INFO] [stdout] 
[INFO] [stdout] 
[INFO] [stdout] warning: unused imports: `Arc`, `Mutex`
[INFO] [stdout]   --> api/src/lib.rs:20:17
[INFO] [stdout]    |
[INFO] [stdout] 20 | use std::sync::{Arc, Mutex};
[INFO] [stdout]    |                 ^^^  ^^^^^
[INFO] [stdout] 
[INFO] [stdout] 
[INFO] [stdout] warning: 1 warning emitted
[INFO] [stdout] 
[INFO] [stdout] 
[INFO] [stdout] warning: 9 warnings emitted
[INFO] [stdout] 
[INFO] [stdout] 
[INFO] [stdout] warning: 10 warnings emitted
[INFO] [stdout] 
[INFO] [stdout] 
[INFO] [stderr]    Compiling sea-orm-graphql-example v0.1.0 (/opt/rustwide/workdir)
[INFO] [stdout] warning: unused imports: `AppState`, `Key`
[INFO] [stdout]  --> src/main.rs:6:68
[INFO] [stdout]   |
[INFO] [stdout] 6 |     build_schema, get, graphql_handler, graphql_playground, guard, AppState, CookieManagerLayer,
[INFO] [stdout]   |                                                                    ^^^^^^^^
[INFO] [stdout] 7 |     CorsLayer, Extension, Key, Router,
[INFO] [stdout]   |                           ^^^
[INFO] [stdout]   |
[INFO] [stdout]   = note: `#[warn(unused_imports)]` on by default
[INFO] [stdout] 
[INFO] [stdout] 
[INFO] [stdout] warning: 1 warning emitted
[INFO] [stdout] 
[INFO] [stdout] 
[INFO] [stderr]     Finished dev [unoptimized + debuginfo] target(s) in 5m 58s
[INFO] running `Command { std: "docker" "inspect" "915523ae6d357e98c160184fa41133a3e012e9ae0eb64483e791e749238d3315", kill_on_drop: false }`
[INFO] running `Command { std: "docker" "rm" "-f" "915523ae6d357e98c160184fa41133a3e012e9ae0eb64483e791e749238d3315", kill_on_drop: false }`
[INFO] [stdout] 915523ae6d357e98c160184fa41133a3e012e9ae0eb64483e791e749238d3315
[INFO] running `Command { std: "docker" "create" "-v" "/var/lib/crater-agent-workspace/builds/worker-5-tc2/target:/opt/rustwide/target:rw,Z" "-v" "/var/lib/crater-agent-workspace/builds/worker-5-tc2/source:/opt/rustwide/workdir:ro,Z" "-v" "/var/lib/crater-agent-workspace/cargo-home:/opt/rustwide/cargo-home:ro,Z" "-v" "/var/lib/crater-agent-workspace/rustup-home:/opt/rustwide/rustup-home:ro,Z" "-e" "SOURCE_DIR=/opt/rustwide/workdir" "-e" "CARGO_TARGET_DIR=/opt/rustwide/target" "-e" "CARGO_INCREMENTAL=0" "-e" "RUST_BACKTRACE=full" "-e" "RUSTFLAGS=--cap-lints=warn" "-e" "RUSTDOCFLAGS=--cap-lints=warn" "-e" "CARGO_HOME=/opt/rustwide/cargo-home" "-e" "RUSTUP_HOME=/opt/rustwide/rustup-home" "-w" "/opt/rustwide/workdir" "-m" "1610612736" "--user" "0:0" "--network" "none" "ghcr.io/rust-lang/crates-build-env/linux@sha256:2788e3201cd34a07e3172128adcd8b3090168a8e3bcc40d7c032b9dda1df7d1c" "/opt/rustwide/cargo-home/bin/cargo" "+beta-2023-12-22" "test" "--frozen" "--no-run" "--message-format=json", kill_on_drop: false }`
[INFO] [stdout] 211701afc6f3b4e825a0a4d3814236fa838bf644c7860f33c2e3a5b7ec59a57a
[INFO] running `Command { std: "docker" "start" "-a" "211701afc6f3b4e825a0a4d3814236fa838bf644c7860f33c2e3a5b7ec59a57a", kill_on_drop: false }`
[INFO] [stdout] warning: unused imports: `DeleteMany`, `JsonValue`
[INFO] [stdout]  --> entity/src/bookable_resource.rs:2:35
[INFO] [stdout]   |
[INFO] [stdout] 2 | use sea_orm::{entity::prelude::*, DeleteMany, JsonValue};
[INFO] [stdout]   |                                   ^^^^^^^^^^  ^^^^^^^^^
[INFO] [stdout]   |
[INFO] [stdout]   = note: `#[warn(unused_imports)]` on by default
[INFO] [stdout] 
[INFO] [stdout] 
[INFO] [stdout] warning: 1 warning emitted
[INFO] [stdout] 
[INFO] [stdout] 
[INFO] [stdout] warning: unused variable: `db`
[INFO] [stdout]   --> service/src/query.rs:44:42
[INFO] [stdout]    |
[INFO] [stdout] 44 |     pub async fn get_plan_with_resources(db: &DbConn, plan_id: i32) -> Result<plan::Model, DbErr> {
[INFO] [stdout]    |                                          ^^ help: if this is intentional, prefix it with an underscore: `_db`
[INFO] [stdout]    |
[INFO] [stdout]    = note: `#[warn(unused_variables)]` on by default
[INFO] [stdout] 
[INFO] [stdout] 
[INFO] [stdout] warning: unused variable: `plan_id`
[INFO] [stdout]   --> service/src/query.rs:44:55
[INFO] [stdout]    |
[INFO] [stdout] 44 |     pub async fn get_plan_with_resources(db: &DbConn, plan_id: i32) -> Result<plan::Model, DbErr> {
[INFO] [stdout]    |                                                       ^^^^^^^ help: if this is intentional, prefix it with an underscore: `_plan_id`
[INFO] [stdout] 
[INFO] [stdout] 
[INFO] [stdout] warning: 2 warnings emitted
[INFO] [stdout] 
[INFO] [stdout] 
[INFO] [stdout] warning: unused import: `entity::sea_orm::DbBackend`
[INFO] [stdout]  --> migration/src/m20230528_create_table.rs:2:5
[INFO] [stdout]   |
[INFO] [stdout] 2 | use entity::sea_orm::DbBackend;
[INFO] [stdout]   |     ^^^^^^^^^^^^^^^^^^^^^^^^^^
[INFO] [stdout]   |
[INFO] [stdout]   = note: `#[warn(unused_imports)]` on by default
[INFO] [stdout] 
[INFO] [stdout] 
[INFO] [stdout] warning: unused import: `entity::sea_orm::EntityTrait`
[INFO] [stdout]  --> migration/src/m20230528_create_table.rs:3:5
[INFO] [stdout]   |
[INFO] [stdout] 3 | use entity::sea_orm::EntityTrait;
[INFO] [stdout]   |     ^^^^^^^^^^^^^^^^^^^^^^^^^^^^
[INFO] [stdout] 
[INFO] [stdout] 
[INFO] [stdout] warning: unused import: `entity::sea_orm::Schema`
[INFO] [stdout]  --> migration/src/m20230528_create_table.rs:4:5
[INFO] [stdout]   |
[INFO] [stdout] 4 | use entity::sea_orm::Schema;
[INFO] [stdout]   |     ^^^^^^^^^^^^^^^^^^^^^^^
[INFO] [stdout] 
[INFO] [stdout] 
[INFO] [stdout] warning: unused import: `entity::sea_orm::DbBackend`
[INFO] [stdout]  --> migration/src/m20230529_create_table.rs:3:5
[INFO] [stdout]   |
[INFO] [stdout] 3 | use entity::sea_orm::DbBackend;
[INFO] [stdout]   |     ^^^^^^^^^^^^^^^^^^^^^^^^^^
[INFO] [stdout] 
[INFO] [stdout] 
[INFO] [stdout] warning: unused import: `entity::sea_orm::EntityTrait`
[INFO] [stdout]  --> migration/src/m20230529_create_table.rs:4:5
[INFO] [stdout]   |
[INFO] [stdout] 4 | use entity::sea_orm::EntityTrait;
[INFO] [stdout]   |     ^^^^^^^^^^^^^^^^^^^^^^^^^^^^
[INFO] [stdout] 
[INFO] [stdout] 
[INFO] [stdout] warning: unused import: `entity::sea_orm::Schema`
[INFO] [stdout]  --> migration/src/m20230529_create_table.rs:5:5
[INFO] [stdout]   |
[INFO] [stdout] 5 | use entity::sea_orm::Schema;
[INFO] [stdout]   |     ^^^^^^^^^^^^^^^^^^^^^^^
[INFO] [stdout] 
[INFO] [stdout] 
[INFO] [stdout] warning: unused import: `entity::sea_orm::DbBackend`
[INFO] [stdout]  --> migration/src/m20230626_create_table.rs:2:5
[INFO] [stdout]   |
[INFO] [stdout] 2 | use entity::sea_orm::DbBackend;
[INFO] [stdout]   |     ^^^^^^^^^^^^^^^^^^^^^^^^^^
[INFO] [stdout] 
[INFO] [stdout] 
[INFO] [stdout] warning: unused import: `entity::sea_orm::EntityTrait`
[INFO] [stdout]  --> migration/src/m20230626_create_table.rs:3:5
[INFO] [stdout]   |
[INFO] [stdout] 3 | use entity::sea_orm::EntityTrait;
[INFO] [stdout]   |     ^^^^^^^^^^^^^^^^^^^^^^^^^^^^
[INFO] [stdout] 
[INFO] [stdout] 
[INFO] [stdout] warning: unused import: `entity::sea_orm::Schema`
[INFO] [stdout]  --> migration/src/m20230626_create_table.rs:4:5
[INFO] [stdout]   |
[INFO] [stdout] 4 | use entity::sea_orm::Schema;
[INFO] [stdout]   |     ^^^^^^^^^^^^^^^^^^^^^^^
[INFO] [stdout] 
[INFO] [stdout] 
[INFO] [stdout] warning: 9 warnings emitted
[INFO] [stdout] 
[INFO] [stdout] 
[INFO] [stdout] warning: unused import: `crate::async_graphql::futures_util::AsyncReadExt`
[INFO] [stdout]  --> api/src/graphql/mutation/plan.rs:1:5
[INFO] [stdout]   |
[INFO] [stdout] 1 | use crate::async_graphql::futures_util::AsyncReadExt;
[INFO] [stdout]   |     ^^^^^^^^^^^^^^^^^^^^^^^^^^^^^^^^^^^^^^^^^^^^^^^^
[INFO] [stdout]   |
[INFO] [stdout]   = note: `#[warn(unused_imports)]` on by default
[INFO] [stdout] 
[INFO] [stdout] 
[INFO] [stdout] warning: unused imports: `InputObject`, `SimpleObject`
[INFO] [stdout]  --> api/src/graphql/mutation/plan.rs:4:35
[INFO] [stdout]   |
[INFO] [stdout] 4 | use entity::async_graphql::{self, InputObject, SimpleObject};
[INFO] [stdout]   |                                   ^^^^^^^^^^^  ^^^^^^^^^^^^
[INFO] [stdout] 
[INFO] [stdout] 
[INFO] [stdout] warning: unused import: `crate::async_graphql::futures_util::AsyncReadExt`
[INFO] [stdout]  --> api/src/graphql/mutation/bookable_resource.rs:1:5
[INFO] [stdout]   |
[INFO] [stdout] 1 | use crate::async_graphql::futures_util::AsyncReadExt;
[INFO] [stdout]   |     ^^^^^^^^^^^^^^^^^^^^^^^^^^^^^^^^^^^^^^^^^^^^^^^^
[INFO] [stdout] 
[INFO] [stdout] 
[INFO] [stdout] warning: unused import: `crate::async_graphql::Upload`
[INFO] [stdout]  --> api/src/graphql/mutation/bookable_resource.rs:2:5
[INFO] [stdout]   |
[INFO] [stdout] 2 | use crate::async_graphql::Upload;
[INFO] [stdout]   |     ^^^^^^^^^^^^^^^^^^^^^^^^^^^^
[INFO] [stdout] 
[INFO] [stdout] 
[INFO] [stdout] warning: unused import: `SimpleObject`
[INFO] [stdout]  --> api/src/graphql/mutation/bookable_resource.rs:4:48
[INFO] [stdout]   |
[INFO] [stdout] 4 | use entity::async_graphql::{self, InputObject, SimpleObject};
[INFO] [stdout]   |                                                ^^^^^^^^^^^^
[INFO] [stdout] 
[INFO] [stdout] 
[INFO] [stdout] warning: unused import: `std::io::Read`
[INFO] [stdout]  --> api/src/graphql/mutation/bookable_resource.rs:7:5
[INFO] [stdout]   |
[INFO] [stdout] 7 | use std::io::Read;
[INFO] [stdout]   |     ^^^^^^^^^^^^^
[INFO] [stdout] 
[INFO] [stdout] 
[INFO] [stdout] warning: unused import: `plan`
[INFO] [stdout]  --> api/src/graphql/query/plan.rs:2:29
[INFO] [stdout]   |
[INFO] [stdout] 2 | use entity::{async_graphql, plan};
[INFO] [stdout]   |                             ^^^^
[INFO] [stdout] 
[INFO] [stdout] 
[INFO] [stdout] warning: unused imports: `BookableResourceKind`, `Coordinate`
[INFO] [stdout]  --> api/src/graphql/query/plan.rs:3:33
[INFO] [stdout]   |
[INFO] [stdout] 3 | use entity::bookable_resource::{BookableResourceKind, Coordinate};
[INFO] [stdout]   |                                 ^^^^^^^^^^^^^^^^^^^^  ^^^^^^^^^^
[INFO] [stdout] 
[INFO] [stdout] 
[INFO] [stdout] warning: unused imports: `FromRef`, `State`
[INFO] [stdout]  --> api/src/lib.rs:7:21
[INFO] [stdout]   |
[INFO] [stdout] 7 | use axum::extract::{FromRef, State};
[INFO] [stdout]   |                     ^^^^^^^  ^^^^^
[INFO] [stdout] 
[INFO] [stdout] 
[INFO] [stdout] warning: unused imports: `Arc`, `Mutex`
[INFO] [stdout]   --> api/src/lib.rs:20:17
[INFO] [stdout]    |
[INFO] [stdout] 20 | use std::sync::{Arc, Mutex};
[INFO] [stdout]    |                 ^^^  ^^^^^
[INFO] [stdout] 
[INFO] [stdout] 
[INFO] [stdout] warning: 10 warnings emitted
[INFO] [stdout] 
[INFO] [stdout] 
[INFO] [stderr]    Compiling sea-orm-graphql-example v0.1.0 (/opt/rustwide/workdir)
[INFO] [stdout] warning: unused imports: `AppState`, `Key`
[INFO] [stdout]  --> src/main.rs:6:68
[INFO] [stdout]   |
[INFO] [stdout] 6 |     build_schema, get, graphql_handler, graphql_playground, guard, AppState, CookieManagerLayer,
[INFO] [stdout]   |                                                                    ^^^^^^^^
[INFO] [stdout] 7 |     CorsLayer, Extension, Key, Router,
[INFO] [stdout]   |                           ^^^
[INFO] [stdout]   |
[INFO] [stdout]   = note: `#[warn(unused_imports)]` on by default
[INFO] [stdout] 
[INFO] [stdout] 
[INFO] [stdout] warning: 1 warning emitted
[INFO] [stdout] 
[INFO] [stdout] 
[INFO] [stderr]     Finished test [unoptimized + debuginfo] target(s) in 3.42s
[INFO] running `Command { std: "docker" "inspect" "211701afc6f3b4e825a0a4d3814236fa838bf644c7860f33c2e3a5b7ec59a57a", kill_on_drop: false }`
[INFO] running `Command { std: "docker" "rm" "-f" "211701afc6f3b4e825a0a4d3814236fa838bf644c7860f33c2e3a5b7ec59a57a", kill_on_drop: false }`
[INFO] [stdout] 211701afc6f3b4e825a0a4d3814236fa838bf644c7860f33c2e3a5b7ec59a57a
[INFO] running `Command { std: "docker" "create" "-v" "/var/lib/crater-agent-workspace/builds/worker-5-tc2/target:/opt/rustwide/target:rw,Z" "-v" "/var/lib/crater-agent-workspace/builds/worker-5-tc2/source:/opt/rustwide/workdir:ro,Z" "-v" "/var/lib/crater-agent-workspace/cargo-home:/opt/rustwide/cargo-home:ro,Z" "-v" "/var/lib/crater-agent-workspace/rustup-home:/opt/rustwide/rustup-home:ro,Z" "-e" "SOURCE_DIR=/opt/rustwide/workdir" "-e" "CARGO_TARGET_DIR=/opt/rustwide/target" "-e" "CARGO_INCREMENTAL=0" "-e" "RUST_BACKTRACE=full" "-e" "RUSTFLAGS=--cap-lints=warn" "-e" "RUSTDOCFLAGS=--cap-lints=warn" "-e" "CARGO_HOME=/opt/rustwide/cargo-home" "-e" "RUSTUP_HOME=/opt/rustwide/rustup-home" "-w" "/opt/rustwide/workdir" "-m" "1610612736" "--user" "0:0" "--network" "none" "ghcr.io/rust-lang/crates-build-env/linux@sha256:2788e3201cd34a07e3172128adcd8b3090168a8e3bcc40d7c032b9dda1df7d1c" "/opt/rustwide/cargo-home/bin/cargo" "+beta-2023-12-22" "test" "--frozen", kill_on_drop: false }`
[INFO] [stdout] 19ec7b42d4cb301f9e8b397f7f691355a46a5063fc733d71c1d525280bc59a70
[INFO] running `Command { std: "docker" "start" "-a" "19ec7b42d4cb301f9e8b397f7f691355a46a5063fc733d71c1d525280bc59a70", kill_on_drop: false }`
[INFO] [stderr] warning: unused imports: `DeleteMany`, `JsonValue`
[INFO] [stderr]  --> entity/src/bookable_resource.rs:2:35
[INFO] [stderr]   |
[INFO] [stderr] 2 | use sea_orm::{entity::prelude::*, DeleteMany, JsonValue};
[INFO] [stderr]   |                                   ^^^^^^^^^^  ^^^^^^^^^
[INFO] [stderr]   |
[INFO] [stderr]   = note: `#[warn(unused_imports)]` on by default
[INFO] [stderr] 
[INFO] [stderr] warning: `entity` (lib) generated 1 warning (run `cargo fix --lib -p entity` to apply 1 suggestion)
[INFO] [stderr] warning: unused import: `entity::sea_orm::DbBackend`
[INFO] [stderr]  --> migration/src/m20230528_create_table.rs:2:5
[INFO] [stderr]   |
[INFO] [stderr] 2 | use entity::sea_orm::DbBackend;
[INFO] [stderr]   |     ^^^^^^^^^^^^^^^^^^^^^^^^^^
[INFO] [stderr]   |
[INFO] [stderr]   = note: `#[warn(unused_imports)]` on by default
[INFO] [stderr] 
[INFO] [stderr] warning: unused import: `entity::sea_orm::EntityTrait`
[INFO] [stderr]  --> migration/src/m20230528_create_table.rs:3:5
[INFO] [stderr]   |
[INFO] [stderr] 3 | use entity::sea_orm::EntityTrait;
[INFO] [stderr]   |     ^^^^^^^^^^^^^^^^^^^^^^^^^^^^
[INFO] [stderr] 
[INFO] [stderr] warning: unused import: `entity::sea_orm::Schema`
[INFO] [stderr]  --> migration/src/m20230528_create_table.rs:4:5
[INFO] [stderr]   |
[INFO] [stderr] 4 | use entity::sea_orm::Schema;
[INFO] [stderr]   |     ^^^^^^^^^^^^^^^^^^^^^^^
[INFO] [stderr] 
[INFO] [stderr] warning: unused import: `entity::sea_orm::DbBackend`
[INFO] [stderr]  --> migration/src/m20230529_create_table.rs:3:5
[INFO] [stderr]   |
[INFO] [stderr] 3 | use entity::sea_orm::DbBackend;
[INFO] [stderr]   |     ^^^^^^^^^^^^^^^^^^^^^^^^^^
[INFO] [stderr] 
[INFO] [stderr] warning: unused import: `entity::sea_orm::EntityTrait`
[INFO] [stderr]  --> migration/src/m20230529_create_table.rs:4:5
[INFO] [stderr]   |
[INFO] [stderr] 4 | use entity::sea_orm::EntityTrait;
[INFO] [stderr]   |     ^^^^^^^^^^^^^^^^^^^^^^^^^^^^
[INFO] [stderr] 
[INFO] [stderr] warning: unused import: `entity::sea_orm::Schema`
[INFO] [stderr]  --> migration/src/m20230529_create_table.rs:5:5
[INFO] [stderr]   |
[INFO] [stderr] 5 | use entity::sea_orm::Schema;
[INFO] [stderr]   |     ^^^^^^^^^^^^^^^^^^^^^^^
[INFO] [stderr] 
[INFO] [stderr] warning: unused import: `entity::sea_orm::DbBackend`
[INFO] [stderr]  --> migration/src/m20230626_create_table.rs:2:5
[INFO] [stderr]   |
[INFO] [stderr] 2 | use entity::sea_orm::DbBackend;
[INFO] [stderr]   |     ^^^^^^^^^^^^^^^^^^^^^^^^^^
[INFO] [stderr] 
[INFO] [stderr] warning: unused import: `entity::sea_orm::EntityTrait`
[INFO] [stderr]  --> migration/src/m20230626_create_table.rs:3:5
[INFO] [stderr]   |
[INFO] [stderr] 3 | use entity::sea_orm::EntityTrait;
[INFO] [stderr]   |     ^^^^^^^^^^^^^^^^^^^^^^^^^^^^
[INFO] [stderr] 
[INFO] [stderr] warning: unused import: `entity::sea_orm::Schema`
[INFO] [stderr]  --> migration/src/m20230626_create_table.rs:4:5
[INFO] [stderr]   |
[INFO] [stderr] 4 | use entity::sea_orm::Schema;
[INFO] [stderr]   |     ^^^^^^^^^^^^^^^^^^^^^^^
[INFO] [stderr] 
[INFO] [stderr] warning: unused variable: `db`
[INFO] [stderr]   --> service/src/query.rs:44:42
[INFO] [stderr]    |
[INFO] [stderr] 44 |     pub async fn get_plan_with_resources(db: &DbConn, plan_id: i32) -> Result<plan::Model, DbErr> {
[INFO] [stderr]    |                                          ^^ help: if this is intentional, prefix it with an underscore: `_db`
[INFO] [stderr]    |
[INFO] [stderr]    = note: `#[warn(unused_variables)]` on by default
[INFO] [stderr] 
[INFO] [stderr] warning: unused variable: `plan_id`
[INFO] [stderr]   --> service/src/query.rs:44:55
[INFO] [stderr]    |
[INFO] [stderr] 44 |     pub async fn get_plan_with_resources(db: &DbConn, plan_id: i32) -> Result<plan::Model, DbErr> {
[INFO] [stderr]    |                                                       ^^^^^^^ help: if this is intentional, prefix it with an underscore: `_plan_id`
[INFO] [stderr] 
[INFO] [stderr] warning: `migration` (lib) generated 9 warnings (run `cargo fix --lib -p migration` to apply 9 suggestions)
[INFO] [stderr] warning: `graphql-example-service` (lib) generated 2 warnings (run `cargo fix --lib -p graphql-example-service` to apply 2 suggestions)
[INFO] [stderr] warning: unused import: `crate::async_graphql::futures_util::AsyncReadExt`
[INFO] [stderr]  --> api/src/graphql/mutation/plan.rs:1:5
[INFO] [stderr]   |
[INFO] [stderr] 1 | use crate::async_graphql::futures_util::AsyncReadExt;
[INFO] [stderr]   |     ^^^^^^^^^^^^^^^^^^^^^^^^^^^^^^^^^^^^^^^^^^^^^^^^
[INFO] [stderr]   |
[INFO] [stderr]   = note: `#[warn(unused_imports)]` on by default
[INFO] [stderr] 
[INFO] [stderr] warning: unused imports: `InputObject`, `SimpleObject`
[INFO] [stderr]  --> api/src/graphql/mutation/plan.rs:4:35
[INFO] [stderr]   |
[INFO] [stderr] 4 | use entity::async_graphql::{self, InputObject, SimpleObject};
[INFO] [stderr]   |                                   ^^^^^^^^^^^  ^^^^^^^^^^^^
[INFO] [stderr] 
[INFO] [stderr] warning: unused import: `crate::async_graphql::futures_util::AsyncReadExt`
[INFO] [stderr]  --> api/src/graphql/mutation/bookable_resource.rs:1:5
[INFO] [stderr]   |
[INFO] [stderr] 1 | use crate::async_graphql::futures_util::AsyncReadExt;
[INFO] [stderr]   |     ^^^^^^^^^^^^^^^^^^^^^^^^^^^^^^^^^^^^^^^^^^^^^^^^
[INFO] [stderr] 
[INFO] [stderr] warning: unused import: `crate::async_graphql::Upload`
[INFO] [stderr]  --> api/src/graphql/mutation/bookable_resource.rs:2:5
[INFO] [stderr]   |
[INFO] [stderr] 2 | use crate::async_graphql::Upload;
[INFO] [stderr]   |     ^^^^^^^^^^^^^^^^^^^^^^^^^^^^
[INFO] [stderr] 
[INFO] [stderr] warning: unused import: `SimpleObject`
[INFO] [stderr]  --> api/src/graphql/mutation/bookable_resource.rs:4:48
[INFO] [stderr]   |
[INFO] [stderr] 4 | use entity::async_graphql::{self, InputObject, SimpleObject};
[INFO] [stderr]   |                                                ^^^^^^^^^^^^
[INFO] [stderr] 
[INFO] [stderr] warning: unused import: `std::io::Read`
[INFO] [stderr]  --> api/src/graphql/mutation/bookable_resource.rs:7:5
[INFO] [stderr]   |
[INFO] [stderr] 7 | use std::io::Read;
[INFO] [stderr]   |     ^^^^^^^^^^^^^
[INFO] [stderr] 
[INFO] [stderr] warning: unused import: `plan`
[INFO] [stderr]  --> api/src/graphql/query/plan.rs:2:29
[INFO] [stderr]   |
[INFO] [stderr] 2 | use entity::{async_graphql, plan};
[INFO] [stderr]   |                             ^^^^
[INFO] [stderr] 
[INFO] [stderr] warning: unused imports: `BookableResourceKind`, `Coordinate`
[INFO] [stderr]  --> api/src/graphql/query/plan.rs:3:33
[INFO] [stderr]   |
[INFO] [stderr] 3 | use entity::bookable_resource::{BookableResourceKind, Coordinate};
[INFO] [stderr]   |                                 ^^^^^^^^^^^^^^^^^^^^  ^^^^^^^^^^
[INFO] [stderr] 
[INFO] [stderr] warning: unused imports: `FromRef`, `State`
[INFO] [stderr]  --> api/src/lib.rs:7:21
[INFO] [stderr]   |
[INFO] [stderr] 7 | use axum::extract::{FromRef, State};
[INFO] [stderr]   |                     ^^^^^^^  ^^^^^
[INFO] [stderr] 
[INFO] [stderr] warning: unused imports: `Arc`, `Mutex`
[INFO] [stderr]   --> api/src/lib.rs:20:17
[INFO] [stderr]    |
[INFO] [stderr] 20 | use std::sync::{Arc, Mutex};
[INFO] [stderr]    |                 ^^^  ^^^^^
[INFO] [stderr] 
[INFO] [stderr] warning: `graphql-api` (lib) generated 10 warnings (run `cargo fix --lib -p graphql-api` to apply 10 suggestions)
[INFO] [stderr] warning: unused imports: `AppState`, `Key`
[INFO] [stderr]  --> src/main.rs:6:68
[INFO] [stderr]   |
[INFO] [stderr] 6 |     build_schema, get, graphql_handler, graphql_playground, guard, AppState, CookieManagerLayer,
[INFO] [stderr]   |                                                                    ^^^^^^^^
[INFO] [stderr] 7 |     CorsLayer, Extension, Key, Router,
[INFO] [stderr]   |                           ^^^
[INFO] [stderr]   |
[INFO] [stderr]   = note: `#[warn(unused_imports)]` on by default
[INFO] [stderr] 
[INFO] [stderr] warning: `sea-orm-graphql-example` (bin "sea-orm-graphql-example" test) generated 1 warning (run `cargo fix --bin "sea-orm-graphql-example" --tests` to apply 1 suggestion)
[INFO] [stderr]     Finished test [unoptimized + debuginfo] target(s) in 0.44s
[INFO] [stderr]      Running unittests src/main.rs (/opt/rustwide/target/debug/deps/sea_orm_graphql_example-961f98afcd7cd9c0)
[INFO] [stdout] 
[INFO] [stdout] running 0 tests
[INFO] [stdout] 
[INFO] [stdout] test result: ok. 0 passed; 0 failed; 0 ignored; 0 measured; 0 filtered out; finished in 0.00s
[INFO] [stdout] 
[INFO] running `Command { std: "docker" "inspect" "19ec7b42d4cb301f9e8b397f7f691355a46a5063fc733d71c1d525280bc59a70", kill_on_drop: false }`
[INFO] running `Command { std: "docker" "rm" "-f" "19ec7b42d4cb301f9e8b397f7f691355a46a5063fc733d71c1d525280bc59a70", kill_on_drop: false }`
[INFO] [stdout] 19ec7b42d4cb301f9e8b397f7f691355a46a5063fc733d71c1d525280bc59a70
