[INFO] cloning repository https://github.com/spindlymist/wyag_in_rust
[INFO] running `Command { std: "git" "-c" "credential.helper=" "-c" "credential.helper=/workspace/cargo-home/bin/git-credential-null" "clone" "--bare" "https://github.com/spindlymist/wyag_in_rust" "/workspace/cache/git-repos/https%3A%2F%2Fgithub.com%2Fspindlymist%2Fwyag_in_rust", kill_on_drop: false }`
[INFO] [stderr] Cloning into bare repository '/workspace/cache/git-repos/https%3A%2F%2Fgithub.com%2Fspindlymist%2Fwyag_in_rust'...
[INFO] running `Command { std: "git" "rev-parse" "HEAD", kill_on_drop: false }`
[INFO] [stdout] c9e1b1fc1bfc07dcebfa31b0a5f164b4fc25f8dc
[INFO] testing spindlymist/wyag_in_rust against 1.75.0 for beta-1.76-1
[INFO] running `Command { std: "git" "clone" "/workspace/cache/git-repos/https%3A%2F%2Fgithub.com%2Fspindlymist%2Fwyag_in_rust" "/workspace/builds/worker-2-tc1/source", kill_on_drop: false }`
[INFO] [stderr] Cloning into '/workspace/builds/worker-2-tc1/source'...
[INFO] [stderr] done.
[INFO] validating manifest of git repo https://github.com/spindlymist/wyag_in_rust on toolchain 1.75.0
[INFO] running `Command { std: CARGO_HOME="/workspace/cargo-home" RUSTUP_HOME="/workspace/rustup-home" "/workspace/cargo-home/bin/cargo" "+1.75.0" "metadata" "--manifest-path" "Cargo.toml" "--no-deps", kill_on_drop: false }`
[INFO] started tweaking git repo https://github.com/spindlymist/wyag_in_rust
[INFO] finished tweaking git repo https://github.com/spindlymist/wyag_in_rust
[INFO] tweaked toml for git repo https://github.com/spindlymist/wyag_in_rust written to /workspace/builds/worker-2-tc1/source/Cargo.toml
[INFO] crate git repo https://github.com/spindlymist/wyag_in_rust already has a lockfile, it will not be regenerated
[INFO] running `Command { std: CARGO_HOME="/workspace/cargo-home" RUSTUP_HOME="/workspace/rustup-home" "/workspace/cargo-home/bin/cargo" "+1.75.0" "fetch" "--manifest-path" "Cargo.toml", kill_on_drop: false }`
[INFO] [stderr]     Updating crates.io index
[INFO] [stderr]  Downloading crates ...
[INFO] [stderr]   Downloaded dlv-list v0.4.0
[INFO] [stderr]   Downloaded clap v4.1.0
[INFO] [stderr]   Downloaded filetime_creation v0.1.4
[INFO] [stderr]   Downloaded ordered-multimap v0.5.0
[INFO] [stderr]   Downloaded lzma-rust v0.1.1
[INFO] [stderr]   Downloaded sevenz-rust v0.2.8
[INFO] running `Command { std: "docker" "create" "-v" "/var/lib/crater-agent-workspace/builds/worker-2-tc1/target:/opt/rustwide/target:rw,Z" "-v" "/var/lib/crater-agent-workspace/builds/worker-2-tc1/source:/opt/rustwide/workdir:ro,Z" "-v" "/var/lib/crater-agent-workspace/cargo-home:/opt/rustwide/cargo-home:ro,Z" "-v" "/var/lib/crater-agent-workspace/rustup-home:/opt/rustwide/rustup-home:ro,Z" "-e" "SOURCE_DIR=/opt/rustwide/workdir" "-e" "CARGO_TARGET_DIR=/opt/rustwide/target" "-e" "CARGO_HOME=/opt/rustwide/cargo-home" "-e" "RUSTUP_HOME=/opt/rustwide/rustup-home" "-w" "/opt/rustwide/workdir" "-m" "1610612736" "--user" "0:0" "--network" "none" "ghcr.io/rust-lang/crates-build-env/linux@sha256:2788e3201cd34a07e3172128adcd8b3090168a8e3bcc40d7c032b9dda1df7d1c" "/opt/rustwide/cargo-home/bin/cargo" "+1.75.0" "metadata" "--no-deps" "--format-version=1", kill_on_drop: false }`
[INFO] [stdout] fd14b2516417a8f9703e3d88711581d7e6be9abfb423d2e3ea5c4eafa136722a
[INFO] running `Command { std: "docker" "start" "-a" "fd14b2516417a8f9703e3d88711581d7e6be9abfb423d2e3ea5c4eafa136722a", kill_on_drop: false }`
[INFO] running `Command { std: "docker" "inspect" "fd14b2516417a8f9703e3d88711581d7e6be9abfb423d2e3ea5c4eafa136722a", kill_on_drop: false }`
[INFO] running `Command { std: "docker" "rm" "-f" "fd14b2516417a8f9703e3d88711581d7e6be9abfb423d2e3ea5c4eafa136722a", kill_on_drop: false }`
[INFO] [stdout] fd14b2516417a8f9703e3d88711581d7e6be9abfb423d2e3ea5c4eafa136722a
[INFO] running `Command { std: "docker" "create" "-v" "/var/lib/crater-agent-workspace/builds/worker-2-tc1/target:/opt/rustwide/target:rw,Z" "-v" "/var/lib/crater-agent-workspace/builds/worker-2-tc1/source:/opt/rustwide/workdir:ro,Z" "-v" "/var/lib/crater-agent-workspace/cargo-home:/opt/rustwide/cargo-home:ro,Z" "-v" "/var/lib/crater-agent-workspace/rustup-home:/opt/rustwide/rustup-home:ro,Z" "-e" "SOURCE_DIR=/opt/rustwide/workdir" "-e" "CARGO_TARGET_DIR=/opt/rustwide/target" "-e" "CARGO_INCREMENTAL=0" "-e" "RUST_BACKTRACE=full" "-e" "RUSTFLAGS=--cap-lints=warn" "-e" "RUSTDOCFLAGS=--cap-lints=warn" "-e" "CARGO_HOME=/opt/rustwide/cargo-home" "-e" "RUSTUP_HOME=/opt/rustwide/rustup-home" "-w" "/opt/rustwide/workdir" "-m" "1610612736" "--user" "0:0" "--network" "none" "ghcr.io/rust-lang/crates-build-env/linux@sha256:2788e3201cd34a07e3172128adcd8b3090168a8e3bcc40d7c032b9dda1df7d1c" "/opt/rustwide/cargo-home/bin/cargo" "+1.75.0" "build" "--frozen" "--message-format=json", kill_on_drop: false }`
[INFO] [stdout] ad50d09cc6465a9edc5853bebb78ebe319ae32721efa17f12738b6765275a2e9
[INFO] running `Command { std: "docker" "start" "-a" "ad50d09cc6465a9edc5853bebb78ebe319ae32721efa17f12738b6765275a2e9", kill_on_drop: false }`
[INFO] [stderr]    Compiling version_check v0.9.4
[INFO] [stderr]    Compiling libc v0.2.139
[INFO] [stderr]    Compiling proc-macro2 v1.0.49
[INFO] [stderr]    Compiling cfg-if v1.0.0
[INFO] [stderr]    Compiling quote v1.0.23
[INFO] [stderr]    Compiling unicode-ident v1.0.6
[INFO] [stderr]    Compiling once_cell v1.17.0
[INFO] [stderr]    Compiling typenum v1.16.0
[INFO] [stderr]    Compiling syn v1.0.107
[INFO] [stderr]    Compiling io-lifetimes v1.0.4
[INFO] [stderr]    Compiling rustix v0.36.6
[INFO] [stderr]    Compiling ahash v0.7.6
[INFO] [stderr]    Compiling generic-array v0.14.6
[INFO] [stderr]    Compiling proc-macro-error-attr v1.0.4
[INFO] [stderr]    Compiling proc-macro-error v1.0.4
[INFO] [stderr]    Compiling memchr v2.5.0
[INFO] [stderr]    Compiling cc v1.0.78
[INFO] [stderr]    Compiling pkg-config v0.3.26
[INFO] [stderr]    Compiling linux-raw-sys v0.1.4
[INFO] [stderr]    Compiling bitflags v1.3.2
[INFO] [stderr]    Compiling crc32fast v1.3.2
[INFO] [stderr]    Compiling adler v1.0.2
[INFO] [stderr]    Compiling thiserror v1.0.39
[INFO] [stderr]    Compiling anyhow v1.0.69
[INFO] [stderr]    Compiling heck v0.4.0
[INFO] [stderr]    Compiling getrandom v0.2.8
[INFO] [stderr]    Compiling dlv-list v0.3.0
[INFO] [stderr]    Compiling libz-sys v1.1.8
[INFO] [stderr]    Compiling os_str_bytes v6.4.1
[INFO] [stderr]    Compiling clap_lex v0.3.1
[INFO] [stderr]    Compiling aho-corasick v0.7.20
[INFO] [stderr]    Compiling hashbrown v0.12.3
[INFO] [stderr]    Compiling miniz_oxide v0.6.2
[INFO] [stderr]    Compiling block-buffer v0.10.3
[INFO] [stderr]    Compiling crypto-common v0.1.6
[INFO] [stderr]    Compiling digest v0.10.6
[INFO] [stderr]    Compiling path-dedot v3.0.18
[INFO] [stderr]    Compiling dlv-list v0.4.0
[INFO] [stderr]    Compiling regex-syntax v0.6.28
[INFO] [stderr]    Compiling cpufeatures v0.2.5
[INFO] [stderr]    Compiling termcolor v1.1.3
[INFO] [stderr]    Compiling either v1.8.0
[INFO] [stderr]    Compiling ordered-multimap v0.4.3
[INFO] [stderr]    Compiling strsim v0.10.0
[INFO] [stderr]    Compiling itertools v0.10.5
[INFO] [stderr]    Compiling ordered-multimap v0.5.0
[INFO] [stderr]    Compiling rust-ini v0.18.0
[INFO] [stderr]    Compiling is-terminal v0.4.2
[INFO] [stderr]    Compiling sha1 v0.10.5
[INFO] [stderr]    Compiling flate2 v1.0.25
[INFO] [stderr]    Compiling path-absolutize v3.0.14
[INFO] [stderr]    Compiling base16ct v0.1.1
[INFO] [stderr]    Compiling byteorder v1.4.3
[INFO] [stderr]    Compiling regex v1.7.1
[INFO] [stderr]    Compiling clap_derive v4.1.0
[INFO] [stderr]    Compiling thiserror-impl v1.0.39
[INFO] [stderr]    Compiling clap v4.1.0
[INFO] [stderr]    Compiling wyag v0.1.0 (/opt/rustwide/workdir)
[INFO] [stderr]     Finished dev [unoptimized + debuginfo] target(s) in 45.51s
[INFO] running `Command { std: "docker" "inspect" "ad50d09cc6465a9edc5853bebb78ebe319ae32721efa17f12738b6765275a2e9", kill_on_drop: false }`
[INFO] running `Command { std: "docker" "rm" "-f" "ad50d09cc6465a9edc5853bebb78ebe319ae32721efa17f12738b6765275a2e9", kill_on_drop: false }`
[INFO] [stdout] ad50d09cc6465a9edc5853bebb78ebe319ae32721efa17f12738b6765275a2e9
[INFO] running `Command { std: "docker" "create" "-v" "/var/lib/crater-agent-workspace/builds/worker-2-tc1/target:/opt/rustwide/target:rw,Z" "-v" "/var/lib/crater-agent-workspace/builds/worker-2-tc1/source:/opt/rustwide/workdir:ro,Z" "-v" "/var/lib/crater-agent-workspace/cargo-home:/opt/rustwide/cargo-home:ro,Z" "-v" "/var/lib/crater-agent-workspace/rustup-home:/opt/rustwide/rustup-home:ro,Z" "-e" "SOURCE_DIR=/opt/rustwide/workdir" "-e" "CARGO_TARGET_DIR=/opt/rustwide/target" "-e" "CARGO_INCREMENTAL=0" "-e" "RUST_BACKTRACE=full" "-e" "RUSTFLAGS=--cap-lints=warn" "-e" "RUSTDOCFLAGS=--cap-lints=warn" "-e" "CARGO_HOME=/opt/rustwide/cargo-home" "-e" "RUSTUP_HOME=/opt/rustwide/rustup-home" "-w" "/opt/rustwide/workdir" "-m" "1610612736" "--user" "0:0" "--network" "none" "ghcr.io/rust-lang/crates-build-env/linux@sha256:2788e3201cd34a07e3172128adcd8b3090168a8e3bcc40d7c032b9dda1df7d1c" "/opt/rustwide/cargo-home/bin/cargo" "+1.75.0" "test" "--frozen" "--no-run" "--message-format=json", kill_on_drop: false }`
[INFO] [stdout] 8af00ad392de086cdb0cc8736900c4689e456f5e3288c5e942719e2a2994aada
[INFO] running `Command { std: "docker" "start" "-a" "8af00ad392de086cdb0cc8736900c4689e456f5e3288c5e942719e2a2994aada", kill_on_drop: false }`
[INFO] [stderr]    Compiling rustix v0.36.6
[INFO] [stderr]    Compiling autocfg v1.1.0
[INFO] [stderr]    Compiling log v0.4.17
[INFO] [stderr]    Compiling same-file v1.0.6
[INFO] [stderr]    Compiling bstr v1.3.0
[INFO] [stderr]    Compiling fnv v1.0.7
[INFO] [stderr]    Compiling thread_local v1.1.7
[INFO] [stderr]    Compiling doc-comment v0.3.3
[INFO] [stderr]    Compiling lazy_static v1.4.0
[INFO] [stderr]    Compiling walkdir v2.3.2
[INFO] [stderr]    Compiling predicates-core v1.0.5
[INFO] [stderr]    Compiling block-buffer v0.9.0
[INFO] [stderr]    Compiling digest v0.9.0
[INFO] [stderr]    Compiling num-traits v0.2.15
[INFO] [stderr]    Compiling filetime v0.2.20
[INFO] [stderr]    Compiling normalize-line-endings v0.3.0
[INFO] [stderr]    Compiling opaque-debug v0.3.0
[INFO] [stderr]    Compiling termtree v0.4.0
[INFO] [stderr]    Compiling bit-vec v0.6.3
[INFO] [stderr]    Compiling fastrand v1.9.0
[INFO] [stderr]    Compiling globset v0.4.10
[INFO] [stderr]    Compiling difflib v0.4.0
[INFO] [stderr]    Compiling crc-catalog v2.2.0
[INFO] [stderr]    Compiling predicates-tree v1.0.7
[INFO] [stderr]    Compiling crc v3.0.1
[INFO] [stderr]    Compiling bit-set v0.5.3
[INFO] [stderr]    Compiling filetime_creation v0.1.4
[INFO] [stderr]    Compiling sha2 v0.9.9
[INFO] [stderr]    Compiling lzma-rust v0.1.1
[INFO] [stderr]    Compiling dir-diff v0.3.2
[INFO] [stderr]    Compiling ignore v0.4.20
[INFO] [stderr]    Compiling float-cmp v0.9.0
[INFO] [stderr]    Compiling predicates v2.1.5
[INFO] [stderr]    Compiling globwalk v0.8.1
[INFO] [stderr]    Compiling sevenz-rust v0.2.8
[INFO] [stderr]    Compiling is-terminal v0.4.2
[INFO] [stderr]    Compiling tempfile v3.4.0
[INFO] [stderr]    Compiling clap v4.1.0
[INFO] [stderr]    Compiling assert_fs v1.0.10
[INFO] [stderr]    Compiling wyag v0.1.0 (/opt/rustwide/workdir)
[INFO] [stdout] error: linking with `cc` failed: exit status: 1
[INFO] [stdout]   |
[INFO] [stdout]   = note: LC_ALL="C" PATH="/opt/rustwide/rustup-home/toolchains/1.75.0-x86_64-unknown-linux-gnu/lib/rustlib/x86_64-unknown-linux-gnu/bin:/opt/rustwide/cargo-home/bin:/usr/local/sbin:/usr/local/bin:/usr/sbin:/usr/bin:/sbin:/bin" VSLANG="1033" "cc" "-m64" "/tmp/rustcnCpJVF/symbols.o" "/opt/rustwide/target/debug/deps/cmd_branch-d530bcc4ffd4be0a.cmd_branch.4a499aac4b96c95f-cgu.00.rcgu.o" "/opt/rustwide/target/debug/deps/cmd_branch-d530bcc4ffd4be0a.cmd_branch.4a499aac4b96c95f-cgu.01.rcgu.o" "/opt/rustwide/target/debug/deps/cmd_branch-d530bcc4ffd4be0a.cmd_branch.4a499aac4b96c95f-cgu.02.rcgu.o" "/opt/rustwide/target/debug/deps/cmd_branch-d530bcc4ffd4be0a.cmd_branch.4a499aac4b96c95f-cgu.03.rcgu.o" "/opt/rustwide/target/debug/deps/cmd_branch-d530bcc4ffd4be0a.cmd_branch.4a499aac4b96c95f-cgu.04.rcgu.o" "/opt/rustwide/target/debug/deps/cmd_branch-d530bcc4ffd4be0a.cmd_branch.4a499aac4b96c95f-cgu.05.rcgu.o" "/opt/rustwide/target/debug/deps/cmd_branch-d530bcc4ffd4be0a.cmd_branch.4a499aac4b96c95f-cgu.06.rcgu.o" "/opt/rustwide/target/debug/deps/cmd_branch-d530bcc4ffd4be0a.cmd_branch.4a499aac4b96c95f-cgu.07.rcgu.o" "/opt/rustwide/target/debug/deps/cmd_branch-d530bcc4ffd4be0a.cmd_branch.4a499aac4b96c95f-cgu.08.rcgu.o" "/opt/rustwide/target/debug/deps/cmd_branch-d530bcc4ffd4be0a.cmd_branch.4a499aac4b96c95f-cgu.09.rcgu.o" "/opt/rustwide/target/debug/deps/cmd_branch-d530bcc4ffd4be0a.2wxja3x873bnlpnl.rcgu.o" "-Wl,--as-needed" "-L" "/opt/rustwide/target/debug/deps" "-L" "/opt/rustwide/rustup-home/toolchains/1.75.0-x86_64-unknown-linux-gnu/lib/rustlib/x86_64-unknown-linux-gnu/lib" "-Wl,-Bstatic" "/opt/rustwide/target/debug/deps/libsevenz_rust-40abdd254766680a.rlib" "/opt/rustwide/target/debug/deps/liblzma_rust-91cc96ea66e69e4f.rlib" "/opt/rustwide/target/debug/deps/libcrc-0a59b08325da770b.rlib" "/opt/rustwide/target/debug/deps/libcrc_catalog-d71bd90cb14bb1e5.rlib" "/opt/rustwide/target/debug/deps/libbit_set-1c30cf26081adff1.rlib" "/opt/rustwide/target/debug/deps/libbit_vec-f0ba0f35100062e1.rlib" "/opt/rustwide/target/debug/deps/libfiletime_creation-881247c579b4d01a.rlib" "/opt/rustwide/target/debug/deps/libfiletime-3224a88ddeaa7d01.rlib" "/opt/rustwide/target/debug/deps/libdir_diff-db7d7f6540b2a226.rlib" "/opt/rustwide/rustup-home/toolchains/1.75.0-x86_64-unknown-linux-gnu/lib/rustlib/x86_64-unknown-linux-gnu/lib/libtest-3df1bed8075ce1de.rlib" "/opt/rustwide/rustup-home/toolchains/1.75.0-x86_64-unknown-linux-gnu/lib/rustlib/x86_64-unknown-linux-gnu/lib/libgetopts-2076fd86b325cb5d.rlib" "/opt/rustwide/rustup-home/toolchains/1.75.0-x86_64-unknown-linux-gnu/lib/rustlib/x86_64-unknown-linux-gnu/lib/libunicode_width-caa7152ee70c190f.rlib" "/opt/rustwide/rustup-home/toolchains/1.75.0-x86_64-unknown-linux-gnu/lib/rustlib/x86_64-unknown-linux-gnu/lib/librustc_std_workspace_std-04e6425e07f02a3c.rlib" "/opt/rustwide/target/debug/deps/libwyag-d2b592b32b7fd121.rlib" "/opt/rustwide/target/debug/deps/libbase16ct-7283f8c1c062b09a.rlib" "/opt/rustwide/target/debug/deps/libpath_absolutize-99d4c7f3b11df924.rlib" "/opt/rustwide/target/debug/deps/libpath_dedot-ffb79606398ec9fb.rlib" "/opt/rustwide/target/debug/deps/libini-021999891eb86046.rlib" "/opt/rustwide/target/debug/deps/libordered_multimap-18ba310f1a8ebf66.rlib" "/opt/rustwide/target/debug/deps/libdlv_list-4963936d5719dd97.rlib" "/opt/rustwide/target/debug/deps/libsha1-0ddefaf1d164142e.rlib" "/opt/rustwide/target/debug/deps/libcpufeatures-68ff2c2a83d8484f.rlib" "/opt/rustwide/target/debug/deps/libdigest-d5ba41844bf74bf4.rlib" "/opt/rustwide/target/debug/deps/libblock_buffer-4903853bd75eb765.rlib" "/opt/rustwide/target/debug/deps/libcrypto_common-e036c303a98e509c.rlib" "/opt/rustwide/target/debug/deps/libgeneric_array-b737503772575288.rlib" "/opt/rustwide/target/debug/deps/libtypenum-10066d62666e55cd.rlib" "/opt/rustwide/target/debug/deps/libflate2-9fbf9fb3e2efb589.rlib" "/opt/rustwide/target/debug/deps/liblibz_sys-e638854b2180bc93.rlib" "/opt/rustwide/target/debug/deps/libcrc32fast-664446237529ebff.rlib" "/opt/rustwide/target/debug/deps/libordered_multimap-b87540b7c9592238.rlib" "/opt/rustwide/target/debug/deps/libhashbrown-c3feda212addf5f2.rlib" "/opt/rustwide/target/debug/deps/libahash-fe3f8c2b90064b57.rlib" "/opt/rustwide/target/debug/deps/libgetrandom-be6be10bf0b0b535.rlib" "/opt/rustwide/target/debug/deps/libdlv_list-785591e8640579b0.rlib" "/opt/rustwide/target/debug/deps/libbyteorder-b7588b59c1d17615.rlib" "/opt/rustwide/target/debug/deps/libthiserror-4ae1b0a75c968100.rlib" "/opt/rustwide/target/debug/deps/libclap-f636790c3af363e1.rlib" "/opt/rustwide/target/debug/deps/libstrsim-dec2701ee913c7f9.rlib" "/opt/rustwide/target/debug/deps/libis_terminal-bc8d30f73d6299d6.rlib" "/opt/rustwide/target/debug/deps/libclap_lex-386ec7a7f5ff3012.rlib" "/opt/rustwide/target/debug/deps/libos_str_bytes-2f1fb86699886406.rlib" "/opt/rustwide/target/debug/deps/libtermcolor-8398fdf37ae29334.rlib" "/opt/rustwide/target/debug/deps/libanyhow-26e0dd47ac94b08d.rlib" "/opt/rustwide/target/debug/deps/libassert_fs-9cb41dd52f933c14.rlib" "/opt/rustwide/target/debug/deps/libglobwalk-9de0bf1216daa5f9.rlib" "/opt/rustwide/target/debug/deps/libignore-ee7b7fcefe4b10fd.rlib" "/opt/rustwide/target/debug/deps/liblazy_static-591486ebcb9a7ead.rlib" "/opt/rustwide/target/debug/deps/libwalkdir-6f37c7dff47afc4f.rlib" "/opt/rustwide/target/debug/deps/libsame_file-06a4c01142053b65.rlib" "/opt/rustwide/target/debug/deps/libthread_local-510ed60d63609b71.rlib" "/opt/rustwide/target/debug/deps/libonce_cell-ce8ddf5865730f86.rlib" "/opt/rustwide/target/debug/deps/libglobset-d7ae46bef5c51567.rlib" "/opt/rustwide/target/debug/deps/libfnv-18bf5144d055e772.rlib" "/opt/rustwide/target/debug/deps/liblog-3ad322dff60a4fea.rlib" "/opt/rustwide/target/debug/deps/libbstr-4850895a6fd8035c.rlib" "/opt/rustwide/target/debug/deps/libtempfile-8b345112788cf192.rlib" "/opt/rustwide/target/debug/deps/libfastrand-b53203d729799780.rlib" "/opt/rustwide/target/debug/deps/librustix-9402d3676f118113.rlib" "/opt/rustwide/target/debug/deps/libio_lifetimes-4e51dda4bb970dbe.rlib" "/opt/rustwide/target/debug/deps/liblibc-c96cefc0954ad71b.rlib" "/opt/rustwide/target/debug/deps/libbitflags-b7cee2ca4fb438d0.rlib" "/opt/rustwide/target/debug/deps/liblinux_raw_sys-6c69fc13c9aacd1b.rlib" "/opt/rustwide/target/debug/deps/libcfg_if-61dc7a6799e72b18.rlib" "/opt/rustwide/target/debug/deps/libpredicates_tree-07cfcec014af009d.rlib" "/opt/rustwide/target/debug/deps/libtermtree-f56c1a1c64eabb05.rlib" "/opt/rustwide/target/debug/deps/libpredicates-5cb195b0b7f69257.rlib" "/opt/rustwide/target/debug/deps/libregex-8c926fe50e559bd0.rlib" "/opt/rustwide/target/debug/deps/libaho_corasick-fec14e281eb19588.rlib" "/opt/rustwide/target/debug/deps/libmemchr-4fdcfd9ddfba30cb.rlib" "/opt/rustwide/target/debug/deps/libregex_syntax-d3814c8360f64d09.rlib" "/opt/rustwide/target/debug/deps/libitertools-d953fd49ad09b190.rlib" "/opt/rustwide/target/debug/deps/libeither-df82fb0f30da2b15.rlib" "/opt/rustwide/target/debug/deps/libdifflib-f7095916b3a20efb.rlib" "/opt/rustwide/target/debug/deps/libnormalize_line_endings-7cb08fa43cc16bb3.rlib" "/opt/rustwide/target/debug/deps/libfloat_cmp-44532340db8788a4.rlib" "/opt/rustwide/target/debug/deps/libnum_traits-6de3d77aa3f73440.rlib" "/opt/rustwide/target/debug/deps/libpredicates_core-8f2aa6023610fa8e.rlib" "/opt/rustwide/target/debug/deps/libdoc_comment-1f890cb6ccfe69bb.rlib" "/opt/rustwide/rustup-home/toolchains/1.75.0-x86_64-unknown-linux-gnu/lib/rustlib/x86_64-unknown-linux-gnu/lib/libstd-90f6ddbf82de36ec.rlib" "/opt/rustwide/rustup-home/toolchains/1.75.0-x86_64-unknown-linux-gnu/lib/rustlib/x86_64-unknown-linux-gnu/lib/libpanic_unwind-480c41e9d4e1f677.rlib" "/opt/rustwide/rustup-home/toolchains/1.75.0-x86_64-unknown-linux-gnu/lib/rustlib/x86_64-unknown-linux-gnu/lib/libobject-db744c0ca03eed1d.rlib" "/opt/rustwide/rustup-home/toolchains/1.75.0-x86_64-unknown-linux-gnu/lib/rustlib/x86_64-unknown-linux-gnu/lib/libmemchr-8ba652dc7d4b285a.rlib" "/opt/rustwide/rustup-home/toolchains/1.75.0-x86_64-unknown-linux-gnu/lib/rustlib/x86_64-unknown-linux-gnu/lib/libaddr2line-d5f4520a9ebc0d58.rlib" "/opt/rustwide/rustup-home/toolchains/1.75.0-x86_64-unknown-linux-gnu/lib/rustlib/x86_64-unknown-linux-gnu/lib/libgimli-4ad84de58f0cb463.rlib" "/opt/rustwide/rustup-home/toolchains/1.75.0-x86_64-unknown-linux-gnu/lib/rustlib/x86_64-unknown-linux-gnu/lib/librustc_demangle-0d10aae2e0f38735.rlib" "/opt/rustwide/rustup-home/toolchains/1.75.0-x86_64-unknown-linux-gnu/lib/rustlib/x86_64-unknown-linux-gnu/lib/libstd_detect-0c17cff739e6745b.rlib" "/opt/rustwide/rustup-home/toolchains/1.75.0-x86_64-unknown-linux-gnu/lib/rustlib/x86_64-unknown-linux-gnu/lib/libhashbrown-b29e17139dde1aa8.rlib" "/opt/rustwide/rustup-home/toolchains/1.75.0-x86_64-unknown-linux-gnu/lib/rustlib/x86_64-unknown-linux-gnu/lib/librustc_std_workspace_alloc-1f975299829cc7bd.rlib" "/opt/rustwide/rustup-home/toolchains/1.75.0-x86_64-unknown-linux-gnu/lib/rustlib/x86_64-unknown-linux-gnu/lib/libminiz_oxide-86bae3bc3079f89b.rlib" "/opt/rustwide/rustup-home/toolchains/1.75.0-x86_64-unknown-linux-gnu/lib/rustlib/x86_64-unknown-linux-gnu/lib/libadler-321b82c30dffdf5f.rlib" "/opt/rustwide/rustup-home/toolchains/1.75.0-x86_64-unknown-linux-gnu/lib/rustlib/x86_64-unknown-linux-gnu/lib/libunwind-3dd8a6810a0bdfef.rlib" "/opt/rustwide/rustup-home/toolchains/1.75.0-x86_64-unknown-linux-gnu/lib/rustlib/x86_64-unknown-linux-gnu/lib/libcfg_if-eb39a61c0c879984.rlib" "/opt/rustwide/rustup-home/toolchains/1.75.0-x86_64-unknown-linux-gnu/lib/rustlib/x86_64-unknown-linux-gnu/lib/liblibc-aa769569f91c3548.rlib" "/opt/rustwide/rustup-home/toolchains/1.75.0-x86_64-unknown-linux-gnu/lib/rustlib/x86_64-unknown-linux-gnu/lib/liballoc-510a192a50a983ed.rlib" "/opt/rustwide/rustup-home/toolchains/1.75.0-x86_64-unknown-linux-gnu/lib/rustlib/x86_64-unknown-linux-gnu/lib/librustc_std_workspace_core-0577018320f99037.rlib" "/opt/rustwide/rustup-home/toolchains/1.75.0-x86_64-unknown-linux-gnu/lib/rustlib/x86_64-unknown-linux-gnu/lib/libcore-193cf992125ccd4c.rlib" "/opt/rustwide/rustup-home/toolchains/1.75.0-x86_64-unknown-linux-gnu/lib/rustlib/x86_64-unknown-linux-gnu/lib/libcompiler_builtins-8e138eaf26ebb4a8.rlib" "-Wl,-Bdynamic" "-lz" "-lgcc_s" "-lutil" "-lrt" "-lpthread" "-lm" "-ldl" "-lc" "-Wl,--eh-frame-hdr" "-Wl,-z,noexecstack" "-L" "/opt/rustwide/rustup-home/toolchains/1.75.0-x86_64-unknown-linux-gnu/lib/rustlib/x86_64-unknown-linux-gnu/lib" "-o" "/opt/rustwide/target/debug/deps/cmd_branch-d530bcc4ffd4be0a" "-Wl,--gc-sections" "-pie" "-Wl,-z,relro,-z,now" "-nodefaultlibs"
[INFO] [stdout]   = note: collect2: fatal error: ld terminated with signal 9 [Killed]
[INFO] [stdout]           compilation terminated.
[INFO] [stdout]           
[INFO] [stdout] 
[INFO] [stdout] 
[INFO] [stdout] error: aborting due to previous error
[INFO] [stdout] 
[INFO] [stdout] 
[INFO] [stderr] error: could not compile `wyag` (test "cmd_branch") due to 2 previous errors
[INFO] [stderr] warning: build failed, waiting for other jobs to finish...
[INFO] running `Command { std: "docker" "inspect" "8af00ad392de086cdb0cc8736900c4689e456f5e3288c5e942719e2a2994aada", kill_on_drop: false }`
[INFO] running `Command { std: "docker" "rm" "-f" "8af00ad392de086cdb0cc8736900c4689e456f5e3288c5e942719e2a2994aada", kill_on_drop: false }`
[INFO] [stdout] 8af00ad392de086cdb0cc8736900c4689e456f5e3288c5e942719e2a2994aada
[INFO] testing spindlymist/wyag_in_rust against beta-2023-12-22 for beta-1.76-1
[INFO] running `Command { std: "git" "clone" "/workspace/cache/git-repos/https%3A%2F%2Fgithub.com%2Fspindlymist%2Fwyag_in_rust" "/workspace/builds/worker-2-tc2/source", kill_on_drop: false }`
[INFO] [stderr] Cloning into '/workspace/builds/worker-2-tc2/source'...
[INFO] [stderr] done.
[INFO] validating manifest of git repo https://github.com/spindlymist/wyag_in_rust on toolchain beta-2023-12-22
[INFO] running `Command { std: CARGO_HOME="/workspace/cargo-home" RUSTUP_HOME="/workspace/rustup-home" "/workspace/cargo-home/bin/cargo" "+beta-2023-12-22" "metadata" "--manifest-path" "Cargo.toml" "--no-deps", kill_on_drop: false }`
[INFO] started tweaking git repo https://github.com/spindlymist/wyag_in_rust
[INFO] finished tweaking git repo https://github.com/spindlymist/wyag_in_rust
[INFO] tweaked toml for git repo https://github.com/spindlymist/wyag_in_rust written to /workspace/builds/worker-2-tc2/source/Cargo.toml
[INFO] crate git repo https://github.com/spindlymist/wyag_in_rust already has a lockfile, it will not be regenerated
[INFO] running `Command { std: CARGO_HOME="/workspace/cargo-home" RUSTUP_HOME="/workspace/rustup-home" "/workspace/cargo-home/bin/cargo" "+beta-2023-12-22" "fetch" "--manifest-path" "Cargo.toml", kill_on_drop: false }`
[INFO] running `Command { std: "docker" "create" "-v" "/var/lib/crater-agent-workspace/builds/worker-2-tc2/target:/opt/rustwide/target:rw,Z" "-v" "/var/lib/crater-agent-workspace/builds/worker-2-tc2/source:/opt/rustwide/workdir:ro,Z" "-v" "/var/lib/crater-agent-workspace/cargo-home:/opt/rustwide/cargo-home:ro,Z" "-v" "/var/lib/crater-agent-workspace/rustup-home:/opt/rustwide/rustup-home:ro,Z" "-e" "SOURCE_DIR=/opt/rustwide/workdir" "-e" "CARGO_TARGET_DIR=/opt/rustwide/target" "-e" "CARGO_HOME=/opt/rustwide/cargo-home" "-e" "RUSTUP_HOME=/opt/rustwide/rustup-home" "-w" "/opt/rustwide/workdir" "-m" "1610612736" "--user" "0:0" "--network" "none" "ghcr.io/rust-lang/crates-build-env/linux@sha256:2788e3201cd34a07e3172128adcd8b3090168a8e3bcc40d7c032b9dda1df7d1c" "/opt/rustwide/cargo-home/bin/cargo" "+beta-2023-12-22" "metadata" "--no-deps" "--format-version=1", kill_on_drop: false }`
[INFO] [stdout] fd7d28b89fe3f8bea42573216e005f740107d37e812e6e822ceeb67fd6ce8c46
[INFO] running `Command { std: "docker" "start" "-a" "fd7d28b89fe3f8bea42573216e005f740107d37e812e6e822ceeb67fd6ce8c46", kill_on_drop: false }`
[INFO] running `Command { std: "docker" "inspect" "fd7d28b89fe3f8bea42573216e005f740107d37e812e6e822ceeb67fd6ce8c46", kill_on_drop: false }`
[INFO] running `Command { std: "docker" "rm" "-f" "fd7d28b89fe3f8bea42573216e005f740107d37e812e6e822ceeb67fd6ce8c46", kill_on_drop: false }`
[INFO] [stdout] fd7d28b89fe3f8bea42573216e005f740107d37e812e6e822ceeb67fd6ce8c46
[INFO] running `Command { std: "docker" "create" "-v" "/var/lib/crater-agent-workspace/builds/worker-2-tc2/target:/opt/rustwide/target:rw,Z" "-v" "/var/lib/crater-agent-workspace/builds/worker-2-tc2/source:/opt/rustwide/workdir:ro,Z" "-v" "/var/lib/crater-agent-workspace/cargo-home:/opt/rustwide/cargo-home:ro,Z" "-v" "/var/lib/crater-agent-workspace/rustup-home:/opt/rustwide/rustup-home:ro,Z" "-e" "SOURCE_DIR=/opt/rustwide/workdir" "-e" "CARGO_TARGET_DIR=/opt/rustwide/target" "-e" "CARGO_INCREMENTAL=0" "-e" "RUST_BACKTRACE=full" "-e" "RUSTFLAGS=--cap-lints=warn" "-e" "RUSTDOCFLAGS=--cap-lints=warn" "-e" "CARGO_HOME=/opt/rustwide/cargo-home" "-e" "RUSTUP_HOME=/opt/rustwide/rustup-home" "-w" "/opt/rustwide/workdir" "-m" "1610612736" "--user" "0:0" "--network" "none" "ghcr.io/rust-lang/crates-build-env/linux@sha256:2788e3201cd34a07e3172128adcd8b3090168a8e3bcc40d7c032b9dda1df7d1c" "/opt/rustwide/cargo-home/bin/cargo" "+beta-2023-12-22" "build" "--frozen" "--message-format=json", kill_on_drop: false }`
[INFO] [stdout] 2c0fec6f7eeff5176bde411b560f15538f3ab58ac03832f59f5d6cf7ece05794
[INFO] running `Command { std: "docker" "start" "-a" "2c0fec6f7eeff5176bde411b560f15538f3ab58ac03832f59f5d6cf7ece05794", kill_on_drop: false }`
[INFO] [stderr]    Compiling version_check v0.9.4
[INFO] [stderr]    Compiling libc v0.2.139
[INFO] [stderr]    Compiling proc-macro2 v1.0.49
[INFO] [stderr]    Compiling unicode-ident v1.0.6
[INFO] [stderr]    Compiling cfg-if v1.0.0
[INFO] [stderr]    Compiling quote v1.0.23
[INFO] [stderr]    Compiling once_cell v1.17.0
[INFO] [stderr]    Compiling syn v1.0.107
[INFO] [stderr]    Compiling typenum v1.16.0
[INFO] [stderr]    Compiling io-lifetimes v1.0.4
[INFO] [stderr]    Compiling rustix v0.36.6
[INFO] [stderr]    Compiling cc v1.0.78
[INFO] [stderr]    Compiling ahash v0.7.6
[INFO] [stderr]    Compiling generic-array v0.14.6
[INFO] [stderr]    Compiling proc-macro-error-attr v1.0.4
[INFO] [stderr]    Compiling proc-macro-error v1.0.4
[INFO] [stderr]    Compiling memchr v2.5.0
[INFO] [stderr]    Compiling pkg-config v0.3.26
[INFO] [stderr]    Compiling crc32fast v1.3.2
[INFO] [stderr]    Compiling linux-raw-sys v0.1.4
[INFO] [stderr]    Compiling bitflags v1.3.2
[INFO] [stderr]    Compiling adler v1.0.2
[INFO] [stderr]    Compiling heck v0.4.0
[INFO] [stderr]    Compiling thiserror v1.0.39
[INFO] [stderr]    Compiling libz-sys v1.1.8
[INFO] [stderr]    Compiling getrandom v0.2.8
[INFO] [stderr]    Compiling os_str_bytes v6.4.1
[INFO] [stderr]    Compiling dlv-list v0.3.0
[INFO] [stderr]    Compiling anyhow v1.0.69
[INFO] [stderr]    Compiling hashbrown v0.12.3
[INFO] [stderr]    Compiling clap_lex v0.3.1
[INFO] [stderr]    Compiling aho-corasick v0.7.20
[INFO] [stderr]    Compiling miniz_oxide v0.6.2
[INFO] [stderr]    Compiling block-buffer v0.10.3
[INFO] [stderr]    Compiling crypto-common v0.1.6
[INFO] [stderr]    Compiling path-dedot v3.0.18
[INFO] [stderr]    Compiling termcolor v1.1.3
[INFO] [stderr]    Compiling digest v0.10.6
[INFO] [stderr]    Compiling either v1.8.0
[INFO] [stderr]    Compiling cpufeatures v0.2.5
[INFO] [stderr]    Compiling strsim v0.10.0
[INFO] [stderr]    Compiling ordered-multimap v0.4.3
[INFO] [stderr]    Compiling regex-syntax v0.6.28
[INFO] [stderr]    Compiling dlv-list v0.4.0
[INFO] [stderr]    Compiling rust-ini v0.18.0
[INFO] [stderr]    Compiling ordered-multimap v0.5.0
[INFO] [stderr]    Compiling itertools v0.10.5
[INFO] [stderr]    Compiling flate2 v1.0.25
[INFO] [stderr]    Compiling is-terminal v0.4.2
[INFO] [stderr]    Compiling sha1 v0.10.5
[INFO] [stderr]    Compiling path-absolutize v3.0.14
[INFO] [stderr]    Compiling byteorder v1.4.3
[INFO] [stderr]    Compiling base16ct v0.1.1
[INFO] [stderr]    Compiling thiserror-impl v1.0.39
[INFO] [stderr]    Compiling clap_derive v4.1.0
[INFO] [stderr]    Compiling regex v1.7.1
[INFO] [stderr]    Compiling clap v4.1.0
[INFO] [stderr]    Compiling wyag v0.1.0 (/opt/rustwide/workdir)
[INFO] [stderr]     Finished dev [unoptimized + debuginfo] target(s) in 42.83s
[INFO] running `Command { std: "docker" "inspect" "2c0fec6f7eeff5176bde411b560f15538f3ab58ac03832f59f5d6cf7ece05794", kill_on_drop: false }`
[INFO] running `Command { std: "docker" "rm" "-f" "2c0fec6f7eeff5176bde411b560f15538f3ab58ac03832f59f5d6cf7ece05794", kill_on_drop: false }`
[INFO] [stdout] 2c0fec6f7eeff5176bde411b560f15538f3ab58ac03832f59f5d6cf7ece05794
[INFO] running `Command { std: "docker" "create" "-v" "/var/lib/crater-agent-workspace/builds/worker-2-tc2/target:/opt/rustwide/target:rw,Z" "-v" "/var/lib/crater-agent-workspace/builds/worker-2-tc2/source:/opt/rustwide/workdir:ro,Z" "-v" "/var/lib/crater-agent-workspace/cargo-home:/opt/rustwide/cargo-home:ro,Z" "-v" "/var/lib/crater-agent-workspace/rustup-home:/opt/rustwide/rustup-home:ro,Z" "-e" "SOURCE_DIR=/opt/rustwide/workdir" "-e" "CARGO_TARGET_DIR=/opt/rustwide/target" "-e" "CARGO_INCREMENTAL=0" "-e" "RUST_BACKTRACE=full" "-e" "RUSTFLAGS=--cap-lints=warn" "-e" "RUSTDOCFLAGS=--cap-lints=warn" "-e" "CARGO_HOME=/opt/rustwide/cargo-home" "-e" "RUSTUP_HOME=/opt/rustwide/rustup-home" "-w" "/opt/rustwide/workdir" "-m" "1610612736" "--user" "0:0" "--network" "none" "ghcr.io/rust-lang/crates-build-env/linux@sha256:2788e3201cd34a07e3172128adcd8b3090168a8e3bcc40d7c032b9dda1df7d1c" "/opt/rustwide/cargo-home/bin/cargo" "+beta-2023-12-22" "test" "--frozen" "--no-run" "--message-format=json", kill_on_drop: false }`
[INFO] [stdout] 2ecb2d023b68c060394d23d6059e6880bd80d290f15888dc3f5bb33fadf7df64
[INFO] running `Command { std: "docker" "start" "-a" "2ecb2d023b68c060394d23d6059e6880bd80d290f15888dc3f5bb33fadf7df64", kill_on_drop: false }`
[INFO] [stderr]    Compiling rustix v0.36.6
[INFO] [stderr]    Compiling autocfg v1.1.0
[INFO] [stderr]    Compiling log v0.4.17
[INFO] [stderr]    Compiling same-file v1.0.6
[INFO] [stderr]    Compiling bstr v1.3.0
[INFO] [stderr]    Compiling fnv v1.0.7
[INFO] [stderr]    Compiling thread_local v1.1.7
[INFO] [stderr]    Compiling lazy_static v1.4.0
[INFO] [stderr]    Compiling walkdir v2.3.2
[INFO] [stderr]    Compiling predicates-core v1.0.5
[INFO] [stderr]    Compiling doc-comment v0.3.3
[INFO] [stderr]    Compiling digest v0.9.0
[INFO] [stderr]    Compiling block-buffer v0.9.0
[INFO] [stderr]    Compiling filetime v0.2.20
[INFO] [stderr]    Compiling num-traits v0.2.15
[INFO] [stderr]    Compiling opaque-debug v0.3.0
[INFO] [stderr]    Compiling termtree v0.4.0
[INFO] [stderr]    Compiling difflib v0.4.0
[INFO] [stderr]    Compiling crc-catalog v2.2.0
[INFO] [stderr]    Compiling bit-vec v0.6.3
[INFO] [stderr]    Compiling normalize-line-endings v0.3.0
[INFO] [stderr]    Compiling globset v0.4.10
[INFO] [stderr]    Compiling fastrand v1.9.0
[INFO] [stderr]    Compiling crc v3.0.1
[INFO] [stderr]    Compiling predicates-tree v1.0.7
[INFO] [stderr]    Compiling bit-set v0.5.3
[INFO] [stderr]    Compiling filetime_creation v0.1.4
[INFO] [stderr]    Compiling sha2 v0.9.9
[INFO] [stderr]    Compiling lzma-rust v0.1.1
[INFO] [stderr]    Compiling dir-diff v0.3.2
[INFO] [stderr]    Compiling ignore v0.4.20
[INFO] [stderr]    Compiling float-cmp v0.9.0
[INFO] [stderr]    Compiling predicates v2.1.5
[INFO] [stderr]    Compiling globwalk v0.8.1
[INFO] [stderr]    Compiling sevenz-rust v0.2.8
[INFO] [stderr]    Compiling is-terminal v0.4.2
[INFO] [stderr]    Compiling clap v4.1.0
[INFO] [stderr]    Compiling tempfile v3.4.0
[INFO] [stderr]    Compiling assert_fs v1.0.10
[INFO] [stderr]    Compiling wyag v0.1.0 (/opt/rustwide/workdir)
[INFO] [stderr]     Finished test [unoptimized + debuginfo] target(s) in 35.57s
[INFO] running `Command { std: "docker" "inspect" "2ecb2d023b68c060394d23d6059e6880bd80d290f15888dc3f5bb33fadf7df64", kill_on_drop: false }`
[INFO] running `Command { std: "docker" "rm" "-f" "2ecb2d023b68c060394d23d6059e6880bd80d290f15888dc3f5bb33fadf7df64", kill_on_drop: false }`
[INFO] [stdout] 2ecb2d023b68c060394d23d6059e6880bd80d290f15888dc3f5bb33fadf7df64
[INFO] running `Command { std: "docker" "create" "-v" "/var/lib/crater-agent-workspace/builds/worker-2-tc2/target:/opt/rustwide/target:rw,Z" "-v" "/var/lib/crater-agent-workspace/builds/worker-2-tc2/source:/opt/rustwide/workdir:ro,Z" "-v" "/var/lib/crater-agent-workspace/cargo-home:/opt/rustwide/cargo-home:ro,Z" "-v" "/var/lib/crater-agent-workspace/rustup-home:/opt/rustwide/rustup-home:ro,Z" "-e" "SOURCE_DIR=/opt/rustwide/workdir" "-e" "CARGO_TARGET_DIR=/opt/rustwide/target" "-e" "CARGO_INCREMENTAL=0" "-e" "RUST_BACKTRACE=full" "-e" "RUSTFLAGS=--cap-lints=warn" "-e" "RUSTDOCFLAGS=--cap-lints=warn" "-e" "CARGO_HOME=/opt/rustwide/cargo-home" "-e" "RUSTUP_HOME=/opt/rustwide/rustup-home" "-w" "/opt/rustwide/workdir" "-m" "1610612736" "--user" "0:0" "--network" "none" "ghcr.io/rust-lang/crates-build-env/linux@sha256:2788e3201cd34a07e3172128adcd8b3090168a8e3bcc40d7c032b9dda1df7d1c" "/opt/rustwide/cargo-home/bin/cargo" "+beta-2023-12-22" "test" "--frozen", kill_on_drop: false }`
[INFO] [stdout] 141e2dba0aba750778f8add0cade2ce6194521dc297a6e508ce25053064c78d8
[INFO] running `Command { std: "docker" "start" "-a" "141e2dba0aba750778f8add0cade2ce6194521dc297a6e508ce25053064c78d8", kill_on_drop: false }`
[INFO] [stderr]     Finished test [unoptimized + debuginfo] target(s) in 0.17s
[INFO] [stderr]      Running unittests src/lib.rs (/opt/rustwide/target/debug/deps/wyag-790909b973d7d581)
[INFO] [stdout] 
[INFO] [stdout] running 53 tests
[INFO] [stdout] test index::tests::entries_in_extant_dir ... ok
[INFO] [stdout] test index::flags::tests::name_len_is_limited_to_0xfff ... ok
[INFO] [stdout] test index::tests::entries_in_nonexistent_dir ... ok
[INFO] [stdout] test index::tests::pad_multiple_of_8_no_null ... ok
[INFO] [stdout] test index::flags::tests::name_len_is_correct_under_0xfff ... ok
[INFO] [stdout] test index::tests::pad_no_null ... ok
[INFO] [stdout] test kvlm::tests::parse_multi_values ... ok
[INFO] [stdout] test index::tests::pad_multiple_of_8_with_null ... ok
[INFO] [stdout] test index::tests::pad_with_null ... ok
[INFO] [stdout] test kvlm::tests::parse_rejects_missing_key ... ok
[INFO] [stdout] test kvlm::tests::parse_rejects_missing_message ... ok
[INFO] [stdout] test object::commit::tests::extracts_parent_hashes ... ok
[INFO] [stdout] test object::commit::tests::rejects_invalid_tree_hash ... ok
[INFO] [stdout] test object::commit::tests::rejects_missing_tree ... ok
[INFO] [stdout] test object::commit::tests::rejects_invalid_parent_hash ... ok
[INFO] [stdout] test object::commit::tests::extracts_tree_hash ... ok
[INFO] [stdout] test kvlm::tests::serialize_single_values ... ok
[INFO] [stdout] test kvlm::tests::parse_single_values ... ok
[INFO] [stdout] test kvlm::tests::serialize_multi_values ... ok
[INFO] [stdout] test object::hash::tests::string_to_bytes ... ok
[INFO] [stdout] test object::hash::tests::to_path ... ok
[INFO] [stdout] test workdir::tests::canonicalize_rejects_abs_path_outside_workdir ... ok
[INFO] [stdout] test object::hash::tests::bytes_to_string ... ok
[INFO] [stdout] test object::hash::tests::rejects_nonhex_string ... ok
[INFO] [stdout] test object::hash::tests::rejects_long_string ... ok
[INFO] [stdout] test object::hash::tests::rejects_short_bytes ... ok
[INFO] [stdout] test workdir::tests::canonicalize_rejects_rel_path_outside_workdir ... ok
[INFO] [stdout] test object::hash::tests::rejects_long_bytes ... ok
[INFO] [stdout] test workdir::workpath::tests::file_name_of_empty_path ... ok
[INFO] [stdout] test workdir::tests::canonicalize_rel_path ... ok
[INFO] [stdout] test workdir::workpath::tests::file_name_of_single_component_path ... ok
[INFO] [stdout] test object::hash::tests::rejects_short_string ... ok
[INFO] [stdout] test workdir::workpath::tests::absolute_paths_are_rejected ... ok
[INFO] [stdout] test workdir::workpath::tests::parent_of_empty_path ... ok
[INFO] [stdout] test workdir::workpath::tests::parent_of_multi_component_path ... ok
[INFO] [stdout] test workdir::workpath::tests::forbidden_components_are_rejected ... ok
[INFO] [stdout] test workdir::workpath::tests::file_name_of_multi_component_path ... ok
[INFO] [stdout] test workdir::workpath::tests::parent_of_single_component_path ... ok
[INFO] [stdout] test workdir::workpath::tests::partition_empty_path ... ok
[INFO] [stdout] test workdir::workpath::tests::partition_multi_component_path ... ok
[INFO] [stdout] test workdir::workpath::tests::partition_single_component_path ... ok
[INFO] [stdout] test workdir::workpath::tests::push_to_nonempty_path ... ok
[INFO] [stdout] test workdir::workpath::tests::slashes_are_normalized ... ok
[INFO] [stdout] test workdir::workpath::tests::pop_from_multi_component_path ... ok
[INFO] [stdout] test workdir::workpath::tests::pop_from_single_component_path ... ok
[INFO] [stdout] test workdir::workpath::tests::push_to_empty_path ... ok
[INFO] [stdout] test workdir::workpath::tests::strip_prefix_not_present ... ok
[INFO] [stdout] test workdir::workpath::tests::strip_suffix_not_present ... ok
[INFO] [stdout] test workdir::workpath::tests::pop_from_empty_path ... ok
[INFO] [stdout] test workdir::workpath::tests::strip_prefix_present ... ok
[INFO] [stdout] test workdir::workpath::tests::strip_suffix_present ... ok
[INFO] [stdout] test workdir::tests::git_path ... FAILED
[INFO] [stderr] error: test failed, to rerun pass `--lib`
[INFO] [stdout] test workdir::tests::canonicalize_abs_path ... FAILED
[INFO] [stdout] 
[INFO] [stdout] failures:
[INFO] [stdout] 
[INFO] [stdout] ---- workdir::tests::git_path stdout ----
[INFO] [stdout] thread 'workdir::tests::git_path' panicked at src/workdir.rs:214:9:
[INFO] [stdout] assertion `left == right` failed
[INFO] [stdout]   left: [RootDir, Normal("opt"), Normal("rustwide"), Normal("workdir"), Normal("C:\\my_work_dir"), Normal(".git"), Normal("refs"), Normal("heads"), Normal("main")]
[INFO] [stdout]  right: [Normal("C:"), Normal("my_work_dir"), Normal(".git"), Normal("refs"), Normal("heads"), Normal("main")]
[INFO] [stdout] stack backtrace:
[INFO] [stdout]    0:     0x55bb29c65f86 - std::backtrace_rs::backtrace::libunwind::trace::h261606ad26a499c1
[INFO] [stdout]                                at /rustc/0e09125c6c3c2fd70d7de961bcf0e51575235fad/library/std/src/../../backtrace/src/backtrace/libunwind.rs:104:5
[INFO] [stdout]    1:     0x55bb29c65f86 - std::backtrace_rs::backtrace::trace_unsynchronized::hd183f0625477fb28
[INFO] [stdout]                                at /rustc/0e09125c6c3c2fd70d7de961bcf0e51575235fad/library/std/src/../../backtrace/src/backtrace/mod.rs:66:5
[INFO] [stdout]    2:     0x55bb29c65f86 - std::sys_common::backtrace::_print_fmt::hd7f8fef21b4eda67
[INFO] [stdout]                                at /rustc/0e09125c6c3c2fd70d7de961bcf0e51575235fad/library/std/src/sys_common/backtrace.rs:68:5
[INFO] [stdout]    3:     0x55bb29c65f86 - <std::sys_common::backtrace::_print::DisplayBacktrace as core::fmt::Display>::fmt::h623d9b51f2f453f1
[INFO] [stdout]                                at /rustc/0e09125c6c3c2fd70d7de961bcf0e51575235fad/library/std/src/sys_common/backtrace.rs:44:22
[INFO] [stdout]    4:     0x55bb29c8eee0 - core::fmt::rt::Argument::fmt::h9f417ac76a86f368
[INFO] [stdout]                                at /rustc/0e09125c6c3c2fd70d7de961bcf0e51575235fad/library/core/src/fmt/rt.rs:142:9
[INFO] [stdout]    5:     0x55bb29c8eee0 - core::fmt::write::hc9b6faf4ac2aeff7
[INFO] [stdout]                                at /rustc/0e09125c6c3c2fd70d7de961bcf0e51575235fad/library/core/src/fmt/mod.rs:1120:17
[INFO] [stdout]    6:     0x55bb29c6379f - std::io::Write::write_fmt::he04625a3a989fec3
[INFO] [stdout]                                at /rustc/0e09125c6c3c2fd70d7de961bcf0e51575235fad/library/std/src/io/mod.rs:1810:15
[INFO] [stdout]    7:     0x55bb29c65d64 - std::sys_common::backtrace::_print::hd5d66399c7df88a2
[INFO] [stdout]                                at /rustc/0e09125c6c3c2fd70d7de961bcf0e51575235fad/library/std/src/sys_common/backtrace.rs:47:5
[INFO] [stdout]    8:     0x55bb29c65d64 - std::sys_common::backtrace::print::he81ed2da642d37e5
[INFO] [stdout]                                at /rustc/0e09125c6c3c2fd70d7de961bcf0e51575235fad/library/std/src/sys_common/backtrace.rs:34:9
[INFO] [stdout]    9:     0x55bb29c67ad7 - std::panicking::default_hook::{{closure}}::h85773f4fa117163d
[INFO] [stdout]   10:     0x55bb29c677bd - std::panicking::default_hook::h6a1694a91d09b278
[INFO] [stdout]                                at /rustc/0e09125c6c3c2fd70d7de961bcf0e51575235fad/library/std/src/panicking.rs:289:9
[INFO] [stdout]   11:     0x55bb29c01467 - <alloc::boxed::Box<F,A> as core::ops::function::Fn<Args>>::call::h616ac37fa3cd6c8f
[INFO] [stdout]                                at /rustc/0e09125c6c3c2fd70d7de961bcf0e51575235fad/library/alloc/src/boxed.rs:2029:9
[INFO] [stdout]   12:     0x55bb29c01467 - test::test_main::{{closure}}::h00d84697cefdcbb6
[INFO] [stdout]                                at /rustc/0e09125c6c3c2fd70d7de961bcf0e51575235fad/library/test/src/lib.rs:138:21
[INFO] [stdout]   13:     0x55bb29c680f6 - <alloc::boxed::Box<F,A> as core::ops::function::Fn<Args>>::call::hcb3fe3b9bb537ba8
[INFO] [stdout]                                at /rustc/0e09125c6c3c2fd70d7de961bcf0e51575235fad/library/alloc/src/boxed.rs:2029:9
[INFO] [stdout]   14:     0x55bb29c680f6 - std::panicking::rust_panic_with_hook::h0a7ad96e90f7145b
[INFO] [stdout]                                at /rustc/0e09125c6c3c2fd70d7de961bcf0e51575235fad/library/std/src/panicking.rs:783:13
[INFO] [stdout]   15:     0x55bb29c67e42 - std::panicking::begin_panic_handler::{{closure}}::h7919090525c6485e
[INFO] [stdout]                                at /rustc/0e09125c6c3c2fd70d7de961bcf0e51575235fad/library/std/src/panicking.rs:657:13
[INFO] [stdout]   16:     0x55bb29c66486 - std::sys_common::backtrace::__rust_end_short_backtrace::hf3289479464f7dfe
[INFO] [stdout]                                at /rustc/0e09125c6c3c2fd70d7de961bcf0e51575235fad/library/std/src/sys_common/backtrace.rs:171:18
[INFO] [stdout]   17:     0x55bb29c67ba0 - rust_begin_unwind
[INFO] [stdout]                                at /rustc/0e09125c6c3c2fd70d7de961bcf0e51575235fad/library/std/src/panicking.rs:645:5
[INFO] [stdout]   18:     0x55bb29b80cd5 - core::panicking::panic_fmt::hcc9f77c5c132af55
[INFO] [stdout]                                at /rustc/0e09125c6c3c2fd70d7de961bcf0e51575235fad/library/core/src/panicking.rs:72:14
[INFO] [stdout]   19:     0x55bb29b8110b - core::panicking::assert_failed_inner::h9f13e27dd63c3a08
[INFO] [stdout]                                at /rustc/0e09125c6c3c2fd70d7de961bcf0e51575235fad/library/core/src/panicking.rs:342:17
[INFO] [stdout]   20:     0x55bb29b9715e - core::panicking::assert_failed::h1c2c70629d8f3ea9
[INFO] [stdout]                                at /rustc/0e09125c6c3c2fd70d7de961bcf0e51575235fad/library/core/src/panicking.rs:297:5
[INFO] [stdout]   21:     0x55bb29ba61f7 - wyag::workdir::tests::git_path::h923bb0fa78a4f757
[INFO] [stdout]                                at /opt/rustwide/workdir/src/workdir.rs:214:9
[INFO] [stdout]   22:     0x55bb29ba5fa7 - wyag::workdir::tests::git_path::{{closure}}::hb6489ddf05fb029a
[INFO] [stdout]                                at /opt/rustwide/workdir/src/workdir.rs:205:18
[INFO] [stdout]   23:     0x55bb29bb74a6 - core::ops::function::FnOnce::call_once::hd60f4055c4717862
[INFO] [stdout]                                at /rustc/0e09125c6c3c2fd70d7de961bcf0e51575235fad/library/core/src/ops/function.rs:250:5
[INFO] [stdout]   24:     0x55bb29c06d3f - core::ops::function::FnOnce::call_once::hd64d26f405258157
[INFO] [stdout]                                at /rustc/0e09125c6c3c2fd70d7de961bcf0e51575235fad/library/core/src/ops/function.rs:250:5
[INFO] [stdout]   25:     0x55bb29c06d3f - test::__rust_begin_short_backtrace::he21b0b7a6d731bf9
[INFO] [stdout]                                at /rustc/0e09125c6c3c2fd70d7de961bcf0e51575235fad/library/test/src/lib.rs:627:18
[INFO] [stdout]   26:     0x55bb29c05ac1 - test::run_test_in_process::{{closure}}::hf5c73986d7bdfde2
[INFO] [stdout]                                at /rustc/0e09125c6c3c2fd70d7de961bcf0e51575235fad/library/test/src/lib.rs:650:60
[INFO] [stdout]   27:     0x55bb29c05ac1 - <core::panic::unwind_safe::AssertUnwindSafe<F> as core::ops::function::FnOnce<()>>::call_once::h330011ad032aadc0
[INFO] [stdout]                                at /rustc/0e09125c6c3c2fd70d7de961bcf0e51575235fad/library/core/src/panic/unwind_safe.rs:272:9
[INFO] [stdout]   28:     0x55bb29c05ac1 - std::panicking::try::do_call::he61b0a958b795a41
[INFO] [stdout]                                at /rustc/0e09125c6c3c2fd70d7de961bcf0e51575235fad/library/std/src/panicking.rs:552:40
[INFO] [stdout]   29:     0x55bb29c05ac1 - std::panicking::try::h7309da130f906eb7
[INFO] [stdout]                                at /rustc/0e09125c6c3c2fd70d7de961bcf0e51575235fad/library/std/src/panicking.rs:516:19
[INFO] [stdout]   30:     0x55bb29c05ac1 - std::panic::catch_unwind::hc5c3a06fdaf0a92a
[INFO] [stdout]                                at /rustc/0e09125c6c3c2fd70d7de961bcf0e51575235fad/library/std/src/panic.rs:142:14
[INFO] [stdout]   31:     0x55bb29c05ac1 - test::run_test_in_process::h7e7b7c71c3324e0f
[INFO] [stdout]                                at /rustc/0e09125c6c3c2fd70d7de961bcf0e51575235fad/library/test/src/lib.rs:650:27
[INFO] [stdout]   32:     0x55bb29c05ac1 - test::run_test::{{closure}}::h1f509f28f5cf20b1
[INFO] [stdout]                                at /rustc/0e09125c6c3c2fd70d7de961bcf0e51575235fad/library/test/src/lib.rs:573:43
[INFO] [stdout]   33:     0x55bb29bccdf6 - test::run_test::{{closure}}::h1754218abf443f6d
[INFO] [stdout]                                at /rustc/0e09125c6c3c2fd70d7de961bcf0e51575235fad/library/test/src/lib.rs:601:41
[INFO] [stdout]   34:     0x55bb29bccdf6 - std::sys_common::backtrace::__rust_begin_short_backtrace::h2ee174b9d5954948
[INFO] [stdout]                                at /rustc/0e09125c6c3c2fd70d7de961bcf0e51575235fad/library/std/src/sys_common/backtrace.rs:155:18
[INFO] [stdout]   35:     0x55bb29bd1e57 - std::thread::Builder::spawn_unchecked_::{{closure}}::{{closure}}::hf60bee9c1a17ef09
[INFO] [stdout]                                at /rustc/0e09125c6c3c2fd70d7de961bcf0e51575235fad/library/std/src/thread/mod.rs:529:17
[INFO] [stdout]   36:     0x55bb29bd1e57 - <core::panic::unwind_safe::AssertUnwindSafe<F> as core::ops::function::FnOnce<()>>::call_once::h33d0dddec5216160
[INFO] [stdout]                                at /rustc/0e09125c6c3c2fd70d7de961bcf0e51575235fad/library/core/src/panic/unwind_safe.rs:272:9
[INFO] [stdout]   37:     0x55bb29bd1e57 - std::panicking::try::do_call::h144b3048b546f835
[INFO] [stdout]                                at /rustc/0e09125c6c3c2fd70d7de961bcf0e51575235fad/library/std/src/panicking.rs:552:40
[INFO] [stdout]   38:     0x55bb29bd1e57 - std::panicking::try::h978244d04646189f
[INFO] [stdout]                                at /rustc/0e09125c6c3c2fd70d7de961bcf0e51575235fad/library/std/src/panicking.rs:516:19
[INFO] [stdout]   39:     0x55bb29bd1e57 - std::panic::catch_unwind::hdf436369d188fe86
[INFO] [stdout]                                at /rustc/0e09125c6c3c2fd70d7de961bcf0e51575235fad/library/std/src/panic.rs:142:14
[INFO] [stdout]   40:     0x55bb29bd1e57 - std::thread::Builder::spawn_unchecked_::{{closure}}::h87329cbdd33c79ec
[INFO] [stdout]                                at /rustc/0e09125c6c3c2fd70d7de961bcf0e51575235fad/library/std/src/thread/mod.rs:528:30
[INFO] [stdout]   41:     0x55bb29bd1e57 - core::ops::function::FnOnce::call_once{{vtable.shim}}::h401abbe67897d450
[INFO] [stdout]                                at /rustc/0e09125c6c3c2fd70d7de961bcf0e51575235fad/library/core/src/ops/function.rs:250:5
[INFO] [stdout]   42:     0x55bb29c6cc85 - <alloc::boxed::Box<F,A> as core::ops::function::FnOnce<Args>>::call_once::h5d7c8f150ab9c84c
[INFO] [stdout]                                at /rustc/0e09125c6c3c2fd70d7de961bcf0e51575235fad/library/alloc/src/boxed.rs:2015:9
[INFO] [stdout]   43:     0x55bb29c6cc85 - <alloc::boxed::Box<F,A> as core::ops::function::FnOnce<Args>>::call_once::h570d5b005c242c15
[INFO] [stdout]                                at /rustc/0e09125c6c3c2fd70d7de961bcf0e51575235fad/library/alloc/src/boxed.rs:2015:9
[INFO] [stdout]   44:     0x55bb29c6cc85 - std::sys::unix::thread::Thread::new::thread_start::h36b0a20c0b2361ad
[INFO] [stdout]                                at /rustc/0e09125c6c3c2fd70d7de961bcf0e51575235fad/library/std/src/sys/unix/thread.rs:108:17
[INFO] [stdout]   45:     0x7f56eec61ac3 - <unknown>
[INFO] [stdout]   46:     0x7f56eecf2bf4 - __clone
[INFO] [stdout]   47:                0x0 - <unknown>
[INFO] [stdout] 
[INFO] [stdout] ---- workdir::tests::canonicalize_abs_path stdout ----
[INFO] [stdout] thread 'workdir::tests::canonicalize_abs_path' panicked at src/workdir.rs:186:72:
[INFO] [stdout] called `Result::unwrap()` on an `Err` value: The path `"C:\\my_work_dir\\src\\main.rs"` is outside of the working directory
[INFO] [stdout] stack backtrace:
[INFO] [stdout]    0:     0x55bb29c65f86 - std::backtrace_rs::backtrace::libunwind::trace::h261606ad26a499c1
[INFO] [stdout]                                at /rustc/0e09125c6c3c2fd70d7de961bcf0e51575235fad/library/std/src/../../backtrace/src/backtrace/libunwind.rs:104:5
[INFO] [stdout]    1:     0x55bb29c65f86 - std::backtrace_rs::backtrace::trace_unsynchronized::hd183f0625477fb28
[INFO] [stdout]                                at /rustc/0e09125c6c3c2fd70d7de961bcf0e51575235fad/library/std/src/../../backtrace/src/backtrace/mod.rs:66:5
[INFO] [stdout]    2:     0x55bb29c65f86 - std::sys_common::backtrace::_print_fmt::hd7f8fef21b4eda67
[INFO] [stdout]                                at /rustc/0e09125c6c3c2fd70d7de961bcf0e51575235fad/library/std/src/sys_common/backtrace.rs:68:5
[INFO] [stdout]    3:     0x55bb29c65f86 - <std::sys_common::backtrace::_print::DisplayBacktrace as core::fmt::Display>::fmt::h623d9b51f2f453f1
[INFO] [stdout]                                at /rustc/0e09125c6c3c2fd70d7de961bcf0e51575235fad/library/std/src/sys_common/backtrace.rs:44:22
[INFO] [stdout]    4:     0x55bb29c8eee0 - core::fmt::rt::Argument::fmt::h9f417ac76a86f368
[INFO] [stdout]                                at /rustc/0e09125c6c3c2fd70d7de961bcf0e51575235fad/library/core/src/fmt/rt.rs:142:9
[INFO] [stdout]    5:     0x55bb29c8eee0 - core::fmt::write::hc9b6faf4ac2aeff7
[INFO] [stdout]                                at /rustc/0e09125c6c3c2fd70d7de961bcf0e51575235fad/library/core/src/fmt/mod.rs:1120:17
[INFO] [stdout]    6:     0x55bb29c6379f - std::io::Write::write_fmt::he04625a3a989fec3
[INFO] [stdout]                                at /rustc/0e09125c6c3c2fd70d7de961bcf0e51575235fad/library/std/src/io/mod.rs:1810:15
[INFO] [stdout]    7:     0x55bb29c65d64 - std::sys_common::backtrace::_print::hd5d66399c7df88a2
[INFO] [stdout]                                at /rustc/0e09125c6c3c2fd70d7de961bcf0e51575235fad/library/std/src/sys_common/backtrace.rs:47:5
[INFO] [stdout]    8:     0x55bb29c65d64 - std::sys_common::backtrace::print::he81ed2da642d37e5
[INFO] [stdout]                                at /rustc/0e09125c6c3c2fd70d7de961bcf0e51575235fad/library/std/src/sys_common/backtrace.rs:34:9
[INFO] [stdout]    9:     0x55bb29c67ad7 - std::panicking::default_hook::{{closure}}::h85773f4fa117163d
[INFO] [stdout]   10:     0x55bb29c677bd - std::panicking::default_hook::h6a1694a91d09b278
[INFO] [stdout]                                at /rustc/0e09125c6c3c2fd70d7de961bcf0e51575235fad/library/std/src/panicking.rs:289:9
[INFO] [stdout]   11:     0x55bb29c01467 - <alloc::boxed::Box<F,A> as core::ops::function::Fn<Args>>::call::h616ac37fa3cd6c8f
[INFO] [stdout]                                at /rustc/0e09125c6c3c2fd70d7de961bcf0e51575235fad/library/alloc/src/boxed.rs:2029:9
[INFO] [stdout]   12:     0x55bb29c01467 - test::test_main::{{closure}}::h00d84697cefdcbb6
[INFO] [stdout]                                at /rustc/0e09125c6c3c2fd70d7de961bcf0e51575235fad/library/test/src/lib.rs:138:21
[INFO] [stdout]   13:     0x55bb29c680f6 - <alloc::boxed::Box<F,A> as core::ops::function::Fn<Args>>::call::hcb3fe3b9bb537ba8
[INFO] [stdout]                                at /rustc/0e09125c6c3c2fd70d7de961bcf0e51575235fad/library/alloc/src/boxed.rs:2029:9
[INFO] [stdout]   14:     0x55bb29c680f6 - std::panicking::rust_panic_with_hook::h0a7ad96e90f7145b
[INFO] [stdout]                                at /rustc/0e09125c6c3c2fd70d7de961bcf0e51575235fad/library/std/src/panicking.rs:783:13
[INFO] [stdout]   15:     0x55bb29c67e42 - std::panicking::begin_panic_handler::{{closure}}::h7919090525c6485e
[INFO] [stdout]                                at /rustc/0e09125c6c3c2fd70d7de961bcf0e51575235fad/library/std/src/panicking.rs:657:13
[INFO] [stdout]   16:     0x55bb29c66486 - std::sys_common::backtrace::__rust_end_short_backtrace::hf3289479464f7dfe
[INFO] [stdout]                                at /rustc/0e09125c6c3c2fd70d7de961bcf0e51575235fad/library/std/src/sys_common/backtrace.rs:171:18
[INFO] [stdout]   17:     0x55bb29c67ba0 - rust_begin_unwind
[INFO] [stdout]                                at /rustc/0e09125c6c3c2fd70d7de961bcf0e51575235fad/library/std/src/panicking.rs:645:5
[INFO] [stdout]   18:     0x55bb29b80cd5 - core::panicking::panic_fmt::hcc9f77c5c132af55
[INFO] [stdout]                                at /rustc/0e09125c6c3c2fd70d7de961bcf0e51575235fad/library/core/src/panicking.rs:72:14
[INFO] [stdout]   19:     0x55bb29b81273 - core::result::unwrap_failed::hbe14f498be1452f9
[INFO] [stdout]                                at /rustc/0e09125c6c3c2fd70d7de961bcf0e51575235fad/library/core/src/result.rs:1649:5
[INFO] [stdout]   20:     0x55bb29bc6982 - core::result::Result<T,E>::unwrap::h840653aee9969549
[INFO] [stdout]                                at /rustc/0e09125c6c3c2fd70d7de961bcf0e51575235fad/library/core/src/result.rs:1073:23
[INFO] [stdout]   21:     0x55bb29ba5bfb - wyag::workdir::tests::canonicalize_abs_path::hb5aa9f2f588ae65a
[INFO] [stdout]                                at /opt/rustwide/workdir/src/workdir.rs:186:20
[INFO] [stdout]   22:     0x55bb29ba5b47 - wyag::workdir::tests::canonicalize_abs_path::{{closure}}::h2b1b572418f1bb4e
[INFO] [stdout]                                at /opt/rustwide/workdir/src/workdir.rs:184:31
[INFO] [stdout]   23:     0x55bb29bb6ba6 - core::ops::function::FnOnce::call_once::h57103fab7c405bec
[INFO] [stdout]                                at /rustc/0e09125c6c3c2fd70d7de961bcf0e51575235fad/library/core/src/ops/function.rs:250:5
[INFO] [stdout]   24:     0x55bb29c06d3f - core::ops::function::FnOnce::call_once::hd64d26f405258157
[INFO] [stdout]                                at /rustc/0e09125c6c3c2fd70d7de961bcf0e51575235fad/library/core/src/ops/function.rs:250:5
[INFO] [stdout]   25:     0x55bb29c06d3f - test::__rust_begin_short_backtrace::he21b0b7a6d731bf9
[INFO] [stdout]                                at /rustc/0e09125c6c3c2fd70d7de961bcf0e51575235fad/library/test/src/lib.rs:627:18
[INFO] [stdout]   26:     0x55bb29c05ac1 - test::run_test_in_process::{{closure}}::hf5c73986d7bdfde2
[INFO] [stdout]                                at /rustc/0e09125c6c3c2fd70d7de961bcf0e51575235fad/library/test/src/lib.rs:650:60
[INFO] [stdout]   27:     0x55bb29c05ac1 - <core::panic::unwind_safe::AssertUnwindSafe<F> as core::ops::function::FnOnce<()>>::call_once::h330011ad032aadc0
[INFO] [stdout]                                at /rustc/0e09125c6c3c2fd70d7de961bcf0e51575235fad/library/core/src/panic/unwind_safe.rs:272:9
[INFO] [stdout]   28:     0x55bb29c05ac1 - std::panicking::try::do_call::he61b0a958b795a41
[INFO] [stdout]                                at /rustc/0e09125c6c3c2fd70d7de961bcf0e51575235fad/library/std/src/panicking.rs:552:40
[INFO] [stdout]   29:     0x55bb29c05ac1 - std::panicking::try::h7309da130f906eb7
[INFO] [stdout]                                at /rustc/0e09125c6c3c2fd70d7de961bcf0e51575235fad/library/std/src/panicking.rs:516:19
[INFO] [stdout]   30:     0x55bb29c05ac1 - std::panic::catch_unwind::hc5c3a06fdaf0a92a
[INFO] [stdout]                                at /rustc/0e09125c6c3c2fd70d7de961bcf0e51575235fad/library/std/src/panic.rs:142:14
[INFO] [stdout]   31:     0x55bb29c05ac1 - test::run_test_in_process::h7e7b7c71c3324e0f
[INFO] [stdout]                                at /rustc/0e09125c6c3c2fd70d7de961bcf0e51575235fad/library/test/src/lib.rs:650:27
[INFO] [stdout]   32:     0x55bb29c05ac1 - test::run_test::{{closure}}::h1f509f28f5cf20b1
[INFO] [stdout]                                at /rustc/0e09125c6c3c2fd70d7de961bcf0e51575235fad/library/test/src/lib.rs:573:43
[INFO] [stdout]   33:     0x55bb29bccdf6 - test::run_test::{{closure}}::h1754218abf443f6d
[INFO] [stdout]                                at /rustc/0e09125c6c3c2fd70d7de961bcf0e51575235fad/library/test/src/lib.rs:601:41
[INFO] [stdout]   34:     0x55bb29bccdf6 - std::sys_common::backtrace::__rust_begin_short_backtrace::h2ee174b9d5954948
[INFO] [stdout]                                at /rustc/0e09125c6c3c2fd70d7de961bcf0e51575235fad/library/std/src/sys_common/backtrace.rs:155:18
[INFO] [stdout]   35:     0x55bb29bd1e57 - std::thread::Builder::spawn_unchecked_::{{closure}}::{{closure}}::hf60bee9c1a17ef09
[INFO] [stdout]                                at /rustc/0e09125c6c3c2fd70d7de961bcf0e51575235fad/library/std/src/thread/mod.rs:529:17
[INFO] [stdout]   36:     0x55bb29bd1e57 - <core::panic::unwind_safe::AssertUnwindSafe<F> as core::ops::function::FnOnce<()>>::call_once::h33d0dddec5216160
[INFO] [stdout]                                at /rustc/0e09125c6c3c2fd70d7de961bcf0e51575235fad/library/core/src/panic/unwind_safe.rs:272:9
[INFO] [stdout]   37:     0x55bb29bd1e57 - std::panicking::try::do_call::h144b3048b546f835
[INFO] [stdout]                                at /rustc/0e09125c6c3c2fd70d7de961bcf0e51575235fad/library/std/src/panicking.rs:552:40
[INFO] [stdout]   38:     0x55bb29bd1e57 - std::panicking::try::h978244d04646189f
[INFO] [stdout]                                at /rustc/0e09125c6c3c2fd70d7de961bcf0e51575235fad/library/std/src/panicking.rs:516:19
[INFO] [stdout]   39:     0x55bb29bd1e57 - std::panic::catch_unwind::hdf436369d188fe86
[INFO] [stdout]                                at /rustc/0e09125c6c3c2fd70d7de961bcf0e51575235fad/library/std/src/panic.rs:142:14
[INFO] [stdout]   40:     0x55bb29bd1e57 - std::thread::Builder::spawn_unchecked_::{{closure}}::h87329cbdd33c79ec
[INFO] [stdout]                                at /rustc/0e09125c6c3c2fd70d7de961bcf0e51575235fad/library/std/src/thread/mod.rs:528:30
[INFO] [stdout]   41:     0x55bb29bd1e57 - core::ops::function::FnOnce::call_once{{vtable.shim}}::h401abbe67897d450
[INFO] [stdout]                                at /rustc/0e09125c6c3c2fd70d7de961bcf0e51575235fad/library/core/src/ops/function.rs:250:5
[INFO] [stdout]   42:     0x55bb29c6cc85 - <alloc::boxed::Box<F,A> as core::ops::function::FnOnce<Args>>::call_once::h5d7c8f150ab9c84c
[INFO] [stdout]                                at /rustc/0e09125c6c3c2fd70d7de961bcf0e51575235fad/library/alloc/src/boxed.rs:2015:9
[INFO] [stdout]   43:     0x55bb29c6cc85 - <alloc::boxed::Box<F,A> as core::ops::function::FnOnce<Args>>::call_once::h570d5b005c242c15
[INFO] [stdout]                                at /rustc/0e09125c6c3c2fd70d7de961bcf0e51575235fad/library/alloc/src/boxed.rs:2015:9
[INFO] [stdout]   44:     0x55bb29c6cc85 - std::sys::unix::thread::Thread::new::thread_start::h36b0a20c0b2361ad
[INFO] [stdout]                                at /rustc/0e09125c6c3c2fd70d7de961bcf0e51575235fad/library/std/src/sys/unix/thread.rs:108:17
[INFO] [stdout]   45:     0x7f56eec61ac3 - <unknown>
[INFO] [stdout]   46:     0x7f56eecf2bf4 - __clone
[INFO] [stdout]   47:                0x0 - <unknown>
[INFO] [stdout] 
[INFO] [stdout] 
[INFO] [stdout] failures:
[INFO] [stdout]     workdir::tests::canonicalize_abs_path
[INFO] [stdout]     workdir::tests::git_path
[INFO] [stdout] 
[INFO] [stdout] test result: FAILED. 51 passed; 2 failed; 0 ignored; 0 measured; 0 filtered out; finished in 0.28s
[INFO] [stdout] 
[INFO] running `Command { std: "docker" "inspect" "141e2dba0aba750778f8add0cade2ce6194521dc297a6e508ce25053064c78d8", kill_on_drop: false }`
[INFO] running `Command { std: "docker" "rm" "-f" "141e2dba0aba750778f8add0cade2ce6194521dc297a6e508ce25053064c78d8", kill_on_drop: false }`
[INFO] [stdout] 141e2dba0aba750778f8add0cade2ce6194521dc297a6e508ce25053064c78d8
