[INFO] cloning repository https://github.com/ppzzmm/stocks-consumer
[INFO] running `Command { std: "git" "-c" "credential.helper=" "-c" "credential.helper=/workspace/cargo-home/bin/git-credential-null" "clone" "--bare" "https://github.com/ppzzmm/stocks-consumer" "/workspace/cache/git-repos/https%3A%2F%2Fgithub.com%2Fppzzmm%2Fstocks-consumer", kill_on_drop: false }`
[INFO] [stderr] Cloning into bare repository '/workspace/cache/git-repos/https%3A%2F%2Fgithub.com%2Fppzzmm%2Fstocks-consumer'...
[INFO] running `Command { std: "git" "rev-parse" "HEAD", kill_on_drop: false }`
[INFO] [stdout] 72fc2dcfbeb2c6120bb5a185c9ab7917ef9dd811
[INFO] testing ppzzmm/stocks-consumer against 1.75.0 for beta-1.76-1
[INFO] running `Command { std: "git" "clone" "/workspace/cache/git-repos/https%3A%2F%2Fgithub.com%2Fppzzmm%2Fstocks-consumer" "/workspace/builds/worker-5-tc1/source", kill_on_drop: false }`
[INFO] [stderr] Cloning into '/workspace/builds/worker-5-tc1/source'...
[INFO] [stderr] done.
[INFO] validating manifest of git repo https://github.com/ppzzmm/stocks-consumer on toolchain 1.75.0
[INFO] running `Command { std: CARGO_HOME="/workspace/cargo-home" RUSTUP_HOME="/workspace/rustup-home" "/workspace/cargo-home/bin/cargo" "+1.75.0" "metadata" "--manifest-path" "Cargo.toml" "--no-deps", kill_on_drop: false }`
[INFO] started tweaking git repo https://github.com/ppzzmm/stocks-consumer
[INFO] finished tweaking git repo https://github.com/ppzzmm/stocks-consumer
[INFO] tweaked toml for git repo https://github.com/ppzzmm/stocks-consumer written to /workspace/builds/worker-5-tc1/source/Cargo.toml
[INFO] crate git repo https://github.com/ppzzmm/stocks-consumer already has a lockfile, it will not be regenerated
[INFO] running `Command { std: CARGO_HOME="/workspace/cargo-home" RUSTUP_HOME="/workspace/rustup-home" "/workspace/cargo-home/bin/cargo" "+1.75.0" "fetch" "--manifest-path" "Cargo.toml", kill_on_drop: false }`
[INFO] [stderr]     Updating crates.io index
[INFO] [stderr]  Downloading crates ...
[INFO] [stderr]   Downloaded snap v1.1.0
[INFO] [stderr]   Downloaded ref_slice v1.2.1
[INFO] [stderr]   Downloaded async-graphql-actix-web v6.0.7
[INFO] [stderr]   Downloaded rdkafka v0.33.2
[INFO] [stderr]   Downloaded async-graphql-value v6.0.7
[INFO] [stderr]   Downloaded pest_meta v2.7.4
[INFO] [stderr]   Downloaded bigdecimal v0.4.1
[INFO] [stderr]   Downloaded diesel_derives v2.1.2
[INFO] [stderr]   Downloaded handlebars v4.4.0
[INFO] [stderr]   Downloaded diesel v2.1.2
[INFO] [stderr]   Downloaded async-graphql v6.0.7
[INFO] [stderr]   Downloaded rdkafka-sys v4.6.0+2.2.0
[INFO] [stderr]   Downloaded pest v2.7.4
[INFO] [stderr]   Downloaded kafka v0.9.0
[INFO] [stderr]   Downloaded actix v0.13.1
[INFO] [stderr]   Downloaded async-graphql-derive v6.0.7
[INFO] [stderr]   Downloaded pest_generator v2.7.4
[INFO] [stderr]   Downloaded actix-web-actors v4.2.0
[INFO] [stderr]   Downloaded pest_derive v2.7.4
[INFO] [stderr]   Downloaded async-graphql-parser v6.0.7
[INFO] [stderr]   Downloaded curl-sys v0.4.66+curl-8.3.0
[INFO] running `Command { std: "docker" "create" "-v" "/var/lib/crater-agent-workspace/builds/worker-5-tc1/target:/opt/rustwide/target:rw,Z" "-v" "/var/lib/crater-agent-workspace/builds/worker-5-tc1/source:/opt/rustwide/workdir:ro,Z" "-v" "/var/lib/crater-agent-workspace/cargo-home:/opt/rustwide/cargo-home:ro,Z" "-v" "/var/lib/crater-agent-workspace/rustup-home:/opt/rustwide/rustup-home:ro,Z" "-e" "SOURCE_DIR=/opt/rustwide/workdir" "-e" "CARGO_TARGET_DIR=/opt/rustwide/target" "-e" "CARGO_HOME=/opt/rustwide/cargo-home" "-e" "RUSTUP_HOME=/opt/rustwide/rustup-home" "-w" "/opt/rustwide/workdir" "-m" "1610612736" "--user" "0:0" "--network" "none" "ghcr.io/rust-lang/crates-build-env/linux@sha256:2788e3201cd34a07e3172128adcd8b3090168a8e3bcc40d7c032b9dda1df7d1c" "/opt/rustwide/cargo-home/bin/cargo" "+1.75.0" "metadata" "--no-deps" "--format-version=1", kill_on_drop: false }`
[INFO] [stdout] afff89588d4835f248f94459010d4c6a3b35ca501df6081ee85b38a9684faa9c
[INFO] running `Command { std: "docker" "start" "-a" "afff89588d4835f248f94459010d4c6a3b35ca501df6081ee85b38a9684faa9c", kill_on_drop: false }`
[INFO] running `Command { std: "docker" "inspect" "afff89588d4835f248f94459010d4c6a3b35ca501df6081ee85b38a9684faa9c", kill_on_drop: false }`
[INFO] running `Command { std: "docker" "rm" "-f" "afff89588d4835f248f94459010d4c6a3b35ca501df6081ee85b38a9684faa9c", kill_on_drop: false }`
[INFO] [stdout] afff89588d4835f248f94459010d4c6a3b35ca501df6081ee85b38a9684faa9c
[INFO] running `Command { std: "docker" "create" "-v" "/var/lib/crater-agent-workspace/builds/worker-5-tc1/target:/opt/rustwide/target:rw,Z" "-v" "/var/lib/crater-agent-workspace/builds/worker-5-tc1/source:/opt/rustwide/workdir:ro,Z" "-v" "/var/lib/crater-agent-workspace/cargo-home:/opt/rustwide/cargo-home:ro,Z" "-v" "/var/lib/crater-agent-workspace/rustup-home:/opt/rustwide/rustup-home:ro,Z" "-e" "SOURCE_DIR=/opt/rustwide/workdir" "-e" "CARGO_TARGET_DIR=/opt/rustwide/target" "-e" "CARGO_INCREMENTAL=0" "-e" "RUST_BACKTRACE=full" "-e" "RUSTFLAGS=--cap-lints=warn" "-e" "RUSTDOCFLAGS=--cap-lints=warn" "-e" "CARGO_HOME=/opt/rustwide/cargo-home" "-e" "RUSTUP_HOME=/opt/rustwide/rustup-home" "-w" "/opt/rustwide/workdir" "-m" "1610612736" "--user" "0:0" "--network" "none" "ghcr.io/rust-lang/crates-build-env/linux@sha256:2788e3201cd34a07e3172128adcd8b3090168a8e3bcc40d7c032b9dda1df7d1c" "/opt/rustwide/cargo-home/bin/cargo" "+1.75.0" "build" "--frozen" "--message-format=json", kill_on_drop: false }`
[INFO] [stdout] 510d75f49d16e9b62cff48e0f85cf879d5d2a901564e71b36b39c49ab0ede984
[INFO] running `Command { std: "docker" "start" "-a" "510d75f49d16e9b62cff48e0f85cf879d5d2a901564e71b36b39c49ab0ede984", kill_on_drop: false }`
[INFO] [stderr]    Compiling proc-macro2 v1.0.67
[INFO] [stderr]    Compiling libc v0.2.148
[INFO] [stderr]    Compiling serde v1.0.188
[INFO] [stderr]    Compiling memchr v2.6.3
[INFO] [stderr]    Compiling futures-sink v0.3.28
[INFO] [stderr]    Compiling hashbrown v0.14.0
[INFO] [stderr]    Compiling futures-channel v0.3.28
[INFO] [stderr]    Compiling tracing-core v0.1.31
[INFO] [stderr]    Compiling bitflags v2.4.0
[INFO] [stderr]    Compiling futures-io v0.3.28
[INFO] [stderr]    Compiling winnow v0.5.15
[INFO] [stderr]    Compiling thiserror v1.0.48
[INFO] [stderr]    Compiling once_cell v1.18.0
[INFO] [stderr]    Compiling regex-syntax v0.7.5
[INFO] [stderr]    Compiling syn v1.0.109
[INFO] [stderr]    Compiling num-traits v0.2.16
[INFO] [stderr]    Compiling ucd-trie v0.1.6
[INFO] [stderr]    Compiling miniz_oxide v0.7.1
[INFO] [stderr]    Compiling indexmap v1.9.3
[INFO] [stderr]    Compiling num-integer v0.1.45
[INFO] [stderr]    Compiling alloc-no-stdlib v2.0.4
[INFO] [stderr]    Compiling rustversion v1.0.14
[INFO] [stderr]    Compiling local-waker v0.1.3
[INFO] [stderr]    Compiling zstd-safe v6.0.6
[INFO] [stderr]    Compiling alloc-stdlib v0.2.2
[INFO] [stderr]    Compiling crypto-common v0.1.6
[INFO] [stderr]    Compiling num-bigint v0.4.4
[INFO] [stderr]    Compiling time-core v0.1.2
[INFO] [stderr]    Compiling ident_case v1.0.1
[INFO] [stderr]    Compiling strsim v0.10.0
[INFO] [stderr]    Compiling time-macros v0.2.15
[INFO] [stderr]    Compiling aho-corasick v1.1.1
[INFO] [stderr]    Compiling digest v0.10.7
[INFO] [stderr]    Compiling flate2 v1.0.27
[INFO] [stderr]    Compiling brotli-decompressor v2.3.4
[INFO] [stderr]    Compiling quote v1.0.33
[INFO] [stderr]    Compiling tracing v0.1.37
[INFO] [stderr]    Compiling actix-service v2.0.2
[INFO] [stderr]    Compiling syn v2.0.37
[INFO] [stderr]    Compiling jobserver v0.1.26
[INFO] [stderr]    Compiling parking_lot_core v0.9.8
[INFO] [stderr]    Compiling getrandom v0.2.10
[INFO] [stderr]    Compiling signal-hook-registry v1.4.1
[INFO] [stderr]    Compiling socket2 v0.5.4
[INFO] [stderr]    Compiling mio v0.8.8
[INFO] [stderr]    Compiling cc v1.0.83
[INFO] [stderr]    Compiling parking_lot v0.12.1
[INFO] [stderr]    Compiling ahash v0.7.6
[INFO] [stderr]    Compiling rand_core v0.6.4
[INFO] [stderr]    Compiling hashbrown v0.12.3
[INFO] [stderr]    Compiling actix-utils v3.0.1
[INFO] [stderr]    Compiling rand_chacha v0.3.1
[INFO] [stderr]    Compiling cookie v0.16.2
[INFO] [stderr]    Compiling rustix v0.38.14
[INFO] [stderr]    Compiling libm v0.2.7
[INFO] [stderr]    Compiling rand v0.8.5
[INFO] [stderr]    Compiling regex-automata v0.3.8
[INFO] [stderr]    Compiling deranged v0.3.8
[INFO] [stderr]    Compiling heck v0.4.1
[INFO] [stderr]    Compiling cmake v0.1.50
[INFO] [stderr]    Compiling brotli v3.3.4
[INFO] [stderr]    Compiling sha1 v0.10.6
[INFO] [stderr]    Compiling ahash v0.8.3
[INFO] [stderr]    Compiling local-channel v0.1.4
[INFO] [stderr]    Compiling multer v2.1.0
[INFO] [stderr]    Compiling bigdecimal v0.4.1
[INFO] [stderr]    Compiling byteorder v1.4.3
[INFO] [stderr]    Compiling base64 v0.21.4
[INFO] [stderr]    Compiling linux-raw-sys v0.4.7
[INFO] [stderr]    Compiling httpdate v1.0.3
[INFO] [stderr]    Compiling language-tags v0.3.2
[INFO] [stderr]    Compiling async-trait v0.1.73
[INFO] [stderr]    Compiling pq-sys v0.4.8
[INFO] [stderr]    Compiling snap v1.1.0
[INFO] [stderr]    Compiling time v0.3.29
[INFO] [stderr]    Compiling openssl v0.10.57
[INFO] [stderr]    Compiling openssl-sys v0.9.93
[INFO] [stderr]    Compiling libz-sys v1.1.12
[INFO] [stderr]    Compiling zstd-sys v2.0.8+zstd.1.5.5
[INFO] [stderr]    Compiling curl-sys v0.4.66+curl-8.3.0
[INFO] [stderr]    Compiling rdkafka-sys v4.6.0+2.2.0
[INFO] [stderr]    Compiling url v2.4.1
[INFO] [stderr]    Compiling scheduled-thread-pool v0.2.7
[INFO] [stderr]    Compiling crossbeam-channel v0.5.8
[INFO] [stderr]    Compiling fastrand v2.0.1
[INFO] [stderr]    Compiling kafka v0.9.0
[INFO] [stderr]    Compiling ascii_utils v0.9.3
[INFO] [stderr]    Compiling crc-catalog v1.1.1
[INFO] [stderr]    Compiling curl v0.4.44
[INFO] [stderr]    Compiling spin v0.9.8
[INFO] [stderr]    Compiling fast_chemail v0.9.6
[INFO] [stderr]    Compiling crc v2.1.0
[INFO] [stderr] error: could not compile `syn` (lib)
[INFO] [stderr] 
[INFO] [stderr] Caused by:
[INFO] [stderr]   process didn't exit successfully: `/opt/rustwide/rustup-home/toolchains/1.75.0-x86_64-unknown-linux-gnu/bin/rustc --crate-name syn --edition=2021 /opt/rustwide/cargo-home/registry/src/index.crates.io-6f17d22bba15001f/syn-2.0.37/src/lib.rs --error-format=json --json=diagnostic-rendered-ansi,artifacts,future-incompat --crate-type lib --emit=dep-info,metadata,link -C embed-bitcode=no --cfg 'feature="clone-impls"' --cfg 'feature="default"' --cfg 'feature="derive"' --cfg 'feature="extra-traits"' --cfg 'feature="fold"' --cfg 'feature="full"' --cfg 'feature="parsing"' --cfg 'feature="printing"' --cfg 'feature="proc-macro"' --cfg 'feature="quote"' --cfg 'feature="visit"' --cfg 'feature="visit-mut"' -C metadata=d9617c8e6654e600 -C extra-filename=-d9617c8e6654e600 --out-dir /opt/rustwide/target/debug/deps -L dependency=/opt/rustwide/target/debug/deps --extern proc_macro2=/opt/rustwide/target/debug/deps/libproc_macro2-abd49f7f3a14372a.rmeta --extern quote=/opt/rustwide/target/debug/deps/libquote-c7f30982867ba9e6.rmeta --extern unicode_ident=/opt/rustwide/target/debug/deps/libunicode_ident-e03ce37406b474da.rmeta --cap-lints allow --cap-lints=warn` (signal: 9, SIGKILL: kill)
[INFO] [stderr] warning: build failed, waiting for other jobs to finish...
[INFO] [stderr] error: could not compile `brotli` (lib)
[INFO] [stderr] 
[INFO] [stderr] Caused by:
[INFO] [stderr]   process didn't exit successfully: `/opt/rustwide/rustup-home/toolchains/1.75.0-x86_64-unknown-linux-gnu/bin/rustc --crate-name brotli /opt/rustwide/cargo-home/registry/src/index.crates.io-6f17d22bba15001f/brotli-3.3.4/src/lib.rs --error-format=json --json=diagnostic-rendered-ansi,artifacts,future-incompat --crate-type lib --emit=dep-info,metadata,link -C embed-bitcode=no -C debuginfo=2 --cfg 'feature="alloc-stdlib"' --cfg 'feature="default"' --cfg 'feature="ffi-api"' --cfg 'feature="std"' -C metadata=97f69ca66e57c943 -C extra-filename=-97f69ca66e57c943 --out-dir /opt/rustwide/target/debug/deps -L dependency=/opt/rustwide/target/debug/deps --extern alloc_no_stdlib=/opt/rustwide/target/debug/deps/liballoc_no_stdlib-bb643994833d65b7.rmeta --extern alloc_stdlib=/opt/rustwide/target/debug/deps/liballoc_stdlib-42567218896c8315.rmeta --extern brotli_decompressor=/opt/rustwide/target/debug/deps/libbrotli_decompressor-68203b6d591bf736.rmeta --cap-lints allow --cap-lints=warn` (signal: 9, SIGKILL: kill)
[INFO] running `Command { std: "docker" "inspect" "510d75f49d16e9b62cff48e0f85cf879d5d2a901564e71b36b39c49ab0ede984", kill_on_drop: false }`
[INFO] running `Command { std: "docker" "rm" "-f" "510d75f49d16e9b62cff48e0f85cf879d5d2a901564e71b36b39c49ab0ede984", kill_on_drop: false }`
[INFO] [stdout] 510d75f49d16e9b62cff48e0f85cf879d5d2a901564e71b36b39c49ab0ede984
[INFO] testing ppzzmm/stocks-consumer against beta-2023-12-22 for beta-1.76-1
[INFO] running `Command { std: "git" "clone" "/workspace/cache/git-repos/https%3A%2F%2Fgithub.com%2Fppzzmm%2Fstocks-consumer" "/workspace/builds/worker-5-tc2/source", kill_on_drop: false }`
[INFO] [stderr] Cloning into '/workspace/builds/worker-5-tc2/source'...
[INFO] [stderr] done.
[INFO] validating manifest of git repo https://github.com/ppzzmm/stocks-consumer on toolchain beta-2023-12-22
[INFO] running `Command { std: CARGO_HOME="/workspace/cargo-home" RUSTUP_HOME="/workspace/rustup-home" "/workspace/cargo-home/bin/cargo" "+beta-2023-12-22" "metadata" "--manifest-path" "Cargo.toml" "--no-deps", kill_on_drop: false }`
[INFO] started tweaking git repo https://github.com/ppzzmm/stocks-consumer
[INFO] finished tweaking git repo https://github.com/ppzzmm/stocks-consumer
[INFO] tweaked toml for git repo https://github.com/ppzzmm/stocks-consumer written to /workspace/builds/worker-5-tc2/source/Cargo.toml
[INFO] crate git repo https://github.com/ppzzmm/stocks-consumer already has a lockfile, it will not be regenerated
[INFO] running `Command { std: CARGO_HOME="/workspace/cargo-home" RUSTUP_HOME="/workspace/rustup-home" "/workspace/cargo-home/bin/cargo" "+beta-2023-12-22" "fetch" "--manifest-path" "Cargo.toml", kill_on_drop: false }`
[INFO] running `Command { std: "docker" "create" "-v" "/var/lib/crater-agent-workspace/builds/worker-5-tc2/target:/opt/rustwide/target:rw,Z" "-v" "/var/lib/crater-agent-workspace/builds/worker-5-tc2/source:/opt/rustwide/workdir:ro,Z" "-v" "/var/lib/crater-agent-workspace/cargo-home:/opt/rustwide/cargo-home:ro,Z" "-v" "/var/lib/crater-agent-workspace/rustup-home:/opt/rustwide/rustup-home:ro,Z" "-e" "SOURCE_DIR=/opt/rustwide/workdir" "-e" "CARGO_TARGET_DIR=/opt/rustwide/target" "-e" "CARGO_HOME=/opt/rustwide/cargo-home" "-e" "RUSTUP_HOME=/opt/rustwide/rustup-home" "-w" "/opt/rustwide/workdir" "-m" "1610612736" "--user" "0:0" "--network" "none" "ghcr.io/rust-lang/crates-build-env/linux@sha256:2788e3201cd34a07e3172128adcd8b3090168a8e3bcc40d7c032b9dda1df7d1c" "/opt/rustwide/cargo-home/bin/cargo" "+beta-2023-12-22" "metadata" "--no-deps" "--format-version=1", kill_on_drop: false }`
[INFO] [stdout] b8e98a7cc22c07bc03425494385eeb1d927d1d36d4b2f24eb3b814ae3f98e34d
[INFO] running `Command { std: "docker" "start" "-a" "b8e98a7cc22c07bc03425494385eeb1d927d1d36d4b2f24eb3b814ae3f98e34d", kill_on_drop: false }`
[INFO] running `Command { std: "docker" "inspect" "b8e98a7cc22c07bc03425494385eeb1d927d1d36d4b2f24eb3b814ae3f98e34d", kill_on_drop: false }`
[INFO] running `Command { std: "docker" "rm" "-f" "b8e98a7cc22c07bc03425494385eeb1d927d1d36d4b2f24eb3b814ae3f98e34d", kill_on_drop: false }`
[INFO] [stdout] b8e98a7cc22c07bc03425494385eeb1d927d1d36d4b2f24eb3b814ae3f98e34d
[INFO] running `Command { std: "docker" "create" "-v" "/var/lib/crater-agent-workspace/builds/worker-5-tc2/target:/opt/rustwide/target:rw,Z" "-v" "/var/lib/crater-agent-workspace/builds/worker-5-tc2/source:/opt/rustwide/workdir:ro,Z" "-v" "/var/lib/crater-agent-workspace/cargo-home:/opt/rustwide/cargo-home:ro,Z" "-v" "/var/lib/crater-agent-workspace/rustup-home:/opt/rustwide/rustup-home:ro,Z" "-e" "SOURCE_DIR=/opt/rustwide/workdir" "-e" "CARGO_TARGET_DIR=/opt/rustwide/target" "-e" "CARGO_INCREMENTAL=0" "-e" "RUST_BACKTRACE=full" "-e" "RUSTFLAGS=--cap-lints=warn" "-e" "RUSTDOCFLAGS=--cap-lints=warn" "-e" "CARGO_HOME=/opt/rustwide/cargo-home" "-e" "RUSTUP_HOME=/opt/rustwide/rustup-home" "-w" "/opt/rustwide/workdir" "-m" "1610612736" "--user" "0:0" "--network" "none" "ghcr.io/rust-lang/crates-build-env/linux@sha256:2788e3201cd34a07e3172128adcd8b3090168a8e3bcc40d7c032b9dda1df7d1c" "/opt/rustwide/cargo-home/bin/cargo" "+beta-2023-12-22" "build" "--frozen" "--message-format=json", kill_on_drop: false }`
[INFO] [stdout] f26b8802de991de358a3e51f7c9c64e3d0dd7f52f1ab4b9eb7576fdf7e17dc33
[INFO] running `Command { std: "docker" "start" "-a" "f26b8802de991de358a3e51f7c9c64e3d0dd7f52f1ab4b9eb7576fdf7e17dc33", kill_on_drop: false }`
[INFO] [stderr]    Compiling proc-macro2 v1.0.67
[INFO] [stderr]    Compiling libc v0.2.148
[INFO] [stderr]    Compiling serde v1.0.188
[INFO] [stderr]    Compiling memchr v2.6.3
[INFO] [stderr]    Compiling futures-sink v0.3.28
[INFO] [stderr]    Compiling hashbrown v0.14.0
[INFO] [stderr]    Compiling futures-channel v0.3.28
[INFO] [stderr]    Compiling tracing-core v0.1.31
[INFO] [stderr]    Compiling thiserror v1.0.48
[INFO] [stderr]    Compiling futures-io v0.3.28
[INFO] [stderr]    Compiling winnow v0.5.15
[INFO] [stderr]    Compiling bitflags v2.4.0
[INFO] [stderr]    Compiling once_cell v1.18.0
[INFO] [stderr]    Compiling syn v1.0.109
[INFO] [stderr]    Compiling regex-syntax v0.7.5
[INFO] [stderr]    Compiling num-traits v0.2.16
[INFO] [stderr]    Compiling ucd-trie v0.1.6
[INFO] [stderr]    Compiling miniz_oxide v0.7.1
[INFO] [stderr]    Compiling num-integer v0.1.45
[INFO] [stderr]    Compiling indexmap v1.9.3
[INFO] [stderr]    Compiling rustversion v1.0.14
[INFO] [stderr]    Compiling zstd-safe v6.0.6
[INFO] [stderr]    Compiling alloc-no-stdlib v2.0.4
[INFO] [stderr]    Compiling local-waker v0.1.3
[INFO] [stderr]    Compiling crypto-common v0.1.6
[INFO] [stderr]    Compiling alloc-stdlib v0.2.2
[INFO] [stderr]    Compiling num-bigint v0.4.4
[INFO] [stderr]    Compiling strsim v0.10.0
[INFO] [stderr]    Compiling ident_case v1.0.1
[INFO] [stderr]    Compiling aho-corasick v1.1.1
[INFO] [stderr]    Compiling time-core v0.1.2
[INFO] [stderr]    Compiling brotli-decompressor v2.3.4
[INFO] [stderr]    Compiling flate2 v1.0.27
[INFO] [stderr]    Compiling time-macros v0.2.15
[INFO] [stderr]    Compiling quote v1.0.33
[INFO] [stderr]    Compiling digest v0.10.7
[INFO] [stderr]    Compiling tracing v0.1.37
[INFO] [stderr]    Compiling actix-utils v3.0.1
[INFO] [stderr]    Compiling syn v2.0.37
[INFO] [stderr]    Compiling jobserver v0.1.26
[INFO] [stderr]    Compiling parking_lot_core v0.9.8
[INFO] [stderr]    Compiling getrandom v0.2.10
[INFO] [stderr]    Compiling mio v0.8.8
[INFO] [stderr]    Compiling socket2 v0.5.4
[INFO] [stderr]    Compiling signal-hook-registry v1.4.1
[INFO] [stderr]    Compiling actix-service v2.0.2
[INFO] [stderr]    Compiling cc v1.0.83
[INFO] [stderr]    Compiling parking_lot v0.12.1
[INFO] [stderr]    Compiling ahash v0.7.6
[INFO] [stderr]    Compiling rand_core v0.6.4
[INFO] [stderr]    Compiling hashbrown v0.12.3
[INFO] [stderr]    Compiling cookie v0.16.2
[INFO] [stderr]    Compiling rand_chacha v0.3.1
[INFO] [stderr]    Compiling deranged v0.3.8
[INFO] [stderr]    Compiling heck v0.4.1
[INFO] [stderr]    Compiling libm v0.2.7
[INFO] [stderr]    Compiling regex-automata v0.3.8
[INFO] [stderr]    Compiling rand v0.8.5
[INFO] [stderr]    Compiling rustix v0.38.14
[INFO] [stderr]    Compiling cmake v0.1.50
[INFO] [stderr]    Compiling sha1 v0.10.6
[INFO] [stderr]    Compiling brotli v3.3.4
[INFO] [stderr]    Compiling ahash v0.8.3
[INFO] [stderr]    Compiling local-channel v0.1.4
[INFO] [stderr]    Compiling multer v2.1.0
[INFO] [stderr]    Compiling bigdecimal v0.4.1
[INFO] [stderr]    Compiling async-trait v0.1.73
[INFO] [stderr]    Compiling base64 v0.21.4
[INFO] [stderr]    Compiling openssl v0.10.57
[INFO] [stderr]    Compiling language-tags v0.3.2
[INFO] [stderr]    Compiling time v0.3.29
[INFO] [stderr]    Compiling byteorder v1.4.3
[INFO] [stderr]    Compiling snap v1.1.0
[INFO] [stderr]    Compiling pq-sys v0.4.8
[INFO] [stderr]    Compiling openssl-sys v0.9.93
[INFO] [stderr]    Compiling libz-sys v1.1.12
[INFO] [stderr]    Compiling zstd-sys v2.0.8+zstd.1.5.5
[INFO] [stderr]    Compiling curl-sys v0.4.66+curl-8.3.0
[INFO] [stderr]    Compiling linux-raw-sys v0.4.7
[INFO] [stderr]    Compiling httpdate v1.0.3
[INFO] [stderr]    Compiling rdkafka-sys v4.6.0+2.2.0
[INFO] [stderr]    Compiling url v2.4.1
[INFO] [stderr]    Compiling scheduled-thread-pool v0.2.7
[INFO] [stderr]    Compiling crossbeam-channel v0.5.8
[INFO] [stderr]    Compiling crc-catalog v1.1.1
[INFO] [stderr]    Compiling curl v0.4.44
[INFO] [stderr]    Compiling fastrand v2.0.1
[INFO] [stderr]    Compiling spin v0.9.8
[INFO] [stderr]    Compiling ascii_utils v0.9.3
[INFO] [stderr]    Compiling kafka v0.9.0
[INFO] [stderr]    Compiling fast_chemail v0.9.6
[INFO] [stderr]    Compiling crc v2.1.0
[INFO] [stderr]    Compiling r2d2 v0.8.10
[INFO] [stderr]    Compiling regex v1.9.5
[INFO] [stderr]    Compiling twox-hash v1.6.3
[INFO] [stderr]    Compiling lru v0.7.8
[INFO] [stderr]    Compiling socket2 v0.4.9
[INFO] [stderr]    Compiling concurrent-queue v2.3.0
[INFO] [stderr]    Compiling ref_slice v1.2.1
[INFO] [stderr]    Compiling strum v0.25.0
[INFO] [stderr]    Compiling async-channel v1.9.0
[INFO] [stderr]    Compiling derive_more v0.99.17
[INFO] [stderr]    Compiling Inflector v0.11.4
[INFO] [stderr]    Compiling darling_core v0.20.3
[INFO] [stderr]    Compiling diesel_table_macro_syntax v0.1.0
[INFO] [stderr]    Compiling tempfile v3.8.0
[INFO] [stderr]    Compiling serde_derive v1.0.188
[INFO] [stderr]    Compiling tracing-attributes v0.1.26
[INFO] [stderr]    Compiling futures-macro v0.3.28
[INFO] [stderr]    Compiling thiserror-impl v1.0.48
[INFO] [stderr]    Compiling actix-macros v0.2.4
[INFO] [stderr]    Compiling strum_macros v0.25.2
[INFO] [stderr]    Compiling actix_derive v0.6.1
[INFO] [stderr]    Compiling openssl-macros v0.1.1
[INFO] [stderr]    Compiling async-stream-impl v0.3.5
[INFO] [stderr]    Compiling darling_macro v0.20.3
[INFO] [stderr]    Compiling diesel_derives v2.1.2
[INFO] [stderr]    Compiling futures-util v0.3.28
[INFO] [stderr]    Compiling async-stream v0.3.5
[INFO] [stderr]    Compiling darling v0.20.3
[INFO] [stderr]    Compiling pest v2.7.4
[INFO] [stderr]    Compiling pest_meta v2.7.4
[INFO] [stderr]    Compiling pest_generator v2.7.4
[INFO] [stderr]    Compiling zstd v0.12.4
[INFO] [stderr]    Compiling futures-executor v0.3.28
[INFO] [stderr]    Compiling futures v0.3.28
[INFO] [stderr]    Compiling pest_derive v2.7.4
[INFO] [stderr]    Compiling bytes v1.5.0
[INFO] [stderr]    Compiling indexmap v2.0.0
[INFO] [stderr]    Compiling serde_spanned v0.6.3
[INFO] [stderr]    Compiling toml_datetime v0.6.3
[INFO] [stderr]    Compiling serde_json v1.0.107
[INFO] [stderr]    Compiling serde_urlencoded v0.7.1
[INFO] [stderr]    Compiling bigdecimal v0.3.1
[INFO] [stderr]    Compiling diesel v2.1.2
[INFO] [stderr]    Compiling tokio v1.32.0
[INFO] [stderr]    Compiling http v0.2.9
[INFO] [stderr]    Compiling toml_edit v0.19.15
[INFO] [stderr]    Compiling bytestring v1.3.0
[INFO] [stderr]    Compiling async-graphql-value v6.0.7
[INFO] [stderr]    Compiling handlebars v4.4.0
[INFO] [stderr]    Compiling common-utils v0.1.0 (/opt/rustwide/workdir/common-utils)
[INFO] [stderr]    Compiling actix-router v0.5.1
[INFO] [stdout] warning: structure field `rCode` should have a snake case name
[INFO] [stdout]   --> common-utils/src/lib.rs:31:9
[INFO] [stdout]    |
[INFO] [stdout] 31 |     pub rCode: i32,
[INFO] [stdout]    |         ^^^^^ help: convert the identifier to snake case: `r_code`
[INFO] [stdout]    |
[INFO] [stdout]    = note: `#[warn(non_snake_case)]` on by default
[INFO] [stdout] 
[INFO] [stdout] 
[INFO] [stdout] warning: structure field `companyName` should have a snake case name
[INFO] [stdout]   --> common-utils/src/lib.rs:36:9
[INFO] [stdout]    |
[INFO] [stdout] 36 |     pub companyName: String,
[INFO] [stdout]    |         ^^^^^^^^^^^ help: convert the identifier to snake case: `company_name`
[INFO] [stdout] 
[INFO] [stdout] 
[INFO] [stdout] warning: structure field `stockType` should have a snake case name
[INFO] [stdout]   --> common-utils/src/lib.rs:37:9
[INFO] [stdout]    |
[INFO] [stdout] 37 |     pub stockType: String,
[INFO] [stdout]    |         ^^^^^^^^^ help: convert the identifier to snake case: `stock_type`
[INFO] [stdout] 
[INFO] [stdout] 
[INFO] [stdout] warning: structure field `isNasdaqListed` should have a snake case name
[INFO] [stdout]   --> common-utils/src/lib.rs:39:9
[INFO] [stdout]    |
[INFO] [stdout] 39 |     pub isNasdaqListed: bool,
[INFO] [stdout]    |         ^^^^^^^^^^^^^^ help: convert the identifier to snake case: `is_nasdaq_listed`
[INFO] [stdout] 
[INFO] [stdout] 
[INFO] [stdout] warning: structure field `isNasdaq100` should have a snake case name
[INFO] [stdout]   --> common-utils/src/lib.rs:40:9
[INFO] [stdout]    |
[INFO] [stdout] 40 |     pub isNasdaq100: bool,
[INFO] [stdout]    |         ^^^^^^^^^^^ help: convert the identifier to snake case: `is_nasdaq100`
[INFO] [stdout] 
[INFO] [stdout] 
[INFO] [stdout] warning: structure field `isHeld` should have a snake case name
[INFO] [stdout]   --> common-utils/src/lib.rs:41:9
[INFO] [stdout]    |
[INFO] [stdout] 41 |     pub isHeld: bool,
[INFO] [stdout]    |         ^^^^^^ help: convert the identifier to snake case: `is_held`
[INFO] [stdout] 
[INFO] [stdout] 
[INFO] [stdout] warning: structure field `primaryData` should have a snake case name
[INFO] [stdout]   --> common-utils/src/lib.rs:42:9
[INFO] [stdout]    |
[INFO] [stdout] 42 |     pub primaryData: ComplementData,
[INFO] [stdout]    |         ^^^^^^^^^^^ help: convert the identifier to snake case: `primary_data`
[INFO] [stdout] 
[INFO] [stdout] 
[INFO] [stdout] warning: structure field `secondaryData` should have a snake case name
[INFO] [stdout]   --> common-utils/src/lib.rs:43:9
[INFO] [stdout]    |
[INFO] [stdout] 43 |     pub secondaryData: Option<ComplementData>,
[INFO] [stdout]    |         ^^^^^^^^^^^^^ help: convert the identifier to snake case: `secondary_data`
[INFO] [stdout] 
[INFO] [stdout] 
[INFO] [stdout] warning: structure field `marketStatus` should have a snake case name
[INFO] [stdout]   --> common-utils/src/lib.rs:44:9
[INFO] [stdout]    |
[INFO] [stdout] 44 |     pub marketStatus: String,
[INFO] [stdout]    |         ^^^^^^^^^^^^ help: convert the identifier to snake case: `market_status`
[INFO] [stdout] 
[INFO] [stdout] 
[INFO] [stdout] warning: structure field `assetClass` should have a snake case name
[INFO] [stdout]   --> common-utils/src/lib.rs:45:9
[INFO] [stdout]    |
[INFO] [stdout] 45 |     pub assetClass: String,
[INFO] [stdout]    |         ^^^^^^^^^^ help: convert the identifier to snake case: `asset_class`
[INFO] [stdout] 
[INFO] [stdout] 
[INFO] [stdout] warning: structure field `keyStats` should have a snake case name
[INFO] [stdout]   --> common-utils/src/lib.rs:46:9
[INFO] [stdout]    |
[INFO] [stdout] 46 |     pub keyStats: KeyStats,
[INFO] [stdout]    |         ^^^^^^^^ help: convert the identifier to snake case: `key_stats`
[INFO] [stdout] 
[INFO] [stdout] 
[INFO] [stdout] warning: structure field `lastSalePrice` should have a snake case name
[INFO] [stdout]   --> common-utils/src/lib.rs:51:9
[INFO] [stdout]    |
[INFO] [stdout] 51 |     pub lastSalePrice: String,
[INFO] [stdout]    |         ^^^^^^^^^^^^^ help: convert the identifier to snake case: `last_sale_price`
[INFO] [stdout] 
[INFO] [stdout] 
[INFO] [stdout] warning: structure field `netChange` should have a snake case name
[INFO] [stdout]   --> common-utils/src/lib.rs:52:9
[INFO] [stdout]    |
[INFO] [stdout] 52 |     pub netChange: String,
[INFO] [stdout]    |         ^^^^^^^^^ help: convert the identifier to snake case: `net_change`
[INFO] [stdout] 
[INFO] [stdout] 
[INFO] [stdout] warning: structure field `percentageChange` should have a snake case name
[INFO] [stdout]   --> common-utils/src/lib.rs:53:9
[INFO] [stdout]    |
[INFO] [stdout] 53 |     pub percentageChange: String,
[INFO] [stdout]    |         ^^^^^^^^^^^^^^^^ help: convert the identifier to snake case: `percentage_change`
[INFO] [stdout] 
[INFO] [stdout] 
[INFO] [stdout] warning: structure field `deltaIndicator` should have a snake case name
[INFO] [stdout]   --> common-utils/src/lib.rs:54:9
[INFO] [stdout]    |
[INFO] [stdout] 54 |     pub deltaIndicator: String,
[INFO] [stdout]    |         ^^^^^^^^^^^^^^ help: convert the identifier to snake case: `delta_indicator`
[INFO] [stdout] 
[INFO] [stdout] 
[INFO] [stdout] warning: structure field `lastTradeTimestamp` should have a snake case name
[INFO] [stdout]   --> common-utils/src/lib.rs:55:9
[INFO] [stdout]    |
[INFO] [stdout] 55 |     pub lastTradeTimestamp: String,
[INFO] [stdout]    |         ^^^^^^^^^^^^^^^^^^ help: convert the identifier to snake case: `last_trade_timestamp`
[INFO] [stdout] 
[INFO] [stdout] 
[INFO] [stdout] warning: structure field `isRealTime` should have a snake case name
[INFO] [stdout]   --> common-utils/src/lib.rs:56:9
[INFO] [stdout]    |
[INFO] [stdout] 56 |     pub isRealTime: bool,
[INFO] [stdout]    |         ^^^^^^^^^^ help: convert the identifier to snake case: `is_real_time`
[INFO] [stdout] 
[INFO] [stdout] 
[INFO] [stdout] warning: structure field `bidPrice` should have a snake case name
[INFO] [stdout]   --> common-utils/src/lib.rs:57:9
[INFO] [stdout]    |
[INFO] [stdout] 57 |     pub bidPrice: String,
[INFO] [stdout]    |         ^^^^^^^^ help: convert the identifier to snake case: `bid_price`
[INFO] [stdout] 
[INFO] [stdout] 
[INFO] [stdout] warning: structure field `askPrice` should have a snake case name
[INFO] [stdout]   --> common-utils/src/lib.rs:58:9
[INFO] [stdout]    |
[INFO] [stdout] 58 |     pub askPrice: String,
[INFO] [stdout]    |         ^^^^^^^^ help: convert the identifier to snake case: `ask_price`
[INFO] [stdout] 
[INFO] [stdout] 
[INFO] [stdout] warning: structure field `bidSize` should have a snake case name
[INFO] [stdout]   --> common-utils/src/lib.rs:59:9
[INFO] [stdout]    |
[INFO] [stdout] 59 |     pub bidSize: String,
[INFO] [stdout]    |         ^^^^^^^ help: convert the identifier to snake case: `bid_size`
[INFO] [stdout] 
[INFO] [stdout] 
[INFO] [stdout] warning: structure field `askSize` should have a snake case name
[INFO] [stdout]   --> common-utils/src/lib.rs:60:9
[INFO] [stdout]    |
[INFO] [stdout] 60 |     pub askSize: String,
[INFO] [stdout]    |         ^^^^^^^ help: convert the identifier to snake case: `ask_size`
[INFO] [stdout] 
[INFO] [stdout] 
[INFO] [stdout] warning: structure field `fiftyTwoWeekHighLow` should have a snake case name
[INFO] [stdout]   --> common-utils/src/lib.rs:66:9
[INFO] [stdout]    |
[INFO] [stdout] 66 |     pub fiftyTwoWeekHighLow: DefaultData,
[INFO] [stdout]    |         ^^^^^^^^^^^^^^^^^^^ help: convert the identifier to snake case: `fifty_two_week_high_low`
[INFO] [stdout] 
[INFO] [stdout] 
[INFO] [stdout] warning: structure field `eventTypes` should have a snake case name
[INFO] [stdout]   --> common-utils/src/lib.rs:79:9
[INFO] [stdout]    |
[INFO] [stdout] 79 |     pub eventTypes: Vec<EventTypes>,
[INFO] [stdout]    |         ^^^^^^^^^^ help: convert the identifier to snake case: `event_types`
[INFO] [stdout] 
[INFO] [stdout] 
[INFO] [stdout] warning: structure field `eventName` should have a snake case name
[INFO] [stdout]   --> common-utils/src/lib.rs:85:9
[INFO] [stdout]    |
[INFO] [stdout] 85 |     pub eventName: String,
[INFO] [stdout]    |         ^^^^^^^^^ help: convert the identifier to snake case: `event_name`
[INFO] [stdout] 
[INFO] [stdout] 
[INFO] [stderr]    Compiling async-graphql-parser v6.0.7
[INFO] [stdout] warning: 24 warnings emitted
[INFO] [stdout] 
[INFO] [stdout] 
[INFO] [stderr]    Compiling actix-web-codegen v4.2.2
[INFO] [stderr]    Compiling proc-macro-crate v1.3.1
[INFO] [stderr]    Compiling toml v0.7.8
[INFO] [stderr]    Compiling migrations_internals v2.1.0
[INFO] [stderr]    Compiling num_enum_derive v0.5.11
[INFO] [stderr]    Compiling async-graphql-derive v6.0.7
[INFO] [stderr]    Compiling migrations_macros v2.1.0
[INFO] [stderr]    Compiling tokio-util v0.7.9
[INFO] [stderr]    Compiling actix-rt v2.9.0
[INFO] [stderr]    Compiling actix-server v2.3.0
[INFO] [stderr]    Compiling num_enum v0.5.11
[INFO] [stderr]    Compiling h2 v0.3.21
[INFO] [stderr]    Compiling actix-codec v0.5.1
[INFO] [stderr]    Compiling actix v0.13.1
[INFO] [stderr]    Compiling rdkafka v0.33.2
[INFO] [stderr]    Compiling actix-http v3.4.0
[INFO] [stderr]    Compiling async-graphql v6.0.7
[INFO] [stderr]    Compiling actix-web v4.4.0
[INFO] [stderr]    Compiling actix-web-actors v4.2.0
[INFO] [stderr]    Compiling async-graphql-actix-web v6.0.7
[INFO] [stderr]    Compiling diesel_migrations v2.1.0
[INFO] [stderr]    Compiling stocks-consumer v0.1.0 (/opt/rustwide/workdir)
[INFO] [stderr] warning: #[table_name] attribute form is deprecated
[INFO] [stderr]   = help: use `#[diesel(table_name = stocks_summary)]` instead
[INFO] [stderr] 
[INFO] [stderr] warning: #[sql_type] attribute form is deprecated
[INFO] [stderr]   = help: use `#[diesel(sql_type = Text)]` instead
[INFO] [stderr] 
[INFO] [stderr] warning: #[sql_type] attribute form is deprecated
[INFO] [stderr]   = help: use `#[diesel(sql_type = Text)]` instead
[INFO] [stderr] 
[INFO] [stdout] warning: value assigned to `average_price` is never read
[INFO] [stdout]   --> src/stock_functions.rs:39:13
[INFO] [stdout]    |
[INFO] [stdout] 39 |     let mut average_price:BigDecimal = "0.0".parse().unwrap();
[INFO] [stdout]    |             ^^^^^^^^^^^^^
[INFO] [stdout]    |
[INFO] [stdout]    = help: maybe it is overwritten before being read?
[INFO] [stdout]    = note: `#[warn(unused_assignments)]` on by default
[INFO] [stdout] 
[INFO] [stdout] 
[INFO] [stdout] warning: value assigned to `profit_loss` is never read
[INFO] [stdout]   --> src/stock_functions.rs:40:13
[INFO] [stdout]    |
[INFO] [stdout] 40 |     let mut profit_loss:BigDecimal = "0.0".parse().unwrap();
[INFO] [stdout]    |             ^^^^^^^^^^^
[INFO] [stdout]    |
[INFO] [stdout]    = help: maybe it is overwritten before being read?
[INFO] [stdout] 
[INFO] [stdout] 
[INFO] [stdout] warning: value assigned to `total_price_to_get_average_price` is never read
[INFO] [stdout]   --> src/stock_functions.rs:69:9
[INFO] [stdout]    |
[INFO] [stdout] 69 |         total_price_to_get_average_price = price.parse::<BigDecimal>().unwrap();
[INFO] [stdout]    |         ^^^^^^^^^^^^^^^^^^^^^^^^^^^^^^^^
[INFO] [stdout]    |
[INFO] [stdout]    = help: maybe it is overwritten before being read?
[INFO] [stdout] 
[INFO] [stdout] 
[INFO] [stdout] warning: 3 warnings emitted
[INFO] [stdout] 
[INFO] [stdout] 
[INFO] [stderr]     Finished dev [unoptimized + debuginfo] target(s) in 48.94s
[INFO] running `Command { std: "docker" "inspect" "f26b8802de991de358a3e51f7c9c64e3d0dd7f52f1ab4b9eb7576fdf7e17dc33", kill_on_drop: false }`
[INFO] running `Command { std: "docker" "rm" "-f" "f26b8802de991de358a3e51f7c9c64e3d0dd7f52f1ab4b9eb7576fdf7e17dc33", kill_on_drop: false }`
[INFO] [stdout] f26b8802de991de358a3e51f7c9c64e3d0dd7f52f1ab4b9eb7576fdf7e17dc33
[INFO] running `Command { std: "docker" "create" "-v" "/var/lib/crater-agent-workspace/builds/worker-5-tc2/target:/opt/rustwide/target:rw,Z" "-v" "/var/lib/crater-agent-workspace/builds/worker-5-tc2/source:/opt/rustwide/workdir:ro,Z" "-v" "/var/lib/crater-agent-workspace/cargo-home:/opt/rustwide/cargo-home:ro,Z" "-v" "/var/lib/crater-agent-workspace/rustup-home:/opt/rustwide/rustup-home:ro,Z" "-e" "SOURCE_DIR=/opt/rustwide/workdir" "-e" "CARGO_TARGET_DIR=/opt/rustwide/target" "-e" "CARGO_INCREMENTAL=0" "-e" "RUST_BACKTRACE=full" "-e" "RUSTFLAGS=--cap-lints=warn" "-e" "RUSTDOCFLAGS=--cap-lints=warn" "-e" "CARGO_HOME=/opt/rustwide/cargo-home" "-e" "RUSTUP_HOME=/opt/rustwide/rustup-home" "-w" "/opt/rustwide/workdir" "-m" "1610612736" "--user" "0:0" "--network" "none" "ghcr.io/rust-lang/crates-build-env/linux@sha256:2788e3201cd34a07e3172128adcd8b3090168a8e3bcc40d7c032b9dda1df7d1c" "/opt/rustwide/cargo-home/bin/cargo" "+beta-2023-12-22" "test" "--frozen" "--no-run" "--message-format=json", kill_on_drop: false }`
[INFO] [stdout] d14407708df55b039ddf15984a8f5656c31c231f3ea235a59b991d461f77504a
[INFO] running `Command { std: "docker" "start" "-a" "d14407708df55b039ddf15984a8f5656c31c231f3ea235a59b991d461f77504a", kill_on_drop: false }`
[INFO] [stderr]    Compiling syn v1.0.109
[INFO] [stderr]    Compiling serde_json v1.0.107
[INFO] [stderr]    Compiling subtle v2.5.0
[INFO] [stderr]    Compiling bigdecimal v0.4.1
[INFO] [stderr]    Compiling iana-time-zone v0.1.57
[INFO] [stderr]    Compiling digest v0.10.7
[INFO] [stderr]    Compiling chrono v0.4.31
[INFO] [stderr]    Compiling sha1 v0.10.6
[INFO] [stderr]    Compiling hmac v0.12.1
[INFO] [stderr]    Compiling sha2 v0.10.8
[INFO] [stderr]    Compiling diesel v2.1.2
[INFO] [stderr]    Compiling async-graphql-value v6.0.7
[INFO] [stderr]    Compiling handlebars v4.4.0
[INFO] [stderr]    Compiling common-utils v0.1.0 (/opt/rustwide/workdir/common-utils)
[INFO] [stderr]    Compiling async-graphql-parser v6.0.7
[INFO] [stdout] warning: structure field `rCode` should have a snake case name
[INFO] [stdout]   --> common-utils/src/lib.rs:31:9
[INFO] [stdout]    |
[INFO] [stdout] 31 |     pub rCode: i32,
[INFO] [stdout]    |         ^^^^^ help: convert the identifier to snake case: `r_code`
[INFO] [stdout]    |
[INFO] [stdout]    = note: `#[warn(non_snake_case)]` on by default
[INFO] [stdout] 
[INFO] [stdout] 
[INFO] [stdout] warning: structure field `companyName` should have a snake case name
[INFO] [stdout]   --> common-utils/src/lib.rs:36:9
[INFO] [stdout]    |
[INFO] [stdout] 36 |     pub companyName: String,
[INFO] [stdout]    |         ^^^^^^^^^^^ help: convert the identifier to snake case: `company_name`
[INFO] [stdout] 
[INFO] [stdout] 
[INFO] [stdout] warning: structure field `stockType` should have a snake case name
[INFO] [stdout]   --> common-utils/src/lib.rs:37:9
[INFO] [stdout]    |
[INFO] [stdout] 37 |     pub stockType: String,
[INFO] [stdout]    |         ^^^^^^^^^ help: convert the identifier to snake case: `stock_type`
[INFO] [stdout] 
[INFO] [stdout] 
[INFO] [stdout] warning: structure field `isNasdaqListed` should have a snake case name
[INFO] [stdout]   --> common-utils/src/lib.rs:39:9
[INFO] [stdout]    |
[INFO] [stdout] 39 |     pub isNasdaqListed: bool,
[INFO] [stdout]    |         ^^^^^^^^^^^^^^ help: convert the identifier to snake case: `is_nasdaq_listed`
[INFO] [stdout] 
[INFO] [stdout] 
[INFO] [stdout] warning: structure field `isNasdaq100` should have a snake case name
[INFO] [stdout]   --> common-utils/src/lib.rs:40:9
[INFO] [stdout]    |
[INFO] [stdout] 40 |     pub isNasdaq100: bool,
[INFO] [stdout]    |         ^^^^^^^^^^^ help: convert the identifier to snake case: `is_nasdaq100`
[INFO] [stdout] 
[INFO] [stdout] 
[INFO] [stdout] warning: structure field `isHeld` should have a snake case name
[INFO] [stdout]   --> common-utils/src/lib.rs:41:9
[INFO] [stdout]    |
[INFO] [stdout] 41 |     pub isHeld: bool,
[INFO] [stdout]    |         ^^^^^^ help: convert the identifier to snake case: `is_held`
[INFO] [stdout] 
[INFO] [stdout] 
[INFO] [stdout] warning: structure field `primaryData` should have a snake case name
[INFO] [stdout]   --> common-utils/src/lib.rs:42:9
[INFO] [stdout]    |
[INFO] [stdout] 42 |     pub primaryData: ComplementData,
[INFO] [stdout]    |         ^^^^^^^^^^^ help: convert the identifier to snake case: `primary_data`
[INFO] [stdout] 
[INFO] [stdout] 
[INFO] [stdout] warning: structure field `secondaryData` should have a snake case name
[INFO] [stdout]   --> common-utils/src/lib.rs:43:9
[INFO] [stdout]    |
[INFO] [stdout] 43 |     pub secondaryData: Option<ComplementData>,
[INFO] [stdout]    |         ^^^^^^^^^^^^^ help: convert the identifier to snake case: `secondary_data`
[INFO] [stdout] 
[INFO] [stdout] 
[INFO] [stdout] warning: structure field `marketStatus` should have a snake case name
[INFO] [stdout]   --> common-utils/src/lib.rs:44:9
[INFO] [stdout]    |
[INFO] [stdout] 44 |     pub marketStatus: String,
[INFO] [stdout]    |         ^^^^^^^^^^^^ help: convert the identifier to snake case: `market_status`
[INFO] [stdout] 
[INFO] [stdout] 
[INFO] [stdout] warning: structure field `assetClass` should have a snake case name
[INFO] [stdout]   --> common-utils/src/lib.rs:45:9
[INFO] [stdout]    |
[INFO] [stdout] 45 |     pub assetClass: String,
[INFO] [stdout]    |         ^^^^^^^^^^ help: convert the identifier to snake case: `asset_class`
[INFO] [stdout] 
[INFO] [stdout] 
[INFO] [stdout] warning: structure field `keyStats` should have a snake case name
[INFO] [stdout]   --> common-utils/src/lib.rs:46:9
[INFO] [stdout]    |
[INFO] [stdout] 46 |     pub keyStats: KeyStats,
[INFO] [stdout]    |         ^^^^^^^^ help: convert the identifier to snake case: `key_stats`
[INFO] [stdout] 
[INFO] [stdout] 
[INFO] [stdout] warning: structure field `lastSalePrice` should have a snake case name
[INFO] [stdout]   --> common-utils/src/lib.rs:51:9
[INFO] [stdout]    |
[INFO] [stdout] 51 |     pub lastSalePrice: String,
[INFO] [stdout]    |         ^^^^^^^^^^^^^ help: convert the identifier to snake case: `last_sale_price`
[INFO] [stdout] 
[INFO] [stdout] 
[INFO] [stdout] warning: structure field `netChange` should have a snake case name
[INFO] [stdout]   --> common-utils/src/lib.rs:52:9
[INFO] [stdout]    |
[INFO] [stdout] 52 |     pub netChange: String,
[INFO] [stdout]    |         ^^^^^^^^^ help: convert the identifier to snake case: `net_change`
[INFO] [stdout] 
[INFO] [stdout] 
[INFO] [stdout] warning: structure field `percentageChange` should have a snake case name
[INFO] [stdout]   --> common-utils/src/lib.rs:53:9
[INFO] [stdout]    |
[INFO] [stdout] 53 |     pub percentageChange: String,
[INFO] [stdout]    |         ^^^^^^^^^^^^^^^^ help: convert the identifier to snake case: `percentage_change`
[INFO] [stdout] 
[INFO] [stdout] 
[INFO] [stdout] warning: structure field `deltaIndicator` should have a snake case name
[INFO] [stdout]   --> common-utils/src/lib.rs:54:9
[INFO] [stdout]    |
[INFO] [stdout] 54 |     pub deltaIndicator: String,
[INFO] [stdout]    |         ^^^^^^^^^^^^^^ help: convert the identifier to snake case: `delta_indicator`
[INFO] [stdout] 
[INFO] [stdout] 
[INFO] [stdout] warning: structure field `lastTradeTimestamp` should have a snake case name
[INFO] [stdout]   --> common-utils/src/lib.rs:55:9
[INFO] [stdout]    |
[INFO] [stdout] 55 |     pub lastTradeTimestamp: String,
[INFO] [stdout]    |         ^^^^^^^^^^^^^^^^^^ help: convert the identifier to snake case: `last_trade_timestamp`
[INFO] [stdout] 
[INFO] [stdout] 
[INFO] [stdout] warning: structure field `isRealTime` should have a snake case name
[INFO] [stdout]   --> common-utils/src/lib.rs:56:9
[INFO] [stdout]    |
[INFO] [stdout] 56 |     pub isRealTime: bool,
[INFO] [stdout]    |         ^^^^^^^^^^ help: convert the identifier to snake case: `is_real_time`
[INFO] [stdout] 
[INFO] [stdout] 
[INFO] [stdout] warning: structure field `bidPrice` should have a snake case name
[INFO] [stdout]   --> common-utils/src/lib.rs:57:9
[INFO] [stdout]    |
[INFO] [stdout] 57 |     pub bidPrice: String,
[INFO] [stdout]    |         ^^^^^^^^ help: convert the identifier to snake case: `bid_price`
[INFO] [stdout] 
[INFO] [stdout] 
[INFO] [stdout] warning: structure field `askPrice` should have a snake case name
[INFO] [stdout]   --> common-utils/src/lib.rs:58:9
[INFO] [stdout]    |
[INFO] [stdout] 58 |     pub askPrice: String,
[INFO] [stdout]    |         ^^^^^^^^ help: convert the identifier to snake case: `ask_price`
[INFO] [stdout] 
[INFO] [stdout] 
[INFO] [stdout] warning: structure field `bidSize` should have a snake case name
[INFO] [stdout]   --> common-utils/src/lib.rs:59:9
[INFO] [stdout]    |
[INFO] [stdout] 59 |     pub bidSize: String,
[INFO] [stdout]    |         ^^^^^^^ help: convert the identifier to snake case: `bid_size`
[INFO] [stdout] 
[INFO] [stdout] 
[INFO] [stdout] warning: structure field `askSize` should have a snake case name
[INFO] [stdout]   --> common-utils/src/lib.rs:60:9
[INFO] [stdout]    |
[INFO] [stdout] 60 |     pub askSize: String,
[INFO] [stdout]    |         ^^^^^^^ help: convert the identifier to snake case: `ask_size`
[INFO] [stdout] 
[INFO] [stdout] 
[INFO] [stdout] warning: structure field `fiftyTwoWeekHighLow` should have a snake case name
[INFO] [stdout]   --> common-utils/src/lib.rs:66:9
[INFO] [stdout]    |
[INFO] [stdout] 66 |     pub fiftyTwoWeekHighLow: DefaultData,
[INFO] [stdout]    |         ^^^^^^^^^^^^^^^^^^^ help: convert the identifier to snake case: `fifty_two_week_high_low`
[INFO] [stdout] 
[INFO] [stdout] 
[INFO] [stdout] warning: structure field `eventTypes` should have a snake case name
[INFO] [stdout]   --> common-utils/src/lib.rs:79:9
[INFO] [stdout]    |
[INFO] [stdout] 79 |     pub eventTypes: Vec<EventTypes>,
[INFO] [stdout]    |         ^^^^^^^^^^ help: convert the identifier to snake case: `event_types`
[INFO] [stdout] 
[INFO] [stdout] 
[INFO] [stdout] warning: structure field `eventName` should have a snake case name
[INFO] [stdout]   --> common-utils/src/lib.rs:85:9
[INFO] [stdout]    |
[INFO] [stdout] 85 |     pub eventName: String,
[INFO] [stdout]    |         ^^^^^^^^^ help: convert the identifier to snake case: `event_name`
[INFO] [stdout] 
[INFO] [stdout] 
[INFO] [stderr]    Compiling jsonpath_lib v0.3.0
[INFO] [stdout] warning: 24 warnings emitted
[INFO] [stdout] 
[INFO] [stdout] 
[INFO] [stderr]    Compiling darling_core v0.13.4
[INFO] [stderr]    Compiling async-graphql-derive v6.0.7
[INFO] [stderr]    Compiling derive_more v0.99.17
[INFO] [stderr]    Compiling num_enum_derive v0.5.11
[INFO] [stderr]    Compiling darling_macro v0.13.4
[INFO] [stderr]    Compiling num_enum v0.5.11
[INFO] [stderr]    Compiling rdkafka-sys v4.6.0+2.2.0
[INFO] [stderr]    Compiling darling v0.13.4
[INFO] [stderr]    Compiling serde_with_macros v1.5.2
[INFO] [stderr]    Compiling rdkafka v0.33.2
[INFO] [stderr]    Compiling actix-http v3.4.0
[INFO] [stderr]    Compiling serde_with v1.14.0
[INFO] [stderr]    Compiling bollard-stubs v1.41.0
[INFO] [stderr]    Compiling actix-web v4.4.0
[INFO] [stderr]    Compiling async-graphql v6.0.7
[INFO] [stderr]    Compiling actix-web-actors v4.2.0
[INFO] [stderr]    Compiling testcontainers v0.14.0
[INFO] [stderr]    Compiling async-graphql-actix-web v6.0.7
[INFO] [stderr]    Compiling diesel_migrations v2.1.0
[INFO] [stderr]    Compiling stocks-consumer v0.1.0 (/opt/rustwide/workdir)
[INFO] [stderr] warning: #[table_name] attribute form is deprecated
[INFO] [stderr]   = help: use `#[diesel(table_name = stocks_summary)]` instead
[INFO] [stderr] 
[INFO] [stderr] warning: #[sql_type] attribute form is deprecated
[INFO] [stderr]   = help: use `#[diesel(sql_type = Text)]` instead
[INFO] [stderr] 
[INFO] [stderr] warning: #[sql_type] attribute form is deprecated
[INFO] [stderr]   = help: use `#[diesel(sql_type = Text)]` instead
[INFO] [stderr] 
[INFO] [stdout] warning: value assigned to `average_price` is never read
[INFO] [stdout]   --> src/stock_functions.rs:39:13
[INFO] [stdout]    |
[INFO] [stdout] 39 |     let mut average_price:BigDecimal = "0.0".parse().unwrap();
[INFO] [stdout]    |             ^^^^^^^^^^^^^
[INFO] [stdout]    |
[INFO] [stdout]    = help: maybe it is overwritten before being read?
[INFO] [stdout]    = note: `#[warn(unused_assignments)]` on by default
[INFO] [stdout] 
[INFO] [stdout] 
[INFO] [stdout] warning: value assigned to `profit_loss` is never read
[INFO] [stdout]   --> src/stock_functions.rs:40:13
[INFO] [stdout]    |
[INFO] [stdout] 40 |     let mut profit_loss:BigDecimal = "0.0".parse().unwrap();
[INFO] [stdout]    |             ^^^^^^^^^^^
[INFO] [stdout]    |
[INFO] [stdout]    = help: maybe it is overwritten before being read?
[INFO] [stdout] 
[INFO] [stdout] 
[INFO] [stdout] warning: value assigned to `total_price_to_get_average_price` is never read
[INFO] [stdout]   --> src/stock_functions.rs:69:9
[INFO] [stdout]    |
[INFO] [stdout] 69 |         total_price_to_get_average_price = price.parse::<BigDecimal>().unwrap();
[INFO] [stdout]    |         ^^^^^^^^^^^^^^^^^^^^^^^^^^^^^^^^
[INFO] [stdout]    |
[INFO] [stdout]    = help: maybe it is overwritten before being read?
[INFO] [stdout] 
[INFO] [stdout] 
[INFO] [stderr] warning: #[table_name] attribute form is deprecated
[INFO] [stderr]   = help: use `#[diesel(table_name = stocks_summary)]` instead
[INFO] [stderr] 
[INFO] [stderr] warning: #[sql_type] attribute form is deprecated
[INFO] [stderr]   = help: use `#[diesel(sql_type = Text)]` instead
[INFO] [stderr] 
[INFO] [stderr] warning: #[sql_type] attribute form is deprecated
[INFO] [stderr]   = help: use `#[diesel(sql_type = Text)]` instead
[INFO] [stderr] 
[INFO] [stdout] warning: 3 warnings emitted
[INFO] [stdout] 
[INFO] [stdout] 
[INFO] [stdout] warning: value assigned to `average_price` is never read
[INFO] [stdout]   --> src/stock_functions.rs:39:13
[INFO] [stdout]    |
[INFO] [stdout] 39 |     let mut average_price:BigDecimal = "0.0".parse().unwrap();
[INFO] [stdout]    |             ^^^^^^^^^^^^^
[INFO] [stdout]    |
[INFO] [stdout]    = help: maybe it is overwritten before being read?
[INFO] [stdout]    = note: `#[warn(unused_assignments)]` on by default
[INFO] [stdout] 
[INFO] [stdout] 
[INFO] [stdout] warning: value assigned to `profit_loss` is never read
[INFO] [stdout]   --> src/stock_functions.rs:40:13
[INFO] [stdout]    |
[INFO] [stdout] 40 |     let mut profit_loss:BigDecimal = "0.0".parse().unwrap();
[INFO] [stdout]    |             ^^^^^^^^^^^
[INFO] [stdout]    |
[INFO] [stdout]    = help: maybe it is overwritten before being read?
[INFO] [stdout] 
[INFO] [stdout] 
[INFO] [stdout] warning: value assigned to `total_price_to_get_average_price` is never read
[INFO] [stdout]   --> src/stock_functions.rs:69:9
[INFO] [stdout]    |
[INFO] [stdout] 69 |         total_price_to_get_average_price = price.parse::<BigDecimal>().unwrap();
[INFO] [stdout]    |         ^^^^^^^^^^^^^^^^^^^^^^^^^^^^^^^^
[INFO] [stdout]    |
[INFO] [stdout]    = help: maybe it is overwritten before being read?
[INFO] [stdout] 
[INFO] [stdout] 
[INFO] [stdout] warning: 3 warnings emitted
[INFO] [stdout] 
[INFO] [stdout] 
[INFO] [stderr]     Finished test [unoptimized + debuginfo] target(s) in 29.03s
[INFO] running `Command { std: "docker" "inspect" "d14407708df55b039ddf15984a8f5656c31c231f3ea235a59b991d461f77504a", kill_on_drop: false }`
[INFO] running `Command { std: "docker" "rm" "-f" "d14407708df55b039ddf15984a8f5656c31c231f3ea235a59b991d461f77504a", kill_on_drop: false }`
[INFO] [stdout] d14407708df55b039ddf15984a8f5656c31c231f3ea235a59b991d461f77504a
[INFO] running `Command { std: "docker" "create" "-v" "/var/lib/crater-agent-workspace/builds/worker-5-tc2/target:/opt/rustwide/target:rw,Z" "-v" "/var/lib/crater-agent-workspace/builds/worker-5-tc2/source:/opt/rustwide/workdir:ro,Z" "-v" "/var/lib/crater-agent-workspace/cargo-home:/opt/rustwide/cargo-home:ro,Z" "-v" "/var/lib/crater-agent-workspace/rustup-home:/opt/rustwide/rustup-home:ro,Z" "-e" "SOURCE_DIR=/opt/rustwide/workdir" "-e" "CARGO_TARGET_DIR=/opt/rustwide/target" "-e" "CARGO_INCREMENTAL=0" "-e" "RUST_BACKTRACE=full" "-e" "RUSTFLAGS=--cap-lints=warn" "-e" "RUSTDOCFLAGS=--cap-lints=warn" "-e" "CARGO_HOME=/opt/rustwide/cargo-home" "-e" "RUSTUP_HOME=/opt/rustwide/rustup-home" "-w" "/opt/rustwide/workdir" "-m" "1610612736" "--user" "0:0" "--network" "none" "ghcr.io/rust-lang/crates-build-env/linux@sha256:2788e3201cd34a07e3172128adcd8b3090168a8e3bcc40d7c032b9dda1df7d1c" "/opt/rustwide/cargo-home/bin/cargo" "+beta-2023-12-22" "test" "--frozen", kill_on_drop: false }`
[INFO] [stdout] 2eea92c202bb0cf4bbdd77e3dee4c4cd4faa2cf5346ba8f877444fdefbfcf902
[INFO] running `Command { std: "docker" "start" "-a" "2eea92c202bb0cf4bbdd77e3dee4c4cd4faa2cf5346ba8f877444fdefbfcf902", kill_on_drop: false }`
[INFO] [stderr] warning: structure field `rCode` should have a snake case name
[INFO] [stderr]   --> common-utils/src/lib.rs:31:9
[INFO] [stderr]    |
[INFO] [stderr] 31 |     pub rCode: i32,
[INFO] [stderr]    |         ^^^^^ help: convert the identifier to snake case: `r_code`
[INFO] [stderr]    |
[INFO] [stderr]    = note: `#[warn(non_snake_case)]` on by default
[INFO] [stderr] 
[INFO] [stderr] warning: structure field `companyName` should have a snake case name
[INFO] [stderr]   --> common-utils/src/lib.rs:36:9
[INFO] [stderr]    |
[INFO] [stderr] 36 |     pub companyName: String,
[INFO] [stderr]    |         ^^^^^^^^^^^ help: convert the identifier to snake case: `company_name`
[INFO] [stderr] 
[INFO] [stderr] warning: structure field `stockType` should have a snake case name
[INFO] [stderr]   --> common-utils/src/lib.rs:37:9
[INFO] [stderr]    |
[INFO] [stderr] 37 |     pub stockType: String,
[INFO] [stderr]    |         ^^^^^^^^^ help: convert the identifier to snake case: `stock_type`
[INFO] [stderr] 
[INFO] [stderr] warning: structure field `isNasdaqListed` should have a snake case name
[INFO] [stderr]   --> common-utils/src/lib.rs:39:9
[INFO] [stderr]    |
[INFO] [stderr] 39 |     pub isNasdaqListed: bool,
[INFO] [stderr]    |         ^^^^^^^^^^^^^^ help: convert the identifier to snake case: `is_nasdaq_listed`
[INFO] [stderr] 
[INFO] [stderr] warning: structure field `isNasdaq100` should have a snake case name
[INFO] [stderr]   --> common-utils/src/lib.rs:40:9
[INFO] [stderr]    |
[INFO] [stderr] 40 |     pub isNasdaq100: bool,
[INFO] [stderr]    |         ^^^^^^^^^^^ help: convert the identifier to snake case: `is_nasdaq100`
[INFO] [stderr] 
[INFO] [stderr] warning: structure field `isHeld` should have a snake case name
[INFO] [stderr]   --> common-utils/src/lib.rs:41:9
[INFO] [stderr]    |
[INFO] [stderr] 41 |     pub isHeld: bool,
[INFO] [stderr]    |         ^^^^^^ help: convert the identifier to snake case: `is_held`
[INFO] [stderr] 
[INFO] [stderr] warning: structure field `primaryData` should have a snake case name
[INFO] [stderr]   --> common-utils/src/lib.rs:42:9
[INFO] [stderr]    |
[INFO] [stderr] 42 |     pub primaryData: ComplementData,
[INFO] [stderr]    |         ^^^^^^^^^^^ help: convert the identifier to snake case: `primary_data`
[INFO] [stderr] 
[INFO] [stderr] warning: structure field `secondaryData` should have a snake case name
[INFO] [stderr]   --> common-utils/src/lib.rs:43:9
[INFO] [stderr]    |
[INFO] [stderr] 43 |     pub secondaryData: Option<ComplementData>,
[INFO] [stderr]    |         ^^^^^^^^^^^^^ help: convert the identifier to snake case: `secondary_data`
[INFO] [stderr] 
[INFO] [stderr] warning: structure field `marketStatus` should have a snake case name
[INFO] [stderr]   --> common-utils/src/lib.rs:44:9
[INFO] [stderr]    |
[INFO] [stderr] 44 |     pub marketStatus: String,
[INFO] [stderr]    |         ^^^^^^^^^^^^ help: convert the identifier to snake case: `market_status`
[INFO] [stderr] 
[INFO] [stderr] warning: structure field `assetClass` should have a snake case name
[INFO] [stderr]   --> common-utils/src/lib.rs:45:9
[INFO] [stderr]    |
[INFO] [stderr] 45 |     pub assetClass: String,
[INFO] [stderr]    |         ^^^^^^^^^^ help: convert the identifier to snake case: `asset_class`
[INFO] [stderr] 
[INFO] [stderr] warning: structure field `keyStats` should have a snake case name
[INFO] [stderr]   --> common-utils/src/lib.rs:46:9
[INFO] [stderr]    |
[INFO] [stderr] 46 |     pub keyStats: KeyStats,
[INFO] [stderr]    |         ^^^^^^^^ help: convert the identifier to snake case: `key_stats`
[INFO] [stderr] 
[INFO] [stderr] warning: structure field `lastSalePrice` should have a snake case name
[INFO] [stderr]   --> common-utils/src/lib.rs:51:9
[INFO] [stderr]    |
[INFO] [stderr] 51 |     pub lastSalePrice: String,
[INFO] [stderr]    |         ^^^^^^^^^^^^^ help: convert the identifier to snake case: `last_sale_price`
[INFO] [stderr] 
[INFO] [stderr] warning: structure field `netChange` should have a snake case name
[INFO] [stderr]   --> common-utils/src/lib.rs:52:9
[INFO] [stderr]    |
[INFO] [stderr] 52 |     pub netChange: String,
[INFO] [stderr]    |         ^^^^^^^^^ help: convert the identifier to snake case: `net_change`
[INFO] [stderr] 
[INFO] [stderr] warning: structure field `percentageChange` should have a snake case name
[INFO] [stderr]   --> common-utils/src/lib.rs:53:9
[INFO] [stderr]    |
[INFO] [stderr] 53 |     pub percentageChange: String,
[INFO] [stderr]    |         ^^^^^^^^^^^^^^^^ help: convert the identifier to snake case: `percentage_change`
[INFO] [stderr] 
[INFO] [stderr] warning: structure field `deltaIndicator` should have a snake case name
[INFO] [stderr]   --> common-utils/src/lib.rs:54:9
[INFO] [stderr]    |
[INFO] [stderr] 54 |     pub deltaIndicator: String,
[INFO] [stderr]    |         ^^^^^^^^^^^^^^ help: convert the identifier to snake case: `delta_indicator`
[INFO] [stderr] 
[INFO] [stderr] warning: structure field `lastTradeTimestamp` should have a snake case name
[INFO] [stderr]   --> common-utils/src/lib.rs:55:9
[INFO] [stderr]    |
[INFO] [stderr] 55 |     pub lastTradeTimestamp: String,
[INFO] [stderr]    |         ^^^^^^^^^^^^^^^^^^ help: convert the identifier to snake case: `last_trade_timestamp`
[INFO] [stderr] 
[INFO] [stderr] warning: structure field `isRealTime` should have a snake case name
[INFO] [stderr]   --> common-utils/src/lib.rs:56:9
[INFO] [stderr]    |
[INFO] [stderr] 56 |     pub isRealTime: bool,
[INFO] [stderr]    |         ^^^^^^^^^^ help: convert the identifier to snake case: `is_real_time`
[INFO] [stderr] 
[INFO] [stderr] warning: structure field `bidPrice` should have a snake case name
[INFO] [stderr]   --> common-utils/src/lib.rs:57:9
[INFO] [stderr]    |
[INFO] [stderr] 57 |     pub bidPrice: String,
[INFO] [stderr]    |         ^^^^^^^^ help: convert the identifier to snake case: `bid_price`
[INFO] [stderr] 
[INFO] [stderr] warning: structure field `askPrice` should have a snake case name
[INFO] [stderr]   --> common-utils/src/lib.rs:58:9
[INFO] [stderr]    |
[INFO] [stderr] 58 |     pub askPrice: String,
[INFO] [stderr]    |         ^^^^^^^^ help: convert the identifier to snake case: `ask_price`
[INFO] [stderr] 
[INFO] [stderr] warning: structure field `bidSize` should have a snake case name
[INFO] [stderr]   --> common-utils/src/lib.rs:59:9
[INFO] [stderr]    |
[INFO] [stderr] 59 |     pub bidSize: String,
[INFO] [stderr]    |         ^^^^^^^ help: convert the identifier to snake case: `bid_size`
[INFO] [stderr] 
[INFO] [stderr] warning: structure field `askSize` should have a snake case name
[INFO] [stderr]   --> common-utils/src/lib.rs:60:9
[INFO] [stderr]    |
[INFO] [stderr] 60 |     pub askSize: String,
[INFO] [stderr]    |         ^^^^^^^ help: convert the identifier to snake case: `ask_size`
[INFO] [stderr] 
[INFO] [stderr] warning: structure field `fiftyTwoWeekHighLow` should have a snake case name
[INFO] [stderr]   --> common-utils/src/lib.rs:66:9
[INFO] [stderr]    |
[INFO] [stderr] 66 |     pub fiftyTwoWeekHighLow: DefaultData,
[INFO] [stderr]    |         ^^^^^^^^^^^^^^^^^^^ help: convert the identifier to snake case: `fifty_two_week_high_low`
[INFO] [stderr] 
[INFO] [stderr] warning: structure field `eventTypes` should have a snake case name
[INFO] [stderr]   --> common-utils/src/lib.rs:79:9
[INFO] [stderr]    |
[INFO] [stderr] 79 |     pub eventTypes: Vec<EventTypes>,
[INFO] [stderr]    |         ^^^^^^^^^^ help: convert the identifier to snake case: `event_types`
[INFO] [stderr] 
[INFO] [stderr] warning: structure field `eventName` should have a snake case name
[INFO] [stderr]   --> common-utils/src/lib.rs:85:9
[INFO] [stderr]    |
[INFO] [stderr] 85 |     pub eventName: String,
[INFO] [stderr]    |         ^^^^^^^^^ help: convert the identifier to snake case: `event_name`
[INFO] [stderr] 
[INFO] [stderr] warning: `common-utils` (lib) generated 24 warnings
[INFO] [stderr] warning: #[table_name] attribute form is deprecated
[INFO] [stderr]   = help: use `#[diesel(table_name = stocks_summary)]` instead
[INFO] [stderr] 
[INFO] [stderr] warning: #[sql_type] attribute form is deprecated
[INFO] [stderr]   = help: use `#[diesel(sql_type = Text)]` instead
[INFO] [stderr] 
[INFO] [stderr] warning: #[sql_type] attribute form is deprecated
[INFO] [stderr]   = help: use `#[diesel(sql_type = Text)]` instead
[INFO] [stderr] 
[INFO] [stderr] warning: value assigned to `average_price` is never read
[INFO] [stderr]   --> src/stock_functions.rs:39:13
[INFO] [stderr]    |
[INFO] [stderr] 39 |     let mut average_price:BigDecimal = "0.0".parse().unwrap();
[INFO] [stderr]    |             ^^^^^^^^^^^^^
[INFO] [stderr]    |
[INFO] [stderr]    = help: maybe it is overwritten before being read?
[INFO] [stderr]    = note: `#[warn(unused_assignments)]` on by default
[INFO] [stderr] 
[INFO] [stderr] warning: value assigned to `profit_loss` is never read
[INFO] [stderr]   --> src/stock_functions.rs:40:13
[INFO] [stderr]    |
[INFO] [stderr] 40 |     let mut profit_loss:BigDecimal = "0.0".parse().unwrap();
[INFO] [stderr]    |             ^^^^^^^^^^^
[INFO] [stderr]    |
[INFO] [stderr]    = help: maybe it is overwritten before being read?
[INFO] [stderr] 
[INFO] [stderr] warning: value assigned to `total_price_to_get_average_price` is never read
[INFO] [stderr]   --> src/stock_functions.rs:69:9
[INFO] [stderr]    |
[INFO] [stderr] 69 |         total_price_to_get_average_price = price.parse::<BigDecimal>().unwrap();
[INFO] [stderr]    |         ^^^^^^^^^^^^^^^^^^^^^^^^^^^^^^^^
[INFO] [stderr]    |
[INFO] [stderr]    = help: maybe it is overwritten before being read?
[INFO] [stderr] 
[INFO] [stderr] warning: `stocks-consumer` (lib) generated 3 warnings
[INFO] [stderr] warning: #[table_name] attribute form is deprecated
[INFO] [stderr]   = help: use `#[diesel(table_name = stocks_summary)]` instead
[INFO] [stderr] 
[INFO] [stderr] warning: #[sql_type] attribute form is deprecated
[INFO] [stderr]   = help: use `#[diesel(sql_type = Text)]` instead
[INFO] [stderr] 
[INFO] [stderr] warning: #[sql_type] attribute form is deprecated
[INFO] [stderr]   = help: use `#[diesel(sql_type = Text)]` instead
[INFO] [stderr] 
[INFO] [stderr] warning: `stocks-consumer` (lib test) generated 3 warnings (3 duplicates)
[INFO] [stderr]     Finished test [unoptimized + debuginfo] target(s) in 0.43s
[INFO] [stderr]      Running unittests src/lib.rs (/opt/rustwide/target/debug/deps/stocks_consumer-c90ad02421520da1)
[INFO] [stdout] 
[INFO] [stdout] running 0 tests
[INFO] [stdout] 
[INFO] [stdout] test result: ok. 0 passed; 0 failed; 0 ignored; 0 measured; 0 filtered out; finished in 0.00s
[INFO] [stdout] 
[INFO] [stderr]      Running unittests src/main.rs (/opt/rustwide/target/debug/deps/stocks_consumer-059857415404e74c)
[INFO] [stdout] 
[INFO] [stdout] running 0 tests
[INFO] [stdout] 
[INFO] [stdout] test result: ok. 0 passed; 0 failed; 0 ignored; 0 measured; 0 filtered out; finished in 0.00s
[INFO] [stdout] 
[INFO] [stderr]      Running tests/buy_stocks_tests.rs (/opt/rustwide/target/debug/deps/buy_stocks_tests-958e63d1356fb99b)
[INFO] [stdout] 
[INFO] [stdout] running 2 tests
[INFO] [stdout] test tests::validate_symbol ... FAILED
[INFO] [stdout] test tests::save_stocks ... FAILED
[INFO] [stdout] 
[INFO] [stdout] failures:
[INFO] [stdout] 
[INFO] [stdout] ---- tests::validate_symbol stdout ----
[INFO] [stdout] thread 'tests::validate_symbol' panicked at common-utils/src/lib.rs:102:20:
[INFO] [stdout] called `Result::unwrap()` on an `Err` value: Error { description: "Couldn't resolve host name", code: 6, extra: Some("Could not resolve host: api.nasdaq.com") }
[INFO] [stdout] stack backtrace:
[INFO] [stdout]    0:     0x56168f95e276 - std::backtrace_rs::backtrace::libunwind::trace::h261606ad26a499c1
[INFO] [stdout]                                at /rustc/0e09125c6c3c2fd70d7de961bcf0e51575235fad/library/std/src/../../backtrace/src/backtrace/libunwind.rs:104:5
[INFO] [stdout]    1:     0x56168f95e276 - std::backtrace_rs::backtrace::trace_unsynchronized::hd183f0625477fb28
[INFO] [stdout]                                at /rustc/0e09125c6c3c2fd70d7de961bcf0e51575235fad/library/std/src/../../backtrace/src/backtrace/mod.rs:66:5
[INFO] [stdout]    2:     0x56168f95e276 - std::sys_common::backtrace::_print_fmt::hd7f8fef21b4eda67
[INFO] [stdout]                                at /rustc/0e09125c6c3c2fd70d7de961bcf0e51575235fad/library/std/src/sys_common/backtrace.rs:68:5
[INFO] [stdout]    3:     0x56168f95e276 - <std::sys_common::backtrace::_print::DisplayBacktrace as core::fmt::Display>::fmt::h623d9b51f2f453f1
[INFO] [stdout]                                at /rustc/0e09125c6c3c2fd70d7de961bcf0e51575235fad/library/std/src/sys_common/backtrace.rs:44:22
[INFO] [stdout]    4:     0x56168f9898d0 - core::fmt::rt::Argument::fmt::h9f417ac76a86f368
[INFO] [stdout]                                at /rustc/0e09125c6c3c2fd70d7de961bcf0e51575235fad/library/core/src/fmt/rt.rs:142:9
[INFO] [stdout]    5:     0x56168f9898d0 - core::fmt::write::hc9b6faf4ac2aeff7
[INFO] [stdout]                                at /rustc/0e09125c6c3c2fd70d7de961bcf0e51575235fad/library/core/src/fmt/mod.rs:1120:17
[INFO] [stdout]    6:     0x56168f95b75f - std::io::Write::write_fmt::he04625a3a989fec3
[INFO] [stdout]                                at /rustc/0e09125c6c3c2fd70d7de961bcf0e51575235fad/library/std/src/io/mod.rs:1810:15
[INFO] [stdout]    7:     0x56168f95e054 - std::sys_common::backtrace::_print::hd5d66399c7df88a2
[INFO] [stdout]                                at /rustc/0e09125c6c3c2fd70d7de961bcf0e51575235fad/library/std/src/sys_common/backtrace.rs:47:5
[INFO] [stdout]    8:     0x56168f95e054 - std::sys_common::backtrace::print::he81ed2da642d37e5
[INFO] [stdout]                                at /rustc/0e09125c6c3c2fd70d7de961bcf0e51575235fad/library/std/src/sys_common/backtrace.rs:34:9
[INFO] [stdout]    9:     0x56168f95fe47 - std::panicking::default_hook::{{closure}}::h85773f4fa117163d
[INFO] [stdout]   10:     0x56168f95fb2d - std::panicking::default_hook::h6a1694a91d09b278
[INFO] [stdout]                                at /rustc/0e09125c6c3c2fd70d7de961bcf0e51575235fad/library/std/src/panicking.rs:289:9
[INFO] [stdout]   11:     0x56168f5e5d07 - <alloc::boxed::Box<F,A> as core::ops::function::Fn<Args>>::call::h616ac37fa3cd6c8f
[INFO] [stdout]                                at /rustc/0e09125c6c3c2fd70d7de961bcf0e51575235fad/library/alloc/src/boxed.rs:2029:9
[INFO] [stdout]   12:     0x56168f5e5d07 - test::test_main::{{closure}}::h00d84697cefdcbb6
[INFO] [stdout]                                at /rustc/0e09125c6c3c2fd70d7de961bcf0e51575235fad/library/test/src/lib.rs:138:21
[INFO] [stdout]   13:     0x56168f960466 - <alloc::boxed::Box<F,A> as core::ops::function::Fn<Args>>::call::hcb3fe3b9bb537ba8
[INFO] [stdout]                                at /rustc/0e09125c6c3c2fd70d7de961bcf0e51575235fad/library/alloc/src/boxed.rs:2029:9
[INFO] [stdout]   14:     0x56168f960466 - std::panicking::rust_panic_with_hook::h0a7ad96e90f7145b
[INFO] [stdout]                                at /rustc/0e09125c6c3c2fd70d7de961bcf0e51575235fad/library/std/src/panicking.rs:783:13
[INFO] [stdout]   15:     0x56168f9601b2 - std::panicking::begin_panic_handler::{{closure}}::h7919090525c6485e
[INFO] [stdout]                                at /rustc/0e09125c6c3c2fd70d7de961bcf0e51575235fad/library/std/src/panicking.rs:657:13
[INFO] [stdout]   16:     0x56168f95e776 - std::sys_common::backtrace::__rust_end_short_backtrace::hf3289479464f7dfe
[INFO] [stdout]                                at /rustc/0e09125c6c3c2fd70d7de961bcf0e51575235fad/library/std/src/sys_common/backtrace.rs:171:18
[INFO] [stdout]   17:     0x56168f95ff10 - rust_begin_unwind
[INFO] [stdout]                                at /rustc/0e09125c6c3c2fd70d7de961bcf0e51575235fad/library/std/src/panicking.rs:645:5
[INFO] [stdout]   18:     0x56168f597f85 - core::panicking::panic_fmt::hcc9f77c5c132af55
[INFO] [stdout]                                at /rustc/0e09125c6c3c2fd70d7de961bcf0e51575235fad/library/core/src/panicking.rs:72:14
[INFO] [stdout]   19:     0x56168f598563 - core::result::unwrap_failed::hbe14f498be1452f9
[INFO] [stdout]                                at /rustc/0e09125c6c3c2fd70d7de961bcf0e51575235fad/library/core/src/result.rs:1649:5
[INFO] [stdout]   20:     0x56168f7319e4 - core::result::Result<T,E>::unwrap::hb1f4ad59c432af6f
[INFO] [stdout]                                at /rustc/0e09125c6c3c2fd70d7de961bcf0e51575235fad/library/core/src/result.rs:1073:23
[INFO] [stdout]   21:     0x56168f71633f - common_utils::get_stock_from_nasdaq::h3e099296cac4b776
[INFO] [stdout]                                at /opt/rustwide/workdir/common-utils/src/lib.rs:102:5
[INFO] [stdout]   22:     0x56168f5a62a1 - buy_stocks_tests::tests::validate_symbol::{{closure}}::hda33189c382bb425
[INFO] [stdout]                                at /opt/rustwide/workdir/tests/buy_stocks_tests.rs:60:22
[INFO] [stdout]   23:     0x56168f5a4b0e - <tokio::task::local::RunUntil<T> as core::future::future::Future>::poll::{{closure}}::h1e085743f105034d
[INFO] [stdout]                                at /opt/rustwide/cargo-home/registry/src/index.crates.io-6f17d22bba15001f/tokio-1.32.0/src/task/local.rs:949:42
[INFO] [stdout]   24:     0x56168f5a27be - tokio::task::local::LocalSet::with::{{closure}}::h7d0daeb149a3f7fe
[INFO] [stdout]                                at /opt/rustwide/cargo-home/registry/src/index.crates.io-6f17d22bba15001f/tokio-1.32.0/src/task/local.rs:686:13
[INFO] [stdout]   25:     0x56168f59dc84 - std::thread::local::LocalKey<T>::try_with::h2153817af70a4b3b
[INFO] [stdout]                                at /rustc/0e09125c6c3c2fd70d7de961bcf0e51575235fad/library/std/src/thread/local.rs:270:16
[INFO] [stdout]   26:     0x56168f59da7a - std::thread::local::LocalKey<T>::with::h71f72c114cd5596a
[INFO] [stdout]                                at /rustc/0e09125c6c3c2fd70d7de961bcf0e51575235fad/library/std/src/thread/local.rs:246:9
[INFO] [stdout]   27:     0x56168f5a25d6 - tokio::task::local::LocalSet::with::h7d920eb5dfd140f3
[INFO] [stdout]                                at /opt/rustwide/cargo-home/registry/src/index.crates.io-6f17d22bba15001f/tokio-1.32.0/src/task/local.rs:669:9
[INFO] [stdout]   28:     0x56168f5a4a85 - <tokio::task::local::RunUntil<T> as core::future::future::Future>::poll::h676f95a76323220e
[INFO] [stdout]                                at /opt/rustwide/cargo-home/registry/src/index.crates.io-6f17d22bba15001f/tokio-1.32.0/src/task/local.rs:939:9
[INFO] [stdout]   29:     0x56168f5a2c85 - tokio::task::local::LocalSet::run_until::{{closure}}::h95fd50e46ac73e0e
[INFO] [stdout]                                at /opt/rustwide/cargo-home/registry/src/index.crates.io-6f17d22bba15001f/tokio-1.32.0/src/task/local.rs:575:19
[INFO] [stdout]   30:     0x56168f5a468b - <core::pin::Pin<P> as core::future::future::Future>::poll::h84182f01e05d1991
[INFO] [stdout]                                at /rustc/0e09125c6c3c2fd70d7de961bcf0e51575235fad/library/core/src/future/future.rs:124:9
[INFO] [stdout]   31:     0x56168f5b11a4 - tokio::runtime::scheduler::current_thread::CoreGuard::block_on::{{closure}}::{{closure}}::{{closure}}::hbb5bb0a7c070e8ac
[INFO] [stdout]                                at /opt/rustwide/cargo-home/registry/src/index.crates.io-6f17d22bba15001f/tokio-1.32.0/src/runtime/scheduler/current_thread/mod.rs:665:57
[INFO] [stdout]   32:     0x56168f5b10da - tokio::runtime::coop::with_budget::h71219a0036224ec6
[INFO] [stdout]                                at /opt/rustwide/cargo-home/registry/src/index.crates.io-6f17d22bba15001f/tokio-1.32.0/src/runtime/coop.rs:107:5
[INFO] [stdout]   33:     0x56168f5b10da - tokio::runtime::coop::budget::he11f629bd9c133ea
[INFO] [stdout]                                at /opt/rustwide/cargo-home/registry/src/index.crates.io-6f17d22bba15001f/tokio-1.32.0/src/runtime/coop.rs:73:5
[INFO] [stdout]   34:     0x56168f5b10da - tokio::runtime::scheduler::current_thread::CoreGuard::block_on::{{closure}}::{{closure}}::hc603e9fde98a37e6
[INFO] [stdout]                                at /opt/rustwide/cargo-home/registry/src/index.crates.io-6f17d22bba15001f/tokio-1.32.0/src/runtime/scheduler/current_thread/mod.rs:665:25
[INFO] [stdout]   35:     0x56168f5aeb2c - tokio::runtime::scheduler::current_thread::Context::enter::hb42c5d105398bef0
[INFO] [stdout]                                at /opt/rustwide/cargo-home/registry/src/index.crates.io-6f17d22bba15001f/tokio-1.32.0/src/runtime/scheduler/current_thread/mod.rs:410:19
[INFO] [stdout]   36:     0x56168f5afddb - tokio::runtime::scheduler::current_thread::CoreGuard::block_on::{{closure}}::h5364754b83707e3e
[INFO] [stdout]                                at /opt/rustwide/cargo-home/registry/src/index.crates.io-6f17d22bba15001f/tokio-1.32.0/src/runtime/scheduler/current_thread/mod.rs:664:36
[INFO] [stdout]   37:     0x56168f5afa3b - tokio::runtime::scheduler::current_thread::CoreGuard::enter::{{closure}}::h0c567e417727b946
[INFO] [stdout]                                at /opt/rustwide/cargo-home/registry/src/index.crates.io-6f17d22bba15001f/tokio-1.32.0/src/runtime/scheduler/current_thread/mod.rs:743:68
[INFO] [stdout]   38:     0x56168f5aa50b - tokio::runtime::context::scoped::Scoped<T>::set::heba2ad709a1fe61c
[INFO] [stdout]                                at /opt/rustwide/cargo-home/registry/src/index.crates.io-6f17d22bba15001f/tokio-1.32.0/src/runtime/context/scoped.rs:40:9
[INFO] [stdout]   39:     0x56168f5a3829 - tokio::runtime::context::set_scheduler::{{closure}}::hf6ca4b99f5c7654b
[INFO] [stdout]                                at /opt/rustwide/cargo-home/registry/src/index.crates.io-6f17d22bba15001f/tokio-1.32.0/src/runtime/context.rs:176:26
[INFO] [stdout]   40:     0x56168f59ddf6 - std::thread::local::LocalKey<T>::try_with::h275d9e473383ff17
[INFO] [stdout]                                at /rustc/0e09125c6c3c2fd70d7de961bcf0e51575235fad/library/std/src/thread/local.rs:270:16
[INFO] [stdout]   41:     0x56168f59da0a - std::thread::local::LocalKey<T>::with::h3364929494967563
[INFO] [stdout]                                at /rustc/0e09125c6c3c2fd70d7de961bcf0e51575235fad/library/std/src/thread/local.rs:246:9
[INFO] [stdout]   42:     0x56168f5a378d - tokio::runtime::context::set_scheduler::h52b6bd49f036364d
[INFO] [stdout]                                at /opt/rustwide/cargo-home/registry/src/index.crates.io-6f17d22bba15001f/tokio-1.32.0/src/runtime/context.rs:176:9
[INFO] [stdout]   43:     0x56168f5af7d0 - tokio::runtime::scheduler::current_thread::CoreGuard::enter::hc76ecd0c555c4797
[INFO] [stdout]                                at /opt/rustwide/cargo-home/registry/src/index.crates.io-6f17d22bba15001f/tokio-1.32.0/src/runtime/scheduler/current_thread/mod.rs:743:27
[INFO] [stdout]   44:     0x56168f5afb1d - tokio::runtime::scheduler::current_thread::CoreGuard::block_on::h5d7c963f2bd71e1d
[INFO] [stdout]                                at /opt/rustwide/cargo-home/registry/src/index.crates.io-6f17d22bba15001f/tokio-1.32.0/src/runtime/scheduler/current_thread/mod.rs:652:19
[INFO] [stdout]   45:     0x56168f5ad863 - tokio::runtime::scheduler::current_thread::CurrentThread::block_on::{{closure}}::h5e504e7e53ea6df6
[INFO] [stdout]                                at /opt/rustwide/cargo-home/registry/src/index.crates.io-6f17d22bba15001f/tokio-1.32.0/src/runtime/scheduler/current_thread/mod.rs:175:28
[INFO] [stdout]   46:     0x56168f5a3c6b - tokio::runtime::context::runtime::enter_runtime::h580d770d2e6b1626
[INFO] [stdout]                                at /opt/rustwide/cargo-home/registry/src/index.crates.io-6f17d22bba15001f/tokio-1.32.0/src/runtime/context/runtime.rs:65:16
[INFO] [stdout]   47:     0x56168f5ad75f - tokio::runtime::scheduler::current_thread::CurrentThread::block_on::hf6d5796981086546
[INFO] [stdout]                                at /opt/rustwide/cargo-home/registry/src/index.crates.io-6f17d22bba15001f/tokio-1.32.0/src/runtime/scheduler/current_thread/mod.rs:167:9
[INFO] [stdout]   48:     0x56168f5a444c - tokio::runtime::runtime::Runtime::block_on::h5325423b7a760f09
[INFO] [stdout]                                at /opt/rustwide/cargo-home/registry/src/index.crates.io-6f17d22bba15001f/tokio-1.32.0/src/runtime/runtime.rs:347:47
[INFO] [stdout]   49:     0x56168f5a286d - tokio::task::local::LocalSet::block_on::h4fb7883a973a385f
[INFO] [stdout]                                at /opt/rustwide/cargo-home/registry/src/index.crates.io-6f17d22bba15001f/tokio-1.32.0/src/task/local.rs:536:9
[INFO] [stdout]   50:     0x56168f5b125c - actix_rt::runtime::Runtime::block_on::hddf70e5c5bfd9842
[INFO] [stdout]                                at /opt/rustwide/cargo-home/registry/src/index.crates.io-6f17d22bba15001f/actix-rt-2.9.0/src/runtime.rs:138:9
[INFO] [stdout]   51:     0x56168f5aad42 - actix_rt::system::SystemRunner::block_on::h0a922dab1960992c
[INFO] [stdout]                                at /opt/rustwide/cargo-home/registry/src/index.crates.io-6f17d22bba15001f/actix-rt-2.9.0/src/system.rs:245:9
[INFO] [stdout]   52:     0x56168f5a61c0 - buy_stocks_tests::tests::validate_symbol::h45267977ad0f5817
[INFO] [stdout]                                at /opt/rustwide/workdir/tests/buy_stocks_tests.rs:57:5
[INFO] [stdout]   53:     0x56168f5a6177 - buy_stocks_tests::tests::validate_symbol::{{closure}}::hffeb13d2047e800e
[INFO] [stdout]                                at /opt/rustwide/workdir/tests/buy_stocks_tests.rs:58:31
[INFO] [stdout]   54:     0x56168f5aca96 - core::ops::function::FnOnce::call_once::he9e8b5de4e757507
[INFO] [stdout]                                at /rustc/0e09125c6c3c2fd70d7de961bcf0e51575235fad/library/core/src/ops/function.rs:250:5
[INFO] [stdout]   55:     0x56168f5eb5df - core::ops::function::FnOnce::call_once::hd64d26f405258157
[INFO] [stdout]                                at /rustc/0e09125c6c3c2fd70d7de961bcf0e51575235fad/library/core/src/ops/function.rs:250:5
[INFO] [stdout]   56:     0x56168f5eb5df - test::__rust_begin_short_backtrace::he21b0b7a6d731bf9
[INFO] [stdout]                                at /rustc/0e09125c6c3c2fd70d7de961bcf0e51575235fad/library/test/src/lib.rs:627:18
[INFO] [stdout]   57:     0x56168f5ea361 - test::run_test_in_process::{{closure}}::hf5c73986d7bdfde2
[INFO] [stdout]                                at /rustc/0e09125c6c3c2fd70d7de961bcf0e51575235fad/library/test/src/lib.rs:650:60
[INFO] [stdout]   58:     0x56168f5ea361 - <core::panic::unwind_safe::AssertUnwindSafe<F> as core::ops::function::FnOnce<()>>::call_once::h330011ad032aadc0
[INFO] [stdout]                                at /rustc/0e09125c6c3c2fd70d7de961bcf0e51575235fad/library/core/src/panic/unwind_safe.rs:272:9
[INFO] [stdout]   59:     0x56168f5ea361 - std::panicking::try::do_call::he61b0a958b795a41
[INFO] [stdout]                                at /rustc/0e09125c6c3c2fd70d7de961bcf0e51575235fad/library/std/src/panicking.rs:552:40
[INFO] [stdout]   60:     0x56168f5ea361 - std::panicking::try::h7309da130f906eb7
[INFO] [stdout]                                at /rustc/0e09125c6c3c2fd70d7de961bcf0e51575235fad/library/std/src/panicking.rs:516:19
[INFO] [stdout]   61:     0x56168f5ea361 - std::panic::catch_unwind::hc5c3a06fdaf0a92a
[INFO] [stdout]                                at /rustc/0e09125c6c3c2fd70d7de961bcf0e51575235fad/library/std/src/panic.rs:142:14
[INFO] [stdout]   62:     0x56168f5ea361 - test::run_test_in_process::h7e7b7c71c3324e0f
[INFO] [stdout]                                at /rustc/0e09125c6c3c2fd70d7de961bcf0e51575235fad/library/test/src/lib.rs:650:27
[INFO] [stdout]   63:     0x56168f5ea361 - test::run_test::{{closure}}::h1f509f28f5cf20b1
[INFO] [stdout]                                at /rustc/0e09125c6c3c2fd70d7de961bcf0e51575235fad/library/test/src/lib.rs:573:43
[INFO] [stdout]   64:     0x56168f5b1696 - test::run_test::{{closure}}::h1754218abf443f6d
[INFO] [stdout]                                at /rustc/0e09125c6c3c2fd70d7de961bcf0e51575235fad/library/test/src/lib.rs:601:41
[INFO] [stdout]   65:     0x56168f5b1696 - std::sys_common::backtrace::__rust_begin_short_backtrace::h2ee174b9d5954948
[INFO] [stdout]                                at /rustc/0e09125c6c3c2fd70d7de961bcf0e51575235fad/library/std/src/sys_common/backtrace.rs:155:18
[INFO] [stdout]   66:     0x56168f5b66f7 - std::thread::Builder::spawn_unchecked_::{{closure}}::{{closure}}::hf60bee9c1a17ef09
[INFO] [stdout]                                at /rustc/0e09125c6c3c2fd70d7de961bcf0e51575235fad/library/std/src/thread/mod.rs:529:17
[INFO] [stdout]   67:     0x56168f5b66f7 - <core::panic::unwind_safe::AssertUnwindSafe<F> as core::ops::function::FnOnce<()>>::call_once::h33d0dddec5216160
[INFO] [stdout]                                at /rustc/0e09125c6c3c2fd70d7de961bcf0e51575235fad/library/core/src/panic/unwind_safe.rs:272:9
[INFO] [stdout]   68:     0x56168f5b66f7 - std::panicking::try::do_call::h144b3048b546f835
[INFO] [stdout]                                at /rustc/0e09125c6c3c2fd70d7de961bcf0e51575235fad/library/std/src/panicking.rs:552:40
[INFO] [stdout]   69:     0x56168f5b66f7 - std::panicking::try::h978244d04646189f
[INFO] [stdout]                                at /rustc/0e09125c6c3c2fd70d7de961bcf0e51575235fad/library/std/src/panicking.rs:516:19
[INFO] [stdout]   70:     0x56168f5b66f7 - std::panic::catch_unwind::hdf436369d188fe86
[INFO] [stdout]                                at /rustc/0e09125c6c3c2fd70d7de961bcf0e51575235fad/library/std/src/panic.rs:142:14
[INFO] [stdout]   71:     0x56168f5b66f7 - std::thread::Builder::spawn_unchecked_::{{closure}}::h87329cbdd33c79ec
[INFO] [stdout]                                at /rustc/0e09125c6c3c2fd70d7de961bcf0e51575235fad/library/std/src/thread/mod.rs:528:30
[INFO] [stdout]   72:     0x56168f5b66f7 - core::ops::function::FnOnce::call_once{{vtable.shim}}::h401abbe67897d450
[INFO] [stdout]                                at /rustc/0e09125c6c3c2fd70d7de961bcf0e51575235fad/library/core/src/ops/function.rs:250:5
[INFO] [stdout]   73:     0x56168f965b35 - <alloc::boxed::Box<F,A> as core::ops::function::FnOnce<Args>>::call_once::h5d7c8f150ab9c84c
[INFO] [stdout]                                at /rustc/0e09125c6c3c2fd70d7de961bcf0e51575235fad/library/alloc/src/boxed.rs:2015:9
[INFO] [stdout]   74:     0x56168f965b35 - <alloc::boxed::Box<F,A> as core::ops::function::FnOnce<Args>>::call_once::h570d5b005c242c15
[INFO] [stdout]                                at /rustc/0e09125c6c3c2fd70d7de961bcf0e51575235fad/library/alloc/src/boxed.rs:2015:9
[INFO] [stdout]   75:     0x56168f965b35 - std::sys::unix::thread::Thread::new::thread_start::h36b0a20c0b2361ad
[INFO] [stdout]                                at /rustc/0e09125c6c3c2fd70d7de961bcf0e51575235fad/library/std/src/sys/unix/thread.rs:108:17
[INFO] [stdout]   76:     0x7fcd95db1ac3 - <unknown>
[INFO] [stdout]   77:     0x7fcd95e42bf4 - __clone
[INFO] [stdout]   78:                0x0 - <unknown>
[INFO] [stdout] 
[INFO] [stdout] ---- tests::save_stocks stdout ----
[INFO] [stdout] thread 'tests::save_stocks' panicked at /opt/rustwide/cargo-home/registry/src/index.crates.io-6f17d22bba15001f/testcontainers-0.14.0/src/clients/cli.rs:48:9:
[INFO] [stdout] failed to start container
[INFO] [stdout] stack backtrace:
[INFO] [stdout]    0:     0x56168f95e276 - std::backtrace_rs::backtrace::libunwind::trace::h261606ad26a499c1
[INFO] [stdout]                                at /rustc/0e09125c6c3c2fd70d7de961bcf0e51575235fad/library/std/src/../../backtrace/src/backtrace/libunwind.rs:104:5
[INFO] [stdout]    1:     0x56168f95e276 - std::backtrace_rs::backtrace::trace_unsynchronized::hd183f0625477fb28
[INFO] [stdout]                                at /rustc/0e09125c6c3c2fd70d7de961bcf0e51575235fad/library/std/src/../../backtrace/src/backtrace/mod.rs:66:5
[INFO] [stdout]    2:     0x56168f95e276 - std::sys_common::backtrace::_print_fmt::hd7f8fef21b4eda67
[INFO] [stdout]                                at /rustc/0e09125c6c3c2fd70d7de961bcf0e51575235fad/library/std/src/sys_common/backtrace.rs:68:5
[INFO] [stdout]    3:     0x56168f95e276 - <std::sys_common::backtrace::_print::DisplayBacktrace as core::fmt::Display>::fmt::h623d9b51f2f453f1
[INFO] [stdout]                                at /rustc/0e09125c6c3c2fd70d7de961bcf0e51575235fad/library/std/src/sys_common/backtrace.rs:44:22
[INFO] [stdout]    4:     0x56168f9898d0 - core::fmt::rt::Argument::fmt::h9f417ac76a86f368
[INFO] [stdout]                                at /rustc/0e09125c6c3c2fd70d7de961bcf0e51575235fad/library/core/src/fmt/rt.rs:142:9
[INFO] [stdout]    5:     0x56168f9898d0 - core::fmt::write::hc9b6faf4ac2aeff7
[INFO] [stdout]                                at /rustc/0e09125c6c3c2fd70d7de961bcf0e51575235fad/library/core/src/fmt/mod.rs:1120:17
[INFO] [stdout]    6:     0x56168f95b75f - std::io::Write::write_fmt::he04625a3a989fec3
[INFO] [stdout]                                at /rustc/0e09125c6c3c2fd70d7de961bcf0e51575235fad/library/std/src/io/mod.rs:1810:15
[INFO] [stdout]    7:     0x56168f95e054 - std::sys_common::backtrace::_print::hd5d66399c7df88a2
[INFO] [stdout]                                at /rustc/0e09125c6c3c2fd70d7de961bcf0e51575235fad/library/std/src/sys_common/backtrace.rs:47:5
[INFO] [stdout]    8:     0x56168f95e054 - std::sys_common::backtrace::print::he81ed2da642d37e5
[INFO] [stdout]                                at /rustc/0e09125c6c3c2fd70d7de961bcf0e51575235fad/library/std/src/sys_common/backtrace.rs:34:9
[INFO] [stdout]    9:     0x56168f95fe47 - std::panicking::default_hook::{{closure}}::h85773f4fa117163d
[INFO] [stdout]   10:     0x56168f95fb2d - std::panicking::default_hook::h6a1694a91d09b278
[INFO] [stdout]                                at /rustc/0e09125c6c3c2fd70d7de961bcf0e51575235fad/library/std/src/panicking.rs:289:9
[INFO] [stdout]   11:     0x56168f5e5d07 - <alloc::boxed::Box<F,A> as core::ops::function::Fn<Args>>::call::h616ac37fa3cd6c8f
[INFO] [stdout]                                at /rustc/0e09125c6c3c2fd70d7de961bcf0e51575235fad/library/alloc/src/boxed.rs:2029:9
[INFO] [stdout]   12:     0x56168f5e5d07 - test::test_main::{{closure}}::h00d84697cefdcbb6
[INFO] [stdout]                                at /rustc/0e09125c6c3c2fd70d7de961bcf0e51575235fad/library/test/src/lib.rs:138:21
[INFO] [stdout]   13:     0x56168f960466 - <alloc::boxed::Box<F,A> as core::ops::function::Fn<Args>>::call::hcb3fe3b9bb537ba8
[INFO] [stdout]                                at /rustc/0e09125c6c3c2fd70d7de961bcf0e51575235fad/library/alloc/src/boxed.rs:2029:9
[INFO] [stdout]   14:     0x56168f960466 - std::panicking::rust_panic_with_hook::h0a7ad96e90f7145b
[INFO] [stdout]                                at /rustc/0e09125c6c3c2fd70d7de961bcf0e51575235fad/library/std/src/panicking.rs:783:13
[INFO] [stdout]   15:     0x56168f960179 - std::panicking::begin_panic_handler::{{closure}}::h7919090525c6485e
[INFO] [stdout]                                at /rustc/0e09125c6c3c2fd70d7de961bcf0e51575235fad/library/std/src/panicking.rs:649:13
[INFO] [stdout]   16:     0x56168f95e776 - std::sys_common::backtrace::__rust_end_short_backtrace::hf3289479464f7dfe
[INFO] [stdout]                                at /rustc/0e09125c6c3c2fd70d7de961bcf0e51575235fad/library/std/src/sys_common/backtrace.rs:171:18
[INFO] [stdout]   17:     0x56168f95ff10 - rust_begin_unwind
[INFO] [stdout]                                at /rustc/0e09125c6c3c2fd70d7de961bcf0e51575235fad/library/std/src/panicking.rs:645:5
[INFO] [stdout]   18:     0x56168f597f85 - core::panicking::panic_fmt::hcc9f77c5c132af55
[INFO] [stdout]                                at /rustc/0e09125c6c3c2fd70d7de961bcf0e51575235fad/library/core/src/panicking.rs:72:14
[INFO] [stdout]   19:     0x56168f5a6a84 - testcontainers::clients::cli::Cli::run::hde77f3e9655c37d7
[INFO] [stdout]                                at /opt/rustwide/cargo-home/registry/src/index.crates.io-6f17d22bba15001f/testcontainers-0.14.0/src/clients/cli.rs:48:9
[INFO] [stdout]   20:     0x56168f5ab439 - buy_stocks_tests::common::setup_database::h614b95620d870d48
[INFO] [stdout]                                at /opt/rustwide/workdir/tests/common/mod.rs:20:24
[INFO] [stdout]   21:     0x56168f5ab286 - buy_stocks_tests::common::setup::h64a2eb0b1d51f678
[INFO] [stdout]                                at /opt/rustwide/workdir/tests/common/mod.rs:13:24
[INFO] [stdout]   22:     0x56168f5a5368 - buy_stocks_tests::tests::save_stocks::{{closure}}::hc3132b43054bcff4
[INFO] [stdout]                                at /opt/rustwide/workdir/tests/buy_stocks_tests.rs:16:37
[INFO] [stdout]   23:     0x56168f5a4c5e - <tokio::task::local::RunUntil<T> as core::future::future::Future>::poll::{{closure}}::ha2ef4a73b7b9a902
[INFO] [stdout]                                at /opt/rustwide/cargo-home/registry/src/index.crates.io-6f17d22bba15001f/tokio-1.32.0/src/task/local.rs:949:42
[INFO] [stdout]   24:     0x56168f5a269e - tokio::task::local::LocalSet::with::{{closure}}::h394aa03ee6584e2e
[INFO] [stdout]                                at /opt/rustwide/cargo-home/registry/src/index.crates.io-6f17d22bba15001f/tokio-1.32.0/src/task/local.rs:686:13
[INFO] [stdout]   25:     0x56168f59e804 - std::thread::local::LocalKey<T>::try_with::hb84ce21b346547c0
[INFO] [stdout]                                at /rustc/0e09125c6c3c2fd70d7de961bcf0e51575235fad/library/std/src/thread/local.rs:270:16
[INFO] [stdout]   26:     0x56168f59da4a - std::thread::local::LocalKey<T>::with::h47ad3b9a7b974f5b
[INFO] [stdout]                                at /rustc/0e09125c6c3c2fd70d7de961bcf0e51575235fad/library/std/src/thread/local.rs:246:9
[INFO] [stdout]   27:     0x56168f5a2596 - tokio::task::local::LocalSet::with::h7aaa3ac3dd3dc88b
[INFO] [stdout]                                at /opt/rustwide/cargo-home/registry/src/index.crates.io-6f17d22bba15001f/tokio-1.32.0/src/task/local.rs:669:9
[INFO] [stdout]   28:     0x56168f5a4a25 - <tokio::task::local::RunUntil<T> as core::future::future::Future>::poll::h5c068b157181ec5b
[INFO] [stdout]                                at /opt/rustwide/cargo-home/registry/src/index.crates.io-6f17d22bba15001f/tokio-1.32.0/src/task/local.rs:939:9
[INFO] [stdout]   29:     0x56168f5a2aa5 - tokio::task::local::LocalSet::run_until::{{closure}}::h8c83650f702039a9
[INFO] [stdout]                                at /opt/rustwide/cargo-home/registry/src/index.crates.io-6f17d22bba15001f/tokio-1.32.0/src/task/local.rs:575:19
[INFO] [stdout]   30:     0x56168f5a46db - <core::pin::Pin<P> as core::future::future::Future>::poll::he9a02956bc485759
[INFO] [stdout]                                at /rustc/0e09125c6c3c2fd70d7de961bcf0e51575235fad/library/core/src/future/future.rs:124:9
[INFO] [stdout]   31:     0x56168f5b11e4 - tokio::runtime::scheduler::current_thread::CoreGuard::block_on::{{closure}}::{{closure}}::{{closure}}::he88581fc4739c802
[INFO] [stdout]                                at /opt/rustwide/cargo-home/registry/src/index.crates.io-6f17d22bba15001f/tokio-1.32.0/src/runtime/scheduler/current_thread/mod.rs:665:57
[INFO] [stdout]   32:     0x56168f5b0eca - tokio::runtime::coop::with_budget::hfcf43bd95417e31b
[INFO] [stdout]                                at /opt/rustwide/cargo-home/registry/src/index.crates.io-6f17d22bba15001f/tokio-1.32.0/src/runtime/coop.rs:107:5
[INFO] [stdout]   33:     0x56168f5b0eca - tokio::runtime::coop::budget::h98b15acdb6691679
[INFO] [stdout]                                at /opt/rustwide/cargo-home/registry/src/index.crates.io-6f17d22bba15001f/tokio-1.32.0/src/runtime/coop.rs:73:5
[INFO] [stdout]   34:     0x56168f5b0eca - tokio::runtime::scheduler::current_thread::CoreGuard::block_on::{{closure}}::{{closure}}::h406ed1abea8fd91a
[INFO] [stdout]                                at /opt/rustwide/cargo-home/registry/src/index.crates.io-6f17d22bba15001f/tokio-1.32.0/src/runtime/scheduler/current_thread/mod.rs:665:25
[INFO] [stdout]   35:     0x56168f5ae7dc - tokio::runtime::scheduler::current_thread::Context::enter::ha6cd905767c08155
[INFO] [stdout]                                at /opt/rustwide/cargo-home/registry/src/index.crates.io-6f17d22bba15001f/tokio-1.32.0/src/runtime/scheduler/current_thread/mod.rs:410:19
[INFO] [stdout]   36:     0x56168f5b06db - tokio::runtime::scheduler::current_thread::CoreGuard::block_on::{{closure}}::hf66b5e9ed2247410
[INFO] [stdout]                                at /opt/rustwide/cargo-home/registry/src/index.crates.io-6f17d22bba15001f/tokio-1.32.0/src/runtime/scheduler/current_thread/mod.rs:664:36
[INFO] [stdout]   37:     0x56168f5afa7b - tokio::runtime::scheduler::current_thread::CoreGuard::enter::{{closure}}::h225888a638dc3f88
[INFO] [stdout]                                at /opt/rustwide/cargo-home/registry/src/index.crates.io-6f17d22bba15001f/tokio-1.32.0/src/runtime/scheduler/current_thread/mod.rs:743:68
[INFO] [stdout]   38:     0x56168f5aa3bb - tokio::runtime::context::scoped::Scoped<T>::set::ha3d18e5ab9ac2a79
[INFO] [stdout]                                at /opt/rustwide/cargo-home/registry/src/index.crates.io-6f17d22bba15001f/tokio-1.32.0/src/runtime/context/scoped.rs:40:9
[INFO] [stdout]   39:     0x56168f5a37d9 - tokio::runtime::context::set_scheduler::{{closure}}::hec7f67a1ea5cd8d6
[INFO] [stdout]                                at /opt/rustwide/cargo-home/registry/src/index.crates.io-6f17d22bba15001f/tokio-1.32.0/src/runtime/context.rs:176:26
[INFO] [stdout]   40:     0x56168f59e0e6 - std::thread::local::LocalKey<T>::try_with::h488ac6251726d802
[INFO] [stdout]                                at /rustc/0e09125c6c3c2fd70d7de961bcf0e51575235fad/library/std/src/thread/local.rs:270:16
[INFO] [stdout]   41:     0x56168f59d9ca - std::thread::local::LocalKey<T>::with::h2ea8469da6bc1c6d
[INFO] [stdout]                                at /rustc/0e09125c6c3c2fd70d7de961bcf0e51575235fad/library/std/src/thread/local.rs:246:9
[INFO] [stdout]   42:     0x56168f5a374d - tokio::runtime::context::set_scheduler::h431b650958a3155a
[INFO] [stdout]                                at /opt/rustwide/cargo-home/registry/src/index.crates.io-6f17d22bba15001f/tokio-1.32.0/src/runtime/context.rs:176:9
[INFO] [stdout]   43:     0x56168f5af3b0 - tokio::runtime::scheduler::current_thread::CoreGuard::enter::h301e2396fcab6e31
[INFO] [stdout]                                at /opt/rustwide/cargo-home/registry/src/index.crates.io-6f17d22bba15001f/tokio-1.32.0/src/runtime/scheduler/current_thread/mod.rs:743:27
[INFO] [stdout]   44:     0x56168f5afaad - tokio::runtime::scheduler::current_thread::CoreGuard::block_on::h1c1f0e28ab8c250f
[INFO] [stdout]                                at /opt/rustwide/cargo-home/registry/src/index.crates.io-6f17d22bba15001f/tokio-1.32.0/src/runtime/scheduler/current_thread/mod.rs:652:19
[INFO] [stdout]   45:     0x56168f5adbe3 - tokio::runtime::scheduler::current_thread::CurrentThread::block_on::{{closure}}::h88436a3366507892
[INFO] [stdout]                                at /opt/rustwide/cargo-home/registry/src/index.crates.io-6f17d22bba15001f/tokio-1.32.0/src/runtime/scheduler/current_thread/mod.rs:175:28
[INFO] [stdout]   46:     0x56168f5a3e4b - tokio::runtime::context::runtime::enter_runtime::h86b8c64af4a56e7e
[INFO] [stdout]                                at /opt/rustwide/cargo-home/registry/src/index.crates.io-6f17d22bba15001f/tokio-1.32.0/src/runtime/context/runtime.rs:65:16
[INFO] [stdout]   47:     0x56168f5ad66f - tokio::runtime::scheduler::current_thread::CurrentThread::block_on::h3d108bdc54191377
[INFO] [stdout]                                at /opt/rustwide/cargo-home/registry/src/index.crates.io-6f17d22bba15001f/tokio-1.32.0/src/runtime/scheduler/current_thread/mod.rs:167:9
[INFO] [stdout]   48:     0x56168f5a433c - tokio::runtime::runtime::Runtime::block_on::h43830d332e2651b4
[INFO] [stdout]                                at /opt/rustwide/cargo-home/registry/src/index.crates.io-6f17d22bba15001f/tokio-1.32.0/src/runtime/runtime.rs:347:47
[INFO] [stdout]   49:     0x56168f5a28cd - tokio::task::local::LocalSet::block_on::had441c86bfa542c8
[INFO] [stdout]                                at /opt/rustwide/cargo-home/registry/src/index.crates.io-6f17d22bba15001f/tokio-1.32.0/src/task/local.rs:536:9
[INFO] [stdout]   50:     0x56168f5b121c - actix_rt::runtime::Runtime::block_on::h712218313216d77e
[INFO] [stdout]                                at /opt/rustwide/cargo-home/registry/src/index.crates.io-6f17d22bba15001f/actix-rt-2.9.0/src/runtime.rs:138:9
[INFO] [stdout]   51:     0x56168f5aad72 - actix_rt::system::SystemRunner::block_on::hd5a089890e16b939
[INFO] [stdout]                                at /opt/rustwide/cargo-home/registry/src/index.crates.io-6f17d22bba15001f/actix-rt-2.9.0/src/system.rs:245:9
[INFO] [stdout]   52:     0x56168f5a5260 - buy_stocks_tests::tests::save_stocks::h0e218a5f9de80f2c
[INFO] [stdout]                                at /opt/rustwide/workdir/tests/buy_stocks_tests.rs:13:5
[INFO] [stdout]   53:     0x56168f5a5217 - buy_stocks_tests::tests::save_stocks::{{closure}}::h1187ddc7d48d9da1
[INFO] [stdout]                                at /opt/rustwide/workdir/tests/buy_stocks_tests.rs:14:27
[INFO] [stdout]   54:     0x56168f5acad6 - core::ops::function::FnOnce::call_once::hf2998186f85e4408
[INFO] [stdout]                                at /rustc/0e09125c6c3c2fd70d7de961bcf0e51575235fad/library/core/src/ops/function.rs:250:5
[INFO] [stdout]   55:     0x56168f5eb5df - core::ops::function::FnOnce::call_once::hd64d26f405258157
[INFO] [stdout]                                at /rustc/0e09125c6c3c2fd70d7de961bcf0e51575235fad/library/core/src/ops/function.rs:250:5
[INFO] [stdout]   56:     0x56168f5eb5df - test::__rust_begin_short_backtrace::he21b0b7a6d731bf9
[INFO] [stdout]                                at /rustc/0e09125c6c3c2fd70d7de961bcf0e51575235fad/library/test/src/lib.rs:627:18
[INFO] [stdout]   57:     0x56168f5ea361 - test::run_test_in_process::{{closure}}::hf5c73986d7bdfde2
[INFO] [stdout]                                at /rustc/0e09125c6c3c2fd70d7de961bcf0e51575235fad/library/test/src/lib.rs:650:60
[INFO] [stdout]   58:     0x56168f5ea361 - <core::panic::unwind_safe::AssertUnwindSafe<F> as core::ops::function::FnOnce<()>>::call_once::h330011ad032aadc0
[INFO] [stdout]                                at /rustc/0e09125c6c3c2fd70d7de961bcf0e51575235fad/library/core/src/panic/unwind_safe.rs:272:9
[INFO] [stdout]   59:     0x56168f5ea361 - std::panicking::try::do_call::he61b0a958b795a41
[INFO] [stdout]                                at /rustc/0e09125c6c3c2fd70d7de961bcf0e51575235fad/library/std/src/panicking.rs:552:40
[INFO] [stdout]   60:     0x56168f5ea361 - std::panicking::try::h7309da130f906eb7
[INFO] [stdout]                                at /rustc/0e09125c6c3c2fd70d7de961bcf0e51575235fad/library/std/src/panicking.rs:516:19
[INFO] [stdout]   61:     0x56168f5ea361 - std::panic::catch_unwind::hc5c3a06fdaf0a92a
[INFO] [stdout]                                at /rustc/0e09125c6c3c2fd70d7de961bcf0e51575235fad/library/std/src/panic.rs:142:14
[INFO] [stdout]   62:     0x56168f5ea361 - test::run_test_in_process::h7e7b7c71c3324e0f
[INFO] [stdout]                                at /rustc/0e09125c6c3c2fd70d7de961bcf0e51575235fad/library/test/src/lib.rs:650:27
[INFO] [stdout]   63:     0x56168f5ea361 - test::run_test::{{closure}}::h1f509f28f5cf20b1
[INFO] [stdout]                                at /rustc/0e09125c6c3c2fd70d7de961bcf0e51575235fad/library/test/src/lib.rs:573:43
[INFO] [stdout]   64:     0x56168f5b1696 - test::run_test::{{closure}}::h1754218abf443f6d
[INFO] [stdout]                                at /rustc/0e09125c6c3c2fd70d7de961bcf0e51575235fad/library/test/src/lib.rs:601:41
[INFO] [stdout]   65:     0x56168f5b1696 - std::sys_common::backtrace::__rust_begin_short_backtrace::h2ee174b9d5954948
[INFO] [stdout]                                at /rustc/0e09125c6c3c2fd70d7de961bcf0e51575235fad/library/std/src/sys_common/backtrace.rs:155:18
[INFO] [stdout]   66:     0x56168f5b66f7 - std::thread::Builder::spawn_unchecked_::{{closure}}::{{closure}}::hf60bee9c1a17ef09
[INFO] [stdout]                                at /rustc/0e09125c6c3c2fd70d7de961bcf0e51575235fad/library/std/src/thread/mod.rs:529:17
[INFO] [stdout]   67:     0x56168f5b66f7 - <core::panic::unwind_safe::AssertUnwindSafe<F> as core::ops::function::FnOnce<()>>::call_once::h33d0dddec5216160
[INFO] [stdout]                                at /rustc/0e09125c6c3c2fd70d7de961bcf0e51575235fad/library/core/src/panic/unwind_safe.rs:272:9
[INFO] [stdout]   68:     0x56168f5b66f7 - std::panicking::try::do_call::h144b3048b546f835
[INFO] [stdout]                                at /rustc/0e09125c6c3c2fd70d7de961bcf0e51575235fad/library/std/src/panicking.rs:552:40
[INFO] [stdout]   69:     0x56168f5b66f7 - std::panicking::try::h978244d04646189f
[INFO] [stdout]                                at /rustc/0e09125c6c3c2fd70d7de961bcf0e51575235fad/library/std/src/panicking.rs:516:19
[INFO] [stdout]   70:     0x56168f5b66f7 - std::panic::catch_unwind::hdf436369d188fe86
[INFO] [stdout]                                at /rustc/0e09125c6c3c2fd70d7de961bcf0e51575235fad/library/std/src/panic.rs:142:14
[INFO] [stdout]   71:     0x56168f5b66f7 - std::thread::Builder::spawn_unchecked_::{{closure}}::h87329cbdd33c79ec
[INFO] [stdout]                                at /rustc/0e09125c6c3c2fd70d7de961bcf0e51575235fad/library/std/src/thread/mod.rs:528:30
[INFO] [stdout]   72:     0x56168f5b66f7 - core::ops::function::FnOnce::call_once{{vtable.shim}}::h401abbe67897d450
[INFO] [stdout]                                at /rustc/0e09125c6c3c2fd70d7de961bcf0e51575235fad/library/core/src/ops/function.rs:250:5
[INFO] [stdout]   73:     0x56168f965b35 - <alloc::boxed::Box<F,A> as core::ops::function::FnOnce<Args>>::call_once::h5d7c8f150ab9c84c
[INFO] [stdout]                                at /rustc/0e09125c6c3c2fd70d7de961bcf0e51575235fad/library/alloc/src/boxed.rs:2015:9
[INFO] [stdout]   74:     0x56168f965b35 - <alloc::boxed::Box<F,A> as core::ops::function::FnOnce<Args>>::call_once::h570d5b005c242c15
[INFO] [stdout]                                at /rustc/0e09125c6c3c2fd70d7de961bcf0e51575235fad/library/alloc/src/boxed.rs:2015:9
[INFO] [stdout]   75:     0x56168f965b35 - std::sys::unix::thread::Thread::new::thread_start::h36b0a20c0b2361ad
[INFO] [stdout]                                at /rustc/0e09125c6c3c2fd70d7de961bcf0e51575235fad/library/std/src/sys/unix/thread.rs:108:17
[INFO] [stdout]   76:     0x7fcd95db1ac3 - <unknown>
[INFO] [stdout]   77:     0x7fcd95e42bf4 - __clone
[INFO] [stdout]   78:                0x0 - <unknown>
[INFO] [stdout] 
[INFO] [stdout] 
[INFO] [stdout] failures:
[INFO] [stdout]     tests::save_stocks
[INFO] [stdout]     tests::validate_symbol
[INFO] [stdout] 
[INFO] [stdout] test result: FAILED. 0 passed; 2 failed; 0 ignored; 0 measured; 0 filtered out; finished in 0.23s
[INFO] [stdout] 
[INFO] [stderr] error: test failed, to rerun pass `--test buy_stocks_tests`
[INFO] running `Command { std: "docker" "inspect" "2eea92c202bb0cf4bbdd77e3dee4c4cd4faa2cf5346ba8f877444fdefbfcf902", kill_on_drop: false }`
[INFO] running `Command { std: "docker" "rm" "-f" "2eea92c202bb0cf4bbdd77e3dee4c4cd4faa2cf5346ba8f877444fdefbfcf902", kill_on_drop: false }`
[INFO] [stdout] 2eea92c202bb0cf4bbdd77e3dee4c4cd4faa2cf5346ba8f877444fdefbfcf902
