[INFO] cloning repository https://github.com/mightyiam/eelco
[INFO] running `Command { std: "git" "-c" "credential.helper=" "-c" "credential.helper=/workspace/cargo-home/bin/git-credential-null" "clone" "--bare" "https://github.com/mightyiam/eelco" "/workspace/cache/git-repos/https%3A%2F%2Fgithub.com%2Fmightyiam%2Feelco", kill_on_drop: false }`
[INFO] [stderr] Cloning into bare repository '/workspace/cache/git-repos/https%3A%2F%2Fgithub.com%2Fmightyiam%2Feelco'...
[INFO] running `Command { std: "git" "rev-parse" "HEAD", kill_on_drop: false }`
[INFO] [stdout] d7d0f9b0e5bb183950b9e1a1d499931da00a1a8e
[INFO] testing mightyiam/eelco against 1.75.0 for beta-1.76-1
[INFO] running `Command { std: "git" "clone" "/workspace/cache/git-repos/https%3A%2F%2Fgithub.com%2Fmightyiam%2Feelco" "/workspace/builds/worker-3-tc1/source", kill_on_drop: false }`
[INFO] [stderr] Cloning into '/workspace/builds/worker-3-tc1/source'...
[INFO] [stderr] done.
[INFO] validating manifest of git repo https://github.com/mightyiam/eelco on toolchain 1.75.0
[INFO] running `Command { std: CARGO_HOME="/workspace/cargo-home" RUSTUP_HOME="/workspace/rustup-home" "/workspace/cargo-home/bin/cargo" "+1.75.0" "metadata" "--manifest-path" "Cargo.toml" "--no-deps", kill_on_drop: false }`
[INFO] removed /workspace/builds/worker-3-tc1/source/rust-toolchain.toml
[INFO] started tweaking git repo https://github.com/mightyiam/eelco
[INFO] finished tweaking git repo https://github.com/mightyiam/eelco
[INFO] tweaked toml for git repo https://github.com/mightyiam/eelco written to /workspace/builds/worker-3-tc1/source/Cargo.toml
[INFO] crate git repo https://github.com/mightyiam/eelco already has a lockfile, it will not be regenerated
[INFO] running `Command { std: CARGO_HOME="/workspace/cargo-home" RUSTUP_HOME="/workspace/rustup-home" "/workspace/cargo-home/bin/cargo" "+1.75.0" "fetch" "--manifest-path" "Cargo.toml", kill_on_drop: false }`
[INFO] [stderr]     Updating git repository `https://github.com/mobusoperandi/pty-process.git`
[INFO] [stderr]  Downloading crates ...
[INFO] [stderr]   Downloaded derive_more-impl v1.0.0-beta.2
[INFO] [stderr]   Downloaded plist v1.5.0
[INFO] [stderr]   Downloaded comrak v0.18.0
[INFO] [stderr]   Downloaded derive_more v1.0.0-beta.2
[INFO] running `Command { std: "docker" "create" "-v" "/var/lib/crater-agent-workspace/builds/worker-3-tc1/target:/opt/rustwide/target:rw,Z" "-v" "/var/lib/crater-agent-workspace/builds/worker-3-tc1/source:/opt/rustwide/workdir:ro,Z" "-v" "/var/lib/crater-agent-workspace/cargo-home:/opt/rustwide/cargo-home:ro,Z" "-v" "/var/lib/crater-agent-workspace/rustup-home:/opt/rustwide/rustup-home:ro,Z" "-e" "SOURCE_DIR=/opt/rustwide/workdir" "-e" "CARGO_TARGET_DIR=/opt/rustwide/target" "-e" "CARGO_HOME=/opt/rustwide/cargo-home" "-e" "RUSTUP_HOME=/opt/rustwide/rustup-home" "-w" "/opt/rustwide/workdir" "-m" "1610612736" "--user" "0:0" "--network" "none" "ghcr.io/rust-lang/crates-build-env/linux@sha256:2788e3201cd34a07e3172128adcd8b3090168a8e3bcc40d7c032b9dda1df7d1c" "/opt/rustwide/cargo-home/bin/cargo" "+1.75.0" "metadata" "--no-deps" "--format-version=1", kill_on_drop: false }`
[INFO] [stdout] ae63939449a0738e9f88b613056d23529ff5cbbcb69b03fb71b973f8cc98c793
[INFO] running `Command { std: "docker" "start" "-a" "ae63939449a0738e9f88b613056d23529ff5cbbcb69b03fb71b973f8cc98c793", kill_on_drop: false }`
[INFO] running `Command { std: "docker" "inspect" "ae63939449a0738e9f88b613056d23529ff5cbbcb69b03fb71b973f8cc98c793", kill_on_drop: false }`
[INFO] running `Command { std: "docker" "rm" "-f" "ae63939449a0738e9f88b613056d23529ff5cbbcb69b03fb71b973f8cc98c793", kill_on_drop: false }`
[INFO] [stdout] ae63939449a0738e9f88b613056d23529ff5cbbcb69b03fb71b973f8cc98c793
[INFO] running `Command { std: "docker" "create" "-v" "/var/lib/crater-agent-workspace/builds/worker-3-tc1/target:/opt/rustwide/target:rw,Z" "-v" "/var/lib/crater-agent-workspace/builds/worker-3-tc1/source:/opt/rustwide/workdir:ro,Z" "-v" "/var/lib/crater-agent-workspace/cargo-home:/opt/rustwide/cargo-home:ro,Z" "-v" "/var/lib/crater-agent-workspace/rustup-home:/opt/rustwide/rustup-home:ro,Z" "-e" "SOURCE_DIR=/opt/rustwide/workdir" "-e" "CARGO_TARGET_DIR=/opt/rustwide/target" "-e" "CARGO_INCREMENTAL=0" "-e" "RUST_BACKTRACE=full" "-e" "RUSTFLAGS=--cap-lints=warn" "-e" "RUSTDOCFLAGS=--cap-lints=warn" "-e" "CARGO_HOME=/opt/rustwide/cargo-home" "-e" "RUSTUP_HOME=/opt/rustwide/rustup-home" "-w" "/opt/rustwide/workdir" "-m" "1610612736" "--user" "0:0" "--network" "none" "ghcr.io/rust-lang/crates-build-env/linux@sha256:2788e3201cd34a07e3172128adcd8b3090168a8e3bcc40d7c032b9dda1df7d1c" "/opt/rustwide/cargo-home/bin/cargo" "+1.75.0" "build" "--frozen" "--message-format=json", kill_on_drop: false }`
[INFO] [stdout] aa2cfbb517731b31e71da1c6a5da39db0c45cf51c85681957616afccec6e236d
[INFO] running `Command { std: "docker" "start" "-a" "aa2cfbb517731b31e71da1c6a5da39db0c45cf51c85681957616afccec6e236d", kill_on_drop: false }`
[INFO] [stderr]    Compiling proc-macro2 v1.0.66
[INFO] [stderr]    Compiling unicode-ident v1.0.11
[INFO] [stderr]    Compiling libc v0.2.147
[INFO] [stderr]    Compiling memchr v2.5.0
[INFO] [stderr]    Compiling cfg-if v1.0.0
[INFO] [stderr]    Compiling itoa v1.0.9
[INFO] [stderr]    Compiling rustix v0.38.8
[INFO] [stderr]    Compiling bitflags v1.3.2
[INFO] [stderr]    Compiling linux-raw-sys v0.4.3
[INFO] [stderr]    Compiling regex-syntax v0.7.4
[INFO] [stderr]    Compiling cc v1.0.79
[INFO] [stderr]    Compiling autocfg v1.1.0
[INFO] [stderr]    Compiling bitflags v2.3.3
[INFO] [stderr]    Compiling once_cell v1.18.0
[INFO] [stderr]    Compiling anstyle v1.0.1
[INFO] [stderr]    Compiling io-lifetimes v1.0.11
[INFO] [stderr]    Compiling same-file v1.0.6
[INFO] [stderr]    Compiling utf8parse v0.2.1
[INFO] [stderr]    Compiling fnv v1.0.7
[INFO] [stderr]    Compiling futures-core v0.3.28
[INFO] [stderr]    Compiling lazy_static v1.4.0
[INFO] [stderr]    Compiling walkdir v2.3.3
[INFO] [stderr]    Compiling rustix v0.37.23
[INFO] [stderr]    Compiling serde v1.0.175
[INFO] [stderr]    Compiling adler v1.0.2
[INFO] [stderr]    Compiling either v1.9.0
[INFO] [stderr]    Compiling pkg-config v0.3.27
[INFO] [stderr]    Compiling miniz_oxide v0.7.1
[INFO] [stderr]    Compiling slab v0.4.8
[INFO] [stderr]    Compiling pin-project-lite v0.2.10
[INFO] [stderr]    Compiling futures-channel v0.3.28
[INFO] [stderr]    Compiling linux-raw-sys v0.3.8
[INFO] [stderr]    Compiling futures-task v0.3.28
[INFO] [stderr]    Compiling crc32fast v1.3.2
[INFO] [stderr]    Compiling anstyle-parse v0.2.1
[INFO] [stderr]    Compiling log v0.4.20
[INFO] [stderr]    Compiling predicates-core v1.0.6
[INFO] [stderr]    Compiling thiserror v1.0.44
[INFO] [stderr]    Compiling colorchoice v1.0.0
[INFO] [stderr]    Compiling futures-util v0.3.28
[INFO] [stderr]    Compiling aho-corasick v1.0.2
[INFO] [stderr]    Compiling serde_json v1.0.103
[INFO] [stderr]    Compiling anstyle-query v1.0.0
[INFO] [stderr]    Compiling doc-comment v0.3.3
[INFO] [stderr]    Compiling futures-sink v0.3.28
[INFO] [stderr]    Compiling tokio v1.29.1
[INFO] [stderr]    Compiling itertools v0.10.5
[INFO] [stderr]    Compiling quote v1.0.32
[INFO] [stderr]    Compiling thread_local v1.1.7
[INFO] [stderr]    Compiling ryu v1.0.15
[INFO] [stderr]    Compiling termtree v0.4.1
[INFO] [stderr]    Compiling gimli v0.27.3
[INFO] [stderr]    Compiling pin-utils v0.1.0
[INFO] [stderr]    Compiling clap_lex v0.5.0
[INFO] [stderr]    Compiling strsim v0.10.0
[INFO] [stderr]    Compiling futures-io v0.3.28
[INFO] [stderr]    Compiling difflib v0.4.0
[INFO] [stderr]    Compiling syn v2.0.27
[INFO] [stderr]    Compiling heck v0.4.1
[INFO] [stderr]    Compiling predicates-tree v1.0.9
[INFO] [stderr]    Compiling onig_sys v69.8.1
[INFO] [stderr]    Compiling backtrace v0.3.68
[INFO] [stderr]    Compiling vte_generate_state_changes v0.1.1
[INFO] [stderr]    Compiling flate2 v1.0.26
[INFO] [stderr]    Compiling object v0.31.1
[INFO] [stderr]    Compiling anyhow v1.0.72
[INFO] [stderr]    Compiling fastrand v2.0.0
[INFO] [stderr]    Compiling deunicode v0.4.3
[INFO] [stderr]    Compiling camino v1.1.6
[INFO] [stderr]    Compiling regex-automata v0.3.3
[INFO] [stderr]    Compiling signal-hook-registry v1.4.1
[INFO] [stderr]    Compiling predicates v3.0.3
[INFO] [stderr]    Compiling socket2 v0.4.9
[INFO] [stderr]    Compiling num_cpus v1.16.0
[INFO] [stderr]    Compiling mio v0.8.8
[INFO] [stderr]    Compiling serde_derive v1.0.175
[INFO] [stderr]    Compiling unicode-xid v0.2.4
[INFO] [stderr]    Compiling arrayvec v0.5.2
[INFO] [stderr]    Compiling rustc-demangle v0.1.23
[INFO] [stderr]    Compiling regex-syntax v0.6.29
[INFO] [stderr]    Compiling bytes v1.4.0
[INFO] [stderr]    Compiling vte v0.10.1
[INFO] [stderr]    Compiling slug v0.1.4
[INFO] [stderr]    Compiling wait-timeout v0.2.0
[INFO] [stderr]    Compiling shell-words v1.1.0
[INFO] [stderr]    Compiling unicode_categories v0.1.1
[INFO] [stderr]    Compiling terminal_size v0.2.6
[INFO] [stderr]    Compiling xdg v2.5.2
[INFO] [stderr]    Compiling typed-arena v2.0.2
[INFO] [stderr]    Compiling entities v1.0.1
[INFO] [stderr]    Compiling itertools v0.11.0
[INFO] [stderr]    Compiling glob v0.3.1
[INFO] [stderr]    Compiling is-terminal v0.4.9
[INFO] [stderr] error: could not compile `rustix` (lib)
[INFO] [stderr] 
[INFO] [stderr] Caused by:
[INFO] [stderr]   process didn't exit successfully: `/opt/rustwide/rustup-home/toolchains/1.75.0-x86_64-unknown-linux-gnu/bin/rustc --crate-name rustix --edition=2021 /opt/rustwide/cargo-home/registry/src/index.crates.io-6f17d22bba15001f/rustix-0.38.8/src/lib.rs --error-format=json --json=diagnostic-rendered-ansi,artifacts,future-incompat --crate-type lib --emit=dep-info,metadata,link -C embed-bitcode=no -C debuginfo=2 --cfg 'feature="default"' --cfg 'feature="fs"' --cfg 'feature="itoa"' --cfg 'feature="process"' --cfg 'feature="pty"' --cfg 'feature="std"' --cfg 'feature="termios"' --cfg 'feature="use-libc-auxv"' -C metadata=5f50e264af22fa6e -C extra-filename=-5f50e264af22fa6e --out-dir /opt/rustwide/target/debug/deps -L dependency=/opt/rustwide/target/debug/deps --extern bitflags=/opt/rustwide/target/debug/deps/libbitflags-fc378adbd29a7a4a.rmeta --extern itoa=/opt/rustwide/target/debug/deps/libitoa-05fb7c91ffbc0a79.rmeta --extern linux_raw_sys=/opt/rustwide/target/debug/deps/liblinux_raw_sys-4d64a29a2c097b08.rmeta --cap-lints allow --cap-lints=warn --cfg static_assertions --cfg linux_raw --cfg linux_like --cfg linux_kernel` (signal: 9, SIGKILL: kill)
[INFO] [stderr] warning: build failed, waiting for other jobs to finish...
[INFO] [stderr] error: could not compile `regex-syntax` (lib)
[INFO] [stderr] 
[INFO] [stderr] Caused by:
[INFO] [stderr]   process didn't exit successfully: `/opt/rustwide/rustup-home/toolchains/1.75.0-x86_64-unknown-linux-gnu/bin/rustc --crate-name regex_syntax --edition=2021 /opt/rustwide/cargo-home/registry/src/index.crates.io-6f17d22bba15001f/regex-syntax-0.7.4/src/lib.rs --error-format=json --json=diagnostic-rendered-ansi,artifacts,future-incompat --crate-type lib --emit=dep-info,metadata,link -C embed-bitcode=no -C debuginfo=2 --cfg 'feature="default"' --cfg 'feature="std"' --cfg 'feature="unicode"' --cfg 'feature="unicode-age"' --cfg 'feature="unicode-bool"' --cfg 'feature="unicode-case"' --cfg 'feature="unicode-gencat"' --cfg 'feature="unicode-perl"' --cfg 'feature="unicode-script"' --cfg 'feature="unicode-segment"' -C metadata=1e06914efac87e2c -C extra-filename=-1e06914efac87e2c --out-dir /opt/rustwide/target/debug/deps -L dependency=/opt/rustwide/target/debug/deps --cap-lints allow --cap-lints=warn` (signal: 9, SIGKILL: kill)
[INFO] running `Command { std: "docker" "inspect" "aa2cfbb517731b31e71da1c6a5da39db0c45cf51c85681957616afccec6e236d", kill_on_drop: false }`
[INFO] running `Command { std: "docker" "rm" "-f" "aa2cfbb517731b31e71da1c6a5da39db0c45cf51c85681957616afccec6e236d", kill_on_drop: false }`
[INFO] [stdout] aa2cfbb517731b31e71da1c6a5da39db0c45cf51c85681957616afccec6e236d
[INFO] testing mightyiam/eelco against beta-2023-12-22 for beta-1.76-1
[INFO] running `Command { std: "git" "clone" "/workspace/cache/git-repos/https%3A%2F%2Fgithub.com%2Fmightyiam%2Feelco" "/workspace/builds/worker-3-tc2/source", kill_on_drop: false }`
[INFO] [stderr] Cloning into '/workspace/builds/worker-3-tc2/source'...
[INFO] [stderr] done.
[INFO] validating manifest of git repo https://github.com/mightyiam/eelco on toolchain beta-2023-12-22
[INFO] running `Command { std: CARGO_HOME="/workspace/cargo-home" RUSTUP_HOME="/workspace/rustup-home" "/workspace/cargo-home/bin/cargo" "+beta-2023-12-22" "metadata" "--manifest-path" "Cargo.toml" "--no-deps", kill_on_drop: false }`
[INFO] removed /workspace/builds/worker-3-tc2/source/rust-toolchain.toml
[INFO] started tweaking git repo https://github.com/mightyiam/eelco
[INFO] finished tweaking git repo https://github.com/mightyiam/eelco
[INFO] tweaked toml for git repo https://github.com/mightyiam/eelco written to /workspace/builds/worker-3-tc2/source/Cargo.toml
[INFO] crate git repo https://github.com/mightyiam/eelco already has a lockfile, it will not be regenerated
[INFO] running `Command { std: CARGO_HOME="/workspace/cargo-home" RUSTUP_HOME="/workspace/rustup-home" "/workspace/cargo-home/bin/cargo" "+beta-2023-12-22" "fetch" "--manifest-path" "Cargo.toml", kill_on_drop: false }`
[INFO] running `Command { std: "docker" "create" "-v" "/var/lib/crater-agent-workspace/builds/worker-3-tc2/target:/opt/rustwide/target:rw,Z" "-v" "/var/lib/crater-agent-workspace/builds/worker-3-tc2/source:/opt/rustwide/workdir:ro,Z" "-v" "/var/lib/crater-agent-workspace/cargo-home:/opt/rustwide/cargo-home:ro,Z" "-v" "/var/lib/crater-agent-workspace/rustup-home:/opt/rustwide/rustup-home:ro,Z" "-e" "SOURCE_DIR=/opt/rustwide/workdir" "-e" "CARGO_TARGET_DIR=/opt/rustwide/target" "-e" "CARGO_HOME=/opt/rustwide/cargo-home" "-e" "RUSTUP_HOME=/opt/rustwide/rustup-home" "-w" "/opt/rustwide/workdir" "-m" "1610612736" "--user" "0:0" "--network" "none" "ghcr.io/rust-lang/crates-build-env/linux@sha256:2788e3201cd34a07e3172128adcd8b3090168a8e3bcc40d7c032b9dda1df7d1c" "/opt/rustwide/cargo-home/bin/cargo" "+beta-2023-12-22" "metadata" "--no-deps" "--format-version=1", kill_on_drop: false }`
[INFO] [stdout] 0929603f2beb7c8944edda1d8d6f887ee106f56ca8a317835bd002f7edb24017
[INFO] running `Command { std: "docker" "start" "-a" "0929603f2beb7c8944edda1d8d6f887ee106f56ca8a317835bd002f7edb24017", kill_on_drop: false }`
[INFO] running `Command { std: "docker" "inspect" "0929603f2beb7c8944edda1d8d6f887ee106f56ca8a317835bd002f7edb24017", kill_on_drop: false }`
[INFO] running `Command { std: "docker" "rm" "-f" "0929603f2beb7c8944edda1d8d6f887ee106f56ca8a317835bd002f7edb24017", kill_on_drop: false }`
[INFO] [stdout] 0929603f2beb7c8944edda1d8d6f887ee106f56ca8a317835bd002f7edb24017
[INFO] running `Command { std: "docker" "create" "-v" "/var/lib/crater-agent-workspace/builds/worker-3-tc2/target:/opt/rustwide/target:rw,Z" "-v" "/var/lib/crater-agent-workspace/builds/worker-3-tc2/source:/opt/rustwide/workdir:ro,Z" "-v" "/var/lib/crater-agent-workspace/cargo-home:/opt/rustwide/cargo-home:ro,Z" "-v" "/var/lib/crater-agent-workspace/rustup-home:/opt/rustwide/rustup-home:ro,Z" "-e" "SOURCE_DIR=/opt/rustwide/workdir" "-e" "CARGO_TARGET_DIR=/opt/rustwide/target" "-e" "CARGO_INCREMENTAL=0" "-e" "RUST_BACKTRACE=full" "-e" "RUSTFLAGS=--cap-lints=warn" "-e" "RUSTDOCFLAGS=--cap-lints=warn" "-e" "CARGO_HOME=/opt/rustwide/cargo-home" "-e" "RUSTUP_HOME=/opt/rustwide/rustup-home" "-w" "/opt/rustwide/workdir" "-m" "1610612736" "--user" "0:0" "--network" "none" "ghcr.io/rust-lang/crates-build-env/linux@sha256:2788e3201cd34a07e3172128adcd8b3090168a8e3bcc40d7c032b9dda1df7d1c" "/opt/rustwide/cargo-home/bin/cargo" "+beta-2023-12-22" "build" "--frozen" "--message-format=json", kill_on_drop: false }`
[INFO] [stdout] 607318de93f50c6756ea80f59a1dbc4ce6669a199060c1261d95bec0e6575948
[INFO] running `Command { std: "docker" "start" "-a" "607318de93f50c6756ea80f59a1dbc4ce6669a199060c1261d95bec0e6575948", kill_on_drop: false }`
[INFO] [stderr]    Compiling proc-macro2 v1.0.66
[INFO] [stderr]    Compiling unicode-ident v1.0.11
[INFO] [stderr]    Compiling memchr v2.5.0
[INFO] [stderr]    Compiling libc v0.2.147
[INFO] [stderr]    Compiling itoa v1.0.9
[INFO] [stderr]    Compiling cfg-if v1.0.0
[INFO] [stderr]    Compiling rustix v0.38.8
[INFO] [stderr]    Compiling autocfg v1.1.0
[INFO] [stderr]    Compiling bitflags v1.3.2
[INFO] [stderr]    Compiling bitflags v2.3.3
[INFO] [stderr]    Compiling linux-raw-sys v0.4.3
[INFO] [stderr]    Compiling cc v1.0.79
[INFO] [stderr]    Compiling regex-syntax v0.7.4
[INFO] [stderr]    Compiling once_cell v1.18.0
[INFO] [stderr]    Compiling anstyle v1.0.1
[INFO] [stderr]    Compiling fnv v1.0.7
[INFO] [stderr]    Compiling same-file v1.0.6
[INFO] [stderr]    Compiling utf8parse v0.2.1
[INFO] [stderr]    Compiling io-lifetimes v1.0.11
[INFO] [stderr]    Compiling adler v1.0.2
[INFO] [stderr]    Compiling futures-core v0.3.28
[INFO] [stderr]    Compiling walkdir v2.3.3
[INFO] [stderr]    Compiling rustix v0.37.23
[INFO] [stderr]    Compiling either v1.9.0
[INFO] [stderr]    Compiling lazy_static v1.4.0
[INFO] [stderr]    Compiling pkg-config v0.3.27
[INFO] [stderr]    Compiling serde v1.0.175
[INFO] [stderr]    Compiling miniz_oxide v0.7.1
[INFO] [stderr]    Compiling slab v0.4.8
[INFO] [stderr]    Compiling futures-task v0.3.28
[INFO] [stderr]    Compiling pin-project-lite v0.2.10
[INFO] [stderr]    Compiling linux-raw-sys v0.3.8
[INFO] [stderr]    Compiling futures-channel v0.3.28
[INFO] [stderr]    Compiling crc32fast v1.3.2
[INFO] [stderr]    Compiling quote v1.0.32
[INFO] [stderr]    Compiling anstyle-parse v0.2.1
[INFO] [stderr]    Compiling predicates-core v1.0.6
[INFO] [stderr]    Compiling futures-util v0.3.28
[INFO] [stderr]    Compiling doc-comment v0.3.3
[INFO] [stderr]    Compiling syn v2.0.27
[INFO] [stderr]    Compiling aho-corasick v1.0.2
[INFO] [stderr]    Compiling anstyle-query v1.0.0
[INFO] [stderr]    Compiling log v0.4.20
[INFO] [stderr]    Compiling futures-sink v0.3.28
[INFO] [stderr]    Compiling colorchoice v1.0.0
[INFO] [stderr]    Compiling thiserror v1.0.44
[INFO] [stderr]    Compiling serde_json v1.0.103
[INFO] [stderr]    Compiling itertools v0.10.5
[INFO] [stderr]    Compiling tokio v1.29.1
[INFO] [stderr]    Compiling thread_local v1.1.7
[INFO] [stderr]    Compiling clap_lex v0.5.0
[INFO] [stderr]    Compiling pin-utils v0.1.0
[INFO] [stderr]    Compiling heck v0.4.1
[INFO] [stderr]    Compiling onig_sys v69.8.1
[INFO] [stderr]    Compiling backtrace v0.3.68
[INFO] [stderr]    Compiling difflib v0.4.0
[INFO] [stderr]    Compiling strsim v0.10.0
[INFO] [stderr]    Compiling ryu v1.0.15
[INFO] [stderr]    Compiling termtree v0.4.1
[INFO] [stderr]    Compiling futures-io v0.3.28
[INFO] [stderr]    Compiling gimli v0.27.3
[INFO] [stderr]    Compiling predicates-tree v1.0.9
[INFO] [stderr]    Compiling socket2 v0.4.9
[INFO] [stderr]    Compiling signal-hook-registry v1.4.1
[INFO] [stderr]    Compiling num_cpus v1.16.0
[INFO] [stderr]    Compiling mio v0.8.8
[INFO] [stderr]    Compiling flate2 v1.0.26
[INFO] [stderr]    Compiling vte_generate_state_changes v0.1.1
[INFO] [stderr]    Compiling regex-automata v0.3.3
[INFO] [stderr]    Compiling object v0.31.1
[INFO] [stderr]    Compiling anyhow v1.0.72
[INFO] [stderr]    Compiling regex-syntax v0.6.29
[INFO] [stderr]    Compiling unicode-xid v0.2.4
[INFO] [stderr]    Compiling deunicode v0.4.3
[INFO] [stderr]    Compiling fastrand v2.0.0
[INFO] [stderr]    Compiling bytes v1.4.0
[INFO] [stderr]    Compiling terminal_size v0.2.6
[INFO] [stderr]    Compiling rustc-demangle v0.1.23
[INFO] [stderr]    Compiling serde_derive v1.0.175
[INFO] [stderr]    Compiling predicates v3.0.3
[INFO] [stderr]    Compiling camino v1.1.6
[INFO] [stderr]    Compiling arrayvec v0.5.2
[INFO] [stderr]    Compiling vte v0.10.1
[INFO] [stderr]    Compiling slug v0.1.4
[INFO] [stderr]    Compiling wait-timeout v0.2.0
[INFO] [stderr]    Compiling xdg v2.5.2
[INFO] [stderr]    Compiling shell-words v1.1.0
[INFO] [stderr]    Compiling unicode_categories v0.1.1
[INFO] [stderr]    Compiling is-terminal v0.4.9
[INFO] [stderr]    Compiling anstream v0.3.2
[INFO] [stderr]    Compiling bincode v1.3.3
[INFO] [stderr]    Compiling tempfile v3.8.0
[INFO] [stderr]    Compiling entities v1.0.1
[INFO] [stderr]    Compiling clap_builder v4.3.21
[INFO] [stderr]    Compiling typed-arena v2.0.2
[INFO] [stderr]    Compiling addr2line v0.20.0
[INFO] [stderr]    Compiling strip-ansi-escapes v0.1.1
[INFO] [stderr]    Compiling itertools v0.11.0
[INFO] [stderr]    Compiling indoc v2.0.3
[INFO] [stderr]    Compiling glob v0.3.1
[INFO] [stderr]    Compiling regex v1.9.1
[INFO] [stderr]    Compiling bstr v1.6.0
[INFO] [stderr]    Compiling futures-macro v0.3.28
[INFO] [stderr]    Compiling thiserror-impl v1.0.44
[INFO] [stderr]    Compiling clap_derive v4.3.12
[INFO] [stderr]    Compiling tokio-macros v2.1.0
[INFO] [stderr]    Compiling derive_more-impl v1.0.0-beta.2
[INFO] [stderr]    Compiling globset v0.4.13
[INFO] [stderr]    Compiling assert_cmd v2.0.12
[INFO] [stderr]    Compiling ignore v0.4.20
[INFO] [stderr]    Compiling onig v6.4.0
[INFO] [stderr]    Compiling globwalk v0.8.1
[INFO] [stderr]    Compiling assert_fs v1.0.13
[INFO] [stderr]    Compiling syntect v5.0.0
[INFO] [stderr]    Compiling util v0.1.0 (/opt/rustwide/workdir/crates/util)
[INFO] [stderr]    Compiling derive_more v1.0.0-beta.2
[INFO] [stderr]    Compiling clap v4.3.21
[INFO] [stderr]    Compiling comrak v0.18.0
[INFO] [stderr]    Compiling futures-executor v0.3.28
[INFO] [stderr]    Compiling futures v0.3.28
[INFO] [stderr]    Compiling pty-process v0.4.0 (https://github.com/mobusoperandi/pty-process.git?rev=7889630#78896303)
[INFO] [stderr]    Compiling eelco v0.1.0 (/opt/rustwide/workdir/crates/eelco)
[INFO] [stderr]     Finished dev [unoptimized + debuginfo] target(s) in 27.90s
[INFO] running `Command { std: "docker" "inspect" "607318de93f50c6756ea80f59a1dbc4ce6669a199060c1261d95bec0e6575948", kill_on_drop: false }`
[INFO] running `Command { std: "docker" "rm" "-f" "607318de93f50c6756ea80f59a1dbc4ce6669a199060c1261d95bec0e6575948", kill_on_drop: false }`
[INFO] [stdout] 607318de93f50c6756ea80f59a1dbc4ce6669a199060c1261d95bec0e6575948
[INFO] running `Command { std: "docker" "create" "-v" "/var/lib/crater-agent-workspace/builds/worker-3-tc2/target:/opt/rustwide/target:rw,Z" "-v" "/var/lib/crater-agent-workspace/builds/worker-3-tc2/source:/opt/rustwide/workdir:ro,Z" "-v" "/var/lib/crater-agent-workspace/cargo-home:/opt/rustwide/cargo-home:ro,Z" "-v" "/var/lib/crater-agent-workspace/rustup-home:/opt/rustwide/rustup-home:ro,Z" "-e" "SOURCE_DIR=/opt/rustwide/workdir" "-e" "CARGO_TARGET_DIR=/opt/rustwide/target" "-e" "CARGO_INCREMENTAL=0" "-e" "RUST_BACKTRACE=full" "-e" "RUSTFLAGS=--cap-lints=warn" "-e" "RUSTDOCFLAGS=--cap-lints=warn" "-e" "CARGO_HOME=/opt/rustwide/cargo-home" "-e" "RUSTUP_HOME=/opt/rustwide/rustup-home" "-w" "/opt/rustwide/workdir" "-m" "1610612736" "--user" "0:0" "--network" "none" "ghcr.io/rust-lang/crates-build-env/linux@sha256:2788e3201cd34a07e3172128adcd8b3090168a8e3bcc40d7c032b9dda1df7d1c" "/opt/rustwide/cargo-home/bin/cargo" "+beta-2023-12-22" "test" "--frozen" "--no-run" "--message-format=json", kill_on_drop: false }`
[INFO] [stdout] 4cee72850abee6e811faed9033fe6405ba9cc22efc35b95d9a3e8dd1fe406826
[INFO] running `Command { std: "docker" "start" "-a" "4cee72850abee6e811faed9033fe6405ba9cc22efc35b95d9a3e8dd1fe406826", kill_on_drop: false }`
[INFO] [stderr]    Compiling util v0.1.0 (/opt/rustwide/workdir/crates/util)
[INFO] [stderr]    Compiling eelco v0.1.0 (/opt/rustwide/workdir/crates/eelco)
[INFO] [stderr]     Finished test [unoptimized + debuginfo] target(s) in 2.28s
[INFO] running `Command { std: "docker" "inspect" "4cee72850abee6e811faed9033fe6405ba9cc22efc35b95d9a3e8dd1fe406826", kill_on_drop: false }`
[INFO] running `Command { std: "docker" "rm" "-f" "4cee72850abee6e811faed9033fe6405ba9cc22efc35b95d9a3e8dd1fe406826", kill_on_drop: false }`
[INFO] [stdout] 4cee72850abee6e811faed9033fe6405ba9cc22efc35b95d9a3e8dd1fe406826
[INFO] running `Command { std: "docker" "create" "-v" "/var/lib/crater-agent-workspace/builds/worker-3-tc2/target:/opt/rustwide/target:rw,Z" "-v" "/var/lib/crater-agent-workspace/builds/worker-3-tc2/source:/opt/rustwide/workdir:ro,Z" "-v" "/var/lib/crater-agent-workspace/cargo-home:/opt/rustwide/cargo-home:ro,Z" "-v" "/var/lib/crater-agent-workspace/rustup-home:/opt/rustwide/rustup-home:ro,Z" "-e" "SOURCE_DIR=/opt/rustwide/workdir" "-e" "CARGO_TARGET_DIR=/opt/rustwide/target" "-e" "CARGO_INCREMENTAL=0" "-e" "RUST_BACKTRACE=full" "-e" "RUSTFLAGS=--cap-lints=warn" "-e" "RUSTDOCFLAGS=--cap-lints=warn" "-e" "CARGO_HOME=/opt/rustwide/cargo-home" "-e" "RUSTUP_HOME=/opt/rustwide/rustup-home" "-w" "/opt/rustwide/workdir" "-m" "1610612736" "--user" "0:0" "--network" "none" "ghcr.io/rust-lang/crates-build-env/linux@sha256:2788e3201cd34a07e3172128adcd8b3090168a8e3bcc40d7c032b9dda1df7d1c" "/opt/rustwide/cargo-home/bin/cargo" "+beta-2023-12-22" "test" "--frozen", kill_on_drop: false }`
[INFO] [stdout] bf70e3d3f4e95f3dc223cd2ba0233111585730f42225db9b7feaef04fece71d9
[INFO] running `Command { std: "docker" "start" "-a" "bf70e3d3f4e95f3dc223cd2ba0233111585730f42225db9b7feaef04fece71d9", kill_on_drop: false }`
[INFO] [stderr]     Finished test [unoptimized + debuginfo] target(s) in 0.11s
[INFO] [stderr]      Running unittests src/main.rs (/opt/rustwide/target/debug/deps/eelco-2b38680e82380a14)
[INFO] [stdout] 
[INFO] [stdout] running 0 tests
[INFO] [stdout] 
[INFO] [stdout] test result: ok. 0 passed; 0 failed; 0 ignored; 0 measured; 0 filtered out; finished in 0.00s
[INFO] [stdout] 
[INFO] [stderr]      Running tests/simple.rs (/opt/rustwide/target/debug/deps/simple-8504921f7c55039b)
[INFO] [stdout] 
[INFO] [stdout] running 3 tests
[INFO] [stdout] test empty_file ... FAILED
[INFO] [stdout] test pass ... FAILED
[INFO] [stdout] test example_fails_to_parse ... FAILED
[INFO] [stdout] 
[INFO] [stdout] failures:
[INFO] [stdout] 
[INFO] [stdout] ---- empty_file stdout ----
[INFO] [stdout] thread 'empty_file' panicked at /rustc/0e09125c6c3c2fd70d7de961bcf0e51575235fad/library/core/src/ops/function.rs:250:5:
[INFO] [stdout] Unexpected stderr, failed diff original var
[INFO] [stdout] ├── original: Error: could not find any REPL examples
[INFO] [stdout] ├── diff: 
[INFO] [stdout] │   --- 	orig
[INFO] [stdout] │   +++ 	var
[INFO] [stdout] │   @@ -1,0 +2,56 @@
[INFO] [stdout] │   +
[INFO] [stdout] │   +Stack backtrace:
[INFO] [stdout] │   +   0: anyhow::__private::format_err
[INFO] [stdout] │   +             at /opt/rustwide/cargo-home/registry/src/index.crates.io-6f17d22bba15001f/anyhow-1.0.72/src/lib.rs:669:13
[INFO] [stdout] │   +   1: eelco::main::{{closure}}
[INFO] [stdout] │   +             at ./src/main.rs:32:9
[INFO] [stdout] │   +   2: tokio::runtime::park::CachedParkThread::block_on::{{closure}}
[INFO] [stdout] │   +             at /opt/rustwide/cargo-home/registry/src/index.crates.io-6f17d22bba15001f/tokio-1.29.1/src/runtime/park.rs:283:63
[INFO] [stdout] │   +   3: tokio::runtime::coop::with_budget
[INFO] [stdout] │   +             at /opt/rustwide/cargo-home/registry/src/index.crates.io-6f17d22bba15001f/tokio-1.29.1/src/runtime/coop.rs:107:5
[INFO] [stdout] │   +      tokio::runtime::coop::budget
[INFO] [stdout] │   +             at /opt/rustwide/cargo-home/registry/src/index.crates.io-6f17d22bba15001f/tokio-1.29.1/src/runtime/coop.rs:73:5
[INFO] [stdout] │   +      tokio::runtime::park::CachedParkThread::block_on
[INFO] [stdout] │   +             at /opt/rustwide/cargo-home/registry/src/index.crates.io-6f17d22bba15001f/tokio-1.29.1/src/runtime/park.rs:283:31
[INFO] [stdout] │   +   4: tokio::runtime::context::blocking::BlockingRegionGuard::block_on
[INFO] [stdout] │   +             at /opt/rustwide/cargo-home/registry/src/index.crates.io-6f17d22bba15001f/tokio-1.29.1/src/runtime/context/blocking.rs:66:9
[INFO] [stdout] │   +   5: tokio::runtime::scheduler::multi_thread::MultiThread::block_on::{{closure}}
[INFO] [stdout] │   +             at /opt/rustwide/cargo-home/registry/src/index.crates.io-6f17d22bba15001f/tokio-1.29.1/src/runtime/scheduler/multi_thread/mod.rs:87:13
[INFO] [stdout] │   +   6: tokio::runtime::context::runtime::enter_runtime
[INFO] [stdout] │   +             at /opt/rustwide/cargo-home/registry/src/index.crates.io-6f17d22bba15001f/tokio-1.29.1/src/runtime/context/runtime.rs:65:16
[INFO] [stdout] │   +   7: tokio::runtime::scheduler::multi_thread::MultiThread::block_on
[INFO] [stdout] │   +             at /opt/rustwide/cargo-home/registry/src/index.crates.io-6f17d22bba15001f/tokio-1.29.1/src/runtime/scheduler/multi_thread/mod.rs:86:9
[INFO] [stdout] │   +   8: tokio::runtime::runtime::Runtime::block_on
[INFO] [stdout] │   +             at /opt/rustwide/cargo-home/registry/src/index.crates.io-6f17d22bba15001f/tokio-1.29.1/src/runtime/runtime.rs:313:45
[INFO] [stdout] │   +   9: eelco::main
[INFO] [stdout] │   +             at ./src/main.rs:55:5
[INFO] [stdout] │   +  10: core::ops::function::FnOnce::call_once
[INFO] [stdout] │   +             at /rustc/0e09125c6c3c2fd70d7de961bcf0e51575235fad/library/core/src/ops/function.rs:250:5
[INFO] [stdout] │   +  11: std::sys_common::backtrace::__rust_begin_short_backtrace
[INFO] [stdout] │   +             at /rustc/0e09125c6c3c2fd70d7de961bcf0e51575235fad/library/std/src/sys_common/backtrace.rs:155:18
[INFO] [stdout] │   +  12: std::rt::lang_start::{{closure}}
[INFO] [stdout] │   +             at /rustc/0e09125c6c3c2fd70d7de961bcf0e51575235fad/library/std/src/rt.rs:166:18
[INFO] [stdout] │   +  13: core::ops::function::impls::<impl core::ops::function::FnOnce<A> for &F>::call_once
[INFO] [stdout] │   +             at /rustc/0e09125c6c3c2fd70d7de961bcf0e51575235fad/library/core/src/ops/function.rs:284:13
[INFO] [stdout] │   +      std::panicking::try::do_call
[INFO] [stdout] │   +             at /rustc/0e09125c6c3c2fd70d7de961bcf0e51575235fad/library/std/src/panicking.rs:552:40
[INFO] [stdout] │   +      std::panicking::try
[INFO] [stdout] │   +             at /rustc/0e09125c6c3c2fd70d7de961bcf0e51575235fad/library/std/src/panicking.rs:516:19
[INFO] [stdout] │   +      std::panic::catch_unwind
[INFO] [stdout] │   +             at /rustc/0e09125c6c3c2fd70d7de961bcf0e51575235fad/library/std/src/panic.rs:142:14
[INFO] [stdout] │   +      std::rt::lang_start_internal::{{closure}}
[INFO] [stdout] │   +             at /rustc/0e09125c6c3c2fd70d7de961bcf0e51575235fad/library/std/src/rt.rs:148:48
[INFO] [stdout] │   +      std::panicking::try::do_call
[INFO] [stdout] │   +             at /rustc/0e09125c6c3c2fd70d7de961bcf0e51575235fad/library/std/src/panicking.rs:552:40
[INFO] [stdout] │   +      std::panicking::try
[INFO] [stdout] │   +             at /rustc/0e09125c6c3c2fd70d7de961bcf0e51575235fad/library/std/src/panicking.rs:516:19
[INFO] [stdout] │   +      std::panic::catch_unwind
[INFO] [stdout] │   +             at /rustc/0e09125c6c3c2fd70d7de961bcf0e51575235fad/library/std/src/panic.rs:142:14
[INFO] [stdout] │   +      std::rt::lang_start_internal
[INFO] [stdout] │   +             at /rustc/0e09125c6c3c2fd70d7de961bcf0e51575235fad/library/std/src/rt.rs:148:20
[INFO] [stdout] │   +  14: std::rt::lang_start
[INFO] [stdout] │   +             at /rustc/0e09125c6c3c2fd70d7de961bcf0e51575235fad/library/std/src/rt.rs:165:17
[INFO] [stdout] │   +  15: main
[INFO] [stdout] │   +  16: <unknown>
[INFO] [stdout] │   +  17: __libc_start_main
[INFO] [stdout] │   +  18: _start
[INFO] [stdout] └── var as str: Error: could not find any REPL examples
[INFO] [stdout]     
[INFO] [stdout]     Stack backtrace:
[INFO] [stdout]        0: anyhow::__private::format_err
[INFO] [stdout]                  at /opt/rustwide/cargo-home/registry/src/index.crates.io-6f17d22bba15001f/anyhow-1.0.72/src/lib.rs:669:13
[INFO] [stdout]        1: eelco::main::{{closure}}
[INFO] [stdout]                  at ./src/main.rs:32:9
[INFO] [stdout]        2: tokio::runtime::park::CachedParkThread::block_on::{{closure}}
[INFO] [stdout]                  at /opt/rustwide/cargo-home/registry/src/index.crates.io-6f17d22bba15001f/tokio-1.29.1/src/runtime/park.rs:283:63
[INFO] [stdout]        3: tokio::runtime::coop::with_budget
[INFO] [stdout]                  at /opt/rustwide/cargo-home/registry/src/index.crates.io-6f17d22bba15001f/tokio-1.29.1/src/runtime/coop.rs:107:5
[INFO] [stdout]           tokio::runtime::coop::budget
[INFO] [stdout]                  at /opt/rustwide/cargo-home/registry/src/index.crates.io-6f17d22bba15001f/tokio-1.29.1/src/runtime/coop.rs:73:5
[INFO] [stdout]           tokio::runtime::park::CachedParkThread::block_on
[INFO] [stdout]                  at /opt/rustwide/cargo-home/registry/src/index.crates.io-6f17d22bba15001f/tokio-1.29.1/src/runtime/park.rs:283:31
[INFO] [stdout]        4: tokio::runtime::context::blocking::BlockingRegionGuard::block_on
[INFO] [stdout]                  at /opt/rustwide/cargo-home/registry/src/index.crates.io-6f17d22bba15001f/tokio-1.29.1/src/runtime/context/blocking.rs:66:9
[INFO] [stdout]        5: tokio::runtime::scheduler::multi_thread::MultiThread::block_on::{{closure}}
[INFO] [stdout]                  at /opt/rustwide/cargo-home/registry/src/index.crates.io-6f17d22bba15001f/tokio-1.29.1/src/runtime/scheduler/multi_thread/mod.rs:87:13
[INFO] [stdout]        6: tokio::runtime::context::runtime::enter_runtime
[INFO] [stdout]                  at /opt/rustwide/cargo-home/registry/src/index.crates.io-6f17d22bba15001f/tokio-1.29.1/src/runtime/context/runtime.rs:65:16
[INFO] [stdout]        7: tokio::runtime::scheduler::multi_thread::MultiThread::block_on
[INFO] [stdout]                  at /opt/rustwide/cargo-home/registry/src/index.crates.io-6f17d22bba15001f/tokio-1.29.1/src/runtime/scheduler/multi_thread/mod.rs:86:9
[INFO] [stdout]        8: tokio::runtime::runtime::Runtime::block_on
[INFO] [stdout]                  at /opt/rustwide/cargo-home/registry/src/index.crates.io-6f17d22bba15001f/tokio-1.29.1/src/runtime/runtime.rs:313:45
[INFO] [stdout]        9: eelco::main
[INFO] [stdout]                  at ./src/main.rs:55:5
[INFO] [stdout]       10: core::ops::function::FnOnce::call_once
[INFO] [stdout]                  at /rustc/0e09125c6c3c2fd70d7de961bcf0e51575235fad/library/core/src/ops/function.rs:250:5
[INFO] [stdout]       11: std::sys_common::backtrace::__rust_begin_short_backtrace
[INFO] [stdout]                  at /rustc/0e09125c6c3c2fd70d7de961bcf0e51575235fad/library/std/src/sys_common/backtrace.rs:155:18
[INFO] [stdout]       12: std::rt::lang_start::{{closure}}
[INFO] [stdout]                  at /rustc/0e09125c6c3c2fd70d7de961bcf0e51575235fad/library/std/src/rt.rs:166:18
[INFO] [stdout]       13: core::ops::function::impls::<impl core::ops::function::FnOnce<A> for &F>::call_once
[INFO] [stdout]                  at /rustc/0e09125c6c3c2fd70d7de961bcf0e51575235fad/library/core/src/ops/function.rs:284:13
[INFO] [stdout]           std::panicking::try::do_call
[INFO] [stdout]                  at /rustc/0e09125c6c3c2fd70d7de961bcf0e51575235fad/library/std/src/panicking.rs:552:40
[INFO] [stdout]           std::panicking::try
[INFO] [stdout]                  at /rustc/0e09125c6c3c2fd70d7de961bcf0e51575235fad/library/std/src/panicking.rs:516:19
[INFO] [stdout]           std::panic::catch_unwind
[INFO] [stdout]                  at /rustc/0e09125c6c3c2fd70d7de961bcf0e51575235fad/library/std/src/panic.rs:142:14
[INFO] [stdout]           std::rt::lang_start_internal::{{closure}}
[INFO] [stdout]                  at /rustc/0e09125c6c3c2fd70d7de961bcf0e51575235fad/library/std/src/rt.rs:148:48
[INFO] [stdout]           std::panicking::try::do_call
[INFO] [stdout]                  at /rustc/0e09125c6c3c2fd70d7de961bcf0e51575235fad/library/std/src/panicking.rs:552:40
[INFO] [stdout]           std::panicking::try
[INFO] [stdout]                  at /rustc/0e09125c6c3c2fd70d7de961bcf0e51575235fad/library/std/src/panicking.rs:516:19
[INFO] [stdout]           std::panic::catch_unwind
[INFO] [stdout]                  at /rustc/0e09125c6c3c2fd70d7de961bcf0e51575235fad/library/std/src/panic.rs:142:14
[INFO] [stdout]           std::rt::lang_start_internal
[INFO] [stdout]                  at /rustc/0e09125c6c3c2fd70d7de961bcf0e51575235fad/library/std/src/rt.rs:148:20
[INFO] [stdout]       14: std::rt::lang_start
[INFO] [stdout]                  at /rustc/0e09125c6c3c2fd70d7de961bcf0e51575235fad/library/std/src/rt.rs:165:17
[INFO] [stdout]       15: main
[INFO] [stdout]       16: <unknown>
[INFO] [stdout]       17: __libc_start_main
[INFO] [stdout]       18: _start
[INFO] [stdout] 
[INFO] [stdout] command=`"/opt/rustwide/target/debug/eelco" "nix" "/tmp/.tmpWg1rbJ/we-dont-particularly-mind.md"`
[INFO] [stdout] code=1
[INFO] [stdout] stdout=""
[INFO] [stdout] stderr=```
[INFO] [stdout] Error: could not find any REPL examples
[INFO] [stdout] 
[INFO] [stdout] Stack backtrace:
[INFO] [stdout]    0: anyhow::__private::format_err
[INFO] [stdout]              at /opt/rustwide/cargo-home/registry/src/index.crates.io-6f17d22bba15001f/anyhow-1.0.72/src/lib.rs:669:13
[INFO] [stdout]    1: eelco::main::{{closure}}
[INFO] [stdout]              at ./src/main.rs:32:9
[INFO] [stdout]    2: tokio::runtime::park::CachedParkThread::block_on::{{closure}}
[INFO] [stdout]              at /opt/rustwide/cargo-home/registry/src/index.crates.io-6f17d22bba15001f/tokio-1.29.1/src/runtime/park.rs:283:63
[INFO] [stdout]    3: tokio::runtime::coop::with_budget
[INFO] [stdout]              at /opt/rustwide/cargo-home/registry/src/index.crates.io-6f17d22bba15001f/tokio-1.29.1/src/runtime/coop.rs:107:5
[INFO] [stdout]       tokio::runtime::coop::budget
[INFO] [stdout]              at /opt/rustwide/cargo-home/registry/src/index.crates.io-6f17d22bba15001f/tokio-1.29.1/src/runtime/coop.rs:73:5
[INFO] [stdout]       tokio::runtime::park::CachedParkThread::block_on
[INFO] [stdout]              at /opt/rustwide/cargo-home/registry/src/index.crates.io-6f17d22bba15001f/tokio-1.29.1/src/runtime/park.rs:283:31
[INFO] [stdout]    4: tokio::runtime::context::blocking::BlockingRegionGuard::block_on
[INFO] [stdout]              at /opt/rustwide/cargo-home/registry/src/index.crates.io-6f17d22bba15001f/tokio-1.29.1/src/runtime/context/blocking.rs:66:9
[INFO] [stdout]    5: tokio::runtime::scheduler::multi_thread::MultiThread::block_on::{{closure}}
[INFO] [stdout]              at /opt/rustwide/cargo-home/registry/src/index.crates.io-6f17d22bba15001f/tokio-1.29.1/src/runtime/scheduler/multi_thread/mod.rs:87:13
[INFO] [stdout]    6: tokio::runtime::context::runtime::enter_runtime
[INFO] [stdout]              at /opt/rustwide/cargo-home/registry/src/index.crates.io-6f17d22bba15001f/tokio-1.29.1/src/runtime/context/runtime.rs:65:16
[INFO] [stdout]    7: tokio::runtime::scheduler::multi_thread::MultiThread::block_on
[INFO] [stdout]              at /opt/rustwide/cargo-home/registry/src/index.crates.io-6f17d22bba15001f/tokio-1.29.1/src/runtime/scheduler/multi_thread/mod.rs:86:9
[INFO] [stdout]    8: tokio::runtime::runtime::Runtime::block_on
[INFO] [stdout]              at /opt/rustwide/cargo-home/registry/src/index.crates.io-6f17d22bba15001f/tokio-1.29.1/src/runtime/runtime.rs:313:45
[INFO] [stdout]    9: eelco::main
[INFO] [stdout]              at ./src/main.rs:55:5
[INFO] [stdout]   10: core::ops::function::FnOnce::call_once
[INFO] [stdout]              at /rustc/0e09125c6c3c2fd70d7de961bcf0e51575235fad/library/core/src/ops/function.rs:250:5
[INFO] [stdout]   11: std::sys_common::backtrace::__rust_begin_short_backtrace
[INFO] [stdout]              at /rustc/0e09125c6c3c2fd70d7de961bcf0e51575235fad/library/std/src/sys_common/backtrace.rs:155:18
[INFO] [stdout]   12: std::rt::lang_start::{{closure}}
[INFO] [stdout]              at /rustc/0e09125c6c3c2fd70d7de961bcf0e51575235fad/library/std/src/rt.rs:166:18
[INFO] [stdout]   13: core::ops::function::impls::<impl core::ops::function::FnOnce<A> for &F>::call_once
[INFO] [stdout]              at /rustc/0e09125c6c3c2fd70d7de961bcf0e51575235fad/library/core/src/ops/function.rs:284:13
[INFO] [stdout]       std::panicking::try::do_call
[INFO] [stdout]              at /rustc/0e09125c6c3c2fd70d7de961bcf0e51575235fad/library/std/src/panicking.rs:552:40
[INFO] [stdout]       std::panicking::try
[INFO] [stdout]              at /rustc/0e09125c6c3c2fd70d7de961bcf0e51575235fad/library/std/src/panicking.rs:516:19
[INFO] [stdout]       std::panic::catch_unwind
[INFO] [stdout]              at /rustc/0e09125c6c3c2fd70d7de961bcf0e51575235fad/library/std/src/panic.rs:142:14
[INFO] [stdout]       std::rt::lang_start_internal::{{closure}}
[INFO] [stdout]              at /rustc/0e09125c6c3c2fd70d7de961bcf0e51575235fad/library/std/src/rt.rs:148:48
[INFO] [stdout]       std::panicking::try::do_call
[INFO] [stdout]              at /rustc/0e09125c6c3c2fd70d7de961bcf0e51575235fad/library/std/src/panicking.rs:552:40
[INFO] [stdout]       std::panicking::try
[INFO] [stdout]              at /rustc/0e09125c6c3c2fd70d7de961bcf0e51575235fad/library/std/src/panicking.rs:516:19
[INFO] [stdout]       std::panic::catch_unwind
[INFO] [stdout]              at /rustc/0e09125c6c3c2fd70d7de961bcf0e51575235fad/library/std/src/panic.rs:142:14
[INFO] [stdout]       std::rt::lang_start_internal
[INFO] [stdout]              at /rustc/0e09125c6c3c2fd70d7de961bcf0e51575235fad/library/std/src/rt.rs:148:20
[INFO] [stdout]   14: std::rt::lang_start
[INFO] [stdout]              at /rustc/0e09125c6c3c2fd70d7de961bcf0e51575235fad/library/std/src/rt.rs:165:17
[INFO] [stdout]   15: main
[INFO] [stdout]   16: <unknown>
[INFO] [stdout]   17: __libc_start_main
[INFO] [stdout]   18: _start
[INFO] [stdout] ```
[INFO] [stdout] 
[INFO] [stdout] 
[INFO] [stdout] stack backtrace:
[INFO] [stdout]    0:     0x55bcb2c40686 - std::backtrace_rs::backtrace::libunwind::trace::h261606ad26a499c1
[INFO] [stdout]                                at /rustc/0e09125c6c3c2fd70d7de961bcf0e51575235fad/library/std/src/../../backtrace/src/backtrace/libunwind.rs:104:5
[INFO] [stdout]    1:     0x55bcb2c40686 - std::backtrace_rs::backtrace::trace_unsynchronized::hd183f0625477fb28
[INFO] [stdout]                                at /rustc/0e09125c6c3c2fd70d7de961bcf0e51575235fad/library/std/src/../../backtrace/src/backtrace/mod.rs:66:5
[INFO] [stdout]    2:     0x55bcb2c40686 - std::sys_common::backtrace::_print_fmt::hd7f8fef21b4eda67
[INFO] [stdout]                                at /rustc/0e09125c6c3c2fd70d7de961bcf0e51575235fad/library/std/src/sys_common/backtrace.rs:68:5
[INFO] [stdout]    3:     0x55bcb2c40686 - <std::sys_common::backtrace::_print::DisplayBacktrace as core::fmt::Display>::fmt::h623d9b51f2f453f1
[INFO] [stdout]                                at /rustc/0e09125c6c3c2fd70d7de961bcf0e51575235fad/library/std/src/sys_common/backtrace.rs:44:22
[INFO] [stdout]    4:     0x55bcb2c6adf0 - core::fmt::rt::Argument::fmt::h9f417ac76a86f368
[INFO] [stdout]                                at /rustc/0e09125c6c3c2fd70d7de961bcf0e51575235fad/library/core/src/fmt/rt.rs:142:9
[INFO] [stdout]    5:     0x55bcb2c6adf0 - core::fmt::write::hc9b6faf4ac2aeff7
[INFO] [stdout]                                at /rustc/0e09125c6c3c2fd70d7de961bcf0e51575235fad/library/core/src/fmt/mod.rs:1120:17
[INFO] [stdout]    6:     0x55bcb2c3d75f - std::io::Write::write_fmt::he04625a3a989fec3
[INFO] [stdout]                                at /rustc/0e09125c6c3c2fd70d7de961bcf0e51575235fad/library/std/src/io/mod.rs:1810:15
[INFO] [stdout]    7:     0x55bcb2c40464 - std::sys_common::backtrace::_print::hd5d66399c7df88a2
[INFO] [stdout]                                at /rustc/0e09125c6c3c2fd70d7de961bcf0e51575235fad/library/std/src/sys_common/backtrace.rs:47:5
[INFO] [stdout]    8:     0x55bcb2c40464 - std::sys_common::backtrace::print::he81ed2da642d37e5
[INFO] [stdout]                                at /rustc/0e09125c6c3c2fd70d7de961bcf0e51575235fad/library/std/src/sys_common/backtrace.rs:34:9
[INFO] [stdout]    9:     0x55bcb2c42257 - std::panicking::default_hook::{{closure}}::h85773f4fa117163d
[INFO] [stdout]   10:     0x55bcb2c41f3d - std::panicking::default_hook::h6a1694a91d09b278
[INFO] [stdout]                                at /rustc/0e09125c6c3c2fd70d7de961bcf0e51575235fad/library/std/src/panicking.rs:289:9
[INFO] [stdout]   11:     0x55bcb2b97137 - <alloc::boxed::Box<F,A> as core::ops::function::Fn<Args>>::call::h616ac37fa3cd6c8f
[INFO] [stdout]                                at /rustc/0e09125c6c3c2fd70d7de961bcf0e51575235fad/library/alloc/src/boxed.rs:2029:9
[INFO] [stdout]   12:     0x55bcb2b97137 - test::test_main::{{closure}}::h00d84697cefdcbb6
[INFO] [stdout]                                at /rustc/0e09125c6c3c2fd70d7de961bcf0e51575235fad/library/test/src/lib.rs:138:21
[INFO] [stdout]   13:     0x55bcb2c42876 - <alloc::boxed::Box<F,A> as core::ops::function::Fn<Args>>::call::hcb3fe3b9bb537ba8
[INFO] [stdout]                                at /rustc/0e09125c6c3c2fd70d7de961bcf0e51575235fad/library/alloc/src/boxed.rs:2029:9
[INFO] [stdout]   14:     0x55bcb2c42876 - std::panicking::rust_panic_with_hook::h0a7ad96e90f7145b
[INFO] [stdout]                                at /rustc/0e09125c6c3c2fd70d7de961bcf0e51575235fad/library/std/src/panicking.rs:783:13
[INFO] [stdout]   15:     0x55bcb2c425c2 - std::panicking::begin_panic_handler::{{closure}}::h7919090525c6485e
[INFO] [stdout]                                at /rustc/0e09125c6c3c2fd70d7de961bcf0e51575235fad/library/std/src/panicking.rs:657:13
[INFO] [stdout]   16:     0x55bcb2c40b86 - std::sys_common::backtrace::__rust_end_short_backtrace::hf3289479464f7dfe
[INFO] [stdout]                                at /rustc/0e09125c6c3c2fd70d7de961bcf0e51575235fad/library/std/src/sys_common/backtrace.rs:171:18
[INFO] [stdout]   17:     0x55bcb2c42320 - rust_begin_unwind
[INFO] [stdout]                                at /rustc/0e09125c6c3c2fd70d7de961bcf0e51575235fad/library/std/src/panicking.rs:645:5
[INFO] [stdout]   18:     0x55bcb2b5f525 - core::panicking::panic_fmt::hcc9f77c5c132af55
[INFO] [stdout]                                at /rustc/0e09125c6c3c2fd70d7de961bcf0e51575235fad/library/core/src/panicking.rs:72:14
[INFO] [stdout]   19:     0x55bcb2ba9a2f - core::panicking::panic_display::h1ed96268ec78b4ff
[INFO] [stdout]                                at /rustc/0e09125c6c3c2fd70d7de961bcf0e51575235fad/library/core/src/panicking.rs:196:5
[INFO] [stdout]   20:     0x55bcb2bad2ee - assert_cmd::assert::AssertError::panic::panic_cold_display::h80636a119243e4f4
[INFO] [stdout]                                at /rustc/0e09125c6c3c2fd70d7de961bcf0e51575235fad/library/core/src/panic.rs:99:13
[INFO] [stdout]   21:     0x55bcb2bacc67 - assert_cmd::assert::AssertError::panic::hcc0d0f89057c1060
[INFO] [stdout]                                at /opt/rustwide/cargo-home/registry/src/index.crates.io-6f17d22bba15001f/assert_cmd-2.0.12/src/assert.rs:1033:9
[INFO] [stdout]   22:     0x55bcb2ba2c67 - core::ops::function::FnOnce::call_once::h95d668601e9e0ff6
[INFO] [stdout]                                at /rustc/0e09125c6c3c2fd70d7de961bcf0e51575235fad/library/core/src/ops/function.rs:250:5
[INFO] [stdout]   23:     0x55bcb2ba90a0 - core::result::Result<T,E>::unwrap_or_else::h7830e6de1ebcf86f
[INFO] [stdout]                                at /rustc/0e09125c6c3c2fd70d7de961bcf0e51575235fad/library/core/src/result.rs:1426:23
[INFO] [stdout]   24:     0x55bcb2b605a5 - assert_cmd::assert::Assert::stderr::h8560254d3964d2e7
[INFO] [stdout]                                at /opt/rustwide/cargo-home/registry/src/index.crates.io-6f17d22bba15001f/assert_cmd-2.0.12/src/assert.rs:460:9
[INFO] [stdout]   25:     0x55bcb2b6247f - simple::empty_file::{{closure}}::h13e3ccac321f982f
[INFO] [stdout]                                at /opt/rustwide/workdir/crates/eelco/tests/simple.rs:8:9
[INFO] [stdout]   26:     0x55bcb2b61702 - util::with_eelco::he1e4d3dbc3760aa9
[INFO] [stdout]                                at /opt/rustwide/workdir/crates/util/src/lib.rs:9:5
[INFO] [stdout]   27:     0x55bcb2b62416 - simple::empty_file::h273c141f166372f5
[INFO] [stdout]                                at /opt/rustwide/workdir/crates/eelco/tests/simple.rs:7:5
[INFO] [stdout]   28:     0x55bcb2b623f7 - simple::empty_file::{{closure}}::ha334ec42a4348b24
[INFO] [stdout]                                at /opt/rustwide/workdir/crates/eelco/tests/simple.rs:6:16
[INFO] [stdout]   29:     0x55bcb2b60bd6 - core::ops::function::FnOnce::call_once::hf393d475962afb3e
[INFO] [stdout]                                at /rustc/0e09125c6c3c2fd70d7de961bcf0e51575235fad/library/core/src/ops/function.rs:250:5
[INFO] [stdout]   30:     0x55bcb2b9ca0f - core::ops::function::FnOnce::call_once::hd64d26f405258157
[INFO] [stdout]                                at /rustc/0e09125c6c3c2fd70d7de961bcf0e51575235fad/library/core/src/ops/function.rs:250:5
[INFO] [stdout]   31:     0x55bcb2b9ca0f - test::__rust_begin_short_backtrace::he21b0b7a6d731bf9
[INFO] [stdout]                                at /rustc/0e09125c6c3c2fd70d7de961bcf0e51575235fad/library/test/src/lib.rs:627:18
[INFO] [stdout]   32:     0x55bcb2b9b791 - test::run_test_in_process::{{closure}}::hf5c73986d7bdfde2
[INFO] [stdout]                                at /rustc/0e09125c6c3c2fd70d7de961bcf0e51575235fad/library/test/src/lib.rs:650:60
[INFO] [stdout]   33:     0x55bcb2b9b791 - <core::panic::unwind_safe::AssertUnwindSafe<F> as core::ops::function::FnOnce<()>>::call_once::h330011ad032aadc0
[INFO] [stdout]                                at /rustc/0e09125c6c3c2fd70d7de961bcf0e51575235fad/library/core/src/panic/unwind_safe.rs:272:9
[INFO] [stdout]   34:     0x55bcb2b9b791 - std::panicking::try::do_call::he61b0a958b795a41
[INFO] [stdout]                                at /rustc/0e09125c6c3c2fd70d7de961bcf0e51575235fad/library/std/src/panicking.rs:552:40
[INFO] [stdout]   35:     0x55bcb2b9b791 - std::panicking::try::h7309da130f906eb7
[INFO] [stdout]                                at /rustc/0e09125c6c3c2fd70d7de961bcf0e51575235fad/library/std/src/panicking.rs:516:19
[INFO] [stdout]   36:     0x55bcb2b9b791 - std::panic::catch_unwind::hc5c3a06fdaf0a92a
[INFO] [stdout]                                at /rustc/0e09125c6c3c2fd70d7de961bcf0e51575235fad/library/std/src/panic.rs:142:14
[INFO] [stdout]   37:     0x55bcb2b9b791 - test::run_test_in_process::h7e7b7c71c3324e0f
[INFO] [stdout]                                at /rustc/0e09125c6c3c2fd70d7de961bcf0e51575235fad/library/test/src/lib.rs:650:27
[INFO] [stdout]   38:     0x55bcb2b9b791 - test::run_test::{{closure}}::h1f509f28f5cf20b1
[INFO] [stdout]                                at /rustc/0e09125c6c3c2fd70d7de961bcf0e51575235fad/library/test/src/lib.rs:573:43
[INFO] [stdout]   39:     0x55bcb2b62ac6 - test::run_test::{{closure}}::h1754218abf443f6d
[INFO] [stdout]                                at /rustc/0e09125c6c3c2fd70d7de961bcf0e51575235fad/library/test/src/lib.rs:601:41
[INFO] [stdout]   40:     0x55bcb2b62ac6 - std::sys_common::backtrace::__rust_begin_short_backtrace::h2ee174b9d5954948
[INFO] [stdout]                                at /rustc/0e09125c6c3c2fd70d7de961bcf0e51575235fad/library/std/src/sys_common/backtrace.rs:155:18
[INFO] [stdout]   41:     0x55bcb2b67b27 - std::thread::Builder::spawn_unchecked_::{{closure}}::{{closure}}::hf60bee9c1a17ef09
[INFO] [stdout]                                at /rustc/0e09125c6c3c2fd70d7de961bcf0e51575235fad/library/std/src/thread/mod.rs:529:17
[INFO] [stdout]   42:     0x55bcb2b67b27 - <core::panic::unwind_safe::AssertUnwindSafe<F> as core::ops::function::FnOnce<()>>::call_once::h33d0dddec5216160
[INFO] [stdout]                                at /rustc/0e09125c6c3c2fd70d7de961bcf0e51575235fad/library/core/src/panic/unwind_safe.rs:272:9
[INFO] [stdout]   43:     0x55bcb2b67b27 - std::panicking::try::do_call::h144b3048b546f835
[INFO] [stdout]                                at /rustc/0e09125c6c3c2fd70d7de961bcf0e51575235fad/library/std/src/panicking.rs:552:40
[INFO] [stdout]   44:     0x55bcb2b67b27 - std::panicking::try::h978244d04646189f
[INFO] [stdout]                                at /rustc/0e09125c6c3c2fd70d7de961bcf0e51575235fad/library/std/src/panicking.rs:516:19
[INFO] [stdout]   45:     0x55bcb2b67b27 - std::panic::catch_unwind::hdf436369d188fe86
[INFO] [stdout]                                at /rustc/0e09125c6c3c2fd70d7de961bcf0e51575235fad/library/std/src/panic.rs:142:14
[INFO] [stdout]   46:     0x55bcb2b67b27 - std::thread::Builder::spawn_unchecked_::{{closure}}::h87329cbdd33c79ec
[INFO] [stdout]                                at /rustc/0e09125c6c3c2fd70d7de961bcf0e51575235fad/library/std/src/thread/mod.rs:528:30
[INFO] [stdout]   47:     0x55bcb2b67b27 - core::ops::function::FnOnce::call_once{{vtable.shim}}::h401abbe67897d450
[INFO] [stdout]                                at /rustc/0e09125c6c3c2fd70d7de961bcf0e51575235fad/library/core/src/ops/function.rs:250:5
[INFO] [stdout]   48:     0x55bcb2c48665 - <alloc::boxed::Box<F,A> as core::ops::function::FnOnce<Args>>::call_once::h5d7c8f150ab9c84c
[INFO] [stdout]                                at /rustc/0e09125c6c3c2fd70d7de961bcf0e51575235fad/library/alloc/src/boxed.rs:2015:9
[INFO] [stdout]   49:     0x55bcb2c48665 - <alloc::boxed::Box<F,A> as core::ops::function::FnOnce<Args>>::call_once::h570d5b005c242c15
[INFO] [stdout]                                at /rustc/0e09125c6c3c2fd70d7de961bcf0e51575235fad/library/alloc/src/boxed.rs:2015:9
[INFO] [stdout]   50:     0x55bcb2c48665 - std::sys::unix::thread::Thread::new::thread_start::h36b0a20c0b2361ad
[INFO] [stdout]                                at /rustc/0e09125c6c3c2fd70d7de961bcf0e51575235fad/library/std/src/sys/unix/thread.rs:108:17
[INFO] [stdout]   51:     0x7f5ab6253ac3 - <unknown>
[INFO] [stdout]   52:     0x7f5ab62e4bf4 - __clone
[INFO] [stdout]   53:                0x0 - <unknown>
[INFO] [stdout] 
[INFO] [stdout] ---- pass stdout ----
[INFO] [stdout] thread 'pass' panicked at /rustc/0e09125c6c3c2fd70d7de961bcf0e51575235fad/library/core/src/ops/function.rs:250:5:
[INFO] [stdout] Unexpected failure.
[INFO] [stdout] code=1
[INFO] [stdout] stderr=```<84 lines total>
[INFO] [stdout] ```
[INFO] [stdout] Error: No such file or directory (os error 2)
[INFO] [stdout] 
[INFO] [stdout] Caused by:
[INFO] [stdout]     No such file or directory (os error 2)
[INFO] [stdout] 
[INFO] [stdout] Stack backtrace:
[INFO] [stdout]    0: <core::result::Result<T,F> as core::ops::try_trait::FromResidual<core::result::Result<core::convert::Infallible,E>>>::from_residual
[INFO] [stdout]              at /rustc/0e09125c6c3c2fd70d7de961bcf0e51575235fad/library/core/src/result.rs:1959:27
[INFO] [stdout]    1: eelco::app::state::State::repl_event_spawn
[INFO] [stdout]              at ./src/app/state.rs:48:18
[INFO] [stdout]    2: eelco::app::state::State::repl_event
[INFO] [stdout]              at ./src/app/state.rs:37:40
[INFO] [stdout]    3: eelco::app::app::{{closure}}
[INFO] [stdout]              at ./src/app.rs:53:54
[INFO] [stdout]    4: <futures_util::stream::stream::scan::Scan<St,S,Fut,F> as futures_core::stream::Stream>::poll_next
[INFO] [stdout]              at /opt/rustwide/cargo-home/registry/src/index.crates.io-6f17d22bba15001f/futures-util-0.3.28/src/stream/stream/scan.rs:92:38
[INFO] [stdout]    5: <futures_util::stream::stream::map::Map<St,F> as futures_core::stream::Stream>::poll_next
[INFO] [stdout]              at /opt/rustwide/cargo-home/registry/src/index.crates.io-6f17d22bba15001f/futures-util-0.3.28/src/stream/stream/map.rs:58:26
[INFO] [stdout]    6: <futures_util::stream::stream::flatten::Flatten<St,<St as futures_core::stream::Stream>::Item> as futures_core::stream::Stream>::poll_next
[INFO] [stdout]              at /opt/rustwide/cargo-home/registry/src/index.crates.io-6f17d22bba15001f/futures-util-0.3.28/src/stream/stream/flatten.rs:55:44
[INFO] [stdout] ```
[INFO] [stdout] <24 lines omitted>
[INFO] [stdout] ```
[INFO] [stdout]   17: tokio::runtime::scheduler::multi_thread::MultiThread::block_on::{{closure}}
[INFO] [stdout]              at /opt/rustwide/cargo-home/registry/src/index.crates.io-6f17d22bba15001f/tokio-1.29.1/src/runtime/scheduler/multi_thread/mod.rs:87:13
[INFO] [stdout]   18: tokio::runtime::context::runtime::enter_runtime
[INFO] [stdout]              at /opt/rustwide/cargo-home/registry/src/index.crates.io-6f17d22bba15001f/tokio-1.29.1/src/runtime/context/runtime.rs:65:16
[INFO] [stdout]   19: tokio::runtime::scheduler::multi_thread::MultiThread::block_on
[INFO] [stdout]              at /opt/rustwide/cargo-home/registry/src/index.crates.io-6f17d22bba15001f/tokio-1.29.1/src/runtime/scheduler/multi_thread/mod.rs:86:9
[INFO] [stdout]   20: tokio::runtime::runtime::Runtime::block_on
[INFO] [stdout]              at /opt/rustwide/cargo-home/registry/src/index.crates.io-6f17d22bba15001f/tokio-1.29.1/src/runtime/runtime.rs:313:45
[INFO] [stdout]   21: eelco::main
[INFO] [stdout]              at ./src/main.rs:55:5
[INFO] [stdout]   22: core::ops::function::FnOnce::call_once
[INFO] [stdout]              at /rustc/0e09125c6c3c2fd70d7de961bcf0e51575235fad/library/core/src/ops/function.rs:250:5
[INFO] [stdout]   23: std::sys_common::backtrace::__rust_begin_short_backtrace
[INFO] [stdout]              at /rustc/0e09125c6c3c2fd70d7de961bcf0e51575235fad/library/std/src/sys_common/backtrace.rs:155:18
[INFO] [stdout]   24: std::rt::lang_start::{{closure}}
[INFO] [stdout]              at /rustc/0e09125c6c3c2fd70d7de961bcf0e51575235fad/library/std/src/rt.rs:166:18
[INFO] [stdout]   25: core::ops::function::impls::<impl core::ops::function::FnOnce<A> for &F>::call_once
[INFO] [stdout]              at /rustc/0e09125c6c3c2fd70d7de961bcf0e51575235fad/library/core/src/ops/function.rs:284:13
[INFO] [stdout]       std::panicking::try::do_call
[INFO] [stdout]              at /rustc/0e09125c6c3c2fd70d7de961bcf0e51575235fad/library/std/src/panicking.rs:552:40
[INFO] [stdout]       std::panicking::try
[INFO] [stdout]              at /rustc/0e09125c6c3c2fd70d7de961bcf0e51575235fad/library/std/src/panicking.rs:516:19
[INFO] [stdout]       std::panic::catch_unwind
[INFO] [stdout]              at /rustc/0e09125c6c3c2fd70d7de961bcf0e51575235fad/library/std/src/panic.rs:142:14
[INFO] [stdout]       std::rt::lang_start_internal::{{closure}}
[INFO] [stdout]              at /rustc/0e09125c6c3c2fd70d7de961bcf0e51575235fad/library/std/src/rt.rs:148:48
[INFO] [stdout]       std::panicking::try::do_call
[INFO] [stdout]              at /rustc/0e09125c6c3c2fd70d7de961bcf0e51575235fad/library/std/src/panicking.rs:552:40
[INFO] [stdout]       std::panicking::try
[INFO] [stdout]              at /rustc/0e09125c6c3c2fd70d7de961bcf0e51575235fad/library/std/src/panicking.rs:516:19
[INFO] [stdout]       std::panic::catch_unwind
[INFO] [stdout]              at /rustc/0e09125c6c3c2fd70d7de961bcf0e51575235fad/library/std/src/panic.rs:142:14
[INFO] [stdout]       std::rt::lang_start_internal
[INFO] [stdout]              at /rustc/0e09125c6c3c2fd70d7de961bcf0e51575235fad/library/std/src/rt.rs:148:20
[INFO] [stdout]   26: std::rt::lang_start
[INFO] [stdout]              at /rustc/0e09125c6c3c2fd70d7de961bcf0e51575235fad/library/std/src/rt.rs:165:17
[INFO] [stdout]   27: main
[INFO] [stdout]   28: <unknown>
[INFO] [stdout]   29: __libc_start_main
[INFO] [stdout]   30: _start
[INFO] [stdout] ```
[INFO] [stdout] ```
[INFO] [stdout] command=`"/opt/rustwide/target/debug/eelco" "nix" "/tmp/.tmpkhcuDz/we-dont-particularly-mind.md"`
[INFO] [stdout] code=1
[INFO] [stdout] stdout=""
[INFO] [stdout] stderr=<84 lines total>
[INFO] [stdout] ```
[INFO] [stdout] Error: No such file or directory (os error 2)
[INFO] [stdout] 
[INFO] [stdout] Caused by:
[INFO] [stdout]     No such file or directory (os error 2)
[INFO] [stdout] 
[INFO] [stdout] Stack backtrace:
[INFO] [stdout]    0: <core::result::Result<T,F> as core::ops::try_trait::FromResidual<core::result::Result<core::convert::Infallible,E>>>::from_residual
[INFO] [stdout]              at /rustc/0e09125c6c3c2fd70d7de961bcf0e51575235fad/library/core/src/result.rs:1959:27
[INFO] [stdout]    1: eelco::app::state::State::repl_event_spawn
[INFO] [stdout]              at ./src/app/state.rs:48:18
[INFO] [stdout]    2: eelco::app::state::State::repl_event
[INFO] [stdout]              at ./src/app/state.rs:37:40
[INFO] [stdout]    3: eelco::app::app::{{closure}}
[INFO] [stdout]              at ./src/app.rs:53:54
[INFO] [stdout]    4: <futures_util::stream::stream::scan::Scan<St,S,Fut,F> as futures_core::stream::Stream>::poll_next
[INFO] [stdout]              at /opt/rustwide/cargo-home/registry/src/index.crates.io-6f17d22bba15001f/futures-util-0.3.28/src/stream/stream/scan.rs:92:38
[INFO] [stdout]    5: <futures_util::stream::stream::map::Map<St,F> as futures_core::stream::Stream>::poll_next
[INFO] [stdout]              at /opt/rustwide/cargo-home/registry/src/index.crates.io-6f17d22bba15001f/futures-util-0.3.28/src/stream/stream/map.rs:58:26
[INFO] [stdout]    6: <futures_util::stream::stream::flatten::Flatten<St,<St as futures_core::stream::Stream>::Item> as futures_core::stream::Stream>::poll_next
[INFO] [stdout]              at /opt/rustwide/cargo-home/registry/src/index.crates.io-6f17d22bba15001f/futures-util-0.3.28/src/stream/stream/flatten.rs:55:44
[INFO] [stdout] ```
[INFO] [stdout] <24 lines omitted>
[INFO] [stdout] ```
[INFO] [stdout]   17: tokio::runtime::scheduler::multi_thread::MultiThread::block_on::{{closure}}
[INFO] [stdout]              at /opt/rustwide/cargo-home/registry/src/index.crates.io-6f17d22bba15001f/tokio-1.29.1/src/runtime/scheduler/multi_thread/mod.rs:87:13
[INFO] [stdout]   18: tokio::runtime::context::runtime::enter_runtime
[INFO] [stdout]              at /opt/rustwide/cargo-home/registry/src/index.crates.io-6f17d22bba15001f/tokio-1.29.1/src/runtime/context/runtime.rs:65:16
[INFO] [stdout]   19: tokio::runtime::scheduler::multi_thread::MultiThread::block_on
[INFO] [stdout]              at /opt/rustwide/cargo-home/registry/src/index.crates.io-6f17d22bba15001f/tokio-1.29.1/src/runtime/scheduler/multi_thread/mod.rs:86:9
[INFO] [stdout]   20: tokio::runtime::runtime::Runtime::block_on
[INFO] [stdout]              at /opt/rustwide/cargo-home/registry/src/index.crates.io-6f17d22bba15001f/tokio-1.29.1/src/runtime/runtime.rs:313:45
[INFO] [stdout]   21: eelco::main
[INFO] [stdout]              at ./src/main.rs:55:5
[INFO] [stdout]   22: core::ops::function::FnOnce::call_once
[INFO] [stdout]              at /rustc/0e09125c6c3c2fd70d7de961bcf0e51575235fad/library/core/src/ops/function.rs:250:5
[INFO] [stdout]   23: std::sys_common::backtrace::__rust_begin_short_backtrace
[INFO] [stdout]              at /rustc/0e09125c6c3c2fd70d7de961bcf0e51575235fad/library/std/src/sys_common/backtrace.rs:155:18
[INFO] [stdout]   24: std::rt::lang_start::{{closure}}
[INFO] [stdout]              at /rustc/0e09125c6c3c2fd70d7de961bcf0e51575235fad/library/std/src/rt.rs:166:18
[INFO] [stdout]   25: core::ops::function::impls::<impl core::ops::function::FnOnce<A> for &F>::call_once
[INFO] [stdout]              at /rustc/0e09125c6c3c2fd70d7de961bcf0e51575235fad/library/core/src/ops/function.rs:284:13
[INFO] [stdout]       std::panicking::try::do_call
[INFO] [stdout]              at /rustc/0e09125c6c3c2fd70d7de961bcf0e51575235fad/library/std/src/panicking.rs:552:40
[INFO] [stdout]       std::panicking::try
[INFO] [stdout]              at /rustc/0e09125c6c3c2fd70d7de961bcf0e51575235fad/library/std/src/panicking.rs:516:19
[INFO] [stdout]       std::panic::catch_unwind
[INFO] [stdout]              at /rustc/0e09125c6c3c2fd70d7de961bcf0e51575235fad/library/std/src/panic.rs:142:14
[INFO] [stdout]       std::rt::lang_start_internal::{{closure}}
[INFO] [stdout]              at /rustc/0e09125c6c3c2fd70d7de961bcf0e51575235fad/library/std/src/rt.rs:148:48
[INFO] [stdout]       std::panicking::try::do_call
[INFO] [stdout]              at /rustc/0e09125c6c3c2fd70d7de961bcf0e51575235fad/library/std/src/panicking.rs:552:40
[INFO] [stdout]       std::panicking::try
[INFO] [stdout]              at /rustc/0e09125c6c3c2fd70d7de961bcf0e51575235fad/library/std/src/panicking.rs:516:19
[INFO] [stdout]       std::panic::catch_unwind
[INFO] [stdout]              at /rustc/0e09125c6c3c2fd70d7de961bcf0e51575235fad/library/std/src/panic.rs:142:14
[INFO] [stdout]       std::rt::lang_start_internal
[INFO] [stdout]              at /rustc/0e09125c6c3c2fd70d7de961bcf0e51575235fad/library/std/src/rt.rs:148:20
[INFO] [stdout]   26: std::rt::lang_start
[INFO] [stdout]              at /rustc/0e09125c6c3c2fd70d7de961bcf0e51575235fad/library/std/src/rt.rs:165:17
[INFO] [stdout]   27: main
[INFO] [stdout]   28: <unknown>
[INFO] [stdout]   29: __libc_start_main
[INFO] [stdout]   30: _start
[INFO] [stdout] ```
[INFO] [stdout] 
[INFO] [stdout] 
[INFO] [stdout] stack backtrace:
[INFO] [stdout]    0:     0x55bcb2c40686 - std::backtrace_rs::backtrace::libunwind::trace::h261606ad26a499c1
[INFO] [stdout]                                at /rustc/0e09125c6c3c2fd70d7de961bcf0e51575235fad/library/std/src/../../backtrace/src/backtrace/libunwind.rs:104:5
[INFO] [stdout]    1:     0x55bcb2c40686 - std::backtrace_rs::backtrace::trace_unsynchronized::hd183f0625477fb28
[INFO] [stdout]                                at /rustc/0e09125c6c3c2fd70d7de961bcf0e51575235fad/library/std/src/../../backtrace/src/backtrace/mod.rs:66:5
[INFO] [stdout]    2:     0x55bcb2c40686 - std::sys_common::backtrace::_print_fmt::hd7f8fef21b4eda67
[INFO] [stdout]                                at /rustc/0e09125c6c3c2fd70d7de961bcf0e51575235fad/library/std/src/sys_common/backtrace.rs:68:5
[INFO] [stdout]    3:     0x55bcb2c40686 - <std::sys_common::backtrace::_print::DisplayBacktrace as core::fmt::Display>::fmt::h623d9b51f2f453f1
[INFO] [stdout]                                at /rustc/0e09125c6c3c2fd70d7de961bcf0e51575235fad/library/std/src/sys_common/backtrace.rs:44:22
[INFO] [stdout]    4:     0x55bcb2c6adf0 - core::fmt::rt::Argument::fmt::h9f417ac76a86f368
[INFO] [stdout]                                at /rustc/0e09125c6c3c2fd70d7de961bcf0e51575235fad/library/core/src/fmt/rt.rs:142:9
[INFO] [stdout]    5:     0x55bcb2c6adf0 - core::fmt::write::hc9b6faf4ac2aeff7
[INFO] [stdout]                                at /rustc/0e09125c6c3c2fd70d7de961bcf0e51575235fad/library/core/src/fmt/mod.rs:1120:17
[INFO] [stdout]    6:     0x55bcb2c3d75f - std::io::Write::write_fmt::he04625a3a989fec3
[INFO] [stdout]                                at /rustc/0e09125c6c3c2fd70d7de961bcf0e51575235fad/library/std/src/io/mod.rs:1810:15
[INFO] [stdout]    7:     0x55bcb2c40464 - std::sys_common::backtrace::_print::hd5d66399c7df88a2
[INFO] [stdout]                                at /rustc/0e09125c6c3c2fd70d7de961bcf0e51575235fad/library/std/src/sys_common/backtrace.rs:47:5
[INFO] [stdout]    8:     0x55bcb2c40464 - std::sys_common::backtrace::print::he81ed2da642d37e5
[INFO] [stdout]                                at /rustc/0e09125c6c3c2fd70d7de961bcf0e51575235fad/library/std/src/sys_common/backtrace.rs:34:9
[INFO] [stdout]    9:     0x55bcb2c42257 - std::panicking::default_hook::{{closure}}::h85773f4fa117163d
[INFO] [stdout]   10:     0x55bcb2c41f3d - std::panicking::default_hook::h6a1694a91d09b278
[INFO] [stdout]                                at /rustc/0e09125c6c3c2fd70d7de961bcf0e51575235fad/library/std/src/panicking.rs:289:9
[INFO] [stderr] error: test failed, to rerun pass `-p eelco --test simple`
[INFO] [stdout]   11:     0x55bcb2b97137 - <alloc::boxed::Box<F,A> as core::ops::function::Fn<Args>>::call::h616ac37fa3cd6c8f
[INFO] [stdout]                                at /rustc/0e09125c6c3c2fd70d7de961bcf0e51575235fad/library/alloc/src/boxed.rs:2029:9
[INFO] [stdout]   12:     0x55bcb2b97137 - test::test_main::{{closure}}::h00d84697cefdcbb6
[INFO] [stdout]                                at /rustc/0e09125c6c3c2fd70d7de961bcf0e51575235fad/library/test/src/lib.rs:138:21
[INFO] [stdout]   13:     0x55bcb2c42876 - <alloc::boxed::Box<F,A> as core::ops::function::Fn<Args>>::call::hcb3fe3b9bb537ba8
[INFO] [stdout]                                at /rustc/0e09125c6c3c2fd70d7de961bcf0e51575235fad/library/alloc/src/boxed.rs:2029:9
[INFO] [stdout]   14:     0x55bcb2c42876 - std::panicking::rust_panic_with_hook::h0a7ad96e90f7145b
[INFO] [stdout]                                at /rustc/0e09125c6c3c2fd70d7de961bcf0e51575235fad/library/std/src/panicking.rs:783:13
[INFO] [stdout]   15:     0x55bcb2c425c2 - std::panicking::begin_panic_handler::{{closure}}::h7919090525c6485e
[INFO] [stdout]                                at /rustc/0e09125c6c3c2fd70d7de961bcf0e51575235fad/library/std/src/panicking.rs:657:13
[INFO] [stdout]   16:     0x55bcb2c40b86 - std::sys_common::backtrace::__rust_end_short_backtrace::hf3289479464f7dfe
[INFO] [stdout]                                at /rustc/0e09125c6c3c2fd70d7de961bcf0e51575235fad/library/std/src/sys_common/backtrace.rs:171:18
[INFO] [stdout]   17:     0x55bcb2c42320 - rust_begin_unwind
[INFO] [stdout]                                at /rustc/0e09125c6c3c2fd70d7de961bcf0e51575235fad/library/std/src/panicking.rs:645:5
[INFO] [stdout]   18:     0x55bcb2b5f525 - core::panicking::panic_fmt::hcc9f77c5c132af55
[INFO] [stdout]                                at /rustc/0e09125c6c3c2fd70d7de961bcf0e51575235fad/library/core/src/panicking.rs:72:14
[INFO] [stdout]   19:     0x55bcb2ba9a2f - core::panicking::panic_display::h1ed96268ec78b4ff
[INFO] [stdout]                                at /rustc/0e09125c6c3c2fd70d7de961bcf0e51575235fad/library/core/src/panicking.rs:196:5
[INFO] [stdout]   20:     0x55bcb2bad2ee - assert_cmd::assert::AssertError::panic::panic_cold_display::h80636a119243e4f4
[INFO] [stdout]                                at /rustc/0e09125c6c3c2fd70d7de961bcf0e51575235fad/library/core/src/panic.rs:99:13
[INFO] [stdout]   21:     0x55bcb2bacc67 - assert_cmd::assert::AssertError::panic::hcc0d0f89057c1060
[INFO] [stdout]                                at /opt/rustwide/cargo-home/registry/src/index.crates.io-6f17d22bba15001f/assert_cmd-2.0.12/src/assert.rs:1033:9
[INFO] [stdout]   22:     0x55bcb2ba2c67 - core::ops::function::FnOnce::call_once::h95d668601e9e0ff6
[INFO] [stdout]                                at /rustc/0e09125c6c3c2fd70d7de961bcf0e51575235fad/library/core/src/ops/function.rs:250:5
[INFO] [stdout]   23:     0x55bcb2ba90a0 - core::result::Result<T,E>::unwrap_or_else::h7830e6de1ebcf86f
[INFO] [stdout]                                at /rustc/0e09125c6c3c2fd70d7de961bcf0e51575235fad/library/core/src/result.rs:1426:23
[INFO] [stdout]   24:     0x55bcb2babf76 - assert_cmd::assert::Assert::success::hdd3d2b800a635290
[INFO] [stdout]                                at /opt/rustwide/cargo-home/registry/src/index.crates.io-6f17d22bba15001f/assert_cmd-2.0.12/src/assert.rs:158:9
[INFO] [stdout]   25:     0x55bcb2b6268a - simple::pass::{{closure}}::h7e31b4311eb67272
[INFO] [stdout]                                at /opt/rustwide/workdir/crates/eelco/tests/simple.rs:47:9
[INFO] [stdout]   26:     0x55bcb2b614e2 - util::with_eelco::h7847238318f0b7f7
[INFO] [stdout]                                at /opt/rustwide/workdir/crates/util/src/lib.rs:9:5
[INFO] [stdout]   27:     0x55bcb2b625b6 - simple::pass::h9c3ef157770381af
[INFO] [stdout]                                at /opt/rustwide/workdir/crates/eelco/tests/simple.rs:35:5
[INFO] [stdout]   28:     0x55bcb2b62597 - simple::pass::{{closure}}::h61e532af51b1dd24
[INFO] [stdout]                                at /opt/rustwide/workdir/crates/eelco/tests/simple.rs:34:10
[INFO] [stdout]   29:     0x55bcb2b60b16 - core::ops::function::FnOnce::call_once::hae84621682963aa8
[INFO] [stdout]                                at /rustc/0e09125c6c3c2fd70d7de961bcf0e51575235fad/library/core/src/ops/function.rs:250:5
[INFO] [stdout]   30:     0x55bcb2b9ca0f - core::ops::function::FnOnce::call_once::hd64d26f405258157
[INFO] [stdout]                                at /rustc/0e09125c6c3c2fd70d7de961bcf0e51575235fad/library/core/src/ops/function.rs:250:5
[INFO] [stdout]   31:     0x55bcb2b9ca0f - test::__rust_begin_short_backtrace::he21b0b7a6d731bf9
[INFO] [stdout]                                at /rustc/0e09125c6c3c2fd70d7de961bcf0e51575235fad/library/test/src/lib.rs:627:18
[INFO] [stdout]   32:     0x55bcb2b9b791 - test::run_test_in_process::{{closure}}::hf5c73986d7bdfde2
[INFO] [stdout]                                at /rustc/0e09125c6c3c2fd70d7de961bcf0e51575235fad/library/test/src/lib.rs:650:60
[INFO] [stdout]   33:     0x55bcb2b9b791 - <core::panic::unwind_safe::AssertUnwindSafe<F> as core::ops::function::FnOnce<()>>::call_once::h330011ad032aadc0
[INFO] [stdout]                                at /rustc/0e09125c6c3c2fd70d7de961bcf0e51575235fad/library/core/src/panic/unwind_safe.rs:272:9
[INFO] [stdout]   34:     0x55bcb2b9b791 - std::panicking::try::do_call::he61b0a958b795a41
[INFO] [stdout]                                at /rustc/0e09125c6c3c2fd70d7de961bcf0e51575235fad/library/std/src/panicking.rs:552:40
[INFO] [stdout]   35:     0x55bcb2b9b791 - std::panicking::try::h7309da130f906eb7
[INFO] [stdout]                                at /rustc/0e09125c6c3c2fd70d7de961bcf0e51575235fad/library/std/src/panicking.rs:516:19
[INFO] [stdout]   36:     0x55bcb2b9b791 - std::panic::catch_unwind::hc5c3a06fdaf0a92a
[INFO] [stdout]                                at /rustc/0e09125c6c3c2fd70d7de961bcf0e51575235fad/library/std/src/panic.rs:142:14
[INFO] [stdout]   37:     0x55bcb2b9b791 - test::run_test_in_process::h7e7b7c71c3324e0f
[INFO] [stdout]                                at /rustc/0e09125c6c3c2fd70d7de961bcf0e51575235fad/library/test/src/lib.rs:650:27
[INFO] [stdout]   38:     0x55bcb2b9b791 - test::run_test::{{closure}}::h1f509f28f5cf20b1
[INFO] [stdout]                                at /rustc/0e09125c6c3c2fd70d7de961bcf0e51575235fad/library/test/src/lib.rs:573:43
[INFO] [stdout]   39:     0x55bcb2b62ac6 - test::run_test::{{closure}}::h1754218abf443f6d
[INFO] [stdout]                                at /rustc/0e09125c6c3c2fd70d7de961bcf0e51575235fad/library/test/src/lib.rs:601:41
[INFO] [stdout]   40:     0x55bcb2b62ac6 - std::sys_common::backtrace::__rust_begin_short_backtrace::h2ee174b9d5954948
[INFO] [stdout]                                at /rustc/0e09125c6c3c2fd70d7de961bcf0e51575235fad/library/std/src/sys_common/backtrace.rs:155:18
[INFO] [stdout]   41:     0x55bcb2b67b27 - std::thread::Builder::spawn_unchecked_::{{closure}}::{{closure}}::hf60bee9c1a17ef09
[INFO] [stdout]                                at /rustc/0e09125c6c3c2fd70d7de961bcf0e51575235fad/library/std/src/thread/mod.rs:529:17
[INFO] [stdout]   42:     0x55bcb2b67b27 - <core::panic::unwind_safe::AssertUnwindSafe<F> as core::ops::function::FnOnce<()>>::call_once::h33d0dddec5216160
[INFO] [stdout]                                at /rustc/0e09125c6c3c2fd70d7de961bcf0e51575235fad/library/core/src/panic/unwind_safe.rs:272:9
[INFO] [stdout]   43:     0x55bcb2b67b27 - std::panicking::try::do_call::h144b3048b546f835
[INFO] [stdout]                                at /rustc/0e09125c6c3c2fd70d7de961bcf0e51575235fad/library/std/src/panicking.rs:552:40
[INFO] [stdout]   44:     0x55bcb2b67b27 - std::panicking::try::h978244d04646189f
[INFO] [stdout]                                at /rustc/0e09125c6c3c2fd70d7de961bcf0e51575235fad/library/std/src/panicking.rs:516:19
[INFO] [stdout]   45:     0x55bcb2b67b27 - std::panic::catch_unwind::hdf436369d188fe86
[INFO] [stdout]                                at /rustc/0e09125c6c3c2fd70d7de961bcf0e51575235fad/library/std/src/panic.rs:142:14
[INFO] [stdout]   46:     0x55bcb2b67b27 - std::thread::Builder::spawn_unchecked_::{{closure}}::h87329cbdd33c79ec
[INFO] [stdout]                                at /rustc/0e09125c6c3c2fd70d7de961bcf0e51575235fad/library/std/src/thread/mod.rs:528:30
[INFO] [stdout]   47:     0x55bcb2b67b27 - core::ops::function::FnOnce::call_once{{vtable.shim}}::h401abbe67897d450
[INFO] [stdout]                                at /rustc/0e09125c6c3c2fd70d7de961bcf0e51575235fad/library/core/src/ops/function.rs:250:5
[INFO] [stdout]   48:     0x55bcb2c48665 - <alloc::boxed::Box<F,A> as core::ops::function::FnOnce<Args>>::call_once::h5d7c8f150ab9c84c
[INFO] [stdout]                                at /rustc/0e09125c6c3c2fd70d7de961bcf0e51575235fad/library/alloc/src/boxed.rs:2015:9
[INFO] [stdout]   49:     0x55bcb2c48665 - <alloc::boxed::Box<F,A> as core::ops::function::FnOnce<Args>>::call_once::h570d5b005c242c15
[INFO] [stdout]                                at /rustc/0e09125c6c3c2fd70d7de961bcf0e51575235fad/library/alloc/src/boxed.rs:2015:9
[INFO] [stdout]   50:     0x55bcb2c48665 - std::sys::unix::thread::Thread::new::thread_start::h36b0a20c0b2361ad
[INFO] [stdout]                                at /rustc/0e09125c6c3c2fd70d7de961bcf0e51575235fad/library/std/src/sys/unix/thread.rs:108:17
[INFO] [stdout]   51:     0x7f5ab6253ac3 - <unknown>
[INFO] [stdout]   52:     0x7f5ab62e4bf4 - __clone
[INFO] [stdout]   53:                0x0 - <unknown>
[INFO] [stdout] 
[INFO] [stdout] ---- example_fails_to_parse stdout ----
[INFO] [stdout] thread 'example_fails_to_parse' panicked at /rustc/0e09125c6c3c2fd70d7de961bcf0e51575235fad/library/core/src/ops/function.rs:250:5:
[INFO] [stdout] Unexpected stderr, failed diff original var
[INFO] [stdout] ├── original: Error: missing prompt LFLine("nix-shnepl> nope\n")
[INFO] [stdout] ├── diff: 
[INFO] [stdout] │   --- 	orig
[INFO] [stdout] │   +++ 	var
[INFO] [stdout] │   @@ -1,0 +2,158 @@
[INFO] [stdout] │   +
[INFO] [stdout] │   +Stack backtrace:
[INFO] [stdout] │   +   0: anyhow::__private::format_err
[INFO] [stdout] │   +             at /opt/rustwide/cargo-home/registry/src/index.crates.io-6f17d22bba15001f/anyhow-1.0.72/src/lib.rs:672:13
[INFO] [stdout] │   +   1: <eelco::repl::driver::ReplQuery as core::convert::TryFrom<eelco::repl::driver::LFLine>>::try_from
[INFO] [stdout] │   +             at ./src/repl/driver.rs:38:24
[INFO] [stdout] │   +   2: <T as core::convert::TryInto<U>>::try_into
[INFO] [stdout] │   +             at /rustc/0e09125c6c3c2fd70d7de961bcf0e51575235fad/library/core/src/convert/mod.rs:796:9
[INFO] [stdout] │   +   3: <eelco::repl::example::ReplEntry as core::convert::TryFrom<(eelco::repl::driver::LFLine,eelco::repl::driver::LFLine)>>::try_from
[INFO] [stdout] │   +             at ./src/repl/example.rs:58:20
[INFO] [stdout] │   +   4: core::ops::function::FnMut::call_mut
[INFO] [stdout] │   +             at /rustc/0e09125c6c3c2fd70d7de961bcf0e51575235fad/library/core/src/ops/function.rs:166:5
[INFO] [stdout] │   +   5: core::iter::adapters::map::map_try_fold::{{closure}}
[INFO] [stdout] │   +             at /rustc/0e09125c6c3c2fd70d7de961bcf0e51575235fad/library/core/src/iter/adapters/map.rs:92:28
[INFO] [stdout] │   +   6: core::iter::traits::iterator::Iterator::try_fold
[INFO] [stdout] │   +             at /rustc/0e09125c6c3c2fd70d7de961bcf0e51575235fad/library/core/src/iter/traits/iterator.rs:2462:21
[INFO] [stdout] │   +   7: <core::iter::adapters::map::Map<I,F> as core::iter::traits::iterator::Iterator>::try_fold
[INFO] [stdout] │   +             at /rustc/0e09125c6c3c2fd70d7de961bcf0e51575235fad/library/core/src/iter/adapters/map.rs:118:9
[INFO] [stdout] │   +   8: <core::iter::adapters::GenericShunt<I,R> as core::iter::traits::iterator::Iterator>::try_fold
[INFO] [stdout] │   +             at /rustc/0e09125c6c3c2fd70d7de961bcf0e51575235fad/library/core/src/iter/adapters/mod.rs:201:9
[INFO] [stdout] │   +   9: core::iter::traits::iterator::Iterator::try_for_each
[INFO] [stdout] │   +             at /rustc/0e09125c6c3c2fd70d7de961bcf0e51575235fad/library/core/src/iter/traits/iterator.rs:2524:9
[INFO] [stdout] │   +      <core::iter::adapters::GenericShunt<I,R> as core::iter::traits::iterator::Iterator>::next
[INFO] [stdout] │   +             at /rustc/0e09125c6c3c2fd70d7de961bcf0e51575235fad/library/core/src/iter/adapters/mod.rs:184:14
[INFO] [stdout] │   +  10: <alloc::vec::Vec<T> as alloc::vec::spec_from_iter_nested::SpecFromIterNested<T,I>>::from_iter
[INFO] [stdout] │   +             at /rustc/0e09125c6c3c2fd70d7de961bcf0e51575235fad/library/alloc/src/vec/spec_from_iter_nested.rs:26:32
[INFO] [stdout] │   +  11: <alloc::vec::Vec<T> as alloc::vec::spec_from_iter::SpecFromIter<T,I>>::from_iter
[INFO] [stdout] │   +             at /rustc/0e09125c6c3c2fd70d7de961bcf0e51575235fad/library/alloc/src/vec/spec_from_iter.rs:33:9
[INFO] [stdout] │   +  12: <alloc::vec::Vec<T> as core::iter::traits::collect::FromIterator<T>>::from_iter
[INFO] [stdout] │   +             at /rustc/0e09125c6c3c2fd70d7de961bcf0e51575235fad/library/alloc/src/vec/mod.rs:2791:9
[INFO] [stdout] │   +  13: core::iter::traits::iterator::Iterator::collect
[INFO] [stdout] │   +             at /rustc/0e09125c6c3c2fd70d7de961bcf0e51575235fad/library/core/src/iter/traits/iterator.rs:2054:9
[INFO] [stdout] │   +      <core::result::Result<V,E> as core::iter::traits::collect::FromIterator<core::result::Result<A,E>>>::from_iter::{{closure}}
[INFO] [stdout] │   +             at /rustc/0e09125c6c3c2fd70d7de961bcf0e51575235fad/library/core/src/result.rs:1930:51
[INFO] [stdout] │   +  14: core::iter::adapters::try_process
[INFO] [stdout] │   +             at /rustc/0e09125c6c3c2fd70d7de961bcf0e51575235fad/library/core/src/iter/adapters/mod.rs:170:17
[INFO] [stdout] │   +  15: <core::result::Result<V,E> as core::iter::traits::collect::FromIterator<core::result::Result<A,E>>>::from_iter
[INFO] [stdout] │   +             at /rustc/0e09125c6c3c2fd70d7de961bcf0e51575235fad/library/core/src/result.rs:1930:9
[INFO] [stdout] │   +  16: core::iter::traits::iterator::Iterator::collect
[INFO] [stdout] │   +             at /rustc/0e09125c6c3c2fd70d7de961bcf0e51575235fad/library/core/src/iter/traits/iterator.rs:2054:9
[INFO] [stdout] │   +  17: <eelco::repl::example::ReplExampleEntries as core::str::traits::FromStr>::from_str
[INFO] [stdout] │   +             at ./src/repl/example.rs:35:23
[INFO] [stdout] │   +  18: core::str::<impl str>::parse
[INFO] [stdout] │   +             at /rustc/0e09125c6c3c2fd70d7de961bcf0e51575235fad/library/core/src/str/mod.rs:2318:9
[INFO] [stdout] │   +  19: eelco::repl::example::ReplExample::try_new
[INFO] [stdout] │   +             at ./src/repl/example.rs:23:22
[INFO] [stdout] │   +  20: eelco::examples::obtain::{{closure}}
[INFO] [stdout] │   +             at ./src/examples.rs:39:39
[INFO] [stdout] │   +  21: core::iter::adapters::map::map_try_fold::{{closure}}
[INFO] [stdout] │   +             at /rustc/0e09125c6c3c2fd70d7de961bcf0e51575235fad/library/core/src/iter/adapters/map.rs:92:28
[INFO] [stdout] │   +  22: core::iter::adapters::filter_map::filter_map_try_fold::{{closure}}
[INFO] [stdout] │   +             at /rustc/0e09125c6c3c2fd70d7de961bcf0e51575235fad/library/core/src/iter/adapters/filter_map.rs:49:20
[INFO] [stdout] │   +  23: core::ops::function::impls::<impl core::ops::function::FnMut<A> for &mut F>::call_mut
[INFO] [stdout] │   +             at /rustc/0e09125c6c3c2fd70d7de961bcf0e51575235fad/library/core/src/ops/function.rs:294:13
[INFO] [stdout] │   +  24: core::iter::traits::iterator::Iterator::try_fold
[INFO] [stdout] │   +             at /rustc/0e09125c6c3c2fd70d7de961bcf0e51575235fad/library/core/src/iter/traits/iterator.rs:2462:21
[INFO] [stdout] │   +  25: <core::iter::adapters::flatten::FlattenCompat<I,U> as core::iter::traits::iterator::Iterator>::try_fold::flatten::{{closure}}
[INFO] [stdout] │   +             at /rustc/0e09125c6c3c2fd70d7de961bcf0e51575235fad/library/core/src/iter/adapters/flatten.rs:641:30
[INFO] [stdout] │   +  26: core::iter::adapters::flatten::FlattenCompat<I,U>::iter_try_fold::flatten::{{closure}}
[INFO] [stdout] │   +             at /rustc/0e09125c6c3c2fd70d7de961bcf0e51575235fad/library/core/src/iter/adapters/flatten.rs:499:30
[INFO] [stdout] │   +  27: core::iter::adapters::map::map_try_fold::{{closure}}
[INFO] [stdout] │   +             at /rustc/0e09125c6c3c2fd70d7de961bcf0e51575235fad/library/core/src/iter/adapters/map.rs:92:21
[INFO] [stdout] │   +  28: core::iter::traits::iterator::Iterator::try_fold
[INFO] [stdout] │   +             at /rustc/0e09125c6c3c2fd70d7de961bcf0e51575235fad/library/core/src/iter/traits/iterator.rs:2462:21
[INFO] [stdout] │   +  29: <core::iter::adapters::map::Map<I,F> as core::iter::traits::iterator::Iterator>::try_fold
[INFO] [stdout] │   +             at /rustc/0e09125c6c3c2fd70d7de961bcf0e51575235fad/library/core/src/iter/adapters/map.rs:118:9
[INFO] [stdout] │   +  30: <core::iter::adapters::fuse::Fuse<I> as core::iter::adapters::fuse::FuseImpl<I>>::try_fold
[INFO] [stdout] │   +             at /rustc/0e09125c6c3c2fd70d7de961bcf0e51575235fad/library/core/src/iter/adapters/fuse.rs:371:19
[INFO] [stdout] │   +  31: <core::iter::adapters::fuse::Fuse<I> as core::iter::traits::iterator::Iterator>::try_fold
[INFO] [stdout] │   +             at /rustc/0e09125c6c3c2fd70d7de961bcf0e51575235fad/library/core/src/iter/adapters/fuse.rs:85:9
[INFO] [stdout] │   +      core::iter::adapters::flatten::FlattenCompat<I,U>::iter_try_fold
[INFO] [stdout] │   +             at /rustc/0e09125c6c3c2fd70d7de961bcf0e51575235fad/library/core/src/iter/adapters/flatten.rs:507:25
[INFO] [stdout] │   +  32: <core::iter::adapters::flatten::FlattenCompat<I,U> as core::iter::traits::iterator::Iterator>::try_fold
[INFO] [stdout] │   +             at /rustc/0e09125c6c3c2fd70d7de961bcf0e51575235fad/library/core/src/iter/adapters/flatten.rs:644:9
[INFO] [stdout] │   +  33: <core::iter::adapters::flatten::FlatMap<I,U,F> as core::iter::traits::iterator::Iterator>::try_fold
[INFO] [stdout] │   +             at /rustc/0e09125c6c3c2fd70d7de961bcf0e51575235fad/library/core/src/iter/adapters/flatten.rs:73:9
[INFO] [stdout] │   +  34: <core::iter::adapters::filter_map::FilterMap<I,F> as core::iter::traits::iterator::Iterator>::try_fold
[INFO] [stdout] │   +             at /rustc/0e09125c6c3c2fd70d7de961bcf0e51575235fad/library/core/src/iter/adapters/filter_map.rs:140:9
[INFO] [stdout] │   +  35: <core::iter::adapters::map::Map<I,F> as core::iter::traits::iterator::Iterator>::try_fold
[INFO] [stdout] │   +             at /rustc/0e09125c6c3c2fd70d7de961bcf0e51575235fad/library/core/src/iter/adapters/map.rs:118:9
[INFO] [stdout] │   +  36: <core::iter::adapters::GenericShunt<I,R> as core::iter::traits::iterator::Iterator>::try_fold
[INFO] [stdout] │   +             at /rustc/0e09125c6c3c2fd70d7de961bcf0e51575235fad/library/core/src/iter/adapters/mod.rs:201:9
[INFO] [stdout] │   +  37: core::iter::traits::iterator::Iterator::try_for_each
[INFO] [stdout] │   +             at /rustc/0e09125c6c3c2fd70d7de961bcf0e51575235fad/library/core/src/iter/traits/iterator.rs:2524:9
[INFO] [stdout] │   +      <core::iter::adapters::GenericShunt<I,R> as core::iter::traits::iterator::Iterator>::next
[INFO] [stdout] │   +             at /rustc/0e09125c6c3c2fd70d7de961bcf0e51575235fad/library/core/src/iter/adapters/mod.rs:184:14
[INFO] [stdout] │   +  38: <alloc::vec::Vec<T> as alloc::vec::spec_from_iter_nested::SpecFromIterNested<T,I>>::from_iter
[INFO] [stdout] │   +             at /rustc/0e09125c6c3c2fd70d7de961bcf0e51575235fad/library/alloc/src/vec/spec_from_iter_nested.rs:26:32
[INFO] [stdout] │   +  39: <alloc::vec::Vec<T> as alloc::vec::spec_from_iter::SpecFromIter<T,I>>::from_iter
[INFO] [stdout] │   +             at /rustc/0e09125c6c3c2fd70d7de961bcf0e51575235fad/library/alloc/src/vec/spec_from_iter.rs:33:9
[INFO] [stdout] │   +  40: <alloc::vec::Vec<T> as core::iter::traits::collect::FromIterator<T>>::from_iter
[INFO] [stdout] │   +             at /rustc/0e09125c6c3c2fd70d7de961bcf0e51575235fad/library/alloc/src/vec/mod.rs:2791:9
[INFO] [stdout] │   +  41: core::iter::traits::iterator::Iterator::collect
[INFO] [stdout] │   +             at /rustc/0e09125c6c3c2fd70d7de961bcf0e51575235fad/library/core/src/iter/traits/iterator.rs:2054:9
[INFO] [stdout] │   +      <core::result::Result<V,E> as core::iter::traits::collect::FromIterator<core::result::Result<A,E>>>::from_iter::{{closure}}
[INFO] [stdout] │   +             at /rustc/0e09125c6c3c2fd70d7de961bcf0e51575235fad/library/core/src/result.rs:1930:51
[INFO] [stdout] │   +  42: core::iter::adapters::try_process
[INFO] [stdout] │   +             at /rustc/0e09125c6c3c2fd70d7de961bcf0e51575235fad/library/core/src/iter/adapters/mod.rs:170:17
[INFO] [stdout] │   +  43: <core::result::Result<V,E> as core::iter::traits::collect::FromIterator<core::result::Result<A,E>>>::from_iter
[INFO] [stdout] │   +             at /rustc/0e09125c6c3c2fd70d7de961bcf0e51575235fad/library/core/src/result.rs:1930:9
[INFO] [stdout] │   +  44: core::iter::traits::iterator::Iterator::collect
[INFO] [stdout] │   +             at /rustc/0e09125c6c3c2fd70d7de961bcf0e51575235fad/library/core/src/iter/traits/iterator.rs:2054:9
[INFO] [stdout] │   +  45: itertools::Itertools::try_collect
[INFO] [stdout] │   +             at /opt/rustwide/cargo-home/registry/src/index.crates.io-6f17d22bba15001f/itertools-0.11.0/src/lib.rs:2183:9
[INFO] [stdout] │   +  46: eelco::examples::obtain
[INFO] [stdout] │   +             at ./src/examples.rs:6:5
[INFO] [stdout] │   +  47: eelco::main::{{closure}}
[INFO] [stdout] │   +             at ./src/main.rs:30:25
[INFO] [stdout] │   +  48: tokio::runtime::park::CachedParkThread::block_on::{{closure}}
[INFO] [stdout] │   +             at /opt/rustwide/cargo-home/registry/src/index.crates.io-6f17d22bba15001f/tokio-1.29.1/src/runtime/park.rs:283:63
[INFO] [stdout] │   +  49: tokio::runtime::coop::with_budget
[INFO] [stdout] │   +             at /opt/rustwide/cargo-home/registry/src/index.crates.io-6f17d22bba15001f/tokio-1.29.1/src/runtime/coop.rs:107:5
[INFO] [stdout] │   +      tokio::runtime::coop::budget
[INFO] [stdout] │   +             at /opt/rustwide/cargo-home/registry/src/index.crates.io-6f17d22bba15001f/tokio-1.29.1/src/runtime/coop.rs:73:5
[INFO] [stdout] │   +      tokio::runtime::park::CachedParkThread::block_on
[INFO] [stdout] │   +             at /opt/rustwide/cargo-home/registry/src/index.crates.io-6f17d22bba15001f/tokio-1.29.1/src/runtime/park.rs:283:31
[INFO] [stdout] │   +  50: tokio::runtime::context::blocking::BlockingRegionGuard::block_on
[INFO] [stdout] │   +             at /opt/rustwide/cargo-home/registry/src/index.crates.io-6f17d22bba15001f/tokio-1.29.1/src/runtime/context/blocking.rs:66:9
[INFO] [stdout] │   +  51: tokio::runtime::scheduler::multi_thread::MultiThread::block_on::{{closure}}
[INFO] [stdout] │   +             at /opt/rustwide/cargo-home/registry/src/index.crates.io-6f17d22bba15001f/tokio-1.29.1/src/runtime/scheduler/multi_thread/mod.rs:87:13
[INFO] [stdout] │   +  52: tokio::runtime::context::runtime::enter_runtime
[INFO] [stdout] │   +             at /opt/rustwide/cargo-home/registry/src/index.crates.io-6f17d22bba15001f/tokio-1.29.1/src/runtime/context/runtime.rs:65:16
[INFO] [stdout] │   +  53: tokio::runtime::scheduler::multi_thread::MultiThread::block_on
[INFO] [stdout] │   +             at /opt/rustwide/cargo-home/registry/src/index.crates.io-6f17d22bba15001f/tokio-1.29.1/src/runtime/scheduler/multi_thread/mod.rs:86:9
[INFO] [stdout] │   +  54: tokio::runtime::runtime::Runtime::block_on
[INFO] [stdout] │   +             at /opt/rustwide/cargo-home/registry/src/index.crates.io-6f17d22bba15001f/tokio-1.29.1/src/runtime/runtime.rs:313:45
[INFO] [stdout] │   +  55: eelco::main
[INFO] [stdout] │   +             at ./src/main.rs:55:5
[INFO] [stdout] │   +  56: core::ops::function::FnOnce::call_once
[INFO] [stdout] │   +             at /rustc/0e09125c6c3c2fd70d7de961bcf0e51575235fad/library/core/src/ops/function.rs:250:5
[INFO] [stdout] │   +  57: std::sys_common::backtrace::__rust_begin_short_backtrace
[INFO] [stdout] │   +             at /rustc/0e09125c6c3c2fd70d7de961bcf0e51575235fad/library/std/src/sys_common/backtrace.rs:155:18
[INFO] [stdout] │   +  58: std::rt::lang_start::{{closure}}
[INFO] [stdout] │   +             at /rustc/0e09125c6c3c2fd70d7de961bcf0e51575235fad/library/std/src/rt.rs:166:18
[INFO] [stdout] │   +  59: core::ops::function::impls::<impl core::ops::function::FnOnce<A> for &F>::call_once
[INFO] [stdout] │   +             at /rustc/0e09125c6c3c2fd70d7de961bcf0e51575235fad/library/core/src/ops/function.rs:284:13
[INFO] [stdout] │   +      std::panicking::try::do_call
[INFO] [stdout] │   +             at /rustc/0e09125c6c3c2fd70d7de961bcf0e51575235fad/library/std/src/panicking.rs:552:40
[INFO] [stdout] │   +      std::panicking::try
[INFO] [stdout] │   +             at /rustc/0e09125c6c3c2fd70d7de961bcf0e51575235fad/library/std/src/panicking.rs:516:19
[INFO] [stdout] │   +      std::panic::catch_unwind
[INFO] [stdout] │   +             at /rustc/0e09125c6c3c2fd70d7de961bcf0e51575235fad/library/std/src/panic.rs:142:14
[INFO] [stdout] │   +      std::rt::lang_start_internal::{{closure}}
[INFO] [stdout] │   +             at /rustc/0e09125c6c3c2fd70d7de961bcf0e51575235fad/library/std/src/rt.rs:148:48
[INFO] [stdout] │   +      std::panicking::try::do_call
[INFO] [stdout] │   +             at /rustc/0e09125c6c3c2fd70d7de961bcf0e51575235fad/library/std/src/panicking.rs:552:40
[INFO] [stdout] │   +      std::panicking::try
[INFO] [stdout] │   +             at /rustc/0e09125c6c3c2fd70d7de961bcf0e51575235fad/library/std/src/panicking.rs:516:19
[INFO] [stdout] │   +      std::panic::catch_unwind
[INFO] [stdout] │   +             at /rustc/0e09125c6c3c2fd70d7de961bcf0e51575235fad/library/std/src/panic.rs:142:14
[INFO] [stdout] │   +      std::rt::lang_start_internal
[INFO] [stdout] │   +             at /rustc/0e09125c6c3c2fd70d7de961bcf0e51575235fad/library/std/src/rt.rs:148:20
[INFO] [stdout] │   +  60: std::rt::lang_start
[INFO] [stdout] │   +             at /rustc/0e09125c6c3c2fd70d7de961bcf0e51575235fad/library/std/src/rt.rs:165:17
[INFO] [stdout] │   +  61: main
[INFO] [stdout] │   +  62: <unknown>
[INFO] [stdout] │   +  63: __libc_start_main
[INFO] [stdout] │   +  64: _start
[INFO] [stdout] └── var as str: Error: missing prompt LFLine("nix-shnepl> nope\n")
[INFO] [stdout]     
[INFO] [stdout]     Stack backtrace:
[INFO] [stdout]        0: anyhow::__private::format_err
[INFO] [stdout]                  at /opt/rustwide/cargo-home/registry/src/index.crates.io-6f17d22bba15001f/anyhow-1.0.72/src/lib.rs:672:13
[INFO] [stdout]        1: <eelco::repl::driver::ReplQuery as core::convert::TryFrom<eelco::repl::driver::LFLine>>::try_from
[INFO] [stdout]                  at ./src/repl/driver.rs:38:24
[INFO] [stdout]        2: <T as core::convert::TryInto<U>>::try_into
[INFO] [stdout]                  at /rustc/0e09125c6c3c2fd70d7de961bcf0e51575235fad/library/core/src/convert/mod.rs:796:9
[INFO] [stdout]        3: <eelco::repl::example::ReplEntry as core::convert::TryFrom<(eelco::repl::driver::LFLine,eelco::repl::driver::LFLine)>>::try_from
[INFO] [stdout]                  at ./src/repl/example.rs:58:20
[INFO] [stdout]        4: core::ops::function::FnMut::call_mut
[INFO] [stdout]                  at /rustc/0e09125c6c3c2fd70d7de961bcf0e51575235fad/library/core/src/ops/function.rs:166:5
[INFO] [stdout]        5: core::iter::adapters::map::map_try_fold::{{closure}}
[INFO] [stdout]                  at /rustc/0e09125c6c3c2fd70d7de961bcf0e51575235fad/library/core/src/iter/adapters/map.rs:92:28
[INFO] [stdout]        6: core::iter::traits::iterator::Iterator::try_fold
[INFO] [stdout]                  at /rustc/0e09125c6c3c2fd70d7de961bcf0e51575235fad/library/core/src/iter/traits/iterator.rs:2462:21
[INFO] [stdout]        7: <core::iter::adapters::map::Map<I,F> as core::iter::traits::iterator::Iterator>::try_fold
[INFO] [stdout]                  at /rustc/0e09125c6c3c2fd70d7de961bcf0e51575235fad/library/core/src/iter/adapters/map.rs:118:9
[INFO] [stdout]        8: <core::iter::adapters::GenericShunt<I,R> as core::iter::traits::iterator::Iterator>::try_fold
[INFO] [stdout]                  at /rustc/0e09125c6c3c2fd70d7de961bcf0e51575235fad/library/core/src/iter/adapters/mod.rs:201:9
[INFO] [stdout]        9: core::iter::traits::iterator::Iterator::try_for_each
[INFO] [stdout]                  at /rustc/0e09125c6c3c2fd70d7de961bcf0e51575235fad/library/core/src/iter/traits/iterator.rs:2524:9
[INFO] [stdout]           <core::iter::adapters::GenericShunt<I,R> as core::iter::traits::iterator::Iterator>::next
[INFO] [stdout]                  at /rustc/0e09125c6c3c2fd70d7de961bcf0e51575235fad/library/core/src/iter/adapters/mod.rs:184:14
[INFO] [stdout]       10: <alloc::vec::Vec<T> as alloc::vec::spec_from_iter_nested::SpecFromIterNested<T,I>>::from_iter
[INFO] [stdout]                  at /rustc/0e09125c6c3c2fd70d7de961bcf0e51575235fad/library/alloc/src/vec/spec_from_iter_nested.rs:26:32
[INFO] [stdout]       11: <alloc::vec::Vec<T> as alloc::vec::spec_from_iter::SpecFromIter<T,I>>::from_iter
[INFO] [stdout]                  at /rustc/0e09125c6c3c2fd70d7de961bcf0e51575235fad/library/alloc/src/vec/spec_from_iter.rs:33:9
[INFO] [stdout]       12: <alloc::vec::Vec<T> as core::iter::traits::collect::FromIterator<T>>::from_iter
[INFO] [stdout]                  at /rustc/0e09125c6c3c2fd70d7de961bcf0e51575235fad/library/alloc/src/vec/mod.rs:2791:9
[INFO] [stdout]       13: core::iter::traits::iterator::Iterator::collect
[INFO] [stdout]                  at /rustc/0e09125c6c3c2fd70d7de961bcf0e51575235fad/library/core/src/iter/traits/iterator.rs:2054:9
[INFO] [stdout]           <core::result::Result<V,E> as core::iter::traits::collect::FromIterator<core::result::Result<A,E>>>::from_iter::{{closure}}
[INFO] [stdout]                  at /rustc/0e09125c6c3c2fd70d7de961bcf0e51575235fad/library/core/src/result.rs:1930:51
[INFO] [stdout]       14: core::iter::adapters::try_process
[INFO] [stdout]                  at /rustc/0e09125c6c3c2fd70d7de961bcf0e51575235fad/library/core/src/iter/adapters/mod.rs:170:17
[INFO] [stdout]       15: <core::result::Result<V,E> as core::iter::traits::collect::FromIterator<core::result::Result<A,E>>>::from_iter
[INFO] [stdout]                  at /rustc/0e09125c6c3c2fd70d7de961bcf0e51575235fad/library/core/src/result.rs:1930:9
[INFO] [stdout]       16: core::iter::traits::iterator::Iterator::collect
[INFO] [stdout]                  at /rustc/0e09125c6c3c2fd70d7de961bcf0e51575235fad/library/core/src/iter/traits/iterator.rs:2054:9
[INFO] [stdout]       17: <eelco::repl::example::ReplExampleEntries as core::str::traits::FromStr>::from_str
[INFO] [stdout]                  at ./src/repl/example.rs:35:23
[INFO] [stdout]       18: core::str::<impl str>::parse
[INFO] [stdout]                  at /rustc/0e09125c6c3c2fd70d7de961bcf0e51575235fad/library/core/src/str/mod.rs:2318:9
[INFO] [stdout]       19: eelco::repl::example::ReplExample::try_new
[INFO] [stdout]                  at ./src/repl/example.rs:23:22
[INFO] [stdout]       20: eelco::examples::obtain::{{closure}}
[INFO] [stdout]                  at ./src/examples.rs:39:39
[INFO] [stdout]       21: core::iter::adapters::map::map_try_fold::{{closure}}
[INFO] [stdout]                  at /rustc/0e09125c6c3c2fd70d7de961bcf0e51575235fad/library/core/src/iter/adapters/map.rs:92:28
[INFO] [stdout]       22: core::iter::adapters::filter_map::filter_map_try_fold::{{closure}}
[INFO] [stdout]                  at /rustc/0e09125c6c3c2fd70d7de961bcf0e51575235fad/library/core/src/iter/adapters/filter_map.rs:49:20
[INFO] [stdout]       23: core::ops::function::impls::<impl core::ops::function::FnMut<A> for &mut F>::call_mut
[INFO] [stdout]                  at /rustc/0e09125c6c3c2fd70d7de961bcf0e51575235fad/library/core/src/ops/function.rs:294:13
[INFO] [stdout]       24: core::iter::traits::iterator::Iterator::try_fold
[INFO] [stdout]                  at /rustc/0e09125c6c3c2fd70d7de961bcf0e51575235fad/library/core/src/iter/traits/iterator.rs:2462:21
[INFO] [stdout]       25: <core::iter::adapters::flatten::FlattenCompat<I,U> as core::iter::traits::iterator::Iterator>::try_fold::flatten::{{closure}}
[INFO] [stdout]                  at /rustc/0e09125c6c3c2fd70d7de961bcf0e51575235fad/library/core/src/iter/adapters/flatten.rs:641:30
[INFO] [stdout]       26: core::iter::adapters::flatten::FlattenCompat<I,U>::iter_try_fold::flatten::{{closure}}
[INFO] [stdout]                  at /rustc/0e09125c6c3c2fd70d7de961bcf0e51575235fad/library/core/src/iter/adapters/flatten.rs:499:30
[INFO] [stdout]       27: core::iter::adapters::map::map_try_fold::{{closure}}
[INFO] [stdout]                  at /rustc/0e09125c6c3c2fd70d7de961bcf0e51575235fad/library/core/src/iter/adapters/map.rs:92:21
[INFO] [stdout]       28: core::iter::traits::iterator::Iterator::try_fold
[INFO] [stdout]                  at /rustc/0e09125c6c3c2fd70d7de961bcf0e51575235fad/library/core/src/iter/traits/iterator.rs:2462:21
[INFO] [stdout]       29: <core::iter::adapters::map::Map<I,F> as core::iter::traits::iterator::Iterator>::try_fold
[INFO] [stdout]                  at /rustc/0e09125c6c3c2fd70d7de961bcf0e51575235fad/library/core/src/iter/adapters/map.rs:118:9
[INFO] [stdout]       30: <core::iter::adapters::fuse::Fuse<I> as core::iter::adapters::fuse::FuseImpl<I>>::try_fold
[INFO] [stdout]                  at /rustc/0e09125c6c3c2fd70d7de961bcf0e51575235fad/library/core/src/iter/adapters/fuse.rs:371:19
[INFO] [stdout]       31: <core::iter::adapters::fuse::Fuse<I> as core::iter::traits::iterator::Iterator>::try_fold
[INFO] [stdout]                  at /rustc/0e09125c6c3c2fd70d7de961bcf0e51575235fad/library/core/src/iter/adapters/fuse.rs:85:9
[INFO] [stdout]           core::iter::adapters::flatten::FlattenCompat<I,U>::iter_try_fold
[INFO] [stdout]                  at /rustc/0e09125c6c3c2fd70d7de961bcf0e51575235fad/library/core/src/iter/adapters/flatten.rs:507:25
[INFO] [stdout]       32: <core::iter::adapters::flatten::FlattenCompat<I,U> as core::iter::traits::iterator::Iterator>::try_fold
[INFO] [stdout]                  at /rustc/0e09125c6c3c2fd70d7de961bcf0e51575235fad/library/core/src/iter/adapters/flatten.rs:644:9
[INFO] [stdout]       33: <core::iter::adapters::flatten::FlatMap<I,U,F> as core::iter::traits::iterator::Iterator>::try_fold
[INFO] [stdout]                  at /rustc/0e09125c6c3c2fd70d7de961bcf0e51575235fad/library/core/src/iter/adapters/flatten.rs:73:9
[INFO] [stdout]       34: <core::iter::adapters::filter_map::FilterMap<I,F> as core::iter::traits::iterator::Iterator>::try_fold
[INFO] [stdout]                  at /rustc/0e09125c6c3c2fd70d7de961bcf0e51575235fad/library/core/src/iter/adapters/filter_map.rs:140:9
[INFO] [stdout]       35: <core::iter::adapters::map::Map<I,F> as core::iter::traits::iterator::Iterator>::try_fold
[INFO] [stdout]                  at /rustc/0e09125c6c3c2fd70d7de961bcf0e51575235fad/library/core/src/iter/adapters/map.rs:118:9
[INFO] [stdout]       36: <core::iter::adapters::GenericShunt<I,R> as core::iter::traits::iterator::Iterator>::try_fold
[INFO] [stdout]                  at /rustc/0e09125c6c3c2fd70d7de961bcf0e51575235fad/library/core/src/iter/adapters/mod.rs:201:9
[INFO] [stdout]       37: core::iter::traits::iterator::Iterator::try_for_each
[INFO] [stdout]                  at /rustc/0e09125c6c3c2fd70d7de961bcf0e51575235fad/library/core/src/iter/traits/iterator.rs:2524:9
[INFO] [stdout]           <core::iter::adapters::GenericShunt<I,R> as core::iter::traits::iterator::Iterator>::next
[INFO] [stdout]                  at /rustc/0e09125c6c3c2fd70d7de961bcf0e51575235fad/library/core/src/iter/adapters/mod.rs:184:14
[INFO] [stdout]       38: <alloc::vec::Vec<T> as alloc::vec::spec_from_iter_nested::SpecFromIterNested<T,I>>::from_iter
[INFO] [stdout]                  at /rustc/0e09125c6c3c2fd70d7de961bcf0e51575235fad/library/alloc/src/vec/spec_from_iter_nested.rs:26:32
[INFO] [stdout]       39: <alloc::vec::Vec<T> as alloc::vec::spec_from_iter::SpecFromIter<T,I>>::from_iter
[INFO] [stdout]                  at /rustc/0e09125c6c3c2fd70d7de961bcf0e51575235fad/library/alloc/src/vec/spec_from_iter.rs:33:9
[INFO] [stdout]       40: <alloc::vec::Vec<T> as core::iter::traits::collect::FromIterator<T>>::from_iter
[INFO] [stdout]                  at /rustc/0e09125c6c3c2fd70d7de961bcf0e51575235fad/library/alloc/src/vec/mod.rs:2791:9
[INFO] [stdout]       41: core::iter::traits::iterator::Iterator::collect
[INFO] [stdout]                  at /rustc/0e09125c6c3c2fd70d7de961bcf0e51575235fad/library/core/src/iter/traits/iterator.rs:2054:9
[INFO] [stdout]           <core::result::Result<V,E> as core::iter::traits::collect::FromIterator<core::result::Result<A,E>>>::from_iter::{{closure}}
[INFO] [stdout]                  at /rustc/0e09125c6c3c2fd70d7de961bcf0e51575235fad/library/core/src/result.rs:1930:51
[INFO] [stdout]       42: core::iter::adapters::try_process
[INFO] [stdout]                  at /rustc/0e09125c6c3c2fd70d7de961bcf0e51575235fad/library/core/src/iter/adapters/mod.rs:170:17
[INFO] [stdout]       43: <core::result::Result<V,E> as core::iter::traits::collect::FromIterator<core::result::Result<A,E>>>::from_iter
[INFO] [stdout]                  at /rustc/0e09125c6c3c2fd70d7de961bcf0e51575235fad/library/core/src/result.rs:1930:9
[INFO] [stdout]       44: core::iter::traits::iterator::Iterator::collect
[INFO] [stdout]                  at /rustc/0e09125c6c3c2fd70d7de961bcf0e51575235fad/library/core/src/iter/traits/iterator.rs:2054:9
[INFO] [stdout]       45: itertools::Itertools::try_collect
[INFO] [stdout]                  at /opt/rustwide/cargo-home/registry/src/index.crates.io-6f17d22bba15001f/itertools-0.11.0/src/lib.rs:2183:9
[INFO] [stdout]       46: eelco::examples::obtain
[INFO] [stdout]                  at ./src/examples.rs:6:5
[INFO] [stdout]       47: eelco::main::{{closure}}
[INFO] [stdout]                  at ./src/main.rs:30:25
[INFO] [stdout]       48: tokio::runtime::park::CachedParkThread::block_on::{{closure}}
[INFO] [stdout]                  at /opt/rustwide/cargo-home/registry/src/index.crates.io-6f17d22bba15001f/tokio-1.29.1/src/runtime/park.rs:283:63
[INFO] [stdout]       49: tokio::runtime::coop::with_budget
[INFO] [stdout]                  at /opt/rustwide/cargo-home/registry/src/index.crates.io-6f17d22bba15001f/tokio-1.29.1/src/runtime/coop.rs:107:5
[INFO] [stdout]           tokio::runtime::coop::budget
[INFO] [stdout]                  at /opt/rustwide/cargo-home/registry/src/index.crates.io-6f17d22bba15001f/tokio-1.29.1/src/runtime/coop.rs:73:5
[INFO] [stdout]           tokio::runtime::park::CachedParkThread::block_on
[INFO] [stdout]                  at /opt/rustwide/cargo-home/registry/src/index.crates.io-6f17d22bba15001f/tokio-1.29.1/src/runtime/park.rs:283:31
[INFO] [stdout]       50: tokio::runtime::context::blocking::BlockingRegionGuard::block_on
[INFO] [stdout]                  at /opt/rustwide/cargo-home/registry/src/index.crates.io-6f17d22bba15001f/tokio-1.29.1/src/runtime/context/blocking.rs:66:9
[INFO] [stdout]       51: tokio::runtime::scheduler::multi_thread::MultiThread::block_on::{{closure}}
[INFO] [stdout]                  at /opt/rustwide/cargo-home/registry/src/index.crates.io-6f17d22bba15001f/tokio-1.29.1/src/runtime/scheduler/multi_thread/mod.rs:87:13
[INFO] [stdout]       52: tokio::runtime::context::runtime::enter_runtime
[INFO] [stdout]                  at /opt/rustwide/cargo-home/registry/src/index.crates.io-6f17d22bba15001f/tokio-1.29.1/src/runtime/context/runtime.rs:65:16
[INFO] [stdout]       53: tokio::runtime::scheduler::multi_thread::MultiThread::block_on
[INFO] [stdout]                  at /opt/rustwide/cargo-home/registry/src/index.crates.io-6f17d22bba15001f/tokio-1.29.1/src/runtime/scheduler/multi_thread/mod.rs:86:9
[INFO] [stdout]       54: tokio::runtime::runtime::Runtime::block_on
[INFO] [stdout]                  at /opt/rustwide/cargo-home/registry/src/index.crates.io-6f17d22bba15001f/tokio-1.29.1/src/runtime/runtime.rs:313:45
[INFO] [stdout]       55: eelco::main
[INFO] [stdout]                  at ./src/main.rs:55:5
[INFO] [stdout]       56: core::ops::function::FnOnce::call_once
[INFO] [stdout]                  at /rustc/0e09125c6c3c2fd70d7de961bcf0e51575235fad/library/core/src/ops/function.rs:250:5
[INFO] [stdout]       57: std::sys_common::backtrace::__rust_begin_short_backtrace
[INFO] [stdout]                  at /rustc/0e09125c6c3c2fd70d7de961bcf0e51575235fad/library/std/src/sys_common/backtrace.rs:155:18
[INFO] [stdout]       58: std::rt::lang_start::{{closure}}
[INFO] [stdout]                  at /rustc/0e09125c6c3c2fd70d7de961bcf0e51575235fad/library/std/src/rt.rs:166:18
[INFO] [stdout]       59: core::ops::function::impls::<impl core::ops::function::FnOnce<A> for &F>::call_once
[INFO] [stdout]                  at /rustc/0e09125c6c3c2fd70d7de961bcf0e51575235fad/library/core/src/ops/function.rs:284:13
[INFO] [stdout]           std::panicking::try::do_call
[INFO] [stdout]                  at /rustc/0e09125c6c3c2fd70d7de961bcf0e51575235fad/library/std/src/panicking.rs:552:40
[INFO] [stdout]           std::panicking::try
[INFO] [stdout]                  at /rustc/0e09125c6c3c2fd70d7de961bcf0e51575235fad/library/std/src/panicking.rs:516:19
[INFO] [stdout]           std::panic::catch_unwind
[INFO] [stdout]                  at /rustc/0e09125c6c3c2fd70d7de961bcf0e51575235fad/library/std/src/panic.rs:142:14
[INFO] [stdout]           std::rt::lang_start_internal::{{closure}}
[INFO] [stdout]                  at /rustc/0e09125c6c3c2fd70d7de961bcf0e51575235fad/library/std/src/rt.rs:148:48
[INFO] [stdout]           std::panicking::try::do_call
[INFO] [stdout]                  at /rustc/0e09125c6c3c2fd70d7de961bcf0e51575235fad/library/std/src/panicking.rs:552:40
[INFO] [stdout]           std::panicking::try
[INFO] [stdout]                  at /rustc/0e09125c6c3c2fd70d7de961bcf0e51575235fad/library/std/src/panicking.rs:516:19
[INFO] [stdout]           std::panic::catch_unwind
[INFO] [stdout]                  at /rustc/0e09125c6c3c2fd70d7de961bcf0e51575235fad/library/std/src/panic.rs:142:14
[INFO] [stdout]           std::rt::lang_start_internal
[INFO] [stdout]                  at /rustc/0e09125c6c3c2fd70d7de961bcf0e51575235fad/library/std/src/rt.rs:148:20
[INFO] [stdout]       60: std::rt::lang_start
[INFO] [stdout]                  at /rustc/0e09125c6c3c2fd70d7de961bcf0e51575235fad/library/std/src/rt.rs:165:17
[INFO] [stdout]       61: main
[INFO] [stdout]       62: <unknown>
[INFO] [stdout]       63: __libc_start_main
[INFO] [stdout]       64: _start
[INFO] [stdout] 
[INFO] [stdout] command=`"/opt/rustwide/target/debug/eelco" "nix" "/tmp/.tmpLMLbWn/we-dont-particularly-mind.md"`
[INFO] [stdout] code=1
[INFO] [stdout] stdout=""
[INFO] [stdout] stderr=<159 lines total>
[INFO] [stdout] ```
[INFO] [stdout] Error: missing prompt LFLine(\"nix-shnepl> nope\\n\")
[INFO] [stdout] 
[INFO] [stdout] Stack backtrace:
[INFO] [stdout]    0: anyhow::__private::format_err
[INFO] [stdout]              at /opt/rustwide/cargo-home/registry/src/index.crates.io-6f17d22bba15001f/anyhow-1.0.72/src/lib.rs:672:13
[INFO] [stdout]    1: <eelco::repl::driver::ReplQuery as core::convert::TryFrom<eelco::repl::driver::LFLine>>::try_from
[INFO] [stdout]              at ./src/repl/driver.rs:38:24
[INFO] [stdout]    2: <T as core::convert::TryInto<U>>::try_into
[INFO] [stdout]              at /rustc/0e09125c6c3c2fd70d7de961bcf0e51575235fad/library/core/src/convert/mod.rs:796:9
[INFO] [stdout]    3: <eelco::repl::example::ReplEntry as core::convert::TryFrom<(eelco::repl::driver::LFLine,eelco::repl::driver::LFLine)>>::try_from
[INFO] [stdout]              at ./src/repl/example.rs:58:20
[INFO] [stdout]    4: core::ops::function::FnMut::call_mut
[INFO] [stdout]              at /rustc/0e09125c6c3c2fd70d7de961bcf0e51575235fad/library/core/src/ops/function.rs:166:5
[INFO] [stdout]    5: core::iter::adapters::map::map_try_fold::{{closure}}
[INFO] [stdout]              at /rustc/0e09125c6c3c2fd70d7de961bcf0e51575235fad/library/core/src/iter/adapters/map.rs:92:28
[INFO] [stdout]    6: core::iter::traits::iterator::Iterator::try_fold
[INFO] [stdout]              at /rustc/0e09125c6c3c2fd70d7de961bcf0e51575235fad/library/core/src/iter/traits/iterator.rs:2462:21
[INFO] [stdout]    7: <core::iter::adapters::map::Map<I,F> as core::iter::traits::iterator::Iterator>::try_fold
[INFO] [stdout]              at /rustc/0e09125c6c3c2fd70d7de961bcf0e51575235fad/library/core/src/iter/adapters/map.rs:118:9
[INFO] [stdout]    8: <core::iter::adapters::GenericShunt<I,R> as core::iter::traits::iterator::Iterator>::try_fold
[INFO] [stdout] ```
[INFO] [stdout] <99 lines omitted>
[INFO] [stdout] ```
[INFO] [stdout]   51: tokio::runtime::scheduler::multi_thread::MultiThread::block_on::{{closure}}
[INFO] [stdout]              at /opt/rustwide/cargo-home/registry/src/index.crates.io-6f17d22bba15001f/tokio-1.29.1/src/runtime/scheduler/multi_thread/mod.rs:87:13
[INFO] [stdout]   52: tokio::runtime::context::runtime::enter_runtime
[INFO] [stdout]              at /opt/rustwide/cargo-home/registry/src/index.crates.io-6f17d22bba15001f/tokio-1.29.1/src/runtime/context/runtime.rs:65:16
[INFO] [stdout]   53: tokio::runtime::scheduler::multi_thread::MultiThread::block_on
[INFO] [stdout]              at /opt/rustwide/cargo-home/registry/src/index.crates.io-6f17d22bba15001f/tokio-1.29.1/src/runtime/scheduler/multi_thread/mod.rs:86:9
[INFO] [stdout]   54: tokio::runtime::runtime::Runtime::block_on
[INFO] [stdout]              at /opt/rustwide/cargo-home/registry/src/index.crates.io-6f17d22bba15001f/tokio-1.29.1/src/runtime/runtime.rs:313:45
[INFO] [stdout]   55: eelco::main
[INFO] [stdout]              at ./src/main.rs:55:5
[INFO] [stdout]   56: core::ops::function::FnOnce::call_once
[INFO] [stdout]              at /rustc/0e09125c6c3c2fd70d7de961bcf0e51575235fad/library/core/src/ops/function.rs:250:5
[INFO] [stdout]   57: std::sys_common::backtrace::__rust_begin_short_backtrace
[INFO] [stdout]              at /rustc/0e09125c6c3c2fd70d7de961bcf0e51575235fad/library/std/src/sys_common/backtrace.rs:155:18
[INFO] [stdout]   58: std::rt::lang_start::{{closure}}
[INFO] [stdout]              at /rustc/0e09125c6c3c2fd70d7de961bcf0e51575235fad/library/std/src/rt.rs:166:18
[INFO] [stdout]   59: core::ops::function::impls::<impl core::ops::function::FnOnce<A> for &F>::call_once
[INFO] [stdout]              at /rustc/0e09125c6c3c2fd70d7de961bcf0e51575235fad/library/core/src/ops/function.rs:284:13
[INFO] [stdout]       std::panicking::try::do_call
[INFO] [stdout]              at /rustc/0e09125c6c3c2fd70d7de961bcf0e51575235fad/library/std/src/panicking.rs:552:40
[INFO] [stdout]       std::panicking::try
[INFO] [stdout]              at /rustc/0e09125c6c3c2fd70d7de961bcf0e51575235fad/library/std/src/panicking.rs:516:19
[INFO] [stdout]       std::panic::catch_unwind
[INFO] [stdout]              at /rustc/0e09125c6c3c2fd70d7de961bcf0e51575235fad/library/std/src/panic.rs:142:14
[INFO] [stdout]       std::rt::lang_start_internal::{{closure}}
[INFO] [stdout]              at /rustc/0e09125c6c3c2fd70d7de961bcf0e51575235fad/library/std/src/rt.rs:148:48
[INFO] [stdout]       std::panicking::try::do_call
[INFO] [stdout]              at /rustc/0e09125c6c3c2fd70d7de961bcf0e51575235fad/library/std/src/panicking.rs:552:40
[INFO] [stdout]       std::panicking::try
[INFO] [stdout]              at /rustc/0e09125c6c3c2fd70d7de961bcf0e51575235fad/library/std/src/panicking.rs:516:19
[INFO] [stdout]       std::panic::catch_unwind
[INFO] [stdout]              at /rustc/0e09125c6c3c2fd70d7de961bcf0e51575235fad/library/std/src/panic.rs:142:14
[INFO] [stdout]       std::rt::lang_start_internal
[INFO] [stdout]              at /rustc/0e09125c6c3c2fd70d7de961bcf0e51575235fad/library/std/src/rt.rs:148:20
[INFO] [stdout]   60: std::rt::lang_start
[INFO] [stdout]              at /rustc/0e09125c6c3c2fd70d7de961bcf0e51575235fad/library/std/src/rt.rs:165:17
[INFO] [stdout]   61: main
[INFO] [stdout]   62: <unknown>
[INFO] [stdout]   63: __libc_start_main
[INFO] [stdout]   64: _start
[INFO] [stdout] ```
[INFO] [stdout] 
[INFO] [stdout] 
[INFO] [stdout] stack backtrace:
[INFO] [stdout]    0:     0x55bcb2c40686 - std::backtrace_rs::backtrace::libunwind::trace::h261606ad26a499c1
[INFO] [stdout]                                at /rustc/0e09125c6c3c2fd70d7de961bcf0e51575235fad/library/std/src/../../backtrace/src/backtrace/libunwind.rs:104:5
[INFO] [stdout]    1:     0x55bcb2c40686 - std::backtrace_rs::backtrace::trace_unsynchronized::hd183f0625477fb28
[INFO] [stdout]                                at /rustc/0e09125c6c3c2fd70d7de961bcf0e51575235fad/library/std/src/../../backtrace/src/backtrace/mod.rs:66:5
[INFO] [stdout]    2:     0x55bcb2c40686 - std::sys_common::backtrace::_print_fmt::hd7f8fef21b4eda67
[INFO] [stdout]                                at /rustc/0e09125c6c3c2fd70d7de961bcf0e51575235fad/library/std/src/sys_common/backtrace.rs:68:5
[INFO] [stdout]    3:     0x55bcb2c40686 - <std::sys_common::backtrace::_print::DisplayBacktrace as core::fmt::Display>::fmt::h623d9b51f2f453f1
[INFO] [stdout]                                at /rustc/0e09125c6c3c2fd70d7de961bcf0e51575235fad/library/std/src/sys_common/backtrace.rs:44:22
[INFO] [stdout]    4:     0x55bcb2c6adf0 - core::fmt::rt::Argument::fmt::h9f417ac76a86f368
[INFO] [stdout]                                at /rustc/0e09125c6c3c2fd70d7de961bcf0e51575235fad/library/core/src/fmt/rt.rs:142:9
[INFO] [stdout]    5:     0x55bcb2c6adf0 - core::fmt::write::hc9b6faf4ac2aeff7
[INFO] [stdout]                                at /rustc/0e09125c6c3c2fd70d7de961bcf0e51575235fad/library/core/src/fmt/mod.rs:1120:17
[INFO] [stdout]    6:     0x55bcb2c3d75f - std::io::Write::write_fmt::he04625a3a989fec3
[INFO] [stdout]                                at /rustc/0e09125c6c3c2fd70d7de961bcf0e51575235fad/library/std/src/io/mod.rs:1810:15
[INFO] [stdout]    7:     0x55bcb2c40464 - std::sys_common::backtrace::_print::hd5d66399c7df88a2
[INFO] [stdout]                                at /rustc/0e09125c6c3c2fd70d7de961bcf0e51575235fad/library/std/src/sys_common/backtrace.rs:47:5
[INFO] [stdout]    8:     0x55bcb2c40464 - std::sys_common::backtrace::print::he81ed2da642d37e5
[INFO] [stdout]                                at /rustc/0e09125c6c3c2fd70d7de961bcf0e51575235fad/library/std/src/sys_common/backtrace.rs:34:9
[INFO] [stdout]    9:     0x55bcb2c42257 - std::panicking::default_hook::{{closure}}::h85773f4fa117163d
[INFO] [stdout]   10:     0x55bcb2c41f3d - std::panicking::default_hook::h6a1694a91d09b278
[INFO] [stdout]                                at /rustc/0e09125c6c3c2fd70d7de961bcf0e51575235fad/library/std/src/panicking.rs:289:9
[INFO] [stdout]   11:     0x55bcb2b97137 - <alloc::boxed::Box<F,A> as core::ops::function::Fn<Args>>::call::h616ac37fa3cd6c8f
[INFO] [stdout]                                at /rustc/0e09125c6c3c2fd70d7de961bcf0e51575235fad/library/alloc/src/boxed.rs:2029:9
[INFO] [stdout]   12:     0x55bcb2b97137 - test::test_main::{{closure}}::h00d84697cefdcbb6
[INFO] [stdout]                                at /rustc/0e09125c6c3c2fd70d7de961bcf0e51575235fad/library/test/src/lib.rs:138:21
[INFO] [stdout]   13:     0x55bcb2c42876 - <alloc::boxed::Box<F,A> as core::ops::function::Fn<Args>>::call::hcb3fe3b9bb537ba8
[INFO] [stdout]                                at /rustc/0e09125c6c3c2fd70d7de961bcf0e51575235fad/library/alloc/src/boxed.rs:2029:9
[INFO] [stdout]   14:     0x55bcb2c42876 - std::panicking::rust_panic_with_hook::h0a7ad96e90f7145b
[INFO] [stdout]                                at /rustc/0e09125c6c3c2fd70d7de961bcf0e51575235fad/library/std/src/panicking.rs:783:13
[INFO] [stdout]   15:     0x55bcb2c425c2 - std::panicking::begin_panic_handler::{{closure}}::h7919090525c6485e
[INFO] [stdout]                                at /rustc/0e09125c6c3c2fd70d7de961bcf0e51575235fad/library/std/src/panicking.rs:657:13
[INFO] [stdout]   16:     0x55bcb2c40b86 - std::sys_common::backtrace::__rust_end_short_backtrace::hf3289479464f7dfe
[INFO] [stdout]                                at /rustc/0e09125c6c3c2fd70d7de961bcf0e51575235fad/library/std/src/sys_common/backtrace.rs:171:18
[INFO] [stdout]   17:     0x55bcb2c42320 - rust_begin_unwind
[INFO] [stdout]                                at /rustc/0e09125c6c3c2fd70d7de961bcf0e51575235fad/library/std/src/panicking.rs:645:5
[INFO] [stdout]   18:     0x55bcb2b5f525 - core::panicking::panic_fmt::hcc9f77c5c132af55
[INFO] [stdout]                                at /rustc/0e09125c6c3c2fd70d7de961bcf0e51575235fad/library/core/src/panicking.rs:72:14
[INFO] [stdout]   19:     0x55bcb2ba9a2f - core::panicking::panic_display::h1ed96268ec78b4ff
[INFO] [stdout]                                at /rustc/0e09125c6c3c2fd70d7de961bcf0e51575235fad/library/core/src/panicking.rs:196:5
[INFO] [stdout]   20:     0x55bcb2bad2ee - assert_cmd::assert::AssertError::panic::panic_cold_display::h80636a119243e4f4
[INFO] [stdout]                                at /rustc/0e09125c6c3c2fd70d7de961bcf0e51575235fad/library/core/src/panic.rs:99:13
[INFO] [stdout]   21:     0x55bcb2bacc67 - assert_cmd::assert::AssertError::panic::hcc0d0f89057c1060
[INFO] [stdout]                                at /opt/rustwide/cargo-home/registry/src/index.crates.io-6f17d22bba15001f/assert_cmd-2.0.12/src/assert.rs:1033:9
[INFO] [stdout]   22:     0x55bcb2ba2c67 - core::ops::function::FnOnce::call_once::h95d668601e9e0ff6
[INFO] [stdout]                                at /rustc/0e09125c6c3c2fd70d7de961bcf0e51575235fad/library/core/src/ops/function.rs:250:5
[INFO] [stdout]   23:     0x55bcb2ba90a0 - core::result::Result<T,E>::unwrap_or_else::h7830e6de1ebcf86f
[INFO] [stdout]                                at /rustc/0e09125c6c3c2fd70d7de961bcf0e51575235fad/library/core/src/result.rs:1426:23
[INFO] [stdout]   24:     0x55bcb2b605a5 - assert_cmd::assert::Assert::stderr::h8560254d3964d2e7
[INFO] [stdout]                                at /opt/rustwide/cargo-home/registry/src/index.crates.io-6f17d22bba15001f/assert_cmd-2.0.12/src/assert.rs:460:9
[INFO] [stdout]   25:     0x55bcb2b62567 - simple::example_fails_to_parse::{{closure}}::hc3e14eb7f5fcecd0
[INFO] [stdout]                                at /opt/rustwide/workdir/crates/eelco/tests/simple.rs:26:9
[INFO] [stdout]   26:     0x55bcb2b612c2 - util::with_eelco::h550529a863f42c56
[INFO] [stdout]                                at /opt/rustwide/workdir/crates/util/src/lib.rs:9:5
[INFO] [stdout]   27:     0x55bcb2b624c6 - simple::example_fails_to_parse::hf2ba4ea31bad38f4
[INFO] [stdout]                                at /opt/rustwide/workdir/crates/eelco/tests/simple.rs:17:5
[INFO] [stdout]   28:     0x55bcb2b624a7 - simple::example_fails_to_parse::{{closure}}::h941e4e69c5cec6d9
[INFO] [stdout]                                at /opt/rustwide/workdir/crates/eelco/tests/simple.rs:16:28
[INFO] [stdout]   29:     0x55bcb2b60b96 - core::ops::function::FnOnce::call_once::hf31651579bdcea10
[INFO] [stdout]                                at /rustc/0e09125c6c3c2fd70d7de961bcf0e51575235fad/library/core/src/ops/function.rs:250:5
[INFO] [stdout]   30:     0x55bcb2b9ca0f - core::ops::function::FnOnce::call_once::hd64d26f405258157
[INFO] [stdout]                                at /rustc/0e09125c6c3c2fd70d7de961bcf0e51575235fad/library/core/src/ops/function.rs:250:5
[INFO] [stdout]   31:     0x55bcb2b9ca0f - test::__rust_begin_short_backtrace::he21b0b7a6d731bf9
[INFO] [stdout]                                at /rustc/0e09125c6c3c2fd70d7de961bcf0e51575235fad/library/test/src/lib.rs:627:18
[INFO] [stdout]   32:     0x55bcb2b9b791 - test::run_test_in_process::{{closure}}::hf5c73986d7bdfde2
[INFO] [stdout]                                at /rustc/0e09125c6c3c2fd70d7de961bcf0e51575235fad/library/test/src/lib.rs:650:60
[INFO] [stdout]   33:     0x55bcb2b9b791 - <core::panic::unwind_safe::AssertUnwindSafe<F> as core::ops::function::FnOnce<()>>::call_once::h330011ad032aadc0
[INFO] [stdout]                                at /rustc/0e09125c6c3c2fd70d7de961bcf0e51575235fad/library/core/src/panic/unwind_safe.rs:272:9
[INFO] [stdout]   34:     0x55bcb2b9b791 - std::panicking::try::do_call::he61b0a958b795a41
[INFO] [stdout]                                at /rustc/0e09125c6c3c2fd70d7de961bcf0e51575235fad/library/std/src/panicking.rs:552:40
[INFO] [stdout]   35:     0x55bcb2b9b791 - std::panicking::try::h7309da130f906eb7
[INFO] [stdout]                                at /rustc/0e09125c6c3c2fd70d7de961bcf0e51575235fad/library/std/src/panicking.rs:516:19
[INFO] [stdout]   36:     0x55bcb2b9b791 - std::panic::catch_unwind::hc5c3a06fdaf0a92a
[INFO] [stdout]                                at /rustc/0e09125c6c3c2fd70d7de961bcf0e51575235fad/library/std/src/panic.rs:142:14
[INFO] [stdout]   37:     0x55bcb2b9b791 - test::run_test_in_process::h7e7b7c71c3324e0f
[INFO] [stdout]                                at /rustc/0e09125c6c3c2fd70d7de961bcf0e51575235fad/library/test/src/lib.rs:650:27
[INFO] [stdout]   38:     0x55bcb2b9b791 - test::run_test::{{closure}}::h1f509f28f5cf20b1
[INFO] [stdout]                                at /rustc/0e09125c6c3c2fd70d7de961bcf0e51575235fad/library/test/src/lib.rs:573:43
[INFO] [stdout]   39:     0x55bcb2b62ac6 - test::run_test::{{closure}}::h1754218abf443f6d
[INFO] [stdout]                                at /rustc/0e09125c6c3c2fd70d7de961bcf0e51575235fad/library/test/src/lib.rs:601:41
[INFO] [stdout]   40:     0x55bcb2b62ac6 - std::sys_common::backtrace::__rust_begin_short_backtrace::h2ee174b9d5954948
[INFO] [stdout]                                at /rustc/0e09125c6c3c2fd70d7de961bcf0e51575235fad/library/std/src/sys_common/backtrace.rs:155:18
[INFO] [stdout]   41:     0x55bcb2b67b27 - std::thread::Builder::spawn_unchecked_::{{closure}}::{{closure}}::hf60bee9c1a17ef09
[INFO] [stdout]                                at /rustc/0e09125c6c3c2fd70d7de961bcf0e51575235fad/library/std/src/thread/mod.rs:529:17
[INFO] [stdout]   42:     0x55bcb2b67b27 - <core::panic::unwind_safe::AssertUnwindSafe<F> as core::ops::function::FnOnce<()>>::call_once::h33d0dddec5216160
[INFO] [stdout]                                at /rustc/0e09125c6c3c2fd70d7de961bcf0e51575235fad/library/core/src/panic/unwind_safe.rs:272:9
[INFO] [stdout]   43:     0x55bcb2b67b27 - std::panicking::try::do_call::h144b3048b546f835
[INFO] [stdout]                                at /rustc/0e09125c6c3c2fd70d7de961bcf0e51575235fad/library/std/src/panicking.rs:552:40
[INFO] [stdout]   44:     0x55bcb2b67b27 - std::panicking::try::h978244d04646189f
[INFO] [stdout]                                at /rustc/0e09125c6c3c2fd70d7de961bcf0e51575235fad/library/std/src/panicking.rs:516:19
[INFO] [stdout]   45:     0x55bcb2b67b27 - std::panic::catch_unwind::hdf436369d188fe86
[INFO] [stdout]                                at /rustc/0e09125c6c3c2fd70d7de961bcf0e51575235fad/library/std/src/panic.rs:142:14
[INFO] [stdout]   46:     0x55bcb2b67b27 - std::thread::Builder::spawn_unchecked_::{{closure}}::h87329cbdd33c79ec
[INFO] [stdout]                                at /rustc/0e09125c6c3c2fd70d7de961bcf0e51575235fad/library/std/src/thread/mod.rs:528:30
[INFO] [stdout]   47:     0x55bcb2b67b27 - core::ops::function::FnOnce::call_once{{vtable.shim}}::h401abbe67897d450
[INFO] [stdout]                                at /rustc/0e09125c6c3c2fd70d7de961bcf0e51575235fad/library/core/src/ops/function.rs:250:5
[INFO] [stdout]   48:     0x55bcb2c48665 - <alloc::boxed::Box<F,A> as core::ops::function::FnOnce<Args>>::call_once::h5d7c8f150ab9c84c
[INFO] [stdout]                                at /rustc/0e09125c6c3c2fd70d7de961bcf0e51575235fad/library/alloc/src/boxed.rs:2015:9
[INFO] [stdout]   49:     0x55bcb2c48665 - <alloc::boxed::Box<F,A> as core::ops::function::FnOnce<Args>>::call_once::h570d5b005c242c15
[INFO] [stdout]                                at /rustc/0e09125c6c3c2fd70d7de961bcf0e51575235fad/library/alloc/src/boxed.rs:2015:9
[INFO] [stdout]   50:     0x55bcb2c48665 - std::sys::unix::thread::Thread::new::thread_start::h36b0a20c0b2361ad
[INFO] [stdout]                                at /rustc/0e09125c6c3c2fd70d7de961bcf0e51575235fad/library/std/src/sys/unix/thread.rs:108:17
[INFO] [stdout]   51:     0x7f5ab6253ac3 - <unknown>
[INFO] [stdout]   52:     0x7f5ab62e4bf4 - __clone
[INFO] [stdout]   53:                0x0 - <unknown>
[INFO] [stdout] 
[INFO] [stdout] 
[INFO] [stdout] failures:
[INFO] [stdout]     empty_file
[INFO] [stdout]     example_fails_to_parse
[INFO] [stdout]     pass
[INFO] [stdout] 
[INFO] [stdout] test result: FAILED. 0 passed; 3 failed; 0 ignored; 0 measured; 0 filtered out; finished in 0.48s
[INFO] [stdout] 
[INFO] running `Command { std: "docker" "inspect" "bf70e3d3f4e95f3dc223cd2ba0233111585730f42225db9b7feaef04fece71d9", kill_on_drop: false }`
[INFO] running `Command { std: "docker" "rm" "-f" "bf70e3d3f4e95f3dc223cd2ba0233111585730f42225db9b7feaef04fece71d9", kill_on_drop: false }`
[INFO] [stdout] bf70e3d3f4e95f3dc223cd2ba0233111585730f42225db9b7feaef04fece71d9
