[INFO] cloning repository https://github.com/mehcode/axal
[INFO] running `Command { std: "git" "-c" "credential.helper=" "-c" "credential.helper=/workspace/cargo-home/bin/git-credential-null" "clone" "--bare" "https://github.com/mehcode/axal" "/workspace/cache/git-repos/https%3A%2F%2Fgithub.com%2Fmehcode%2Faxal", kill_on_drop: false }`
[INFO] [stderr] Cloning into bare repository '/workspace/cache/git-repos/https%3A%2F%2Fgithub.com%2Fmehcode%2Faxal'...
[INFO] running `Command { std: "git" "rev-parse" "HEAD", kill_on_drop: false }`
[INFO] [stdout] d213c9f75de431af61c7226e44ba66f9d475858d
[INFO] testing mehcode/axal against 1.75.0 for beta-1.76-1
[INFO] running `Command { std: "git" "clone" "/workspace/cache/git-repos/https%3A%2F%2Fgithub.com%2Fmehcode%2Faxal" "/workspace/builds/worker-3-tc1/source", kill_on_drop: false }`
[INFO] [stderr] Cloning into '/workspace/builds/worker-3-tc1/source'...
[INFO] [stderr] done.
[INFO] validating manifest of git repo https://github.com/mehcode/axal on toolchain 1.75.0
[INFO] running `Command { std: CARGO_HOME="/workspace/cargo-home" RUSTUP_HOME="/workspace/rustup-home" "/workspace/cargo-home/bin/cargo" "+1.75.0" "metadata" "--manifest-path" "Cargo.toml" "--no-deps", kill_on_drop: false }`
[INFO] started tweaking git repo https://github.com/mehcode/axal
[INFO] finished tweaking git repo https://github.com/mehcode/axal
[INFO] tweaked toml for git repo https://github.com/mehcode/axal written to /workspace/builds/worker-3-tc1/source/Cargo.toml
[INFO] crate git repo https://github.com/mehcode/axal already has a lockfile, it will not be regenerated
[INFO] running `Command { std: CARGO_HOME="/workspace/cargo-home" RUSTUP_HOME="/workspace/rustup-home" "/workspace/cargo-home/bin/cargo" "+1.75.0" "fetch" "--manifest-path" "Cargo.toml", kill_on_drop: false }`
[INFO] [stderr]  Downloading crates ...
[INFO] [stderr]   Downloaded gcc v0.3.41
[INFO] [stderr]   Downloaded cmake v0.1.20
[INFO] [stderr]   Downloaded libc v0.2.19
[INFO] running `Command { std: "docker" "create" "-v" "/var/lib/crater-agent-workspace/builds/worker-3-tc1/target:/opt/rustwide/target:rw,Z" "-v" "/var/lib/crater-agent-workspace/builds/worker-3-tc1/source:/opt/rustwide/workdir:ro,Z" "-v" "/var/lib/crater-agent-workspace/cargo-home:/opt/rustwide/cargo-home:ro,Z" "-v" "/var/lib/crater-agent-workspace/rustup-home:/opt/rustwide/rustup-home:ro,Z" "-e" "SOURCE_DIR=/opt/rustwide/workdir" "-e" "CARGO_TARGET_DIR=/opt/rustwide/target" "-e" "CARGO_HOME=/opt/rustwide/cargo-home" "-e" "RUSTUP_HOME=/opt/rustwide/rustup-home" "-w" "/opt/rustwide/workdir" "-m" "1610612736" "--user" "0:0" "--network" "none" "ghcr.io/rust-lang/crates-build-env/linux@sha256:2788e3201cd34a07e3172128adcd8b3090168a8e3bcc40d7c032b9dda1df7d1c" "/opt/rustwide/cargo-home/bin/cargo" "+1.75.0" "metadata" "--no-deps" "--format-version=1", kill_on_drop: false }`
[INFO] [stdout] fd0bca2c017bdd7a31aeadd02708b2ce7866f855b1d1c6eb7e02f1593d4abd75
[INFO] running `Command { std: "docker" "start" "-a" "fd0bca2c017bdd7a31aeadd02708b2ce7866f855b1d1c6eb7e02f1593d4abd75", kill_on_drop: false }`
[INFO] running `Command { std: "docker" "inspect" "fd0bca2c017bdd7a31aeadd02708b2ce7866f855b1d1c6eb7e02f1593d4abd75", kill_on_drop: false }`
[INFO] running `Command { std: "docker" "rm" "-f" "fd0bca2c017bdd7a31aeadd02708b2ce7866f855b1d1c6eb7e02f1593d4abd75", kill_on_drop: false }`
[INFO] [stdout] fd0bca2c017bdd7a31aeadd02708b2ce7866f855b1d1c6eb7e02f1593d4abd75
[INFO] running `Command { std: "docker" "create" "-v" "/var/lib/crater-agent-workspace/builds/worker-3-tc1/target:/opt/rustwide/target:rw,Z" "-v" "/var/lib/crater-agent-workspace/builds/worker-3-tc1/source:/opt/rustwide/workdir:ro,Z" "-v" "/var/lib/crater-agent-workspace/cargo-home:/opt/rustwide/cargo-home:ro,Z" "-v" "/var/lib/crater-agent-workspace/rustup-home:/opt/rustwide/rustup-home:ro,Z" "-e" "SOURCE_DIR=/opt/rustwide/workdir" "-e" "CARGO_TARGET_DIR=/opt/rustwide/target" "-e" "CARGO_INCREMENTAL=0" "-e" "RUST_BACKTRACE=full" "-e" "RUSTFLAGS=--cap-lints=warn" "-e" "RUSTDOCFLAGS=--cap-lints=warn" "-e" "CARGO_HOME=/opt/rustwide/cargo-home" "-e" "RUSTUP_HOME=/opt/rustwide/rustup-home" "-w" "/opt/rustwide/workdir" "-m" "1610612736" "--user" "0:0" "--network" "none" "ghcr.io/rust-lang/crates-build-env/linux@sha256:2788e3201cd34a07e3172128adcd8b3090168a8e3bcc40d7c032b9dda1df7d1c" "/opt/rustwide/cargo-home/bin/cargo" "+1.75.0" "build" "--frozen" "--message-format=json", kill_on_drop: false }`
[INFO] [stdout] 89056420562e7bcb3d7b918a7a7a7b14ae3e596c9e8a662947ea4d99e52ba29b
[INFO] running `Command { std: "docker" "start" "-a" "89056420562e7bcb3d7b918a7a7a7b14ae3e596c9e8a662947ea4d99e52ba29b", kill_on_drop: false }`
[INFO] [stderr]    Compiling gcc v0.3.41
[INFO] [stderr]    Compiling libc v0.2.19
[INFO] [stderr]    Compiling cmake v0.1.20
[INFO] [stderr]    Compiling axal v0.1.0 (/opt/rustwide/workdir)
[INFO] [stderr] error: failed to run custom build command for `axal v0.1.0 (/opt/rustwide/workdir)`
[INFO] [stderr] note: To improve backtraces for build dependencies, set the CARGO_PROFILE_DEV_BUILD_OVERRIDE_DEBUG=true environment variable to enable debug information generation.
[INFO] [stderr] 
[INFO] [stderr] Caused by:
[INFO] [stderr]   process didn't exit successfully: `/opt/rustwide/target/debug/build/axal-5b477a3040cf9e06/build-script-build` (exit status: 101)
[INFO] [stderr]   --- stdout
[INFO] [stderr]   running: cd "/opt/rustwide/target/debug/build/axal-054c8e81edbff3f8/out/build" && CMAKE_PREFIX_PATH="" "cmake" "/opt/rustwide/workdir/" "-DCMAKE_INSTALL_PREFIX=/opt/rustwide/target/debug/build/axal-054c8e81edbff3f8/out" "-DCMAKE_C_FLAGS= -ffunction-sections -fdata-sections -m64 -fPIC" "-DCMAKE_C_COMPILER=/usr/bin/cc" "-DCMAKE_CXX_FLAGS= -ffunction-sections -fdata-sections -m64 -fPIC" "-DCMAKE_CXX_COMPILER=/usr/bin/c++" "-DCMAKE_BUILD_TYPE=Debug"
[INFO] [stderr]   -- The C compiler identification is GNU 11.4.0
[INFO] [stderr]   -- The CXX compiler identification is GNU 11.4.0
[INFO] [stderr]   -- Detecting C compiler ABI info
[INFO] [stderr]   -- Detecting C compiler ABI info - done
[INFO] [stderr]   -- Check for working C compiler: /usr/bin/cc - skipped
[INFO] [stderr]   -- Detecting C compile features
[INFO] [stderr]   -- Detecting C compile features - done
[INFO] [stderr]   -- Detecting CXX compiler ABI info
[INFO] [stderr]   -- Detecting CXX compiler ABI info - done
[INFO] [stderr]   -- Check for working CXX compiler: /usr/bin/c++ - skipped
[INFO] [stderr]   -- Detecting CXX compile features
[INFO] [stderr]   -- Detecting CXX compile features - done
[INFO] [stderr]   -- Found OpenGL: /usr/lib/x86_64-linux-gnu/libOpenGL.so   
[INFO] [stderr]   -- Looking for pthread.h
[INFO] [stderr]   -- Looking for pthread.h - found
[INFO] [stderr]   -- Performing Test CMAKE_HAVE_LIBC_PTHREAD
[INFO] [stderr]   -- Performing Test CMAKE_HAVE_LIBC_PTHREAD - Success
[INFO] [stderr]   -- Found Threads: TRUE  
[INFO] [stderr]   -- Configuring done
[INFO] [stderr]   -- Generating done
[INFO] [stderr]   -- Build files have been written to: /opt/rustwide/target/debug/build/axal-054c8e81edbff3f8/out/build
[INFO] [stderr]   running: cd "/opt/rustwide/target/debug/build/axal-054c8e81edbff3f8/out/build" && "cmake" "--build" "." "--target" "install" "--config" "Debug" "--" "-j8"
[INFO] [stderr]   [  6%] Automatic MOC for target axal
[INFO] [stderr]   [ 12%] Automatic MOC for target libaxal
[INFO] [stderr]   [ 12%] Built target axal_autogen
[INFO] [stderr]   [ 12%] Built target libaxal_autogen
[INFO] [stderr]   [ 18%] Building CXX object CMakeFiles/axal.dir/axal_autogen/mocs_compilation.cpp.o
[INFO] [stderr]   [ 31%] Building CXX object CMakeFiles/axal.dir/src/library.cpp.o
[INFO] [stderr]   [ 31%] Building CXX object CMakeFiles/axal.dir/src/main.cpp.o
[INFO] [stderr]   [ 43%] Building CXX object CMakeFiles/axal.dir/src/player.cpp.o
[INFO] [stderr]   [ 43%] Building CXX object CMakeFiles/axal.dir/src/runtime.cpp.o
[INFO] [stderr]   [ 50%] Building CXX object CMakeFiles/libaxal.dir/src/library.cpp.o
[INFO] [stderr]   [ 56%] Building CXX object CMakeFiles/libaxal.dir/libaxal_autogen/mocs_compilation.cpp.o
[INFO] [stderr]   [ 62%] Building CXX object CMakeFiles/libaxal.dir/src/main.cpp.o
[INFO] [stderr]   [ 68%] Building CXX object CMakeFiles/libaxal.dir/src/player.cpp.o
[INFO] [stderr]   [ 75%] Building CXX object CMakeFiles/axal.dir/src/viewport.cpp.o
[INFO] [stderr]   [ 81%] Building CXX object CMakeFiles/libaxal.dir/src/runtime.cpp.o
[INFO] [stderr]   [ 87%] Building CXX object CMakeFiles/libaxal.dir/src/viewport.cpp.o
[INFO] [stderr]   [ 93%] Linking CXX static library libaxal.a
[INFO] [stderr]   [ 93%] Built target libaxal
[INFO] [stderr] 
[INFO] [stderr]   --- stderr
[INFO] [stderr]   CMake Deprecation Warning at CMakeLists.txt:1 (cmake_minimum_required):
[INFO] [stderr]     Compatibility with CMake < 2.8.12 will be removed from a future version of
[INFO] [stderr]     CMake.
[INFO] [stderr] 
[INFO] [stderr]     Update the VERSION argument <min> value or use a ...<max> suffix to tell
[INFO] [stderr]     CMake that the project does not need compatibility with older versions.
[INFO] [stderr] 
[INFO] [stderr] 
[INFO] [stderr]   CMake Warning (dev) at /usr/share/cmake-3.22/Modules/FindOpenGL.cmake:315 (message):
[INFO] [stderr]     Policy CMP0072 is not set: FindOpenGL prefers GLVND by default when
[INFO] [stderr]     available.  Run "cmake --help-policy CMP0072" for policy details.  Use the
[INFO] [stderr]     cmake_policy command to set the policy and suppress this warning.
[INFO] [stderr] 
[INFO] [stderr]     FindOpenGL found both a legacy GL library:
[INFO] [stderr] 
[INFO] [stderr]       OPENGL_gl_LIBRARY: /usr/lib/x86_64-linux-gnu/libGL.so
[INFO] [stderr] 
[INFO] [stderr]     and GLVND libraries for OpenGL and GLX:
[INFO] [stderr] 
[INFO] [stderr]       OPENGL_opengl_LIBRARY: /usr/lib/x86_64-linux-gnu/libOpenGL.so
[INFO] [stderr]       OPENGL_glx_LIBRARY: /usr/lib/x86_64-linux-gnu/libGLX.so
[INFO] [stderr] 
[INFO] [stderr]     OpenGL_GL_PREFERENCE has not been set to "GLVND" or "LEGACY", so for
[INFO] [stderr]     compatibility with CMake 3.10 and below the legacy GL library will be used.
[INFO] [stderr]   Call Stack (most recent call first):
[INFO] [stderr]     CMakeLists.txt:14 (find_package)
[INFO] [stderr]   This warning is for project developers.  Use -Wno-dev to suppress it.
[INFO] [stderr] 
[INFO] [stderr]   c++: fatal error: Killed signal terminated program cc1plus
[INFO] [stderr]   compilation terminated.
[INFO] [stderr]   gmake[2]: *** [CMakeFiles/axal.dir/build.make:118: CMakeFiles/axal.dir/src/player.cpp.o] Error 1
[INFO] [stderr]   gmake[2]: *** Waiting for unfinished jobs....
[INFO] [stderr]   gmake[1]: *** [CMakeFiles/Makefile2:87: CMakeFiles/axal.dir/all] Error 2
[INFO] [stderr]   gmake[1]: *** Waiting for unfinished jobs....
[INFO] [stderr]   gmake: *** [Makefile:136: all] Error 2
[INFO] [stderr]   thread 'main' panicked at /opt/rustwide/cargo-home/registry/src/index.crates.io-6f17d22bba15001f/cmake-0.1.20/src/lib.rs:573:5:
[INFO] [stderr] 
[INFO] [stderr]   command did not execute successfully, got: exit status: 2
[INFO] [stderr] 
[INFO] [stderr]   build script failed, must exit now
[INFO] [stderr]   stack backtrace:
[INFO] [stderr]      0:     0x55d92303665c - std::backtrace_rs::backtrace::libunwind::trace::ha637c64ce894333a
[INFO] [stderr]                                  at /rustc/82e1608dfa6e0b5569232559e3d385fea5a93112/library/std/src/../../backtrace/src/backtrace/libunwind.rs:104:5
[INFO] [stderr]      1:     0x55d92303665c - std::backtrace_rs::backtrace::trace_unsynchronized::h47f62dea28e0c88d
[INFO] [stderr]                                  at /rustc/82e1608dfa6e0b5569232559e3d385fea5a93112/library/std/src/../../backtrace/src/backtrace/mod.rs:66:5
[INFO] [stderr]      2:     0x55d92303665c - std::sys_common::backtrace::_print_fmt::h9eef0abe20ede486
[INFO] [stderr]                                  at /rustc/82e1608dfa6e0b5569232559e3d385fea5a93112/library/std/src/sys_common/backtrace.rs:67:5
[INFO] [stderr]      3:     0x55d92303665c - <std::sys_common::backtrace::_print::DisplayBacktrace as core::fmt::Display>::fmt::hed7f999df88cc644
[INFO] [stderr]                                  at /rustc/82e1608dfa6e0b5569232559e3d385fea5a93112/library/std/src/sys_common/backtrace.rs:44:22
[INFO] [stderr]      4:     0x55d92305b9d0 - core::fmt::rt::Argument::fmt::h1539a9308b8d058d
[INFO] [stderr]                                  at /rustc/82e1608dfa6e0b5569232559e3d385fea5a93112/library/core/src/fmt/rt.rs:142:9
[INFO] [stderr]      5:     0x55d92305b9d0 - core::fmt::write::h3a39390d8560d9c9
[INFO] [stderr]                                  at /rustc/82e1608dfa6e0b5569232559e3d385fea5a93112/library/core/src/fmt/mod.rs:1120:17
[INFO] [stderr]      6:     0x55d923033f2f - std::io::Write::write_fmt::h5fc9997dfe05f882
[INFO] [stderr]                                  at /rustc/82e1608dfa6e0b5569232559e3d385fea5a93112/library/std/src/io/mod.rs:1762:15
[INFO] [stderr]      7:     0x55d923036444 - std::sys_common::backtrace::_print::h894006fb5c6f3d45
[INFO] [stderr]                                  at /rustc/82e1608dfa6e0b5569232559e3d385fea5a93112/library/std/src/sys_common/backtrace.rs:47:5
[INFO] [stderr]      8:     0x55d923036444 - std::sys_common::backtrace::print::h23a2d212c6fff936
[INFO] [stderr]                                  at /rustc/82e1608dfa6e0b5569232559e3d385fea5a93112/library/std/src/sys_common/backtrace.rs:34:9
[INFO] [stderr]      9:     0x55d923037b67 - std::panicking::default_hook::{{closure}}::h8a1d2ee00185001a
[INFO] [stderr]     10:     0x55d9230378cf - std::panicking::default_hook::h6038f2eba384e475
[INFO] [stderr]                                  at /rustc/82e1608dfa6e0b5569232559e3d385fea5a93112/library/std/src/panicking.rs:292:9
[INFO] [stderr]     11:     0x55d923037fe8 - std::panicking::rust_panic_with_hook::h2b5517d590cab22e
[INFO] [stderr]                                  at /rustc/82e1608dfa6e0b5569232559e3d385fea5a93112/library/std/src/panicking.rs:779:13
[INFO] [stderr]     12:     0x55d923037ece - std::panicking::begin_panic_handler::{{closure}}::h233112c06e0ef43e
[INFO] [stderr]                                  at /rustc/82e1608dfa6e0b5569232559e3d385fea5a93112/library/std/src/panicking.rs:657:13
[INFO] [stderr]     13:     0x55d923036b26 - std::sys_common::backtrace::__rust_end_short_backtrace::h6e893f24d7ebbff8
[INFO] [stderr]                                  at /rustc/82e1608dfa6e0b5569232559e3d385fea5a93112/library/std/src/sys_common/backtrace.rs:170:18
[INFO] [stderr]     14:     0x55d923037c32 - rust_begin_unwind
[INFO] [stderr]                                  at /rustc/82e1608dfa6e0b5569232559e3d385fea5a93112/library/std/src/panicking.rs:645:5
[INFO] [stderr]     15:     0x55d922ff1565 - core::panicking::panic_fmt::hbf0e066aabfa482c
[INFO] [stderr]                                  at /rustc/82e1608dfa6e0b5569232559e3d385fea5a93112/library/core/src/panicking.rs:72:14
[INFO] [stderr]     16:     0x55d922ffaac1 - cmake::fail::hc72ea4040493e8b4
[INFO] [stderr]     17:     0x55d922ffa1c7 - cmake::run::h4b340ea99dabc825
[INFO] [stderr]     18:     0x55d922ff7e78 - cmake::Config::build::h2eb60edfe56c3ce3
[INFO] [stderr]     19:     0x55d922ff2583 - cmake::build::h74c601afe43f73dd
[INFO] [stderr]     20:     0x55d922ff2a51 - build_script_build::main::hb2bb6662b9f0725c
[INFO] [stderr]     21:     0x55d922ff2123 - core::ops::function::FnOnce::call_once::h4f2f946f40811d97
[INFO] [stderr]     22:     0x55d922ff1e46 - std::sys_common::backtrace::__rust_begin_short_backtrace::hca162939729c3fd0
[INFO] [stderr]     23:     0x55d922ff1e99 - std::rt::lang_start::{{closure}}::h01c3aa5d84395f27
[INFO] [stderr]     24:     0x55d9230304a7 - core::ops::function::impls::<impl core::ops::function::FnOnce<A> for &F>::call_once::hd95060ecd5e1ca24
[INFO] [stderr]                                  at /rustc/82e1608dfa6e0b5569232559e3d385fea5a93112/library/core/src/ops/function.rs:284:13
[INFO] [stderr]     25:     0x55d9230304a7 - std::panicking::try::do_call::h6e8cf51db32a6e4b
[INFO] [stderr]                                  at /rustc/82e1608dfa6e0b5569232559e3d385fea5a93112/library/std/src/panicking.rs:552:40
[INFO] [stderr]     26:     0x55d9230304a7 - std::panicking::try::h3a52eefe24fe3c29
[INFO] [stderr]                                  at /rustc/82e1608dfa6e0b5569232559e3d385fea5a93112/library/std/src/panicking.rs:516:19
[INFO] [stderr]     27:     0x55d9230304a7 - std::panic::catch_unwind::h24c28c23c02c3841
[INFO] [stderr]                                  at /rustc/82e1608dfa6e0b5569232559e3d385fea5a93112/library/std/src/panic.rs:142:14
[INFO] [stderr]     28:     0x55d9230304a7 - std::rt::lang_start_internal::{{closure}}::h705d3c9cbc06ef47
[INFO] [stderr]                                  at /rustc/82e1608dfa6e0b5569232559e3d385fea5a93112/library/std/src/rt.rs:148:48
[INFO] [stderr]     29:     0x55d9230304a7 - std::panicking::try::do_call::ha21f52ba13158470
[INFO] [stderr]                                  at /rustc/82e1608dfa6e0b5569232559e3d385fea5a93112/library/std/src/panicking.rs:552:40
[INFO] [stderr]     30:     0x55d9230304a7 - std::panicking::try::h5581346bf6aeb1f8
[INFO] [stderr]                                  at /rustc/82e1608dfa6e0b5569232559e3d385fea5a93112/library/std/src/panicking.rs:516:19
[INFO] [stderr]     31:     0x55d9230304a7 - std::panic::catch_unwind::h7919645a6b72e25b
[INFO] [stderr]                                  at /rustc/82e1608dfa6e0b5569232559e3d385fea5a93112/library/std/src/panic.rs:142:14
[INFO] [stderr]     32:     0x55d9230304a7 - std::rt::lang_start_internal::h12de51168669836e
[INFO] [stderr]                                  at /rustc/82e1608dfa6e0b5569232559e3d385fea5a93112/library/std/src/rt.rs:148:20
[INFO] [stderr]     33:     0x55d922ff1e77 - std::rt::lang_start::hebd8c7357827ed1f
[INFO] [stderr]     34:     0x55d922ff2ca5 - main
[INFO] [stderr]     35:     0x7f608ff1dd90 - <unknown>
[INFO] [stderr]     36:     0x7f608ff1de40 - __libc_start_main
[INFO] [stderr]     37:     0x55d922ff1d75 - _start
[INFO] [stderr]     38:                0x0 - <unknown>
[INFO] running `Command { std: "docker" "inspect" "89056420562e7bcb3d7b918a7a7a7b14ae3e596c9e8a662947ea4d99e52ba29b", kill_on_drop: false }`
[INFO] running `Command { std: "docker" "rm" "-f" "89056420562e7bcb3d7b918a7a7a7b14ae3e596c9e8a662947ea4d99e52ba29b", kill_on_drop: false }`
[INFO] [stdout] 89056420562e7bcb3d7b918a7a7a7b14ae3e596c9e8a662947ea4d99e52ba29b
[INFO] testing mehcode/axal against beta-2023-12-22 for beta-1.76-1
[INFO] running `Command { std: "git" "clone" "/workspace/cache/git-repos/https%3A%2F%2Fgithub.com%2Fmehcode%2Faxal" "/workspace/builds/worker-3-tc2/source", kill_on_drop: false }`
[INFO] [stderr] Cloning into '/workspace/builds/worker-3-tc2/source'...
[INFO] [stderr] done.
[INFO] validating manifest of git repo https://github.com/mehcode/axal on toolchain beta-2023-12-22
[INFO] running `Command { std: CARGO_HOME="/workspace/cargo-home" RUSTUP_HOME="/workspace/rustup-home" "/workspace/cargo-home/bin/cargo" "+beta-2023-12-22" "metadata" "--manifest-path" "Cargo.toml" "--no-deps", kill_on_drop: false }`
[INFO] started tweaking git repo https://github.com/mehcode/axal
[INFO] finished tweaking git repo https://github.com/mehcode/axal
[INFO] tweaked toml for git repo https://github.com/mehcode/axal written to /workspace/builds/worker-3-tc2/source/Cargo.toml
[INFO] crate git repo https://github.com/mehcode/axal already has a lockfile, it will not be regenerated
[INFO] running `Command { std: CARGO_HOME="/workspace/cargo-home" RUSTUP_HOME="/workspace/rustup-home" "/workspace/cargo-home/bin/cargo" "+beta-2023-12-22" "fetch" "--manifest-path" "Cargo.toml", kill_on_drop: false }`
[INFO] running `Command { std: "docker" "create" "-v" "/var/lib/crater-agent-workspace/builds/worker-3-tc2/target:/opt/rustwide/target:rw,Z" "-v" "/var/lib/crater-agent-workspace/builds/worker-3-tc2/source:/opt/rustwide/workdir:ro,Z" "-v" "/var/lib/crater-agent-workspace/cargo-home:/opt/rustwide/cargo-home:ro,Z" "-v" "/var/lib/crater-agent-workspace/rustup-home:/opt/rustwide/rustup-home:ro,Z" "-e" "SOURCE_DIR=/opt/rustwide/workdir" "-e" "CARGO_TARGET_DIR=/opt/rustwide/target" "-e" "CARGO_HOME=/opt/rustwide/cargo-home" "-e" "RUSTUP_HOME=/opt/rustwide/rustup-home" "-w" "/opt/rustwide/workdir" "-m" "1610612736" "--user" "0:0" "--network" "none" "ghcr.io/rust-lang/crates-build-env/linux@sha256:2788e3201cd34a07e3172128adcd8b3090168a8e3bcc40d7c032b9dda1df7d1c" "/opt/rustwide/cargo-home/bin/cargo" "+beta-2023-12-22" "metadata" "--no-deps" "--format-version=1", kill_on_drop: false }`
[INFO] [stdout] f9e3bec97409d0328b90be241e6e82b76aa7e347bcdaa6f93741c86033f7b3b7
[INFO] running `Command { std: "docker" "start" "-a" "f9e3bec97409d0328b90be241e6e82b76aa7e347bcdaa6f93741c86033f7b3b7", kill_on_drop: false }`
[INFO] running `Command { std: "docker" "inspect" "f9e3bec97409d0328b90be241e6e82b76aa7e347bcdaa6f93741c86033f7b3b7", kill_on_drop: false }`
[INFO] running `Command { std: "docker" "rm" "-f" "f9e3bec97409d0328b90be241e6e82b76aa7e347bcdaa6f93741c86033f7b3b7", kill_on_drop: false }`
[INFO] [stdout] f9e3bec97409d0328b90be241e6e82b76aa7e347bcdaa6f93741c86033f7b3b7
[INFO] running `Command { std: "docker" "create" "-v" "/var/lib/crater-agent-workspace/builds/worker-3-tc2/target:/opt/rustwide/target:rw,Z" "-v" "/var/lib/crater-agent-workspace/builds/worker-3-tc2/source:/opt/rustwide/workdir:ro,Z" "-v" "/var/lib/crater-agent-workspace/cargo-home:/opt/rustwide/cargo-home:ro,Z" "-v" "/var/lib/crater-agent-workspace/rustup-home:/opt/rustwide/rustup-home:ro,Z" "-e" "SOURCE_DIR=/opt/rustwide/workdir" "-e" "CARGO_TARGET_DIR=/opt/rustwide/target" "-e" "CARGO_INCREMENTAL=0" "-e" "RUST_BACKTRACE=full" "-e" "RUSTFLAGS=--cap-lints=warn" "-e" "RUSTDOCFLAGS=--cap-lints=warn" "-e" "CARGO_HOME=/opt/rustwide/cargo-home" "-e" "RUSTUP_HOME=/opt/rustwide/rustup-home" "-w" "/opt/rustwide/workdir" "-m" "1610612736" "--user" "0:0" "--network" "none" "ghcr.io/rust-lang/crates-build-env/linux@sha256:2788e3201cd34a07e3172128adcd8b3090168a8e3bcc40d7c032b9dda1df7d1c" "/opt/rustwide/cargo-home/bin/cargo" "+beta-2023-12-22" "build" "--frozen" "--message-format=json", kill_on_drop: false }`
[INFO] [stdout] 54b2b91471cec27ced13e5550861f91db2ef13be776fd98fdaf86fb76d0d4316
[INFO] running `Command { std: "docker" "start" "-a" "54b2b91471cec27ced13e5550861f91db2ef13be776fd98fdaf86fb76d0d4316", kill_on_drop: false }`
[INFO] [stderr]    Compiling gcc v0.3.41
[INFO] [stderr]    Compiling libc v0.2.19
[INFO] [stderr]    Compiling cmake v0.1.20
[INFO] [stderr]    Compiling axal v0.1.0 (/opt/rustwide/workdir)
[INFO] [stdout] warning: variant `R3_G3_B2` should have an upper camel case name
[INFO] [stdout]    --> src/lib.rs:144:5
[INFO] [stdout]     |
[INFO] [stdout] 144 |     R3_G3_B2,
[INFO] [stdout]     |     ^^^^^^^^ help: convert the identifier to upper camel case: `R3G3B2`
[INFO] [stdout]     |
[INFO] [stdout]     = note: `#[warn(non_camel_case_types)]` on by default
[INFO] [stdout] 
[INFO] [stdout] 
[INFO] [stdout] warning: variant `R5_B5_G6` should have an upper camel case name
[INFO] [stdout]    --> src/lib.rs:147:5
[INFO] [stdout]     |
[INFO] [stdout] 147 |     R5_B5_G6,
[INFO] [stdout]     |     ^^^^^^^^ help: convert the identifier to upper camel case: `R5B5G6`
[INFO] [stdout] 
[INFO] [stdout] 
[INFO] [stdout] warning: variant `R8_G8_B8` should have an upper camel case name
[INFO] [stdout]    --> src/lib.rs:150:5
[INFO] [stdout]     |
[INFO] [stdout] 150 |     R8_G8_B8,
[INFO] [stdout]     |     ^^^^^^^^ help: convert the identifier to upper camel case: `R8G8B8`
[INFO] [stdout] 
[INFO] [stdout] 
[INFO] [stdout] warning: variant `R10_G10_B10` should have an upper camel case name
[INFO] [stdout]    --> src/lib.rs:153:5
[INFO] [stdout]     |
[INFO] [stdout] 153 |     R10_G10_B10,
[INFO] [stdout]     |     ^^^^^^^^^^^ help: convert the identifier to upper camel case: `R10G10B10`
[INFO] [stdout] 
[INFO] [stdout] 
[INFO] [stdout] warning: anonymous parameters are deprecated and will be removed in the next edition
[INFO] [stdout]    --> src/lib.rs:280:28
[INFO] [stdout]     |
[INFO] [stdout] 280 |     fn run_next(&mut self, &mut Runtime);
[INFO] [stdout]     |                            ^^^^^^^^^^^^ help: try naming the parameter or explicitly ignoring it: `_: &mut Runtime`
[INFO] [stdout]     |
[INFO] [stdout]     = warning: this is accepted in the current edition (Rust 2015) but is a hard error in Rust 2018!
[INFO] [stdout]     = note: for more information, see issue #41686 <https://github.com/rust-lang/rust/issues/41686>
[INFO] [stdout]     = note: `#[warn(anonymous_parameters)]` on by default
[INFO] [stdout] 
[INFO] [stdout] 
[INFO] [stdout] warning: trait objects without an explicit `dyn` are deprecated
[INFO] [stdout]    --> src/lib.rs:267:15
[INFO] [stdout]     |
[INFO] [stdout] 267 |     core: Box<Core>,
[INFO] [stdout]     |               ^^^^
[INFO] [stdout]     |
[INFO] [stdout]     = warning: this is accepted in the current edition (Rust 2015) but is a hard error in Rust 2021!
[INFO] [stdout]     = note: for more information, see <https://doc.rust-lang.org/nightly/edition-guide/rust-2021/warnings-promoted-to-error.html>
[INFO] [stdout]     = note: `#[warn(bare_trait_objects)]` on by default
[INFO] [stdout] help: use `dyn`
[INFO] [stdout]     |
[INFO] [stdout] 267 |     core: Box<dyn Core>,
[INFO] [stdout]     |               +++
[INFO] [stdout] 
[INFO] [stdout] 
[INFO] [stdout] warning: variant `Joypad` is never constructed
[INFO] [stdout]   --> src/lib.rs:33:5
[INFO] [stdout]    |
[INFO] [stdout] 31 | enum Input {
[INFO] [stdout]    |      ----- variant in this enum
[INFO] [stdout] 32 |     Keyboard = 0,
[INFO] [stdout] 33 |     Joypad = 1,
[INFO] [stdout]    |     ^^^^^^
[INFO] [stdout]    |
[INFO] [stdout]    = note: `#[warn(dead_code)]` on by default
[INFO] [stdout] 
[INFO] [stdout] 
[INFO] [stdout] warning: 7 warnings emitted
[INFO] [stdout] 
[INFO] [stdout] 
[INFO] [stderr]     Finished dev [unoptimized + debuginfo] target(s) in 4.64s
[INFO] running `Command { std: "docker" "inspect" "54b2b91471cec27ced13e5550861f91db2ef13be776fd98fdaf86fb76d0d4316", kill_on_drop: false }`
[INFO] running `Command { std: "docker" "rm" "-f" "54b2b91471cec27ced13e5550861f91db2ef13be776fd98fdaf86fb76d0d4316", kill_on_drop: false }`
[INFO] [stdout] 54b2b91471cec27ced13e5550861f91db2ef13be776fd98fdaf86fb76d0d4316
[INFO] running `Command { std: "docker" "create" "-v" "/var/lib/crater-agent-workspace/builds/worker-3-tc2/target:/opt/rustwide/target:rw,Z" "-v" "/var/lib/crater-agent-workspace/builds/worker-3-tc2/source:/opt/rustwide/workdir:ro,Z" "-v" "/var/lib/crater-agent-workspace/cargo-home:/opt/rustwide/cargo-home:ro,Z" "-v" "/var/lib/crater-agent-workspace/rustup-home:/opt/rustwide/rustup-home:ro,Z" "-e" "SOURCE_DIR=/opt/rustwide/workdir" "-e" "CARGO_TARGET_DIR=/opt/rustwide/target" "-e" "CARGO_INCREMENTAL=0" "-e" "RUST_BACKTRACE=full" "-e" "RUSTFLAGS=--cap-lints=warn" "-e" "RUSTDOCFLAGS=--cap-lints=warn" "-e" "CARGO_HOME=/opt/rustwide/cargo-home" "-e" "RUSTUP_HOME=/opt/rustwide/rustup-home" "-w" "/opt/rustwide/workdir" "-m" "1610612736" "--user" "0:0" "--network" "none" "ghcr.io/rust-lang/crates-build-env/linux@sha256:2788e3201cd34a07e3172128adcd8b3090168a8e3bcc40d7c032b9dda1df7d1c" "/opt/rustwide/cargo-home/bin/cargo" "+beta-2023-12-22" "test" "--frozen" "--no-run" "--message-format=json", kill_on_drop: false }`
[INFO] [stdout] 527cae10cee517a4d3a120e5f6373b73319f47f4a49e782b5b894985c6fc466f
[INFO] running `Command { std: "docker" "start" "-a" "527cae10cee517a4d3a120e5f6373b73319f47f4a49e782b5b894985c6fc466f", kill_on_drop: false }`
[INFO] [stdout] warning: variant `R3_G3_B2` should have an upper camel case name
[INFO] [stdout]    --> src/lib.rs:144:5
[INFO] [stdout]     |
[INFO] [stdout] 144 |     R3_G3_B2,
[INFO] [stdout]     |     ^^^^^^^^ help: convert the identifier to upper camel case: `R3G3B2`
[INFO] [stdout]     |
[INFO] [stdout]     = note: `#[warn(non_camel_case_types)]` on by default
[INFO] [stdout] 
[INFO] [stdout] 
[INFO] [stdout] warning: variant `R5_B5_G6` should have an upper camel case name
[INFO] [stdout]    --> src/lib.rs:147:5
[INFO] [stdout]     |
[INFO] [stdout] 147 |     R5_B5_G6,
[INFO] [stdout]     |     ^^^^^^^^ help: convert the identifier to upper camel case: `R5B5G6`
[INFO] [stdout] 
[INFO] [stdout] 
[INFO] [stdout] warning: variant `R8_G8_B8` should have an upper camel case name
[INFO] [stdout]    --> src/lib.rs:150:5
[INFO] [stdout]     |
[INFO] [stdout] 150 |     R8_G8_B8,
[INFO] [stdout]     |     ^^^^^^^^ help: convert the identifier to upper camel case: `R8G8B8`
[INFO] [stdout] 
[INFO] [stdout] 
[INFO] [stdout] warning: variant `R10_G10_B10` should have an upper camel case name
[INFO] [stdout]    --> src/lib.rs:153:5
[INFO] [stdout]     |
[INFO] [stdout] 153 |     R10_G10_B10,
[INFO] [stdout]     |     ^^^^^^^^^^^ help: convert the identifier to upper camel case: `R10G10B10`
[INFO] [stdout] 
[INFO] [stdout] 
[INFO] [stdout] warning: anonymous parameters are deprecated and will be removed in the next edition
[INFO] [stdout]    --> src/lib.rs:280:28
[INFO] [stdout]     |
[INFO] [stdout] 280 |     fn run_next(&mut self, &mut Runtime);
[INFO] [stdout]     |                            ^^^^^^^^^^^^ help: try naming the parameter or explicitly ignoring it: `_: &mut Runtime`
[INFO] [stdout]     |
[INFO] [stdout]     = warning: this is accepted in the current edition (Rust 2015) but is a hard error in Rust 2018!
[INFO] [stdout]     = note: for more information, see issue #41686 <https://github.com/rust-lang/rust/issues/41686>
[INFO] [stdout]     = note: `#[warn(anonymous_parameters)]` on by default
[INFO] [stdout] 
[INFO] [stdout] 
[INFO] [stdout] warning: trait objects without an explicit `dyn` are deprecated
[INFO] [stdout]    --> src/lib.rs:267:15
[INFO] [stdout]     |
[INFO] [stdout] 267 |     core: Box<Core>,
[INFO] [stdout]     |               ^^^^
[INFO] [stdout]     |
[INFO] [stdout]     = warning: this is accepted in the current edition (Rust 2015) but is a hard error in Rust 2021!
[INFO] [stdout]     = note: for more information, see <https://doc.rust-lang.org/nightly/edition-guide/rust-2021/warnings-promoted-to-error.html>
[INFO] [stdout]     = note: `#[warn(bare_trait_objects)]` on by default
[INFO] [stdout] help: use `dyn`
[INFO] [stdout]     |
[INFO] [stdout] 267 |     core: Box<dyn Core>,
[INFO] [stdout]     |               +++
[INFO] [stdout] 
[INFO] [stdout] 
[INFO] [stdout] warning: variant `Joypad` is never constructed
[INFO] [stdout]   --> src/lib.rs:33:5
[INFO] [stdout]    |
[INFO] [stdout] 31 | enum Input {
[INFO] [stdout]    |      ----- variant in this enum
[INFO] [stdout] 32 |     Keyboard = 0,
[INFO] [stdout] 33 |     Joypad = 1,
[INFO] [stdout]    |     ^^^^^^
[INFO] [stdout]    |
[INFO] [stdout]    = note: `#[warn(dead_code)]` on by default
[INFO] [stdout] 
[INFO] [stdout] 
[INFO] [stderr]    Compiling axal v0.1.0 (/opt/rustwide/workdir)
[INFO] [stdout] warning: 7 warnings emitted
[INFO] [stdout] 
[INFO] [stdout] 
[INFO] [stdout] warning: variant `R3_G3_B2` should have an upper camel case name
[INFO] [stdout]    --> src/lib.rs:144:5
[INFO] [stdout]     |
[INFO] [stdout] 144 |     R3_G3_B2,
[INFO] [stdout]     |     ^^^^^^^^ help: convert the identifier to upper camel case: `R3G3B2`
[INFO] [stdout]     |
[INFO] [stdout]     = note: `#[warn(non_camel_case_types)]` on by default
[INFO] [stdout] 
[INFO] [stdout] 
[INFO] [stdout] warning: variant `R5_B5_G6` should have an upper camel case name
[INFO] [stdout]    --> src/lib.rs:147:5
[INFO] [stdout]     |
[INFO] [stdout] 147 |     R5_B5_G6,
[INFO] [stdout]     |     ^^^^^^^^ help: convert the identifier to upper camel case: `R5B5G6`
[INFO] [stdout] 
[INFO] [stdout] 
[INFO] [stdout] warning: variant `R8_G8_B8` should have an upper camel case name
[INFO] [stdout]    --> src/lib.rs:150:5
[INFO] [stdout]     |
[INFO] [stdout] 150 |     R8_G8_B8,
[INFO] [stdout]     |     ^^^^^^^^ help: convert the identifier to upper camel case: `R8G8B8`
[INFO] [stdout] 
[INFO] [stdout] 
[INFO] [stdout] warning: variant `R10_G10_B10` should have an upper camel case name
[INFO] [stdout]    --> src/lib.rs:153:5
[INFO] [stdout]     |
[INFO] [stdout] 153 |     R10_G10_B10,
[INFO] [stdout]     |     ^^^^^^^^^^^ help: convert the identifier to upper camel case: `R10G10B10`
[INFO] [stdout] 
[INFO] [stdout] 
[INFO] [stdout] warning: anonymous parameters are deprecated and will be removed in the next edition
[INFO] [stdout]    --> src/lib.rs:280:28
[INFO] [stdout]     |
[INFO] [stdout] 280 |     fn run_next(&mut self, &mut Runtime);
[INFO] [stdout]     |                            ^^^^^^^^^^^^ help: try naming the parameter or explicitly ignoring it: `_: &mut Runtime`
[INFO] [stdout]     |
[INFO] [stdout]     = warning: this is accepted in the current edition (Rust 2015) but is a hard error in Rust 2018!
[INFO] [stdout]     = note: for more information, see issue #41686 <https://github.com/rust-lang/rust/issues/41686>
[INFO] [stdout]     = note: `#[warn(anonymous_parameters)]` on by default
[INFO] [stdout] 
[INFO] [stdout] 
[INFO] [stdout] warning: trait objects without an explicit `dyn` are deprecated
[INFO] [stdout]    --> src/lib.rs:267:15
[INFO] [stdout]     |
[INFO] [stdout] 267 |     core: Box<Core>,
[INFO] [stdout]     |               ^^^^
[INFO] [stdout]     |
[INFO] [stdout]     = warning: this is accepted in the current edition (Rust 2015) but is a hard error in Rust 2021!
[INFO] [stdout]     = note: for more information, see <https://doc.rust-lang.org/nightly/edition-guide/rust-2021/warnings-promoted-to-error.html>
[INFO] [stdout]     = note: `#[warn(bare_trait_objects)]` on by default
[INFO] [stdout] help: use `dyn`
[INFO] [stdout]     |
[INFO] [stdout] 267 |     core: Box<dyn Core>,
[INFO] [stdout]     |               +++
[INFO] [stdout] 
[INFO] [stdout] 
[INFO] [stdout] warning: variant `Joypad` is never constructed
[INFO] [stdout]   --> src/lib.rs:33:5
[INFO] [stdout]    |
[INFO] [stdout] 31 | enum Input {
[INFO] [stdout]    |      ----- variant in this enum
[INFO] [stdout] 32 |     Keyboard = 0,
[INFO] [stdout] 33 |     Joypad = 1,
[INFO] [stdout]    |     ^^^^^^
[INFO] [stdout]    |
[INFO] [stdout]    = note: `#[warn(dead_code)]` on by default
[INFO] [stdout] 
[INFO] [stdout] 
[INFO] [stdout] warning: 7 warnings emitted
[INFO] [stdout] 
[INFO] [stdout] 
[INFO] [stderr]     Finished test [unoptimized + debuginfo] target(s) in 0.49s
[INFO] running `Command { std: "docker" "inspect" "527cae10cee517a4d3a120e5f6373b73319f47f4a49e782b5b894985c6fc466f", kill_on_drop: false }`
[INFO] running `Command { std: "docker" "rm" "-f" "527cae10cee517a4d3a120e5f6373b73319f47f4a49e782b5b894985c6fc466f", kill_on_drop: false }`
[INFO] [stdout] 527cae10cee517a4d3a120e5f6373b73319f47f4a49e782b5b894985c6fc466f
[INFO] running `Command { std: "docker" "create" "-v" "/var/lib/crater-agent-workspace/builds/worker-3-tc2/target:/opt/rustwide/target:rw,Z" "-v" "/var/lib/crater-agent-workspace/builds/worker-3-tc2/source:/opt/rustwide/workdir:ro,Z" "-v" "/var/lib/crater-agent-workspace/cargo-home:/opt/rustwide/cargo-home:ro,Z" "-v" "/var/lib/crater-agent-workspace/rustup-home:/opt/rustwide/rustup-home:ro,Z" "-e" "SOURCE_DIR=/opt/rustwide/workdir" "-e" "CARGO_TARGET_DIR=/opt/rustwide/target" "-e" "CARGO_INCREMENTAL=0" "-e" "RUST_BACKTRACE=full" "-e" "RUSTFLAGS=--cap-lints=warn" "-e" "RUSTDOCFLAGS=--cap-lints=warn" "-e" "CARGO_HOME=/opt/rustwide/cargo-home" "-e" "RUSTUP_HOME=/opt/rustwide/rustup-home" "-w" "/opt/rustwide/workdir" "-m" "1610612736" "--user" "0:0" "--network" "none" "ghcr.io/rust-lang/crates-build-env/linux@sha256:2788e3201cd34a07e3172128adcd8b3090168a8e3bcc40d7c032b9dda1df7d1c" "/opt/rustwide/cargo-home/bin/cargo" "+beta-2023-12-22" "test" "--frozen", kill_on_drop: false }`
[INFO] [stdout] 35fce4798c742e9d8409350047fa533d300c4e0a8f712cd2f5ea761e1182106b
[INFO] running `Command { std: "docker" "start" "-a" "35fce4798c742e9d8409350047fa533d300c4e0a8f712cd2f5ea761e1182106b", kill_on_drop: false }`
[INFO] [stderr] warning: variant `R3_G3_B2` should have an upper camel case name
[INFO] [stderr]    --> src/lib.rs:144:5
[INFO] [stderr]     |
[INFO] [stderr] 144 |     R3_G3_B2,
[INFO] [stderr]     |     ^^^^^^^^ help: convert the identifier to upper camel case: `R3G3B2`
[INFO] [stderr]     |
[INFO] [stderr]     = note: `#[warn(non_camel_case_types)]` on by default
[INFO] [stderr] 
[INFO] [stderr] warning: variant `R5_B5_G6` should have an upper camel case name
[INFO] [stderr]    --> src/lib.rs:147:5
[INFO] [stderr]     |
[INFO] [stderr] 147 |     R5_B5_G6,
[INFO] [stderr]     |     ^^^^^^^^ help: convert the identifier to upper camel case: `R5B5G6`
[INFO] [stderr] 
[INFO] [stderr] warning: variant `R8_G8_B8` should have an upper camel case name
[INFO] [stderr]    --> src/lib.rs:150:5
[INFO] [stderr]     |
[INFO] [stderr] 150 |     R8_G8_B8,
[INFO] [stderr]     |     ^^^^^^^^ help: convert the identifier to upper camel case: `R8G8B8`
[INFO] [stderr] 
[INFO] [stderr] warning: variant `R10_G10_B10` should have an upper camel case name
[INFO] [stderr]    --> src/lib.rs:153:5
[INFO] [stderr]     |
[INFO] [stderr] 153 |     R10_G10_B10,
[INFO] [stderr]     |     ^^^^^^^^^^^ help: convert the identifier to upper camel case: `R10G10B10`
[INFO] [stderr] 
[INFO] [stderr] warning: anonymous parameters are deprecated and will be removed in the next edition
[INFO] [stderr]    --> src/lib.rs:280:28
[INFO] [stderr]     |
[INFO] [stderr] 280 |     fn run_next(&mut self, &mut Runtime);
[INFO] [stderr]     |                            ^^^^^^^^^^^^ help: try naming the parameter or explicitly ignoring it: `_: &mut Runtime`
[INFO] [stderr]     |
[INFO] [stderr]     = warning: this is accepted in the current edition (Rust 2015) but is a hard error in Rust 2018!
[INFO] [stderr]     = note: for more information, see issue #41686 <https://github.com/rust-lang/rust/issues/41686>
[INFO] [stderr]     = note: `#[warn(anonymous_parameters)]` on by default
[INFO] [stderr] 
[INFO] [stderr] warning: trait objects without an explicit `dyn` are deprecated
[INFO] [stderr]    --> src/lib.rs:267:15
[INFO] [stderr]     |
[INFO] [stderr] 267 |     core: Box<Core>,
[INFO] [stderr]     |               ^^^^
[INFO] [stderr]     |
[INFO] [stderr]     = warning: this is accepted in the current edition (Rust 2015) but is a hard error in Rust 2021!
[INFO] [stderr]     = note: for more information, see <https://doc.rust-lang.org/nightly/edition-guide/rust-2021/warnings-promoted-to-error.html>
[INFO] [stderr]     = note: `#[warn(bare_trait_objects)]` on by default
[INFO] [stderr] help: use `dyn`
[INFO] [stderr]     |
[INFO] [stderr] 267 |     core: Box<dyn Core>,
[INFO] [stderr]     |               +++
[INFO] [stderr] 
[INFO] [stderr] warning: variant `Joypad` is never constructed
[INFO] [stderr]   --> src/lib.rs:33:5
[INFO] [stderr]    |
[INFO] [stderr] 31 | enum Input {
[INFO] [stderr]    |      ----- variant in this enum
[INFO] [stderr] 32 |     Keyboard = 0,
[INFO] [stderr] 33 |     Joypad = 1,
[INFO] [stderr]    |     ^^^^^^
[INFO] [stderr]    |
[INFO] [stderr]    = note: `#[warn(dead_code)]` on by default
[INFO] [stderr] 
[INFO] [stderr] warning: `axal` (lib) generated 7 warnings (run `cargo fix --lib -p axal` to apply 2 suggestions)
[INFO] [stderr] warning: `axal` (lib test) generated 7 warnings (7 duplicates)
[INFO] [stderr]     Finished test [unoptimized + debuginfo] target(s) in 0.01s
[INFO] [stderr]      Running unittests src/lib.rs (/opt/rustwide/target/debug/deps/axal-5279d2e4fa92f984)
[INFO] [stdout] 
[INFO] [stdout] running 0 tests
[INFO] [stdout] 
[INFO] [stdout] test result: ok. 0 passed; 0 failed; 0 ignored; 0 measured; 0 filtered out; finished in 0.00s
[INFO] [stdout] 
[INFO] [stderr]    Doc-tests axal
[INFO] [stderr] warning: variant `R3_G3_B2` should have an upper camel case name
[INFO] [stderr]    --> src/lib.rs:144:5
[INFO] [stderr]     |
[INFO] [stderr] 144 |     R3_G3_B2,
[INFO] [stderr]     |     ^^^^^^^^ help: convert the identifier to upper camel case: `R3G3B2`
[INFO] [stderr]     |
[INFO] [stderr]     = note: `#[warn(non_camel_case_types)]` on by default
[INFO] [stderr] 
[INFO] [stderr] warning: variant `R5_B5_G6` should have an upper camel case name
[INFO] [stderr]    --> src/lib.rs:147:5
[INFO] [stderr]     |
[INFO] [stderr] 147 |     R5_B5_G6,
[INFO] [stderr]     |     ^^^^^^^^ help: convert the identifier to upper camel case: `R5B5G6`
[INFO] [stderr] 
[INFO] [stderr] warning: variant `R8_G8_B8` should have an upper camel case name
[INFO] [stderr]    --> src/lib.rs:150:5
[INFO] [stderr]     |
[INFO] [stderr] 150 |     R8_G8_B8,
[INFO] [stderr]     |     ^^^^^^^^ help: convert the identifier to upper camel case: `R8G8B8`
[INFO] [stderr] 
[INFO] [stderr] warning: variant `R10_G10_B10` should have an upper camel case name
[INFO] [stderr]    --> src/lib.rs:153:5
[INFO] [stderr]     |
[INFO] [stderr] 153 |     R10_G10_B10,
[INFO] [stderr]     |     ^^^^^^^^^^^ help: convert the identifier to upper camel case: `R10G10B10`
[INFO] [stderr] 
[INFO] [stderr] warning: 4 warnings emitted
[INFO] [stderr] 
[INFO] [stdout] 
[INFO] [stdout] running 0 tests
[INFO] [stdout] 
[INFO] [stdout] test result: ok. 0 passed; 0 failed; 0 ignored; 0 measured; 0 filtered out; finished in 0.00s
[INFO] [stdout] 
[INFO] running `Command { std: "docker" "inspect" "35fce4798c742e9d8409350047fa533d300c4e0a8f712cd2f5ea761e1182106b", kill_on_drop: false }`
[INFO] running `Command { std: "docker" "rm" "-f" "35fce4798c742e9d8409350047fa533d300c4e0a8f712cd2f5ea761e1182106b", kill_on_drop: false }`
[INFO] [stdout] 35fce4798c742e9d8409350047fa533d300c4e0a8f712cd2f5ea761e1182106b
