[INFO] cloning repository https://github.com/jillpls/calliope
[INFO] running `Command { std: "git" "-c" "credential.helper=" "-c" "credential.helper=/workspace/cargo-home/bin/git-credential-null" "clone" "--bare" "https://github.com/jillpls/calliope" "/workspace/cache/git-repos/https%3A%2F%2Fgithub.com%2Fjillpls%2Fcalliope", kill_on_drop: false }`
[INFO] [stderr] Cloning into bare repository '/workspace/cache/git-repos/https%3A%2F%2Fgithub.com%2Fjillpls%2Fcalliope'...
[INFO] running `Command { std: "git" "rev-parse" "HEAD", kill_on_drop: false }`
[INFO] [stdout] 405b69d0aa3c0d1995971f3de8e34d0deb91f547
[INFO] testing jillpls/calliope against 1.75.0 for beta-1.76-1
[INFO] running `Command { std: "git" "clone" "/workspace/cache/git-repos/https%3A%2F%2Fgithub.com%2Fjillpls%2Fcalliope" "/workspace/builds/worker-0-tc1/source", kill_on_drop: false }`
[INFO] [stderr] Cloning into '/workspace/builds/worker-0-tc1/source'...
[INFO] [stderr] done.
[INFO] validating manifest of git repo https://github.com/jillpls/calliope on toolchain 1.75.0
[INFO] running `Command { std: CARGO_HOME="/workspace/cargo-home" RUSTUP_HOME="/workspace/rustup-home" "/workspace/cargo-home/bin/cargo" "+1.75.0" "metadata" "--manifest-path" "Cargo.toml" "--no-deps", kill_on_drop: false }`
[INFO] started tweaking git repo https://github.com/jillpls/calliope
[INFO] finished tweaking git repo https://github.com/jillpls/calliope
[INFO] tweaked toml for git repo https://github.com/jillpls/calliope written to /workspace/builds/worker-0-tc1/source/Cargo.toml
[INFO] crate git repo https://github.com/jillpls/calliope already has a lockfile, it will not be regenerated
[INFO] running `Command { std: CARGO_HOME="/workspace/cargo-home" RUSTUP_HOME="/workspace/rustup-home" "/workspace/cargo-home/bin/cargo" "+1.75.0" "fetch" "--manifest-path" "Cargo.toml", kill_on_drop: false }`
[INFO] [stderr]  Downloading crates ...
[INFO] [stderr]   Downloaded ammonia v3.2.0
[INFO] [stderr]   Downloaded pulldown-cmark v0.9.1
[INFO] [stderr]   Downloaded uuid v1.1.1
[INFO] [stderr]   Downloaded uuid-macro-internal v1.1.1
[INFO] running `Command { std: "docker" "create" "-v" "/var/lib/crater-agent-workspace/builds/worker-0-tc1/target:/opt/rustwide/target:rw,Z" "-v" "/var/lib/crater-agent-workspace/builds/worker-0-tc1/source:/opt/rustwide/workdir:ro,Z" "-v" "/var/lib/crater-agent-workspace/cargo-home:/opt/rustwide/cargo-home:ro,Z" "-v" "/var/lib/crater-agent-workspace/rustup-home:/opt/rustwide/rustup-home:ro,Z" "-e" "SOURCE_DIR=/opt/rustwide/workdir" "-e" "CARGO_TARGET_DIR=/opt/rustwide/target" "-e" "CARGO_HOME=/opt/rustwide/cargo-home" "-e" "RUSTUP_HOME=/opt/rustwide/rustup-home" "-w" "/opt/rustwide/workdir" "-m" "1610612736" "--user" "0:0" "--network" "none" "ghcr.io/rust-lang/crates-build-env/linux@sha256:2788e3201cd34a07e3172128adcd8b3090168a8e3bcc40d7c032b9dda1df7d1c" "/opt/rustwide/cargo-home/bin/cargo" "+1.75.0" "metadata" "--no-deps" "--format-version=1", kill_on_drop: false }`
[INFO] [stdout] 6b0179a15078c2f17cf11a059b87ed072b8e3f07e2a3618df8e1703892717e87
[INFO] running `Command { std: "docker" "start" "-a" "6b0179a15078c2f17cf11a059b87ed072b8e3f07e2a3618df8e1703892717e87", kill_on_drop: false }`
[INFO] running `Command { std: "docker" "inspect" "6b0179a15078c2f17cf11a059b87ed072b8e3f07e2a3618df8e1703892717e87", kill_on_drop: false }`
[INFO] running `Command { std: "docker" "rm" "-f" "6b0179a15078c2f17cf11a059b87ed072b8e3f07e2a3618df8e1703892717e87", kill_on_drop: false }`
[INFO] [stdout] 6b0179a15078c2f17cf11a059b87ed072b8e3f07e2a3618df8e1703892717e87
[INFO] running `Command { std: "docker" "create" "-v" "/var/lib/crater-agent-workspace/builds/worker-0-tc1/target:/opt/rustwide/target:rw,Z" "-v" "/var/lib/crater-agent-workspace/builds/worker-0-tc1/source:/opt/rustwide/workdir:ro,Z" "-v" "/var/lib/crater-agent-workspace/cargo-home:/opt/rustwide/cargo-home:ro,Z" "-v" "/var/lib/crater-agent-workspace/rustup-home:/opt/rustwide/rustup-home:ro,Z" "-e" "SOURCE_DIR=/opt/rustwide/workdir" "-e" "CARGO_TARGET_DIR=/opt/rustwide/target" "-e" "CARGO_INCREMENTAL=0" "-e" "RUST_BACKTRACE=full" "-e" "RUSTFLAGS=--cap-lints=warn" "-e" "RUSTDOCFLAGS=--cap-lints=warn" "-e" "CARGO_HOME=/opt/rustwide/cargo-home" "-e" "RUSTUP_HOME=/opt/rustwide/rustup-home" "-w" "/opt/rustwide/workdir" "-m" "1610612736" "--user" "0:0" "--network" "none" "ghcr.io/rust-lang/crates-build-env/linux@sha256:2788e3201cd34a07e3172128adcd8b3090168a8e3bcc40d7c032b9dda1df7d1c" "/opt/rustwide/cargo-home/bin/cargo" "+1.75.0" "build" "--frozen" "--message-format=json", kill_on_drop: false }`
[INFO] [stdout] fa4b0b69b49f0ff0b33a903c7653add5bc34d6f90936650d2f6e1cb4b1bbe9b8
[INFO] running `Command { std: "docker" "start" "-a" "fa4b0b69b49f0ff0b33a903c7653add5bc34d6f90936650d2f6e1cb4b1bbe9b8", kill_on_drop: false }`
[INFO] [stderr]    Compiling version_check v0.9.4
[INFO] [stderr]    Compiling cfg-if v1.0.0
[INFO] [stderr]    Compiling libc v0.2.126
[INFO] [stderr]    Compiling proc-macro2 v1.0.39
[INFO] [stderr]    Compiling unicode-ident v1.0.0
[INFO] [stderr]    Compiling syn v1.0.96
[INFO] [stderr]    Compiling autocfg v1.1.0
[INFO] [stderr]    Compiling once_cell v1.12.0
[INFO] [stderr]    Compiling memchr v2.5.0
[INFO] [stderr]    Compiling pin-project-lite v0.2.9
[INFO] [stderr]    Compiling futures-core v0.3.21
[INFO] [stderr]    Compiling typenum v1.15.0
[INFO] [stderr]    Compiling scopeguard v1.1.0
[INFO] [stderr]    Compiling smallvec v1.8.0
[INFO] [stderr]    Compiling log v0.4.17
[INFO] [stderr]    Compiling bytes v1.1.0
[INFO] [stderr]    Compiling serde_derive v1.0.137
[INFO] [stderr]    Compiling ppv-lite86 v0.2.16
[INFO] [stderr]    Compiling serde v1.0.137
[INFO] [stderr]    Compiling lazy_static v1.4.0
[INFO] [stderr]    Compiling parking_lot_core v0.9.3
[INFO] [stderr]    Compiling futures-task v0.3.21
[INFO] [stderr]    Compiling cc v1.0.73
[INFO] [stderr]    Compiling generic-array v0.14.5
[INFO] [stderr]    Compiling uncased v0.9.7
[INFO] [stderr]    Compiling lock_api v0.4.7
[INFO] [stderr]    Compiling itoa v1.0.2
[INFO] [stderr]    Compiling futures-channel v0.3.21
[INFO] [stderr]    Compiling slab v0.4.6
[INFO] [stderr]    Compiling subtle v2.4.1
[INFO] [stderr]    Compiling pin-utils v0.1.0
[INFO] [stderr]    Compiling siphasher v0.3.10
[INFO] [stderr]    Compiling base64 v0.13.0
[INFO] [stderr]    Compiling ahash v0.7.6
[INFO] [stderr]    Compiling cpufeatures v0.2.2
[INFO] [stderr]    Compiling untrusted v0.7.1
[INFO] [stderr]    Compiling futures-sink v0.3.21
[INFO] [stderr]    Compiling fnv v1.0.7
[INFO] [stderr]    Compiling spin v0.5.2
[INFO] [stderr]    Compiling percent-encoding v2.1.0
[INFO] [stderr]    Compiling proc-macro2-diagnostics v0.9.1
[INFO] [stderr]    Compiling bitflags v1.3.2
[INFO] [stderr]    Compiling phf_shared v0.10.0
[INFO] [stderr]    Compiling yansi v0.5.1
[INFO] [stderr]    Compiling quote v1.0.18
[INFO] [stderr]    Compiling num-traits v0.2.15
[INFO] [stderr]    Compiling futures-util v0.3.21
[INFO] [stderr]    Compiling either v1.6.1
[INFO] [stderr]    Compiling tinyvec_macros v0.1.0
[INFO] [stderr]    Compiling opaque-debug v0.3.0
[INFO] [stderr]    Compiling futures-io v0.3.21
[INFO] [stderr]    Compiling tinyvec v1.6.0
[INFO] [stderr]    Compiling http v0.2.8
[INFO] [stderr]    Compiling tracing-core v0.1.26
[INFO] [stderr]    Compiling getrandom v0.2.6
[INFO] [stderr]    Compiling socket2 v0.4.4
[INFO] [stderr]    Compiling num_cpus v1.13.1
[INFO] [stderr]    Compiling mio v0.8.3
[INFO] [stderr]    Compiling signal-hook-registry v1.4.0
[INFO] [stderr]    Compiling rand_core v0.6.3
[INFO] [stderr]    Compiling parking_lot v0.12.1
[INFO] [stderr]    Compiling rand_chacha v0.3.1
[INFO] [stderr]    Compiling hashbrown v0.11.2
[INFO] [stderr]    Compiling rand v0.8.5
[INFO] [stderr]    Compiling ring v0.16.20
[INFO] [stderr]    Compiling tokio v1.19.2
[INFO] [stderr]    Compiling httparse v1.7.1
[INFO] [stderr]    Compiling crossbeam-utils v0.8.8
[INFO] [stderr]    Compiling unicode-normalization v0.1.19
[INFO] [stderr]    Compiling tracing v0.1.34
[INFO] [stderr]    Compiling spin v0.9.3
[INFO] [stderr]    Compiling indexmap v1.8.2
[INFO] [stderr]    Compiling parking_lot_core v0.8.5
[INFO] [stderr]    Compiling unicode-bidi v0.3.8
[INFO] [stderr]    Compiling block-buffer v0.10.2
[INFO] [stderr]    Compiling crypto-common v0.1.3
[INFO] [stderr]    Compiling cipher v0.3.0
[INFO] [stderr]    Compiling universal-hash v0.4.1
[INFO] [stderr]    Compiling phf_generator v0.10.0
[INFO] [stderr]    Compiling digest v0.10.3
[INFO] [stderr]    Compiling matches v0.1.9
[INFO] [stderr]    Compiling polyval v0.5.3
[INFO] [stderr]    Compiling phf_codegen v0.10.0
[INFO] [stderr]    Compiling try-lock v0.2.3
[INFO] [stderr]    Compiling aes v0.7.5
[INFO] [stderr]    Compiling ctr v0.8.0
[INFO] [stderr]    Compiling aead v0.4.3
[INFO] [stderr]    Compiling sha2 v0.10.2
[INFO] [stderr]    Compiling hmac v0.12.1
[INFO] [stderr]    Compiling ghash v0.4.4
[INFO] [stderr]    Compiling cookie v0.16.0
[INFO] [stderr]    Compiling instant v0.1.12
[INFO] [stderr]    Compiling pkg-config v0.3.25
[INFO] [stderr]    Compiling time-macros v0.2.4
[INFO] [stderr]    Compiling vcpkg v0.2.15
[INFO] [stderr]    Compiling num_threads v0.1.6
[INFO] [stderr]    Compiling crossbeam-queue v0.3.5
[INFO] [stderr]    Compiling aes-gcm v0.9.4
[INFO] [stderr]    Compiling idna v0.2.3
[INFO] [stderr]    Compiling hkdf v0.12.3
[INFO] [stderr]    Compiling form_urlencoded v1.0.1
[INFO] [stderr]    Compiling http-body v0.4.5
[INFO] [stderr]    Compiling minimal-lexical v0.2.1
[INFO] [stderr]    Compiling inlinable_string v0.1.15
[INFO] [stderr]    Compiling tower-service v0.3.1
[INFO] [stderr]    Compiling ref-cast v1.0.7
[INFO] [stderr]    Compiling httpdate v1.0.2
[INFO] [stderr]    Compiling regex-syntax v0.6.26
[INFO] [stderr]    Compiling parking_lot v0.11.2
[INFO] [stderr]    Compiling nom v7.1.1
[INFO] [stderr]    Compiling url v2.2.2
[INFO] [stderr]    Compiling itertools v0.10.3
[INFO] [stderr]    Compiling new_debug_unreachable v1.0.4
[INFO] [stderr]    Compiling unicode_categories v0.1.1
[INFO] [stderr]    Compiling crc-catalog v1.1.1
[INFO] [stderr]    Compiling libsqlite3-sys v0.24.2
[INFO] [stderr]    Compiling crc v2.1.0
[INFO] [stderr]    Compiling futures-intrusive v0.4.0
[INFO] [stderr]    Compiling stringprep v0.1.2
[INFO] [stderr]    Compiling atoi v0.4.0
[INFO] [stderr]    Compiling want v0.3.0
[INFO] [stderr]    Compiling string_cache_codegen v0.5.2
[INFO] [stderr]    Compiling hashlink v0.7.0
[INFO] [stderr]    Compiling phf v0.10.1
[INFO] [stderr]    Compiling aho-corasick v0.7.18
[INFO] [stderr]    Compiling stable-pattern v0.1.0
[INFO] [stderr]    Compiling num-integer v0.1.45
[INFO] [stderr]    Compiling encoding_rs v0.8.31
[INFO] [stderr]    Compiling regex v1.5.6
[INFO] [stderr]    Compiling mac v0.1.1
[INFO] [stderr]    Compiling state v0.5.3
[INFO] [stderr]    Compiling hex v0.4.3
[INFO] [stderr]    Compiling time v0.3.9
[INFO] [stderr]    Compiling event-listener v2.5.2
[INFO] [stderr]    Compiling maplit v1.0.2
[INFO] [stderr]    Compiling byteorder v1.4.3
[INFO] [stderr]    Compiling paste v1.0.7
[INFO] [stderr]    Compiling ucd-trie v0.1.3
[INFO] [stderr]    Compiling futures v0.3.21
[INFO] [stderr]    Compiling futf v0.1.5
[INFO] [stderr]    Compiling markup5ever v0.11.0
[INFO] [stderr]    Compiling pest v2.1.3
[INFO] [stderr]    Compiling futures-executor v0.3.21
[INFO] [stderr]    Compiling sqlformat v0.1.8
[INFO] [stderr]    Compiling parse-zoneinfo v0.3.0
[INFO] [stderr]    Compiling hyper v0.14.19
[INFO] [stderr]    Compiling tokio-stream v0.1.9
[INFO] [stderr]    Compiling devise_core v0.3.1
[INFO] [stderr]    Compiling chrono-tz-build v0.0.2
[INFO] [stderr]    Compiling bstr v0.2.17
[INFO] [stderr]    Compiling atomic v0.5.1
[INFO] [stderr]    Compiling figment v0.10.6
[INFO] [stderr]    Compiling multer v2.0.2
[INFO] [stderr]    Compiling webpki v0.21.4
[INFO] [stderr]    Compiling sct v0.6.1
[INFO] [stderr]    Compiling utf-8 v0.7.6
[INFO] [stderr]    Compiling unicode-segmentation v1.9.0
[INFO] [stderr]    Compiling async-trait v0.1.56
[INFO] [stderr]    Compiling unic-char-range v0.9.0
[INFO] [stderr]    Compiling precomputed-hash v0.1.1
[INFO] [stderr]    Compiling same-file v1.0.6
[INFO] [stderr]    Compiling rustls v0.19.1
[INFO] [stderr]    Compiling webpki-roots v0.21.1
[INFO] [stderr]    Compiling unic-common v0.9.0
[INFO] [stderr]    Compiling heck v0.4.0
[INFO] [stderr]    Compiling walkdir v2.3.2
[INFO] [stderr]    Compiling unic-ucd-version v0.9.0
[INFO] [stderr]    Compiling unic-char-property v0.9.0
[INFO] [stderr]    Compiling chrono-tz v0.6.1
[INFO] [stderr]    Compiling tendril v0.4.3
[INFO] [stderr]    Compiling pest_meta v2.1.3
[INFO] [stderr]    Compiling unicase v2.6.0
[INFO] [stderr]    Compiling rocket v0.5.0-rc.2
[INFO] [stderr]    Compiling thread_local v1.1.4
[INFO] [stderr]    Compiling globset v0.4.8
[INFO] [stderr]    Compiling serde_json v1.0.81
[INFO] [stderr]    Compiling mime v0.3.16
[INFO] [stderr]    Compiling glob v0.3.0
[INFO] [stderr]    Compiling unicode-xid v0.2.3
[INFO] [stderr]    Compiling remove_dir_all v0.5.3
[INFO] [stderr]    Compiling dotenv v0.15.0
[INFO] [stderr]    Compiling fastrand v1.7.0
[INFO] [stderr]    Compiling ignore v0.4.18
[INFO] [stderr]    Compiling tempfile v3.3.0
[INFO] [stderr]    Compiling chrono v0.4.19
[INFO] [stderr]    Compiling pest_generator v2.1.3
[INFO] [stderr]    Compiling unic-ucd-segment v0.9.0
[INFO] [stderr]    Compiling atty v0.2.14
[INFO] [stderr]    Compiling tokio-rustls v0.22.0
[INFO] [stderr]    Compiling constant_time_eq v0.1.5
[INFO] [stderr]    Compiling sqlx-rt v0.5.13
[INFO] [stderr]    Compiling arrayvec v0.7.2
[INFO] [stderr]    Compiling deunicode v0.4.3
[INFO] [stderr]    Compiling unicode-width v0.1.9
[INFO] [stderr]    Compiling tokio-macros v1.8.0
[INFO] [stderr]    Compiling pin-project-internal v1.0.10
[INFO] [stderr]    Compiling pear_codegen v0.2.3
[INFO] [stderr]    Compiling thiserror-impl v1.0.31
[INFO] [stderr]    Compiling ref-cast-impl v1.0.7
[INFO] [stderr]    Compiling devise_codegen v0.3.1
[INFO] [stderr]    Compiling async-stream-impl v0.3.3
[INFO] [stderr]    Compiling html5ever v0.26.0
[INFO] [stderr]    Compiling binascii v0.1.4
[INFO] [stderr]    Compiling pulldown-cmark v0.9.1
[INFO] [stderr]    Compiling arrayref v0.3.6
[INFO] [stderr]    Compiling pear v0.2.3
[INFO] [stderr] The following warnings were emitted during compilation:
[INFO] [stderr] 
[INFO] [stderr] warning: libsqlite3-sys@0.24.2: cc: fatal error: Killed signal terminated program cc1
[INFO] [stderr] warning: libsqlite3-sys@0.24.2: compilation terminated.
[INFO] [stderr] 
[INFO] [stderr] error: failed to run custom build command for `libsqlite3-sys v0.24.2`
[INFO] [stderr] note: To improve backtraces for build dependencies, set the CARGO_PROFILE_DEV_BUILD_OVERRIDE_DEBUG=true environment variable to enable debug information generation.
[INFO] [stderr] 
[INFO] [stderr] Caused by:
[INFO] [stderr]   process didn't exit successfully: `/opt/rustwide/target/debug/build/libsqlite3-sys-141473535dd48e16/build-script-build` (exit status: 1)
[INFO] [stderr]   --- stdout
[INFO] [stderr]   cargo:rerun-if-changed=sqlite3/sqlite3.c
[INFO] [stderr]   cargo:rerun-if-changed=sqlite3/wasm32-wasi-vfs.c
[INFO] [stderr]   cargo:rerun-if-env-changed=SQLITE_MAX_VARIABLE_NUMBER
[INFO] [stderr]   cargo:rerun-if-env-changed=SQLITE_MAX_EXPR_DEPTH
[INFO] [stderr]   cargo:rerun-if-env-changed=LIBSQLITE3_FLAGS
[INFO] [stderr]   TARGET = Some("x86_64-unknown-linux-gnu")
[INFO] [stderr]   OPT_LEVEL = Some("0")
[INFO] [stderr]   HOST = Some("x86_64-unknown-linux-gnu")
[INFO] [stderr]   CC_x86_64-unknown-linux-gnu = None
[INFO] [stderr]   CC_x86_64_unknown_linux_gnu = None
[INFO] [stderr]   HOST_CC = None
[INFO] [stderr]   CC = None
[INFO] [stderr]   CFLAGS_x86_64-unknown-linux-gnu = None
[INFO] [stderr]   CFLAGS_x86_64_unknown_linux_gnu = None
[INFO] [stderr]   HOST_CFLAGS = None
[INFO] [stderr]   CFLAGS = None
[INFO] [stderr]   CRATE_CC_NO_DEFAULTS = None
[INFO] [stderr]   DEBUG = Some("true")
[INFO] [stderr]   CARGO_CFG_TARGET_FEATURE = Some("fxsr,sse,sse2")
[INFO] [stderr]   running: "cc" "-O0" "-ffunction-sections" "-fdata-sections" "-fPIC" "-g" "-fno-omit-frame-pointer" "-m64" "-DSQLITE_CORE" "-DSQLITE_DEFAULT_FOREIGN_KEYS=1" "-DSQLITE_ENABLE_API_ARMOR" "-DSQLITE_ENABLE_COLUMN_METADATA" "-DSQLITE_ENABLE_DBSTAT_VTAB" "-DSQLITE_ENABLE_FTS3" "-DSQLITE_ENABLE_FTS3_PARENTHESIS" "-DSQLITE_ENABLE_FTS5" "-DSQLITE_ENABLE_JSON1" "-DSQLITE_ENABLE_LOAD_EXTENSION=1" "-DSQLITE_ENABLE_MEMORY_MANAGEMENT" "-DSQLITE_ENABLE_RTREE" "-DSQLITE_ENABLE_STAT2" "-DSQLITE_ENABLE_STAT4" "-DSQLITE_SOUNDEX" "-DSQLITE_THREADSAFE=1" "-DSQLITE_USE_URI" "-DHAVE_USLEEP=1" "-D_POSIX_THREAD_SAFE_FUNCTIONS" "-DHAVE_ISNAN" "-DHAVE_LOCALTIME_R" "-DSQLITE_ENABLE_UNLOCK_NOTIFY" "-o" "/opt/rustwide/target/debug/build/libsqlite3-sys-e55bdde417f887b5/out/sqlite3/sqlite3.o" "-c" "sqlite3/sqlite3.c"
[INFO] [stderr]   cargo:warning=cc: fatal error: Killed signal terminated program cc1
[INFO] [stderr]   cargo:warning=compilation terminated.
[INFO] [stderr]   exit status: 1
[INFO] [stderr] 
[INFO] [stderr]   --- stderr
[INFO] [stderr] 
[INFO] [stderr] 
[INFO] [stderr]   error occurred: Command "cc" "-O0" "-ffunction-sections" "-fdata-sections" "-fPIC" "-g" "-fno-omit-frame-pointer" "-m64" "-DSQLITE_CORE" "-DSQLITE_DEFAULT_FOREIGN_KEYS=1" "-DSQLITE_ENABLE_API_ARMOR" "-DSQLITE_ENABLE_COLUMN_METADATA" "-DSQLITE_ENABLE_DBSTAT_VTAB" "-DSQLITE_ENABLE_FTS3" "-DSQLITE_ENABLE_FTS3_PARENTHESIS" "-DSQLITE_ENABLE_FTS5" "-DSQLITE_ENABLE_JSON1" "-DSQLITE_ENABLE_LOAD_EXTENSION=1" "-DSQLITE_ENABLE_MEMORY_MANAGEMENT" "-DSQLITE_ENABLE_RTREE" "-DSQLITE_ENABLE_STAT2" "-DSQLITE_ENABLE_STAT4" "-DSQLITE_SOUNDEX" "-DSQLITE_THREADSAFE=1" "-DSQLITE_USE_URI" "-DHAVE_USLEEP=1" "-D_POSIX_THREAD_SAFE_FUNCTIONS" "-DHAVE_ISNAN" "-DHAVE_LOCALTIME_R" "-DSQLITE_ENABLE_UNLOCK_NOTIFY" "-o" "/opt/rustwide/target/debug/build/libsqlite3-sys-e55bdde417f887b5/out/sqlite3/sqlite3.o" "-c" "sqlite3/sqlite3.c" with args "cc" did not execute successfully (status code exit status: 1).
[INFO] [stderr] 
[INFO] [stderr] 
[INFO] [stderr] warning: build failed, waiting for other jobs to finish...
[INFO] running `Command { std: "docker" "inspect" "fa4b0b69b49f0ff0b33a903c7653add5bc34d6f90936650d2f6e1cb4b1bbe9b8", kill_on_drop: false }`
[INFO] running `Command { std: "docker" "rm" "-f" "fa4b0b69b49f0ff0b33a903c7653add5bc34d6f90936650d2f6e1cb4b1bbe9b8", kill_on_drop: false }`
[INFO] [stdout] fa4b0b69b49f0ff0b33a903c7653add5bc34d6f90936650d2f6e1cb4b1bbe9b8
[INFO] testing jillpls/calliope against beta-2023-12-22 for beta-1.76-1
[INFO] running `Command { std: "git" "clone" "/workspace/cache/git-repos/https%3A%2F%2Fgithub.com%2Fjillpls%2Fcalliope" "/workspace/builds/worker-0-tc2/source", kill_on_drop: false }`
[INFO] [stderr] Cloning into '/workspace/builds/worker-0-tc2/source'...
[INFO] [stderr] done.
[INFO] validating manifest of git repo https://github.com/jillpls/calliope on toolchain beta-2023-12-22
[INFO] running `Command { std: CARGO_HOME="/workspace/cargo-home" RUSTUP_HOME="/workspace/rustup-home" "/workspace/cargo-home/bin/cargo" "+beta-2023-12-22" "metadata" "--manifest-path" "Cargo.toml" "--no-deps", kill_on_drop: false }`
[INFO] started tweaking git repo https://github.com/jillpls/calliope
[INFO] finished tweaking git repo https://github.com/jillpls/calliope
[INFO] tweaked toml for git repo https://github.com/jillpls/calliope written to /workspace/builds/worker-0-tc2/source/Cargo.toml
[INFO] crate git repo https://github.com/jillpls/calliope already has a lockfile, it will not be regenerated
[INFO] running `Command { std: CARGO_HOME="/workspace/cargo-home" RUSTUP_HOME="/workspace/rustup-home" "/workspace/cargo-home/bin/cargo" "+beta-2023-12-22" "fetch" "--manifest-path" "Cargo.toml", kill_on_drop: false }`
[INFO] running `Command { std: "docker" "create" "-v" "/var/lib/crater-agent-workspace/builds/worker-0-tc2/target:/opt/rustwide/target:rw,Z" "-v" "/var/lib/crater-agent-workspace/builds/worker-0-tc2/source:/opt/rustwide/workdir:ro,Z" "-v" "/var/lib/crater-agent-workspace/cargo-home:/opt/rustwide/cargo-home:ro,Z" "-v" "/var/lib/crater-agent-workspace/rustup-home:/opt/rustwide/rustup-home:ro,Z" "-e" "SOURCE_DIR=/opt/rustwide/workdir" "-e" "CARGO_TARGET_DIR=/opt/rustwide/target" "-e" "CARGO_HOME=/opt/rustwide/cargo-home" "-e" "RUSTUP_HOME=/opt/rustwide/rustup-home" "-w" "/opt/rustwide/workdir" "-m" "1610612736" "--user" "0:0" "--network" "none" "ghcr.io/rust-lang/crates-build-env/linux@sha256:2788e3201cd34a07e3172128adcd8b3090168a8e3bcc40d7c032b9dda1df7d1c" "/opt/rustwide/cargo-home/bin/cargo" "+beta-2023-12-22" "metadata" "--no-deps" "--format-version=1", kill_on_drop: false }`
[INFO] [stdout] f9065fbeb9fb42c8fb59adf57e2a48fda7bf3c5755914ca91a667de6699a4967
[INFO] running `Command { std: "docker" "start" "-a" "f9065fbeb9fb42c8fb59adf57e2a48fda7bf3c5755914ca91a667de6699a4967", kill_on_drop: false }`
[INFO] running `Command { std: "docker" "inspect" "f9065fbeb9fb42c8fb59adf57e2a48fda7bf3c5755914ca91a667de6699a4967", kill_on_drop: false }`
[INFO] running `Command { std: "docker" "rm" "-f" "f9065fbeb9fb42c8fb59adf57e2a48fda7bf3c5755914ca91a667de6699a4967", kill_on_drop: false }`
[INFO] [stdout] f9065fbeb9fb42c8fb59adf57e2a48fda7bf3c5755914ca91a667de6699a4967
[INFO] running `Command { std: "docker" "create" "-v" "/var/lib/crater-agent-workspace/builds/worker-0-tc2/target:/opt/rustwide/target:rw,Z" "-v" "/var/lib/crater-agent-workspace/builds/worker-0-tc2/source:/opt/rustwide/workdir:ro,Z" "-v" "/var/lib/crater-agent-workspace/cargo-home:/opt/rustwide/cargo-home:ro,Z" "-v" "/var/lib/crater-agent-workspace/rustup-home:/opt/rustwide/rustup-home:ro,Z" "-e" "SOURCE_DIR=/opt/rustwide/workdir" "-e" "CARGO_TARGET_DIR=/opt/rustwide/target" "-e" "CARGO_INCREMENTAL=0" "-e" "RUST_BACKTRACE=full" "-e" "RUSTFLAGS=--cap-lints=warn" "-e" "RUSTDOCFLAGS=--cap-lints=warn" "-e" "CARGO_HOME=/opt/rustwide/cargo-home" "-e" "RUSTUP_HOME=/opt/rustwide/rustup-home" "-w" "/opt/rustwide/workdir" "-m" "1610612736" "--user" "0:0" "--network" "none" "ghcr.io/rust-lang/crates-build-env/linux@sha256:2788e3201cd34a07e3172128adcd8b3090168a8e3bcc40d7c032b9dda1df7d1c" "/opt/rustwide/cargo-home/bin/cargo" "+beta-2023-12-22" "build" "--frozen" "--message-format=json", kill_on_drop: false }`
[INFO] [stdout] d1e71180964142670c1ea53ca67290c5bdb1db72381a3ee5e1ed86f80b045b2f
[INFO] running `Command { std: "docker" "start" "-a" "d1e71180964142670c1ea53ca67290c5bdb1db72381a3ee5e1ed86f80b045b2f", kill_on_drop: false }`
[INFO] [stderr]    Compiling version_check v0.9.4
[INFO] [stderr]    Compiling cfg-if v1.0.0
[INFO] [stderr]    Compiling libc v0.2.126
[INFO] [stderr]    Compiling proc-macro2 v1.0.39
[INFO] [stderr]    Compiling unicode-ident v1.0.0
[INFO] [stderr]    Compiling syn v1.0.96
[INFO] [stderr]    Compiling autocfg v1.1.0
[INFO] [stderr]    Compiling once_cell v1.12.0
[INFO] [stderr]    Compiling memchr v2.5.0
[INFO] [stderr]    Compiling pin-project-lite v0.2.9
[INFO] [stderr]    Compiling futures-core v0.3.21
[INFO] [stderr]    Compiling typenum v1.15.0
[INFO] [stderr]    Compiling smallvec v1.8.0
[INFO] [stderr]    Compiling scopeguard v1.1.0
[INFO] [stderr]    Compiling log v0.4.17
[INFO] [stderr]    Compiling bytes v1.1.0
[INFO] [stderr]    Compiling ppv-lite86 v0.2.16
[INFO] [stderr]    Compiling serde_derive v1.0.137
[INFO] [stderr]    Compiling serde v1.0.137
[INFO] [stderr]    Compiling lazy_static v1.4.0
[INFO] [stderr]    Compiling parking_lot_core v0.9.3
[INFO] [stderr]    Compiling futures-task v0.3.21
[INFO] [stderr]    Compiling futures-channel v0.3.21
[INFO] [stderr]    Compiling generic-array v0.14.5
[INFO] [stderr]    Compiling uncased v0.9.7
[INFO] [stderr]    Compiling cc v1.0.73
[INFO] [stderr]    Compiling lock_api v0.4.7
[INFO] [stderr]    Compiling itoa v1.0.2
[INFO] [stderr]    Compiling subtle v2.4.1
[INFO] [stderr]    Compiling pin-utils v0.1.0
[INFO] [stderr]    Compiling slab v0.4.6
[INFO] [stderr]    Compiling siphasher v0.3.10
[INFO] [stderr]    Compiling base64 v0.13.0
[INFO] [stderr]    Compiling ahash v0.7.6
[INFO] [stderr]    Compiling cpufeatures v0.2.2
[INFO] [stderr]    Compiling fnv v1.0.7
[INFO] [stderr]    Compiling untrusted v0.7.1
[INFO] [stderr]    Compiling futures-sink v0.3.21
[INFO] [stderr]    Compiling percent-encoding v2.1.0
[INFO] [stderr]    Compiling spin v0.5.2
[INFO] [stderr]    Compiling proc-macro2-diagnostics v0.9.1
[INFO] [stderr]    Compiling bitflags v1.3.2
[INFO] [stderr]    Compiling yansi v0.5.1
[INFO] [stderr]    Compiling phf_shared v0.10.0
[INFO] [stderr]    Compiling num-traits v0.2.15
[INFO] [stderr]    Compiling futures-util v0.3.21
[INFO] [stderr]    Compiling quote v1.0.18
[INFO] [stderr]    Compiling either v1.6.1
[INFO] [stderr]    Compiling opaque-debug v0.3.0
[INFO] [stderr]    Compiling getrandom v0.2.6
[INFO] [stderr]    Compiling num_cpus v1.13.1
[INFO] [stderr]    Compiling socket2 v0.4.4
[INFO] [stderr]    Compiling signal-hook-registry v1.4.0
[INFO] [stderr]    Compiling mio v0.8.3
[INFO] [stderr]    Compiling rand_core v0.6.3
[INFO] [stderr]    Compiling futures-io v0.3.21
[INFO] [stderr]    Compiling parking_lot v0.12.1
[INFO] [stderr]    Compiling tinyvec_macros v0.1.0
[INFO] [stderr]    Compiling tinyvec v1.6.0
[INFO] [stderr]    Compiling rand_chacha v0.3.1
[INFO] [stderr]    Compiling hashbrown v0.11.2
[INFO] [stderr]    Compiling http v0.2.8
[INFO] [stderr]    Compiling rand v0.8.5
[INFO] [stderr]    Compiling tokio v1.19.2
[INFO] [stderr]    Compiling ring v0.16.20
[INFO] [stderr]    Compiling tracing-core v0.1.26
[INFO] [stderr]    Compiling crossbeam-utils v0.8.8
[INFO] [stderr]    Compiling httparse v1.7.1
[INFO] [stderr]    Compiling spin v0.9.3
[INFO] [stderr]    Compiling tracing v0.1.34
[INFO] [stderr]    Compiling indexmap v1.8.2
[INFO] [stderr]    Compiling unicode-bidi v0.3.8
[INFO] [stderr]    Compiling block-buffer v0.10.2
[INFO] [stderr]    Compiling crypto-common v0.1.3
[INFO] [stderr]    Compiling universal-hash v0.4.1
[INFO] [stderr]    Compiling digest v0.10.3
[INFO] [stderr]    Compiling cipher v0.3.0
[INFO] [stderr]    Compiling polyval v0.5.3
[INFO] [stderr]    Compiling unicode-normalization v0.1.19
[INFO] [stderr]    Compiling parking_lot_core v0.8.5
[INFO] [stderr]    Compiling phf_generator v0.10.0
[INFO] [stderr]    Compiling try-lock v0.2.3
[INFO] [stderr]    Compiling phf_codegen v0.10.0
[INFO] [stderr]    Compiling matches v0.1.9
[INFO] [stderr]    Compiling ghash v0.4.4
[INFO] [stderr]    Compiling ctr v0.8.0
[INFO] [stderr]    Compiling aes v0.7.5
[INFO] [stderr]    Compiling sha2 v0.10.2
[INFO] [stderr]    Compiling hmac v0.12.1
[INFO] [stderr]    Compiling aead v0.4.3
[INFO] [stderr]    Compiling cookie v0.16.0
[INFO] [stderr]    Compiling instant v0.1.12
[INFO] [stderr]    Compiling num_threads v0.1.6
[INFO] [stderr]    Compiling crossbeam-queue v0.3.5
[INFO] [stderr]    Compiling pkg-config v0.3.25
[INFO] [stderr]    Compiling vcpkg v0.2.15
[INFO] [stderr]    Compiling time-macros v0.2.4
[INFO] [stderr]    Compiling aes-gcm v0.9.4
[INFO] [stderr]    Compiling hkdf v0.12.3
[INFO] [stderr]    Compiling form_urlencoded v1.0.1
[INFO] [stderr]    Compiling http-body v0.4.5
[INFO] [stderr]    Compiling minimal-lexical v0.2.1
[INFO] [stderr]    Compiling regex-syntax v0.6.26
[INFO] [stderr]    Compiling idna v0.2.3
[INFO] [stderr]    Compiling tower-service v0.3.1
[INFO] [stderr]    Compiling ref-cast v1.0.7
[INFO] [stderr]    Compiling inlinable_string v0.1.15
[INFO] [stderr]    Compiling httpdate v1.0.2
[INFO] [stderr]    Compiling nom v7.1.1
[INFO] [stderr]    Compiling parking_lot v0.11.2
[INFO] [stderr]    Compiling itertools v0.10.3
[INFO] [stderr]    Compiling crc-catalog v1.1.1
[INFO] [stderr]    Compiling unicode_categories v0.1.1
[INFO] [stderr]    Compiling new_debug_unreachable v1.0.4
[INFO] [stderr]    Compiling crc v2.1.0
[INFO] [stderr]    Compiling futures-intrusive v0.4.0
[INFO] [stderr]    Compiling libsqlite3-sys v0.24.2
[INFO] [stderr]    Compiling url v2.2.2
[INFO] [stderr]    Compiling stringprep v0.1.2
[INFO] [stderr]    Compiling atoi v0.4.0
[INFO] [stderr]    Compiling want v0.3.0
[INFO] [stderr]    Compiling string_cache_codegen v0.5.2
[INFO] [stderr]    Compiling hashlink v0.7.0
[INFO] [stderr]    Compiling regex v1.5.6
[INFO] [stderr]    Compiling phf v0.10.1
[INFO] [stderr]    Compiling aho-corasick v0.7.18
[INFO] [stderr]    Compiling stable-pattern v0.1.0
[INFO] [stderr]    Compiling num-integer v0.1.45
[INFO] [stderr]    Compiling maplit v1.0.2
[INFO] [stderr]    Compiling event-listener v2.5.2
[INFO] [stderr]    Compiling hex v0.4.3
[INFO] [stderr]    Compiling byteorder v1.4.3
[INFO] [stderr]    Compiling encoding_rs v0.8.31
[INFO] [stderr]    Compiling paste v1.0.7
[INFO] [stderr]    Compiling time v0.3.9
[INFO] [stderr]    Compiling state v0.5.3
[INFO] [stderr]    Compiling ucd-trie v0.1.3
[INFO] [stderr]    Compiling mac v0.1.1
[INFO] [stderr]    Compiling pest v2.1.3
[INFO] [stderr]    Compiling futf v0.1.5
[INFO] [stderr]    Compiling futures v0.3.21
[INFO] [stderr]    Compiling parse-zoneinfo v0.3.0
[INFO] [stderr]    Compiling markup5ever v0.11.0
[INFO] [stderr]    Compiling sqlformat v0.1.8
[INFO] [stderr]    Compiling futures-executor v0.3.21
[INFO] [stderr]    Compiling tokio-stream v0.1.9
[INFO] [stderr]    Compiling hyper v0.14.19
[INFO] [stderr]    Compiling chrono-tz-build v0.0.2
[INFO] [stderr]    Compiling bstr v0.2.17
[INFO] [stderr]    Compiling atomic v0.5.1
[INFO] [stderr]    Compiling figment v0.10.6
[INFO] [stderr]    Compiling multer v2.0.2
[INFO] [stderr]    Compiling webpki v0.21.4
[INFO] [stderr]    Compiling sct v0.6.1
[INFO] [stderr]    Compiling devise_core v0.3.1
[INFO] [stderr]    Compiling async-trait v0.1.56
[INFO] [stderr]    Compiling precomputed-hash v0.1.1
[INFO] [stderr]    Compiling same-file v1.0.6
[INFO] [stderr]    Compiling unicode-segmentation v1.9.0
[INFO] [stderr]    Compiling unic-char-range v0.9.0
[INFO] [stderr]    Compiling unic-common v0.9.0
[INFO] [stderr]    Compiling rustls v0.19.1
[INFO] [stderr]    Compiling webpki-roots v0.21.1
[INFO] [stderr]    Compiling utf-8 v0.7.6
[INFO] [stderr]    Compiling heck v0.4.0
[INFO] [stderr]    Compiling tendril v0.4.3
[INFO] [stderr]    Compiling unic-ucd-version v0.9.0
[INFO] [stderr]    Compiling unic-char-property v0.9.0
[INFO] [stderr]    Compiling walkdir v2.3.2
[INFO] [stderr]    Compiling chrono-tz v0.6.1
[INFO] [stderr]    Compiling pest_meta v2.1.3
[INFO] [stderr]    Compiling unicase v2.6.0
[INFO] [stderr]    Compiling rocket v0.5.0-rc.2
[INFO] [stderr]    Compiling thread_local v1.1.4
[INFO] [stderr]    Compiling mime v0.3.16
[INFO] [stderr]    Compiling fastrand v1.7.0
[INFO] [stderr]    Compiling unicode-xid v0.2.3
[INFO] [stderr]    Compiling remove_dir_all v0.5.3
[INFO] [stderr]    Compiling globset v0.4.8
[INFO] [stderr]    Compiling dotenv v0.15.0
[INFO] [stderr]    Compiling serde_json v1.0.81
[INFO] [stderr]    Compiling glob v0.3.0
[INFO] [stderr]    Compiling tempfile v3.3.0
[INFO] [stderr]    Compiling pest_generator v2.1.3
[INFO] [stderr]    Compiling chrono v0.4.19
[INFO] [stderr]    Compiling unic-ucd-segment v0.9.0
[INFO] [stderr]    Compiling atty v0.2.14
[INFO] [stderr]    Compiling ignore v0.4.18
[INFO] [stderr]    Compiling arrayvec v0.7.2
[INFO] [stderr]    Compiling tokio-rustls v0.22.0
[INFO] [stderr]    Compiling pulldown-cmark v0.9.1
[INFO] [stderr]    Compiling sqlx-rt v0.5.13
[INFO] [stderr]    Compiling binascii v0.1.4
[INFO] [stderr]    Compiling ryu v1.0.10
[INFO] [stderr]    Compiling deunicode v0.4.3
[INFO] [stderr]    Compiling constant_time_eq v0.1.5
[INFO] [stderr]    Compiling arrayref v0.3.6
[INFO] [stderr]    Compiling unicode-width v0.1.9
[INFO] [stderr]    Compiling blake2b_simd v1.0.0
[INFO] [stderr]    Compiling globwalk v0.8.1
[INFO] [stderr]    Compiling getopts v0.2.21
[INFO] [stderr]    Compiling slug v0.1.4
[INFO] [stderr]    Compiling unic-segment v0.9.0
[INFO] [stderr]    Compiling humansize v1.1.1
[INFO] [stderr]    Compiling tokio-macros v1.8.0
[INFO] [stderr]    Compiling pin-project-internal v1.0.10
[INFO] [stderr]    Compiling pear_codegen v0.2.3
[INFO] [stderr]    Compiling thiserror-impl v1.0.31
[INFO] [stderr]    Compiling ref-cast-impl v1.0.7
[INFO] [stderr]    Compiling devise_codegen v0.3.1
[INFO] [stderr]    Compiling html5ever v0.26.0
[INFO] [stderr]    Compiling async-stream-impl v0.3.3
[INFO] [stderr]    Compiling pear v0.2.3
[INFO] [stderr]    Compiling pest_derive v2.1.0
[INFO] [stderr]    Compiling devise v0.3.1
[INFO] [stderr]    Compiling uuid-macro-internal v1.1.1
[INFO] [stderr]    Compiling rocket_db_pools_codegen v0.1.0-rc.2
[INFO] [stderr]    Compiling rust-argon2 v1.0.0
[INFO] [stderr]    Compiling pin-project v1.0.10
[INFO] [stderr]    Compiling flume v0.10.12
[INFO] [stderr]    Compiling thiserror v1.0.31
[INFO] [stderr]    Compiling async-stream v0.3.3
[INFO] [stderr]    Compiling rocket_http v0.5.0-rc.2
[INFO] [stderr]    Compiling uuid v1.1.1
[INFO] [stderr]    Compiling sqlx-core v0.5.13
[INFO] [stderr]    Compiling rocket_codegen v0.5.0-rc.2
[INFO] [stderr]    Compiling tokio-util v0.7.3
[INFO] [stderr]    Compiling tokio-util v0.6.10
[INFO] [stderr]    Compiling toml v0.5.9
[INFO] [stderr]    Compiling ubyte v0.10.2
[INFO] [stderr]    Compiling string_cache v0.8.4
[INFO] [stderr]    Compiling h2 v0.3.13
[INFO] [stderr]    Compiling sqlx-macros v0.5.13
[INFO] [stderr]    Compiling ammonia v3.2.0
[INFO] [stderr]    Compiling tera v1.15.0
[INFO] [stderr]    Compiling sqlx v0.5.13
[INFO] [stderr]    Compiling rocket_db_pools v0.1.0-rc.2
[INFO] [stderr]    Compiling calliope v0.1.0 (/opt/rustwide/workdir)
[INFO] [stdout] warning: unused import: `SqliteRow`
[INFO] [stdout]  --> src/data/database.rs:7:39
[INFO] [stdout]   |
[INFO] [stdout] 7 | use sqlx::sqlite::{SqliteQueryResult, SqliteRow};
[INFO] [stdout]   |                                       ^^^^^^^^^
[INFO] [stdout]   |
[INFO] [stdout]   = note: `#[warn(unused_imports)]` on by default
[INFO] [stdout] 
[INFO] [stdout] 
[INFO] [stdout] warning: variant `ENABLE_TABLES` should have an upper camel case name
[INFO] [stdout]   --> src/parse.rs:40:5
[INFO] [stdout]    |
[INFO] [stdout] 40 |     ENABLE_TABLES,
[INFO] [stdout]    |     ^^^^^^^^^^^^^ help: convert the identifier to upper camel case: `EnableTables`
[INFO] [stdout]    |
[INFO] [stdout]    = note: `#[warn(non_camel_case_types)]` on by default
[INFO] [stdout] 
[INFO] [stdout] 
[INFO] [stdout] warning: variant `ENABLE_FOOTNOTES` should have an upper camel case name
[INFO] [stdout]   --> src/parse.rs:41:5
[INFO] [stdout]    |
[INFO] [stdout] 41 |     ENABLE_FOOTNOTES,
[INFO] [stdout]    |     ^^^^^^^^^^^^^^^^ help: convert the identifier to upper camel case: `EnableFootnotes`
[INFO] [stdout] 
[INFO] [stdout] 
[INFO] [stdout] warning: variant `ENABLE_STRIKETHROUGH` should have an upper camel case name
[INFO] [stdout]   --> src/parse.rs:42:5
[INFO] [stdout]    |
[INFO] [stdout] 42 |     ENABLE_STRIKETHROUGH,
[INFO] [stdout]    |     ^^^^^^^^^^^^^^^^^^^^ help: convert the identifier to upper camel case: `EnableStrikethrough`
[INFO] [stdout] 
[INFO] [stdout] 
[INFO] [stdout] warning: variant `ENABLE_TASKLISTS` should have an upper camel case name
[INFO] [stdout]   --> src/parse.rs:43:5
[INFO] [stdout]    |
[INFO] [stdout] 43 |     ENABLE_TASKLISTS,
[INFO] [stdout]    |     ^^^^^^^^^^^^^^^^ help: convert the identifier to upper camel case: `EnableTasklists`
[INFO] [stdout] 
[INFO] [stdout] 
[INFO] [stdout] warning: variant `ENABLE_SMART_PUNCTUATION` should have an upper camel case name
[INFO] [stdout]   --> src/parse.rs:44:5
[INFO] [stdout]    |
[INFO] [stdout] 44 |     ENABLE_SMART_PUNCTUATION,
[INFO] [stdout]    |     ^^^^^^^^^^^^^^^^^^^^^^^^ help: convert the identifier to upper camel case: `EnableSmartPunctuation`
[INFO] [stdout] 
[INFO] [stdout] 
[INFO] [stdout] warning: variant `ENABLE_HEADING_ATTRIBUTES` should have an upper camel case name
[INFO] [stdout]   --> src/parse.rs:45:5
[INFO] [stdout]    |
[INFO] [stdout] 45 |     ENABLE_HEADING_ATTRIBUTES,
[INFO] [stdout]    |     ^^^^^^^^^^^^^^^^^^^^^^^^^ help: convert the identifier to upper camel case: `EnableHeadingAttributes`
[INFO] [stdout] 
[INFO] [stdout] 
[INFO] [stdout] warning: unused import: `page`
[INFO] [stdout]   --> src/posts.rs:10:8
[INFO] [stdout]    |
[INFO] [stdout] 10 | pub fn page(title: &str) -> content::RawHtml<String> {
[INFO] [stdout]    |        ^^^^
[INFO] [stdout] 
[INFO] [stdout] 
[INFO] [stdout] warning: lint `private_in_public` has been removed: replaced with another group of lints, see RFC <https://rust-lang.github.io/rfcs/2145-type-privacy.html> for more information
[INFO] [stdout]   --> src/users/mod.rs:16:1
[INFO] [stdout]    |
[INFO] [stdout] 16 | pub struct NewUser {
[INFO] [stdout]    | ^^^
[INFO] [stdout]    |
[INFO] [stdout]    = note: `#[warn(renamed_and_removed_lints)]` on by default
[INFO] [stdout] 
[INFO] [stdout] 
[INFO] [stdout] warning: lint `private_in_public` has been removed: replaced with another group of lints, see RFC <https://rust-lang.github.io/rfcs/2145-type-privacy.html> for more information
[INFO] [stdout]   --> src/users/mod.rs:23:1
[INFO] [stdout]    |
[INFO] [stdout] 23 | pub struct LoginUser {
[INFO] [stdout]    | ^^^
[INFO] [stdout] 
[INFO] [stdout] 
[INFO] [stdout] warning: unused import: `register_user_get`
[INFO] [stdout]   --> src/users/mod.rs:29:14
[INFO] [stdout]    |
[INFO] [stdout] 29 | pub async fn register_user_get() -> content::RawHtml<String> {
[INFO] [stdout]    |              ^^^^^^^^^^^^^^^^^
[INFO] [stdout] 
[INFO] [stdout] 
[INFO] [stdout] warning: unused import: `register_user`
[INFO] [stdout]   --> src/users/mod.rs:35:14
[INFO] [stdout]    |
[INFO] [stdout] 35 | pub async fn register_user(
[INFO] [stdout]    |              ^^^^^^^^^^^^^
[INFO] [stdout] 
[INFO] [stdout] 
[INFO] [stdout] warning: unused import: `login_user_get`
[INFO] [stdout]   --> src/users/mod.rs:62:14
[INFO] [stdout]    |
[INFO] [stdout] 62 | pub async fn login_user_get() -> content::RawHtml<String> {
[INFO] [stdout]    |              ^^^^^^^^^^^^^^
[INFO] [stdout] 
[INFO] [stdout] 
[INFO] [stdout] warning: unused import: `login_user`
[INFO] [stdout]   --> src/users/mod.rs:68:14
[INFO] [stdout]    |
[INFO] [stdout] 68 | pub async fn login_user(
[INFO] [stdout]    |              ^^^^^^^^^^
[INFO] [stdout] 
[INFO] [stdout] 
[INFO] [stdout] warning: unused variable: `e`
[INFO] [stdout]   --> src/users/mod.rs:49:17
[INFO] [stdout]    |
[INFO] [stdout] 49 |             Err(e) => {
[INFO] [stdout]    |                 ^ help: if this is intentional, prefix it with an underscore: `_e`
[INFO] [stdout]    |
[INFO] [stdout]    = note: `#[warn(unused_variables)]` on by default
[INFO] [stdout] 
[INFO] [stdout] 
[INFO] [stdout] warning: variants `All` and `List` are never constructed
[INFO] [stdout]   --> src/parse.rs:34:5
[INFO] [stdout]    |
[INFO] [stdout] 33 | pub enum ParseOptions {
[INFO] [stdout]    |          ------------ variants in this enum
[INFO] [stdout] 34 |     All,
[INFO] [stdout]    |     ^^^
[INFO] [stdout] 35 |     List(Vec<ParseOptionValue>),
[INFO] [stdout]    |     ^^^^
[INFO] [stdout]    |
[INFO] [stdout]    = note: `#[warn(dead_code)]` on by default
[INFO] [stdout] 
[INFO] [stdout] 
[INFO] [stdout] warning: 16 warnings emitted
[INFO] [stdout] 
[INFO] [stdout] 
[INFO] [stderr]     Finished dev [unoptimized + debuginfo] target(s) in 33.48s
[INFO] running `Command { std: "docker" "inspect" "d1e71180964142670c1ea53ca67290c5bdb1db72381a3ee5e1ed86f80b045b2f", kill_on_drop: false }`
[INFO] running `Command { std: "docker" "rm" "-f" "d1e71180964142670c1ea53ca67290c5bdb1db72381a3ee5e1ed86f80b045b2f", kill_on_drop: false }`
[INFO] [stdout] d1e71180964142670c1ea53ca67290c5bdb1db72381a3ee5e1ed86f80b045b2f
[INFO] running `Command { std: "docker" "create" "-v" "/var/lib/crater-agent-workspace/builds/worker-0-tc2/target:/opt/rustwide/target:rw,Z" "-v" "/var/lib/crater-agent-workspace/builds/worker-0-tc2/source:/opt/rustwide/workdir:ro,Z" "-v" "/var/lib/crater-agent-workspace/cargo-home:/opt/rustwide/cargo-home:ro,Z" "-v" "/var/lib/crater-agent-workspace/rustup-home:/opt/rustwide/rustup-home:ro,Z" "-e" "SOURCE_DIR=/opt/rustwide/workdir" "-e" "CARGO_TARGET_DIR=/opt/rustwide/target" "-e" "CARGO_INCREMENTAL=0" "-e" "RUST_BACKTRACE=full" "-e" "RUSTFLAGS=--cap-lints=warn" "-e" "RUSTDOCFLAGS=--cap-lints=warn" "-e" "CARGO_HOME=/opt/rustwide/cargo-home" "-e" "RUSTUP_HOME=/opt/rustwide/rustup-home" "-w" "/opt/rustwide/workdir" "-m" "1610612736" "--user" "0:0" "--network" "none" "ghcr.io/rust-lang/crates-build-env/linux@sha256:2788e3201cd34a07e3172128adcd8b3090168a8e3bcc40d7c032b9dda1df7d1c" "/opt/rustwide/cargo-home/bin/cargo" "+beta-2023-12-22" "test" "--frozen" "--no-run" "--message-format=json", kill_on_drop: false }`
[INFO] [stdout] d74fa115431b16dd901567d5b44b6a317b446cf29c49e1c917283394f6754169
[INFO] running `Command { std: "docker" "start" "-a" "d74fa115431b16dd901567d5b44b6a317b446cf29c49e1c917283394f6754169", kill_on_drop: false }`
[INFO] [stderr]    Compiling calliope v0.1.0 (/opt/rustwide/workdir)
[INFO] [stdout] warning: unused import: `SqliteRow`
[INFO] [stdout]  --> src/data/database.rs:7:39
[INFO] [stdout]   |
[INFO] [stdout] 7 | use sqlx::sqlite::{SqliteQueryResult, SqliteRow};
[INFO] [stdout]   |                                       ^^^^^^^^^
[INFO] [stdout]   |
[INFO] [stdout]   = note: `#[warn(unused_imports)]` on by default
[INFO] [stdout] 
[INFO] [stdout] 
[INFO] [stdout] warning: variant `ENABLE_TABLES` should have an upper camel case name
[INFO] [stdout]   --> src/parse.rs:40:5
[INFO] [stdout]    |
[INFO] [stdout] 40 |     ENABLE_TABLES,
[INFO] [stdout]    |     ^^^^^^^^^^^^^ help: convert the identifier to upper camel case: `EnableTables`
[INFO] [stdout]    |
[INFO] [stdout]    = note: `#[warn(non_camel_case_types)]` on by default
[INFO] [stdout] 
[INFO] [stdout] 
[INFO] [stdout] warning: variant `ENABLE_FOOTNOTES` should have an upper camel case name
[INFO] [stdout]   --> src/parse.rs:41:5
[INFO] [stdout]    |
[INFO] [stdout] 41 |     ENABLE_FOOTNOTES,
[INFO] [stdout]    |     ^^^^^^^^^^^^^^^^ help: convert the identifier to upper camel case: `EnableFootnotes`
[INFO] [stdout] 
[INFO] [stdout] 
[INFO] [stdout] warning: variant `ENABLE_STRIKETHROUGH` should have an upper camel case name
[INFO] [stdout]   --> src/parse.rs:42:5
[INFO] [stdout]    |
[INFO] [stdout] 42 |     ENABLE_STRIKETHROUGH,
[INFO] [stdout]    |     ^^^^^^^^^^^^^^^^^^^^ help: convert the identifier to upper camel case: `EnableStrikethrough`
[INFO] [stdout] 
[INFO] [stdout] 
[INFO] [stdout] warning: variant `ENABLE_TASKLISTS` should have an upper camel case name
[INFO] [stdout]   --> src/parse.rs:43:5
[INFO] [stdout]    |
[INFO] [stdout] 43 |     ENABLE_TASKLISTS,
[INFO] [stdout]    |     ^^^^^^^^^^^^^^^^ help: convert the identifier to upper camel case: `EnableTasklists`
[INFO] [stdout] 
[INFO] [stdout] 
[INFO] [stdout] warning: variant `ENABLE_SMART_PUNCTUATION` should have an upper camel case name
[INFO] [stdout]   --> src/parse.rs:44:5
[INFO] [stdout]    |
[INFO] [stdout] 44 |     ENABLE_SMART_PUNCTUATION,
[INFO] [stdout]    |     ^^^^^^^^^^^^^^^^^^^^^^^^ help: convert the identifier to upper camel case: `EnableSmartPunctuation`
[INFO] [stdout] 
[INFO] [stdout] 
[INFO] [stdout] warning: variant `ENABLE_HEADING_ATTRIBUTES` should have an upper camel case name
[INFO] [stdout]   --> src/parse.rs:45:5
[INFO] [stdout]    |
[INFO] [stdout] 45 |     ENABLE_HEADING_ATTRIBUTES,
[INFO] [stdout]    |     ^^^^^^^^^^^^^^^^^^^^^^^^^ help: convert the identifier to upper camel case: `EnableHeadingAttributes`
[INFO] [stdout] 
[INFO] [stdout] 
[INFO] [stdout] warning: unused import: `page`
[INFO] [stdout]   --> src/posts.rs:10:8
[INFO] [stdout]    |
[INFO] [stdout] 10 | pub fn page(title: &str) -> content::RawHtml<String> {
[INFO] [stdout]    |        ^^^^
[INFO] [stdout] 
[INFO] [stdout] 
[INFO] [stdout] warning: lint `private_in_public` has been removed: replaced with another group of lints, see RFC <https://rust-lang.github.io/rfcs/2145-type-privacy.html> for more information
[INFO] [stdout]   --> src/users/mod.rs:16:1
[INFO] [stdout]    |
[INFO] [stdout] 16 | pub struct NewUser {
[INFO] [stdout]    | ^^^
[INFO] [stdout]    |
[INFO] [stdout]    = note: `#[warn(renamed_and_removed_lints)]` on by default
[INFO] [stdout] 
[INFO] [stdout] 
[INFO] [stdout] warning: lint `private_in_public` has been removed: replaced with another group of lints, see RFC <https://rust-lang.github.io/rfcs/2145-type-privacy.html> for more information
[INFO] [stdout]   --> src/users/mod.rs:23:1
[INFO] [stdout]    |
[INFO] [stdout] 23 | pub struct LoginUser {
[INFO] [stdout]    | ^^^
[INFO] [stdout] 
[INFO] [stdout] 
[INFO] [stdout] warning: unused import: `register_user_get`
[INFO] [stdout]   --> src/users/mod.rs:29:14
[INFO] [stdout]    |
[INFO] [stdout] 29 | pub async fn register_user_get() -> content::RawHtml<String> {
[INFO] [stdout]    |              ^^^^^^^^^^^^^^^^^
[INFO] [stdout] 
[INFO] [stdout] 
[INFO] [stdout] warning: unused import: `register_user`
[INFO] [stdout]   --> src/users/mod.rs:35:14
[INFO] [stdout]    |
[INFO] [stdout] 35 | pub async fn register_user(
[INFO] [stdout]    |              ^^^^^^^^^^^^^
[INFO] [stdout] 
[INFO] [stdout] 
[INFO] [stdout] warning: unused import: `login_user_get`
[INFO] [stdout]   --> src/users/mod.rs:62:14
[INFO] [stdout]    |
[INFO] [stdout] 62 | pub async fn login_user_get() -> content::RawHtml<String> {
[INFO] [stdout]    |              ^^^^^^^^^^^^^^
[INFO] [stdout] 
[INFO] [stdout] 
[INFO] [stdout] warning: unused import: `login_user`
[INFO] [stdout]   --> src/users/mod.rs:68:14
[INFO] [stdout]    |
[INFO] [stdout] 68 | pub async fn login_user(
[INFO] [stdout]    |              ^^^^^^^^^^
[INFO] [stdout] 
[INFO] [stdout] 
[INFO] [stdout] warning: unused variable: `e`
[INFO] [stdout]   --> src/users/mod.rs:49:17
[INFO] [stdout]    |
[INFO] [stdout] 49 |             Err(e) => {
[INFO] [stdout]    |                 ^ help: if this is intentional, prefix it with an underscore: `_e`
[INFO] [stdout]    |
[INFO] [stdout]    = note: `#[warn(unused_variables)]` on by default
[INFO] [stdout] 
[INFO] [stdout] 
[INFO] [stdout] warning: variants `All` and `List` are never constructed
[INFO] [stdout]   --> src/parse.rs:34:5
[INFO] [stdout]    |
[INFO] [stdout] 33 | pub enum ParseOptions {
[INFO] [stdout]    |          ------------ variants in this enum
[INFO] [stdout] 34 |     All,
[INFO] [stdout]    |     ^^^
[INFO] [stdout] 35 |     List(Vec<ParseOptionValue>),
[INFO] [stdout]    |     ^^^^
[INFO] [stdout]    |
[INFO] [stdout]    = note: `#[warn(dead_code)]` on by default
[INFO] [stdout] 
[INFO] [stdout] 
[INFO] [stdout] warning: 16 warnings emitted
[INFO] [stdout] 
[INFO] [stdout] 
[INFO] [stderr]     Finished test [unoptimized + debuginfo] target(s) in 5.35s
[INFO] running `Command { std: "docker" "inspect" "d74fa115431b16dd901567d5b44b6a317b446cf29c49e1c917283394f6754169", kill_on_drop: false }`
[INFO] running `Command { std: "docker" "rm" "-f" "d74fa115431b16dd901567d5b44b6a317b446cf29c49e1c917283394f6754169", kill_on_drop: false }`
[INFO] [stdout] d74fa115431b16dd901567d5b44b6a317b446cf29c49e1c917283394f6754169
[INFO] running `Command { std: "docker" "create" "-v" "/var/lib/crater-agent-workspace/builds/worker-0-tc2/target:/opt/rustwide/target:rw,Z" "-v" "/var/lib/crater-agent-workspace/builds/worker-0-tc2/source:/opt/rustwide/workdir:ro,Z" "-v" "/var/lib/crater-agent-workspace/cargo-home:/opt/rustwide/cargo-home:ro,Z" "-v" "/var/lib/crater-agent-workspace/rustup-home:/opt/rustwide/rustup-home:ro,Z" "-e" "SOURCE_DIR=/opt/rustwide/workdir" "-e" "CARGO_TARGET_DIR=/opt/rustwide/target" "-e" "CARGO_INCREMENTAL=0" "-e" "RUST_BACKTRACE=full" "-e" "RUSTFLAGS=--cap-lints=warn" "-e" "RUSTDOCFLAGS=--cap-lints=warn" "-e" "CARGO_HOME=/opt/rustwide/cargo-home" "-e" "RUSTUP_HOME=/opt/rustwide/rustup-home" "-w" "/opt/rustwide/workdir" "-m" "1610612736" "--user" "0:0" "--network" "none" "ghcr.io/rust-lang/crates-build-env/linux@sha256:2788e3201cd34a07e3172128adcd8b3090168a8e3bcc40d7c032b9dda1df7d1c" "/opt/rustwide/cargo-home/bin/cargo" "+beta-2023-12-22" "test" "--frozen", kill_on_drop: false }`
[INFO] [stdout] af6923d89b7db530ea2ab2c1c280fc038667817238697cbf0d0c53cd8335c311
[INFO] running `Command { std: "docker" "start" "-a" "af6923d89b7db530ea2ab2c1c280fc038667817238697cbf0d0c53cd8335c311", kill_on_drop: false }`
[INFO] [stderr] warning: unused import: `SqliteRow`
[INFO] [stderr]  --> src/data/database.rs:7:39
[INFO] [stderr]   |
[INFO] [stderr] 7 | use sqlx::sqlite::{SqliteQueryResult, SqliteRow};
[INFO] [stderr]   |                                       ^^^^^^^^^
[INFO] [stderr]   |
[INFO] [stderr]   = note: `#[warn(unused_imports)]` on by default
[INFO] [stderr] 
[INFO] [stderr] warning: variant `ENABLE_TABLES` should have an upper camel case name
[INFO] [stderr]   --> src/parse.rs:40:5
[INFO] [stderr]    |
[INFO] [stderr] 40 |     ENABLE_TABLES,
[INFO] [stderr]    |     ^^^^^^^^^^^^^ help: convert the identifier to upper camel case: `EnableTables`
[INFO] [stderr]    |
[INFO] [stderr]    = note: `#[warn(non_camel_case_types)]` on by default
[INFO] [stderr] 
[INFO] [stderr] warning: variant `ENABLE_FOOTNOTES` should have an upper camel case name
[INFO] [stderr]   --> src/parse.rs:41:5
[INFO] [stderr]    |
[INFO] [stderr] 41 |     ENABLE_FOOTNOTES,
[INFO] [stderr]    |     ^^^^^^^^^^^^^^^^ help: convert the identifier to upper camel case: `EnableFootnotes`
[INFO] [stderr] 
[INFO] [stderr] warning: variant `ENABLE_STRIKETHROUGH` should have an upper camel case name
[INFO] [stderr]   --> src/parse.rs:42:5
[INFO] [stderr]    |
[INFO] [stderr] 42 |     ENABLE_STRIKETHROUGH,
[INFO] [stderr]    |     ^^^^^^^^^^^^^^^^^^^^ help: convert the identifier to upper camel case: `EnableStrikethrough`
[INFO] [stderr] 
[INFO] [stderr] warning: variant `ENABLE_TASKLISTS` should have an upper camel case name
[INFO] [stderr]   --> src/parse.rs:43:5
[INFO] [stderr]    |
[INFO] [stderr] 43 |     ENABLE_TASKLISTS,
[INFO] [stderr]    |     ^^^^^^^^^^^^^^^^ help: convert the identifier to upper camel case: `EnableTasklists`
[INFO] [stderr] 
[INFO] [stderr] warning: variant `ENABLE_SMART_PUNCTUATION` should have an upper camel case name
[INFO] [stderr]   --> src/parse.rs:44:5
[INFO] [stderr]    |
[INFO] [stderr] 44 |     ENABLE_SMART_PUNCTUATION,
[INFO] [stderr]    |     ^^^^^^^^^^^^^^^^^^^^^^^^ help: convert the identifier to upper camel case: `EnableSmartPunctuation`
[INFO] [stderr] 
[INFO] [stderr] warning: variant `ENABLE_HEADING_ATTRIBUTES` should have an upper camel case name
[INFO] [stderr]   --> src/parse.rs:45:5
[INFO] [stderr]    |
[INFO] [stderr] 45 |     ENABLE_HEADING_ATTRIBUTES,
[INFO] [stderr]    |     ^^^^^^^^^^^^^^^^^^^^^^^^^ help: convert the identifier to upper camel case: `EnableHeadingAttributes`
[INFO] [stderr] 
[INFO] [stderr] warning: unused import: `page`
[INFO] [stderr]   --> src/posts.rs:10:8
[INFO] [stderr]    |
[INFO] [stderr] 10 | pub fn page(title: &str) -> content::RawHtml<String> {
[INFO] [stderr]    |        ^^^^
[INFO] [stderr] 
[INFO] [stderr] warning: lint `private_in_public` has been removed: replaced with another group of lints, see RFC <https://rust-lang.github.io/rfcs/2145-type-privacy.html> for more information
[INFO] [stderr]   --> src/users/mod.rs:16:1
[INFO] [stderr]    |
[INFO] [stderr] 16 | pub struct NewUser {
[INFO] [stderr]    | ^^^
[INFO] [stderr]    |
[INFO] [stderr]    = note: `#[warn(renamed_and_removed_lints)]` on by default
[INFO] [stderr] 
[INFO] [stderr] warning: lint `private_in_public` has been removed: replaced with another group of lints, see RFC <https://rust-lang.github.io/rfcs/2145-type-privacy.html> for more information
[INFO] [stderr]   --> src/users/mod.rs:23:1
[INFO] [stderr]    |
[INFO] [stderr] 23 | pub struct LoginUser {
[INFO] [stderr]    | ^^^
[INFO] [stderr] 
[INFO] [stderr] warning: unused import: `register_user_get`
[INFO] [stderr]   --> src/users/mod.rs:29:14
[INFO] [stderr]    |
[INFO] [stderr] 29 | pub async fn register_user_get() -> content::RawHtml<String> {
[INFO] [stderr]    |              ^^^^^^^^^^^^^^^^^
[INFO] [stderr] 
[INFO] [stderr] warning: unused import: `register_user`
[INFO] [stderr]   --> src/users/mod.rs:35:14
[INFO] [stderr]    |
[INFO] [stderr] 35 | pub async fn register_user(
[INFO] [stderr]    |              ^^^^^^^^^^^^^
[INFO] [stderr] 
[INFO] [stderr] warning: unused import: `login_user_get`
[INFO] [stderr]   --> src/users/mod.rs:62:14
[INFO] [stderr]    |
[INFO] [stderr] 62 | pub async fn login_user_get() -> content::RawHtml<String> {
[INFO] [stderr]    |              ^^^^^^^^^^^^^^
[INFO] [stderr] 
[INFO] [stderr] warning: unused import: `login_user`
[INFO] [stderr]   --> src/users/mod.rs:68:14
[INFO] [stderr]    |
[INFO] [stderr] 68 | pub async fn login_user(
[INFO] [stderr]    |              ^^^^^^^^^^
[INFO] [stderr] 
[INFO] [stderr] warning: unused variable: `e`
[INFO] [stderr]   --> src/users/mod.rs:49:17
[INFO] [stderr]    |
[INFO] [stderr] 49 |             Err(e) => {
[INFO] [stderr]    |                 ^ help: if this is intentional, prefix it with an underscore: `_e`
[INFO] [stderr]    |
[INFO] [stderr]    = note: `#[warn(unused_variables)]` on by default
[INFO] [stderr] 
[INFO] [stderr] warning: variants `All` and `List` are never constructed
[INFO] [stderr]   --> src/parse.rs:34:5
[INFO] [stderr]    |
[INFO] [stderr] 33 | pub enum ParseOptions {
[INFO] [stderr]    |          ------------ variants in this enum
[INFO] [stderr] 34 |     All,
[INFO] [stderr]    |     ^^^
[INFO] [stderr] 35 |     List(Vec<ParseOptionValue>),
[INFO] [stderr]    |     ^^^^
[INFO] [stderr]    |
[INFO] [stderr]    = note: `#[warn(dead_code)]` on by default
[INFO] [stderr] 
[INFO] [stderr] warning: `calliope` (bin "calliope" test) generated 16 warnings (run `cargo fix --bin "calliope" --tests` to apply 7 suggestions)
[INFO] [stderr]     Finished test [unoptimized + debuginfo] target(s) in 0.27s
[INFO] [stderr]      Running unittests src/main.rs (/opt/rustwide/target/debug/deps/calliope-d2b25b2b5db71622)
[INFO] [stdout] 
[INFO] [stdout] running 2 tests
[INFO] [stdout] test data::database::tests::test_connect ... FAILED
[INFO] [stdout] test users::passwords::tests::hash ... ok
[INFO] [stdout] 
[INFO] [stdout] failures:
[INFO] [stdout] 
[INFO] [stdout] ---- data::database::tests::test_connect stdout ----
[INFO] [stdout] thread 'data::database::tests::test_connect' panicked at src/data/database.rs:21:45:
[INFO] [stdout] called `Result::unwrap()` on an `Err` value: Database(SqliteError { code: 14, message: "unable to open database file" })
[INFO] [stdout] stack backtrace:
[INFO] [stdout]    0:     0x56059fa4dd66 - std::backtrace_rs::backtrace::libunwind::trace::h261606ad26a499c1
[INFO] [stdout]                                at /rustc/0e09125c6c3c2fd70d7de961bcf0e51575235fad/library/std/src/../../backtrace/src/backtrace/libunwind.rs:104:5
[INFO] [stdout]    1:     0x56059fa4dd66 - std::backtrace_rs::backtrace::trace_unsynchronized::hd183f0625477fb28
[INFO] [stdout]                                at /rustc/0e09125c6c3c2fd70d7de961bcf0e51575235fad/library/std/src/../../backtrace/src/backtrace/mod.rs:66:5
[INFO] [stdout]    2:     0x56059fa4dd66 - std::sys_common::backtrace::_print_fmt::hd7f8fef21b4eda67
[INFO] [stdout]                                at /rustc/0e09125c6c3c2fd70d7de961bcf0e51575235fad/library/std/src/sys_common/backtrace.rs:68:5
[INFO] [stdout]    3:     0x56059fa4dd66 - <std::sys_common::backtrace::_print::DisplayBacktrace as core::fmt::Display>::fmt::h623d9b51f2f453f1
[INFO] [stdout]                                at /rustc/0e09125c6c3c2fd70d7de961bcf0e51575235fad/library/std/src/sys_common/backtrace.rs:44:22
[INFO] [stdout]    4:     0x56059fa77c50 - core::fmt::rt::Argument::fmt::h9f417ac76a86f368
[INFO] [stdout]                                at /rustc/0e09125c6c3c2fd70d7de961bcf0e51575235fad/library/core/src/fmt/rt.rs:142:9
[INFO] [stdout]    5:     0x56059fa77c50 - core::fmt::write::hc9b6faf4ac2aeff7
[INFO] [stdout]                                at /rustc/0e09125c6c3c2fd70d7de961bcf0e51575235fad/library/core/src/fmt/mod.rs:1120:17
[INFO] [stdout]    6:     0x56059fa4b3cf - std::io::Write::write_fmt::he04625a3a989fec3
[INFO] [stdout]                                at /rustc/0e09125c6c3c2fd70d7de961bcf0e51575235fad/library/std/src/io/mod.rs:1810:15
[INFO] [stdout]    7:     0x56059fa4db44 - std::sys_common::backtrace::_print::hd5d66399c7df88a2
[INFO] [stdout]                                at /rustc/0e09125c6c3c2fd70d7de961bcf0e51575235fad/library/std/src/sys_common/backtrace.rs:47:5
[INFO] [stdout]    8:     0x56059fa4db44 - std::sys_common::backtrace::print::he81ed2da642d37e5
[INFO] [stdout]                                at /rustc/0e09125c6c3c2fd70d7de961bcf0e51575235fad/library/std/src/sys_common/backtrace.rs:34:9
[INFO] [stdout]    9:     0x56059fa4f8b7 - std::panicking::default_hook::{{closure}}::h85773f4fa117163d
[INFO] [stdout]   10:     0x56059fa4f59d - std::panicking::default_hook::h6a1694a91d09b278
[INFO] [stdout]                                at /rustc/0e09125c6c3c2fd70d7de961bcf0e51575235fad/library/std/src/panicking.rs:289:9
[INFO] [stdout]   11:     0x56059f6633c7 - <alloc::boxed::Box<F,A> as core::ops::function::Fn<Args>>::call::h616ac37fa3cd6c8f
[INFO] [stdout]                                at /rustc/0e09125c6c3c2fd70d7de961bcf0e51575235fad/library/alloc/src/boxed.rs:2029:9
[INFO] [stdout]   12:     0x56059f6633c7 - test::test_main::{{closure}}::h00d84697cefdcbb6
[INFO] [stdout]                                at /rustc/0e09125c6c3c2fd70d7de961bcf0e51575235fad/library/test/src/lib.rs:138:21
[INFO] [stdout]   13:     0x56059fa4fed6 - <alloc::boxed::Box<F,A> as core::ops::function::Fn<Args>>::call::hcb3fe3b9bb537ba8
[INFO] [stdout]                                at /rustc/0e09125c6c3c2fd70d7de961bcf0e51575235fad/library/alloc/src/boxed.rs:2029:9
[INFO] [stdout]   14:     0x56059fa4fed6 - std::panicking::rust_panic_with_hook::h0a7ad96e90f7145b
[INFO] [stdout]                                at /rustc/0e09125c6c3c2fd70d7de961bcf0e51575235fad/library/std/src/panicking.rs:783:13
[INFO] [stdout]   15:     0x56059fa4fc22 - std::panicking::begin_panic_handler::{{closure}}::h7919090525c6485e
[INFO] [stdout]                                at /rustc/0e09125c6c3c2fd70d7de961bcf0e51575235fad/library/std/src/panicking.rs:657:13
[INFO] [stdout]   16:     0x56059fa4e266 - std::sys_common::backtrace::__rust_end_short_backtrace::hf3289479464f7dfe
[INFO] [stdout]                                at /rustc/0e09125c6c3c2fd70d7de961bcf0e51575235fad/library/std/src/sys_common/backtrace.rs:171:18
[INFO] [stdout]   17:     0x56059fa4f980 - rust_begin_unwind
[INFO] [stdout]                                at /rustc/0e09125c6c3c2fd70d7de961bcf0e51575235fad/library/std/src/panicking.rs:645:5
[INFO] [stdout]   18:     0x56059f6263f5 - core::panicking::panic_fmt::hcc9f77c5c132af55
[INFO] [stdout]                                at /rustc/0e09125c6c3c2fd70d7de961bcf0e51575235fad/library/core/src/panicking.rs:72:14
[INFO] [stdout]   19:     0x56059f626993 - core::result::unwrap_failed::hbe14f498be1452f9
[INFO] [stdout]                                at /rustc/0e09125c6c3c2fd70d7de961bcf0e51575235fad/library/core/src/result.rs:1649:5
[INFO] [stdout]   20:     0x56059f628524 - core::result::Result<T,E>::unwrap::h03dd3b322e92053b
[INFO] [stdout]                                at /rustc/0e09125c6c3c2fd70d7de961bcf0e51575235fad/library/core/src/result.rs:1073:23
[INFO] [stdout]   21:     0x56059f62ddd9 - calliope::data::database::connect::{{closure}}::ha702593261b875a3
[INFO] [stdout]                                at /opt/rustwide/workdir/src/data/database.rs:21:9
[INFO] [stdout]   22:     0x56059f62e7b8 - calliope::data::database::tests::test_connect::{{closure}}::h02e8a377b32ea821
[INFO] [stdout]                                at /opt/rustwide/workdir/src/data/database.rs:88:23
[INFO] [stdout]   23:     0x56059f62ca5b - <core::pin::Pin<P> as core::future::future::Future>::poll::h1242f0f2b9d5d8ac
[INFO] [stdout]                                at /rustc/0e09125c6c3c2fd70d7de961bcf0e51575235fad/library/core/src/future/future.rs:124:9
[INFO] [stdout]   24:     0x56059f62bfb4 - tokio::runtime::basic_scheduler::CoreGuard::block_on::{{closure}}::{{closure}}::{{closure}}::h01f3e399b2218287
[INFO] [stdout]                                at /opt/rustwide/cargo-home/registry/src/index.crates.io-6f17d22bba15001f/tokio-1.19.2/src/runtime/basic_scheduler.rs:508:48
[INFO] [stdout]   25:     0x56059f629770 - tokio::coop::with_budget::{{closure}}::h63a2559690ae685c
[INFO] [stdout]                                at /opt/rustwide/cargo-home/registry/src/index.crates.io-6f17d22bba15001f/tokio-1.19.2/src/coop.rs:102:9
[INFO] [stdout]   26:     0x56059f6271ce - std::thread::local::LocalKey<T>::try_with::h4dbe138606b7e0e6
[INFO] [stdout]                                at /rustc/0e09125c6c3c2fd70d7de961bcf0e51575235fad/library/std/src/thread/local.rs:270:16
[INFO] [stdout]   27:     0x56059f626fea - std::thread::local::LocalKey<T>::with::h3a242059e33516d6
[INFO] [stdout]                                at /rustc/0e09125c6c3c2fd70d7de961bcf0e51575235fad/library/std/src/thread/local.rs:246:9
[INFO] [stdout]   28:     0x56059f62bf36 - tokio::coop::with_budget::h3e1650f7449abe19
[INFO] [stdout]                                at /opt/rustwide/cargo-home/registry/src/index.crates.io-6f17d22bba15001f/tokio-1.19.2/src/coop.rs:95:5
[INFO] [stdout]   29:     0x56059f62bf36 - tokio::coop::budget::h7cc893595fcbd15c
[INFO] [stdout]                                at /opt/rustwide/cargo-home/registry/src/index.crates.io-6f17d22bba15001f/tokio-1.19.2/src/coop.rs:72:5
[INFO] [stdout]   30:     0x56059f62bf36 - tokio::runtime::basic_scheduler::CoreGuard::block_on::{{closure}}::{{closure}}::h77c784bf8380769a
[INFO] [stdout]                                at /opt/rustwide/cargo-home/registry/src/index.crates.io-6f17d22bba15001f/tokio-1.19.2/src/runtime/basic_scheduler.rs:508:25
[INFO] [stdout]   31:     0x56059f62ae9c - tokio::runtime::basic_scheduler::Context::enter::hb88ba02569ff9986
[INFO] [stdout]                                at /opt/rustwide/cargo-home/registry/src/index.crates.io-6f17d22bba15001f/tokio-1.19.2/src/runtime/basic_scheduler.rs:362:19
[INFO] [stdout]   32:     0x56059f62b83b - tokio::runtime::basic_scheduler::CoreGuard::block_on::{{closure}}::heb15342269bbbe06
[INFO] [stdout]                                at /opt/rustwide/cargo-home/registry/src/index.crates.io-6f17d22bba15001f/tokio-1.19.2/src/runtime/basic_scheduler.rs:507:36
[INFO] [stdout]   33:     0x56059f62b5ab - tokio::runtime::basic_scheduler::CoreGuard::enter::{{closure}}::he4e41259fe18afc0
[INFO] [stdout]                                at /opt/rustwide/cargo-home/registry/src/index.crates.io-6f17d22bba15001f/tokio-1.19.2/src/runtime/basic_scheduler.rs:565:57
[INFO] [stdout]   34:     0x56059f62a2e7 - tokio::macros::scoped_tls::ScopedKey<T>::set::h6832e5ed47696958
[INFO] [stdout]                                at /opt/rustwide/cargo-home/registry/src/index.crates.io-6f17d22bba15001f/tokio-1.19.2/src/macros/scoped_tls.rs:61:9
[INFO] [stdout]   35:     0x56059f62b36c - tokio::runtime::basic_scheduler::CoreGuard::enter::hc561ee4872a67687
[INFO] [stdout]                                at /opt/rustwide/cargo-home/registry/src/index.crates.io-6f17d22bba15001f/tokio-1.19.2/src/runtime/basic_scheduler.rs:565:27
[INFO] [stdout]   36:     0x56059f62b5c8 - tokio::runtime::basic_scheduler::CoreGuard::block_on::haba7bdf91e72aec5
[INFO] [stdout]                                at /opt/rustwide/cargo-home/registry/src/index.crates.io-6f17d22bba15001f/tokio-1.19.2/src/runtime/basic_scheduler.rs:498:9
[INFO] [stdout]   37:     0x56059f62a5c8 - tokio::runtime::basic_scheduler::BasicScheduler::block_on::h85c352bf704ebb83
[INFO] [stdout]                                at /opt/rustwide/cargo-home/registry/src/index.crates.io-6f17d22bba15001f/tokio-1.19.2/src/runtime/basic_scheduler.rs:174:24
[INFO] [stdout]   38:     0x56059f62c1f5 - tokio::runtime::Runtime::block_on::hd50117e03159d41e
[INFO] [stdout]                                at /opt/rustwide/cargo-home/registry/src/index.crates.io-6f17d22bba15001f/tokio-1.19.2/src/runtime/mod.rs:480:46
[INFO] [stdout]   39:     0x56059f62e5ae - calliope::data::database::tests::test_connect::h9d3ff1c62b0287ab
[INFO] [stdout]                                at /opt/rustwide/workdir/src/data/database.rs:88:9
[INFO] [stdout]   40:     0x56059f62e457 - calliope::data::database::tests::test_connect::{{closure}}::h2700a81f3b2bec7e
[INFO] [stdout]                                at /opt/rustwide/workdir/src/data/database.rs:87:28
[INFO] [stdout]   41:     0x56059f627ae6 - core::ops::function::FnOnce::call_once::h9c4d8da8967114b0
[INFO] [stdout]                                at /rustc/0e09125c6c3c2fd70d7de961bcf0e51575235fad/library/core/src/ops/function.rs:250:5
[INFO] [stdout]   42:     0x56059f668c9f - core::ops::function::FnOnce::call_once::hd64d26f405258157
[INFO] [stdout]                                at /rustc/0e09125c6c3c2fd70d7de961bcf0e51575235fad/library/core/src/ops/function.rs:250:5
[INFO] [stdout]   43:     0x56059f668c9f - test::__rust_begin_short_backtrace::he21b0b7a6d731bf9
[INFO] [stdout]                                at /rustc/0e09125c6c3c2fd70d7de961bcf0e51575235fad/library/test/src/lib.rs:627:18
[INFO] [stdout]   44:     0x56059f667a21 - test::run_test_in_process::{{closure}}::hf5c73986d7bdfde2
[INFO] [stdout]                                at /rustc/0e09125c6c3c2fd70d7de961bcf0e51575235fad/library/test/src/lib.rs:650:60
[INFO] [stdout]   45:     0x56059f667a21 - <core::panic::unwind_safe::AssertUnwindSafe<F> as core::ops::function::FnOnce<()>>::call_once::h330011ad032aadc0
[INFO] [stdout]                                at /rustc/0e09125c6c3c2fd70d7de961bcf0e51575235fad/library/core/src/panic/unwind_safe.rs:272:9
[INFO] [stdout]   46:     0x56059f667a21 - std::panicking::try::do_call::he61b0a958b795a41
[INFO] [stdout]                                at /rustc/0e09125c6c3c2fd70d7de961bcf0e51575235fad/library/std/src/panicking.rs:552:40
[INFO] [stdout]   47:     0x56059f667a21 - std::panicking::try::h7309da130f906eb7
[INFO] [stdout]                                at /rustc/0e09125c6c3c2fd70d7de961bcf0e51575235fad/library/std/src/panicking.rs:516:19
[INFO] [stdout]   48:     0x56059f667a21 - std::panic::catch_unwind::hc5c3a06fdaf0a92a
[INFO] [stdout]                                at /rustc/0e09125c6c3c2fd70d7de961bcf0e51575235fad/library/std/src/panic.rs:142:14
[INFO] [stdout]   49:     0x56059f667a21 - test::run_test_in_process::h7e7b7c71c3324e0f
[INFO] [stdout]                                at /rustc/0e09125c6c3c2fd70d7de961bcf0e51575235fad/library/test/src/lib.rs:650:27
[INFO] [stdout]   50:     0x56059f667a21 - test::run_test::{{closure}}::h1f509f28f5cf20b1
[INFO] [stdout]                                at /rustc/0e09125c6c3c2fd70d7de961bcf0e51575235fad/library/test/src/lib.rs:573:43
[INFO] [stdout]   51:     0x56059f62ed56 - test::run_test::{{closure}}::h1754218abf443f6d
[INFO] [stdout]                                at /rustc/0e09125c6c3c2fd70d7de961bcf0e51575235fad/library/test/src/lib.rs:601:41
[INFO] [stdout]   52:     0x56059f62ed56 - std::sys_common::backtrace::__rust_begin_short_backtrace::h2ee174b9d5954948
[INFO] [stdout]                                at /rustc/0e09125c6c3c2fd70d7de961bcf0e51575235fad/library/std/src/sys_common/backtrace.rs:155:18
[INFO] [stdout]   53:     0x56059f633db7 - std::thread::Builder::spawn_unchecked_::{{closure}}::{{closure}}::hf60bee9c1a17ef09
[INFO] [stdout]                                at /rustc/0e09125c6c3c2fd70d7de961bcf0e51575235fad/library/std/src/thread/mod.rs:529:17
[INFO] [stdout]   54:     0x56059f633db7 - <core::panic::unwind_safe::AssertUnwindSafe<F> as core::ops::function::FnOnce<()>>::call_once::h33d0dddec5216160
[INFO] [stdout]                                at /rustc/0e09125c6c3c2fd70d7de961bcf0e51575235fad/library/core/src/panic/unwind_safe.rs:272:9
[INFO] [stdout]   55:     0x56059f633db7 - std::panicking::try::do_call::h144b3048b546f835
[INFO] [stdout]                                at /rustc/0e09125c6c3c2fd70d7de961bcf0e51575235fad/library/std/src/panicking.rs:552:40
[INFO] [stdout]   56:     0x56059f633db7 - std::panicking::try::h978244d04646189f
[INFO] [stdout]                                at /rustc/0e09125c6c3c2fd70d7de961bcf0e51575235fad/library/std/src/panicking.rs:516:19
[INFO] [stdout]   57:     0x56059f633db7 - std::panic::catch_unwind::hdf436369d188fe86
[INFO] [stdout]                                at /rustc/0e09125c6c3c2fd70d7de961bcf0e51575235fad/library/std/src/panic.rs:142:14
[INFO] [stdout]   58:     0x56059f633db7 - std::thread::Builder::spawn_unchecked_::{{closure}}::h87329cbdd33c79ec
[INFO] [stdout]                                at /rustc/0e09125c6c3c2fd70d7de961bcf0e51575235fad/library/std/src/thread/mod.rs:528:30
[INFO] [stdout]   59:     0x56059f633db7 - core::ops::function::FnOnce::call_once{{vtable.shim}}::h401abbe67897d450
[INFO] [stdout]                                at /rustc/0e09125c6c3c2fd70d7de961bcf0e51575235fad/library/core/src/ops/function.rs:250:5
[INFO] [stdout]   60:     0x56059fa54b85 - <alloc::boxed::Box<F,A> as core::ops::function::FnOnce<Args>>::call_once::h5d7c8f150ab9c84c
[INFO] [stdout]                                at /rustc/0e09125c6c3c2fd70d7de961bcf0e51575235fad/library/alloc/src/boxed.rs:2015:9
[INFO] [stdout]   61:     0x56059fa54b85 - <alloc::boxed::Box<F,A> as core::ops::function::FnOnce<Args>>::call_once::h570d5b005c242c15
[INFO] [stdout]                                at /rustc/0e09125c6c3c2fd70d7de961bcf0e51575235fad/library/alloc/src/boxed.rs:2015:9
[INFO] [stdout]   62:     0x56059fa54b85 - std::sys::unix::thread::Thread::new::thread_start::h36b0a20c0b2361ad
[INFO] [stdout]                                at /rustc/0e09125c6c3c2fd70d7de961bcf0e51575235fad/library/std/src/sys/unix/thread.rs:108:17
[INFO] [stdout]   63:     0x7fdd19ff9ac3 - <unknown>
[INFO] [stdout]   64:     0x7fdd1a08abf4 - __clone
[INFO] [stdout]   65:                0x0 - <unknown>
[INFO] [stdout] 
[INFO] [stdout] 
[INFO] [stdout] failures:
[INFO] [stdout]     data::database::tests::test_connect
[INFO] [stdout] 
[INFO] [stdout] test result: FAILED. 1 passed; 1 failed; 0 ignored; 0 measured; 0 filtered out; finished in 0.45s
[INFO] [stdout] 
[INFO] [stderr] error: test failed, to rerun pass `--bin calliope`
[INFO] running `Command { std: "docker" "inspect" "af6923d89b7db530ea2ab2c1c280fc038667817238697cbf0d0c53cd8335c311", kill_on_drop: false }`
[INFO] running `Command { std: "docker" "rm" "-f" "af6923d89b7db530ea2ab2c1c280fc038667817238697cbf0d0c53cd8335c311", kill_on_drop: false }`
[INFO] [stdout] af6923d89b7db530ea2ab2c1c280fc038667817238697cbf0d0c53cd8335c311
