[INFO] cloning repository https://github.com/banyancomputer/tomb
[INFO] running `Command { std: "git" "-c" "credential.helper=" "-c" "credential.helper=/workspace/cargo-home/bin/git-credential-null" "clone" "--bare" "https://github.com/banyancomputer/tomb" "/workspace/cache/git-repos/https%3A%2F%2Fgithub.com%2Fbanyancomputer%2Ftomb", kill_on_drop: false }`
[INFO] [stderr] Cloning into bare repository '/workspace/cache/git-repos/https%3A%2F%2Fgithub.com%2Fbanyancomputer%2Ftomb'...
[INFO] running `Command { std: "git" "rev-parse" "HEAD", kill_on_drop: false }`
[INFO] [stdout] a006f51606fe942af8db07befa78f2a1d1f6f4a8
[INFO] testing banyancomputer/tomb against 1.75.0 for beta-1.76-1
[INFO] running `Command { std: "git" "clone" "/workspace/cache/git-repos/https%3A%2F%2Fgithub.com%2Fbanyancomputer%2Ftomb" "/workspace/builds/worker-0-tc1/source", kill_on_drop: false }`
[INFO] [stderr] Cloning into '/workspace/builds/worker-0-tc1/source'...
[INFO] [stderr] done.
[INFO] validating manifest of git repo https://github.com/banyancomputer/tomb on toolchain 1.75.0
[INFO] running `Command { std: CARGO_HOME="/workspace/cargo-home" RUSTUP_HOME="/workspace/rustup-home" "/workspace/cargo-home/bin/cargo" "+1.75.0" "metadata" "--manifest-path" "Cargo.toml" "--no-deps", kill_on_drop: false }`
[INFO] removed /workspace/builds/worker-0-tc1/source/.cargo/config.toml
[INFO] started tweaking git repo https://github.com/banyancomputer/tomb
[INFO] finished tweaking git repo https://github.com/banyancomputer/tomb
[INFO] tweaked toml for git repo https://github.com/banyancomputer/tomb written to /workspace/builds/worker-0-tc1/source/Cargo.toml
[INFO] crate git repo https://github.com/banyancomputer/tomb already has a lockfile, it will not be regenerated
[INFO] running `Command { std: CARGO_HOME="/workspace/cargo-home" RUSTUP_HOME="/workspace/rustup-home" "/workspace/cargo-home/bin/cargo" "+1.75.0" "fetch" "--manifest-path" "Cargo.toml", kill_on_drop: false }`
[INFO] [stderr]     Updating git repository `https://github.com/banyancomputer/tomb-crypt`
[INFO] [stderr]     Updating git repository `https://github.com/banyancomputer/rs-wnfs`
[INFO] [stderr]     Updating git repository `https://github.com/banyancomputer/dir-assert.git`
[INFO] [stderr]     Updating crates.io index
[INFO] [stderr]  Downloading crates ...
[INFO] [stderr]   Downloaded dtparse v2.0.0
[INFO] [stderr]   Downloaded file-owner v0.1.2
[INFO] [stderr]   Downloaded nom-regex v0.2.0
[INFO] [stderr]   Downloaded fiemap v0.1.1
[INFO] [stderr]   Downloaded fake-file v0.1.0
[INFO] [stderr]   Downloaded tracing-web v0.1.3
[INFO] [stderr]   Downloaded cbor4ii v0.2.14
[INFO] [stderr]   Downloaded lazy-init v0.5.1
[INFO] [stderr]   Downloaded wasm-bindgen-test-macro v0.3.38
[INFO] [stderr]   Downloaded wasm-bindgen-test v0.3.38
[INFO] [stderr]   Downloaded serde_ipld_dagcbor v0.3.0
[INFO] [stderr]   Downloaded sha3 v0.10.0
[INFO] [stderr]   Downloaded skip_ratchet v0.1.6
[INFO] [stderr]   Downloaded aes-kw v0.2.1
[INFO] [stderr]   Downloaded typed-sled v0.2.3
[INFO] [stderr]   Downloaded fclones v0.34.0
[INFO] running `Command { std: "docker" "create" "-v" "/var/lib/crater-agent-workspace/builds/worker-0-tc1/target:/opt/rustwide/target:rw,Z" "-v" "/var/lib/crater-agent-workspace/builds/worker-0-tc1/source:/opt/rustwide/workdir:ro,Z" "-v" "/var/lib/crater-agent-workspace/cargo-home:/opt/rustwide/cargo-home:ro,Z" "-v" "/var/lib/crater-agent-workspace/rustup-home:/opt/rustwide/rustup-home:ro,Z" "-e" "SOURCE_DIR=/opt/rustwide/workdir" "-e" "CARGO_TARGET_DIR=/opt/rustwide/target" "-e" "CARGO_HOME=/opt/rustwide/cargo-home" "-e" "RUSTUP_HOME=/opt/rustwide/rustup-home" "-w" "/opt/rustwide/workdir" "-m" "1610612736" "--user" "0:0" "--network" "none" "ghcr.io/rust-lang/crates-build-env/linux@sha256:2788e3201cd34a07e3172128adcd8b3090168a8e3bcc40d7c032b9dda1df7d1c" "/opt/rustwide/cargo-home/bin/cargo" "+1.75.0" "metadata" "--no-deps" "--format-version=1", kill_on_drop: false }`
[INFO] [stdout] d5a63bcf39bff3494a138f152c8cdc486c370f411cbe79dd73b5d9bef8f86d24
[INFO] running `Command { std: "docker" "start" "-a" "d5a63bcf39bff3494a138f152c8cdc486c370f411cbe79dd73b5d9bef8f86d24", kill_on_drop: false }`
[INFO] running `Command { std: "docker" "inspect" "d5a63bcf39bff3494a138f152c8cdc486c370f411cbe79dd73b5d9bef8f86d24", kill_on_drop: false }`
[INFO] running `Command { std: "docker" "rm" "-f" "d5a63bcf39bff3494a138f152c8cdc486c370f411cbe79dd73b5d9bef8f86d24", kill_on_drop: false }`
[INFO] [stdout] d5a63bcf39bff3494a138f152c8cdc486c370f411cbe79dd73b5d9bef8f86d24
[INFO] running `Command { std: "docker" "create" "-v" "/var/lib/crater-agent-workspace/builds/worker-0-tc1/target:/opt/rustwide/target:rw,Z" "-v" "/var/lib/crater-agent-workspace/builds/worker-0-tc1/source:/opt/rustwide/workdir:ro,Z" "-v" "/var/lib/crater-agent-workspace/cargo-home:/opt/rustwide/cargo-home:ro,Z" "-v" "/var/lib/crater-agent-workspace/rustup-home:/opt/rustwide/rustup-home:ro,Z" "-e" "SOURCE_DIR=/opt/rustwide/workdir" "-e" "CARGO_TARGET_DIR=/opt/rustwide/target" "-e" "CARGO_INCREMENTAL=0" "-e" "RUST_BACKTRACE=full" "-e" "RUSTFLAGS=--cap-lints=warn" "-e" "RUSTDOCFLAGS=--cap-lints=warn" "-e" "CARGO_HOME=/opt/rustwide/cargo-home" "-e" "RUSTUP_HOME=/opt/rustwide/rustup-home" "-w" "/opt/rustwide/workdir" "-m" "1610612736" "--user" "0:0" "--network" "none" "ghcr.io/rust-lang/crates-build-env/linux@sha256:2788e3201cd34a07e3172128adcd8b3090168a8e3bcc40d7c032b9dda1df7d1c" "/opt/rustwide/cargo-home/bin/cargo" "+1.75.0" "build" "--frozen" "--message-format=json", kill_on_drop: false }`
[INFO] [stdout] ee61aef3a842c5126221af9e481b0c40c334d1708de55ce6f6edf20362466e56
[INFO] running `Command { std: "docker" "start" "-a" "ee61aef3a842c5126221af9e481b0c40c334d1708de55ce6f6edf20362466e56", kill_on_drop: false }`
[INFO] [stderr]    Compiling libc v0.2.150
[INFO] [stderr]    Compiling cfg-if v1.0.0
[INFO] [stderr]    Compiling proc-macro2 v1.0.69
[INFO] [stderr]    Compiling unicode-ident v1.0.12
[INFO] [stderr]    Compiling autocfg v1.1.0
[INFO] [stderr]    Compiling version_check v0.9.4
[INFO] [stderr]    Compiling zeroize v1.7.0
[INFO] [stderr]    Compiling typenum v1.17.0
[INFO] [stderr]    Compiling const-oid v0.9.5
[INFO] [stderr]    Compiling subtle v2.5.0
[INFO] [stderr]    Compiling serde v1.0.193
[INFO] [stderr]    Compiling memchr v2.6.4
[INFO] [stderr]    Compiling once_cell v1.18.0
[INFO] [stderr]    Compiling cpufeatures v0.2.11
[INFO] [stderr]    Compiling thiserror v1.0.50
[INFO] [stderr]    Compiling scopeguard v1.2.0
[INFO] [stderr]    Compiling syn v1.0.109
[INFO] [stderr]    Compiling smallvec v1.11.2
[INFO] [stderr]    Compiling itoa v1.0.9
[INFO] [stderr]    Compiling pin-project-lite v0.2.13
[INFO] [stderr]    Compiling arrayvec v0.7.4
[INFO] [stderr]    Compiling base64ct v1.6.0
[INFO] [stderr]    Compiling unicode-xid v0.2.4
[INFO] [stderr]    Compiling generic-array v0.14.7
[INFO] [stderr]    Compiling proc-macro-error-attr v1.0.4
[INFO] [stderr]    Compiling proc-macro-error v1.0.4
[INFO] [stderr]    Compiling libm v0.2.8
[INFO] [stderr]    Compiling arrayref v0.3.7
[INFO] [stderr]    Compiling constant_time_eq v0.3.0
[INFO] [stderr]    Compiling log v0.4.20
[INFO] [stderr]    Compiling lock_api v0.4.11
[INFO] [stderr]    Compiling num-traits v0.2.17
[INFO] [stderr]    Compiling futures-core v0.3.29
[INFO] [stderr]    Compiling unsigned-varint v0.7.2
[INFO] [stderr]    Compiling byteorder v1.5.0
[INFO] [stderr]    Compiling bytes v1.5.0
[INFO] [stderr]    Compiling data-encoding v2.5.0
[INFO] [stderr]    Compiling core2 v0.4.0
[INFO] [stderr]    Compiling ryu v1.0.15
[INFO] [stderr]    Compiling spin v0.5.2
[INFO] [stderr]    Compiling keccak v0.1.4
[INFO] [stderr]    Compiling crossbeam-utils v0.8.16
[INFO] [stderr]    Compiling lazy_static v1.4.0
[INFO] [stderr]    Compiling bitflags v2.4.1
[INFO] [stderr]    Compiling quote v1.0.33
[INFO] [stderr]    Compiling base-x v0.2.11
[INFO] [stderr]    Compiling cc v1.0.83
[INFO] [stderr]    Compiling anyhow v1.0.75
[INFO] [stderr]    Compiling fnv v1.0.7
[INFO] [stderr]    Compiling serde_json v1.0.108
[INFO] [stderr]    Compiling slab v0.4.9
[INFO] [stderr]    Compiling futures-channel v0.3.29
[INFO] [stderr]    Compiling futures-sink v0.3.29
[INFO] [stderr]    Compiling syn v2.0.39
[INFO] [stderr]    Compiling parking_lot_core v0.9.9
[INFO] [stderr]    Compiling futures-task v0.3.29
[INFO] [stderr]    Compiling blake2s_simd v1.0.2
[INFO] [stderr]    Compiling blake2b_simd v1.0.2
[INFO] [stderr]    Compiling pem-rfc7468 v0.7.0
[INFO] [stderr]    Compiling memoffset v0.9.0
[INFO] [stderr]    Compiling futures-util v0.3.29
[INFO] [stderr]    Compiling der v0.7.8
[INFO] [stderr]    Compiling getrandom v0.2.11
[INFO] [stderr]    Compiling rand_core v0.6.4
[INFO] [stderr]    Compiling crossbeam-epoch v0.9.15
[INFO] [stderr]    Compiling autocfg v0.1.8
[INFO] [stderr]    Compiling futures-io v0.3.29
[INFO] [stderr]    Compiling pin-utils v0.1.0
[INFO] [stderr]    Compiling tracing-core v0.1.32
[INFO] [stderr]    Compiling vcpkg v0.2.15
[INFO] [stderr]    Compiling pkg-config v0.3.27
[INFO] [stderr]    Compiling rand_core v0.4.2
[INFO] [stderr]    Compiling ff v0.13.0
[INFO] [stderr]    Compiling num_cpus v1.16.0
[INFO] [stderr]    Compiling aho-corasick v1.1.2
[INFO] [stderr]    Compiling regex-syntax v0.8.2
[INFO] [stderr]    Compiling blake3 v1.5.0
[INFO] [stderr]    Compiling base16ct v0.2.0
[INFO] [stderr]    Compiling crypto-common v0.1.6
[INFO] [stderr]    Compiling block-buffer v0.10.4
[INFO] [stderr]    Compiling crypto-bigint v0.5.5
[INFO] [stderr]    Compiling group v0.13.0
[INFO] [stderr]    Compiling digest v0.10.7
[INFO] [stderr]    Compiling parking_lot v0.12.1
[INFO] [stderr]    Compiling signal-hook-registry v1.4.1
[INFO] [stderr]    Compiling socket2 v0.5.5
[INFO] [stderr]    Compiling openssl-sys v0.9.96
[INFO] [stderr]    Compiling mio v0.8.9
[INFO] [stderr]    Compiling sha2 v0.10.8
[INFO] [stderr]    Compiling sha3 v0.10.0
[INFO] [stderr]    Compiling hmac v0.12.1
[INFO] [stderr]    Compiling spki v0.7.2
[INFO] [stderr]    Compiling rustix v0.38.25
[INFO] [stderr]    Compiling hkdf v0.12.3
[INFO] [stderr]    Compiling iana-time-zone v0.1.58
[INFO] [stderr]    Compiling inout v0.1.3
[INFO] [stderr]    Compiling rand_core v0.3.1
[INFO] [stderr]    Compiling pkcs8 v0.10.2
[INFO] [stderr]    Compiling pem-rfc7468 v0.6.0
[INFO] [stderr]    Compiling synstructure v0.12.6
[INFO] [stderr]    Compiling num-integer v0.1.45
[INFO] [stderr]    Compiling async-trait v0.1.74
[INFO] [stderr]    Compiling linux-raw-sys v0.4.11
[INFO] [stderr]    Compiling sec1 v0.7.3
[INFO] [stderr]    Compiling hashbrown v0.14.2
[INFO] [stderr]    Compiling ppv-lite86 v0.2.17
[INFO] [stderr]    Compiling either v1.9.0
[INFO] [stderr]    Compiling der v0.6.1
[INFO] [stderr]    Compiling cipher v0.4.4
[INFO] [stderr]    Compiling rfc6979 v0.4.0
[INFO] [stderr]    Compiling signature v2.2.0
[INFO] [stderr]    Compiling crossbeam-deque v0.8.3
[INFO] [stderr]    Compiling quick-protobuf v0.8.1
[INFO] [stderr]    Compiling num-iter v0.1.43
[INFO] [stderr]    Compiling unicase v2.7.0
[INFO] [stderr]    Compiling regex-automata v0.4.3
[INFO] [stderr]    Compiling rand_chacha v0.3.1
[INFO] [stderr]    Compiling radium v0.7.0
[INFO] [stderr]    Compiling foreign-types-shared v0.1.1
[INFO] [stderr]    Compiling equivalent v1.0.1
[INFO] [stderr]    Compiling parking_lot_core v0.8.6
[INFO] [stderr]    Compiling openssl v0.10.60
[INFO] [stderr]    Compiling rayon-core v1.12.0
[INFO] [stderr]    Compiling rand v0.8.5
[INFO] [stderr]    Compiling foreign-types v0.3.2
[INFO] [stderr]    Compiling spki v0.6.0
[INFO] [stderr]    Compiling toml v0.5.11
[INFO] [stderr]    Compiling elliptic-curve v0.13.8
[INFO] [stderr]    Compiling indexmap v2.1.0
[INFO] [stderr]    Compiling universal-hash v0.5.1
[INFO] [stderr]    Compiling rand_pcg v0.1.2
[INFO] [stderr]    Compiling rand_chacha v0.1.1
[INFO] [stderr]    Compiling http v0.2.11
[INFO] [stderr]    Compiling instant v0.1.12
[INFO] [stderr]    Compiling num-bigint-dig v0.8.4
[INFO] [stderr]    Compiling httparse v1.8.0
[INFO] [stderr]    Compiling crc32fast v1.3.2
[INFO] [stderr]    Compiling opaque-debug v0.3.0
[INFO] [stderr]    Compiling utf8parse v0.2.1
[INFO] [stderr]    Compiling data-encoding-macro-internal v0.1.12
[INFO] [stderr]    Compiling native-tls v0.2.11
[INFO] [stderr]    Compiling tap v1.0.1
[INFO] [stderr]    Compiling tinyvec_macros v0.1.1
[INFO] [stderr]    Compiling ecdsa v0.16.9
[INFO] [stderr]    Compiling primeorder v0.13.6
[INFO] [stderr]    Compiling tinyvec v1.6.0
[INFO] [stderr]    Compiling wyz v0.5.1
[INFO] [stderr]    Compiling anstyle-parse v0.2.2
[INFO] [stderr]    Compiling polyval v0.6.1
[INFO] [stderr]    Compiling pkcs8 v0.9.0
[INFO] [stderr]    Compiling aes v0.8.3
[INFO] [stderr]    Compiling rand v0.6.3
[INFO] [stderr]    Compiling crossbeam-channel v0.5.8
[INFO] [stderr]    Compiling indexmap v1.9.3
[INFO] [stderr]    Compiling thread_local v1.1.7
[INFO] [stderr]    Compiling powerfmt v0.2.0
[INFO] [stderr]    Compiling funty v2.0.0
[INFO] [stderr]    Compiling async-once-cell v0.4.4
[INFO] [stderr]    Compiling anstyle-query v1.0.0
[INFO] [stderr]    Compiling data-encoding-macro v0.1.14
[INFO] [stderr]    Compiling multibase v0.9.1
[INFO] [stderr]    Compiling regex-syntax v0.6.29
[INFO] [stderr]    Compiling percent-encoding v2.3.0
[INFO] [stderr]    Compiling semver v1.0.20
[INFO] [stderr]    Compiling openssl-probe v0.1.5
[INFO] [stderr]    Compiling try-lock v0.2.4
[INFO] [stderr]    Compiling regex v1.10.2
[INFO] [stderr]    Compiling crossbeam-queue v0.3.8
[INFO] [stderr]    Compiling anstyle v1.0.4
[INFO] [stderr]    Compiling rust_decimal v1.33.1
[INFO] [stderr]    Compiling colorchoice v1.0.0
[INFO] [stderr]    Compiling want v0.3.1
[INFO] [stderr]    Compiling form_urlencoded v1.2.0
[INFO] [stderr]    Compiling anstream v0.6.4
[INFO] [stderr]    Compiling rayon v1.8.0
[INFO] [stderr]    Compiling deranged v0.3.9
[INFO] [stderr]    Compiling unicode-normalization v0.1.22
[INFO] [stderr]    Compiling mime_guess v2.0.4
[INFO] [stderr]    Compiling parking_lot v0.11.2
[INFO] [stderr]    Compiling http-body v0.4.5
[INFO] [stderr]    Compiling pkcs1 v0.4.1
[INFO] [stderr]    Compiling ghash v0.5.0
[INFO] [stderr]    Compiling terminal_size v0.3.0
[INFO] [stderr]    Compiling ctr v0.9.2
[INFO] [stderr]    Compiling rand_xorshift v0.1.1
[INFO] [stderr]    Compiling rand_isaac v0.1.1
[INFO] [stderr]    Compiling rand_hc v0.1.0
[INFO] [stderr]    Compiling signature v1.6.4
[INFO] [stderr]    Compiling aead v0.5.2
[INFO] [stderr]    Compiling rand_os v0.1.3
[INFO] [stderr]    Compiling socket2 v0.4.10
[INFO] [stderr]    Compiling fs2 v0.4.3
[INFO] [stderr]    Compiling fxhash v0.2.1
[INFO] [stderr]    Compiling bstr v1.8.0
[INFO] [stderr]    Compiling priority-queue v1.3.2
[INFO] [stderr]    Compiling tower-service v0.3.2
[INFO] [stderr]    Compiling clap_lex v0.6.0
[INFO] [stderr]    Compiling portable-atomic v1.5.1
[INFO] [stderr]    Compiling strsim v0.10.0
[INFO] [stderr]    Compiling unicode-bidi v0.3.13
[INFO] [stderr]    Compiling unicode-width v0.1.11
[INFO] [stderr]    Compiling time-core v0.1.2
[INFO] [stderr]    Compiling ct-codecs v1.1.1
[INFO] [stderr]    Compiling heck v0.4.1
[INFO] [stderr]    Compiling hashbrown v0.12.3
[INFO] [stderr]    Compiling minimal-lexical v0.2.1
[INFO] [stderr]    Compiling option-ext v0.2.0
[INFO] [stderr]    Compiling regex-automata v0.1.10
[INFO] [stderr]    Compiling same-file v1.0.6
[INFO] [stderr]    Compiling overload v0.1.1
[INFO] [stderr]    Compiling httpdate v1.0.3
[INFO] [stderr]    Compiling hex v0.4.3
[INFO] [stderr]    Compiling xxhash-rust v0.8.7
[INFO] [stderr]    Compiling rsa v0.7.2
[INFO] [stderr]    Compiling idna v0.4.0
[INFO] [stderr]    Compiling nom v7.1.3
[INFO] [stderr]    Compiling globset v0.4.13
[INFO] [stderr]    Compiling serde_derive v1.0.193
[INFO] [stderr]    Compiling thiserror-impl v1.0.50
[INFO] [stderr]    Compiling futures-macro v0.3.29
[INFO] [stderr]    Compiling tokio-macros v2.2.0
[INFO] [stderr]    Compiling tracing-attributes v0.1.27
[INFO] [stderr]    Compiling openssl-macros v0.1.1
[INFO] [stderr]    Compiling pin-project-internal v1.1.3
[INFO] [stderr]    Compiling matchers v0.1.0
[INFO] [stderr]    Compiling async-stream-impl v0.3.5
[INFO] [stderr]    Compiling async-recursion v1.0.5
[INFO] [stderr]    Compiling clap_derive v4.4.7
[INFO] [stderr]    Compiling tokio v1.34.0
[INFO] [stderr]    Compiling nu-ansi-term v0.46.0
[INFO] [stderr]    Compiling walkdir v2.4.0
[INFO] [stderr]    Compiling dirs-sys v0.4.1
[INFO] [stderr]    Compiling ed25519-compact v2.0.4
[INFO] [stderr]    Compiling proc-macro-crate v1.1.3
[INFO] [stderr]    Compiling console v0.15.7
[INFO] [stderr]    Compiling clap_builder v4.4.8
[INFO] [stderr]    Compiling time v0.3.30
[INFO] [stderr]    Compiling sled v0.34.7
[INFO] [stderr]    Compiling aes-gcm v0.10.3
[INFO] [stderr]    Compiling multihash-derive v0.8.1
[INFO] [stderr]    Compiling tracing v0.1.40
[INFO] [stderr]    Compiling libipld-cbor-derive v0.16.0
[INFO] [stderr]    Compiling pin-project v1.1.3
[INFO] [stderr]    Compiling k256 v0.13.2
[INFO] [stderr]    Compiling p256 v0.13.2
[INFO] [stderr]    Compiling p384 v0.13.0
[INFO] [stderr]    Compiling hmac-sha512 v1.1.5
[INFO] [stderr]    Compiling hmac-sha256 v1.1.7
[INFO] [stderr]    Compiling tracing-log v0.2.0
[INFO] [stderr]    Compiling coarsetime v0.1.33
[INFO] [stderr]    Compiling nix v0.27.1
[INFO] [stderr]    Compiling atty v0.2.14
[INFO] [stderr]    Compiling sharded-slab v0.1.7
[INFO] [stderr]    Compiling csv-core v0.1.11
[INFO] [stderr]    Compiling is-docker v0.2.0
[INFO] [stderr]    Compiling ansi-escapes v0.1.1
[INFO] [stderr]    Compiling bitflags v1.3.2
[INFO] [stderr]    Compiling hmac-sha1-compact v1.1.4
[INFO] [stderr]    Compiling static_assertions v1.1.0
[INFO] [stderr]    Compiling utf8-width v0.1.7
[INFO] [stderr]    Compiling mime v0.3.17
[INFO] [stderr]    Compiling binstring v0.1.1
[INFO] [stderr]    Compiling base64 v0.13.0
[INFO] [stderr]    Compiling twox-hash v1.6.3
[INFO] [stderr]    Compiling fiemap v0.1.1
[INFO] [stderr]    Compiling status-line v0.2.0
[INFO] [stderr]    Compiling is-wsl v0.4.0
[INFO] [stderr]    Compiling crossbeam v0.8.2
[INFO] [stderr]    Compiling ignore v0.4.20
[INFO] [stderr]    Compiling dirs v5.0.1
[INFO] [stderr]    Compiling async-stream v0.3.5
[INFO] [stderr]    Compiling nom-regex v0.2.0
[INFO] [stderr]    Compiling sysinfo v0.29.10
[INFO] [stderr]    Compiling stfu8 v0.2.6
[INFO] [stderr]    Compiling aes-kw v0.2.1
[INFO] [stderr]    Compiling is-terminal v0.4.9
[INFO] [stderr]    Compiling dashmap v5.5.3
[INFO] [stderr]    Compiling itertools v0.11.0
[INFO] [stderr]    Compiling xattr v1.0.1
[INFO] [stderr]    Compiling filetime v0.2.22
[INFO] [stderr]    Compiling multihash v0.19.1
[INFO] [stderr]    Compiling encoding_rs v0.8.33
[INFO] [stderr]    Compiling banyan-cli v1.1.1 (/opt/rustwide/workdir)
[INFO] [stderr]    Compiling ipnet v2.9.0
[INFO] [stderr]    Compiling file-owner v0.1.2
[INFO] [stderr]    Compiling pathdiff v0.2.1
[INFO] [stderr]    Compiling futures-executor v0.3.29
[INFO] [stderr]    Compiling clap v4.4.8
[INFO] [stderr]    Compiling dunce v1.0.4
[INFO] [stderr]    Compiling bytesize v1.3.0
[INFO] [stderr]    Compiling fallible-iterator v0.3.0
[INFO] [stderr]    Compiling futures v0.3.29
[INFO] [stderr] error: could not compile `tokio` (lib)
[INFO] [stderr] 
[INFO] [stderr] Caused by:
[INFO] [stderr]   process didn't exit successfully: `/opt/rustwide/rustup-home/toolchains/1.75.0-x86_64-unknown-linux-gnu/bin/rustc --crate-name tokio --edition=2021 /opt/rustwide/cargo-home/registry/src/index.crates.io-6f17d22bba15001f/tokio-1.34.0/src/lib.rs --error-format=json --json=diagnostic-rendered-ansi,artifacts,future-incompat --crate-type lib --emit=dep-info,metadata,link -C embed-bitcode=no -C debuginfo=2 -C split-debuginfo=unpacked --cfg 'feature="bytes"' --cfg 'feature="default"' --cfg 'feature="fs"' --cfg 'feature="full"' --cfg 'feature="io-std"' --cfg 'feature="io-util"' --cfg 'feature="libc"' --cfg 'feature="macros"' --cfg 'feature="mio"' --cfg 'feature="net"' --cfg 'feature="num_cpus"' --cfg 'feature="parking_lot"' --cfg 'feature="process"' --cfg 'feature="rt"' --cfg 'feature="rt-multi-thread"' --cfg 'feature="signal"' --cfg 'feature="signal-hook-registry"' --cfg 'feature="socket2"' --cfg 'feature="sync"' --cfg 'feature="test-util"' --cfg 'feature="time"' --cfg 'feature="tokio-macros"' -C metadata=250d2616f1376691 -C extra-filename=-250d2616f1376691 --out-dir /opt/rustwide/target/debug/deps -L dependency=/opt/rustwide/target/debug/deps --extern bytes=/opt/rustwide/target/debug/deps/libbytes-d572da5f1306a663.rmeta --extern libc=/opt/rustwide/target/debug/deps/liblibc-1e52de5526860997.rmeta --extern mio=/opt/rustwide/target/debug/deps/libmio-0754f60558a989b5.rmeta --extern num_cpus=/opt/rustwide/target/debug/deps/libnum_cpus-3ba98c29c582a351.rmeta --extern parking_lot=/opt/rustwide/target/debug/deps/libparking_lot-ec06e2496036eb60.rmeta --extern pin_project_lite=/opt/rustwide/target/debug/deps/libpin_project_lite-925e240c21804d93.rmeta --extern signal_hook_registry=/opt/rustwide/target/debug/deps/libsignal_hook_registry-15d60903704d4784.rmeta --extern socket2=/opt/rustwide/target/debug/deps/libsocket2-9886c2e26c190d98.rmeta --extern tokio_macros=/opt/rustwide/target/debug/deps/libtokio_macros-ff37cb7e4d1b909d.so --cap-lints allow --cap-lints=warn` (signal: 9, SIGKILL: kill)
[INFO] [stderr] warning: build failed, waiting for other jobs to finish...
[INFO] running `Command { std: "docker" "inspect" "ee61aef3a842c5126221af9e481b0c40c334d1708de55ce6f6edf20362466e56", kill_on_drop: false }`
[INFO] running `Command { std: "docker" "rm" "-f" "ee61aef3a842c5126221af9e481b0c40c334d1708de55ce6f6edf20362466e56", kill_on_drop: false }`
[INFO] [stdout] ee61aef3a842c5126221af9e481b0c40c334d1708de55ce6f6edf20362466e56
[INFO] testing banyancomputer/tomb against beta-2023-12-22 for beta-1.76-1
[INFO] running `Command { std: "git" "clone" "/workspace/cache/git-repos/https%3A%2F%2Fgithub.com%2Fbanyancomputer%2Ftomb" "/workspace/builds/worker-0-tc2/source", kill_on_drop: false }`
[INFO] [stderr] Cloning into '/workspace/builds/worker-0-tc2/source'...
[INFO] [stderr] done.
[INFO] validating manifest of git repo https://github.com/banyancomputer/tomb on toolchain beta-2023-12-22
[INFO] running `Command { std: CARGO_HOME="/workspace/cargo-home" RUSTUP_HOME="/workspace/rustup-home" "/workspace/cargo-home/bin/cargo" "+beta-2023-12-22" "metadata" "--manifest-path" "Cargo.toml" "--no-deps", kill_on_drop: false }`
[INFO] removed /workspace/builds/worker-0-tc2/source/.cargo/config.toml
[INFO] started tweaking git repo https://github.com/banyancomputer/tomb
[INFO] finished tweaking git repo https://github.com/banyancomputer/tomb
[INFO] tweaked toml for git repo https://github.com/banyancomputer/tomb written to /workspace/builds/worker-0-tc2/source/Cargo.toml
[INFO] crate git repo https://github.com/banyancomputer/tomb already has a lockfile, it will not be regenerated
[INFO] running `Command { std: CARGO_HOME="/workspace/cargo-home" RUSTUP_HOME="/workspace/rustup-home" "/workspace/cargo-home/bin/cargo" "+beta-2023-12-22" "fetch" "--manifest-path" "Cargo.toml", kill_on_drop: false }`
[INFO] running `Command { std: "docker" "create" "-v" "/var/lib/crater-agent-workspace/builds/worker-0-tc2/target:/opt/rustwide/target:rw,Z" "-v" "/var/lib/crater-agent-workspace/builds/worker-0-tc2/source:/opt/rustwide/workdir:ro,Z" "-v" "/var/lib/crater-agent-workspace/cargo-home:/opt/rustwide/cargo-home:ro,Z" "-v" "/var/lib/crater-agent-workspace/rustup-home:/opt/rustwide/rustup-home:ro,Z" "-e" "SOURCE_DIR=/opt/rustwide/workdir" "-e" "CARGO_TARGET_DIR=/opt/rustwide/target" "-e" "CARGO_HOME=/opt/rustwide/cargo-home" "-e" "RUSTUP_HOME=/opt/rustwide/rustup-home" "-w" "/opt/rustwide/workdir" "-m" "1610612736" "--user" "0:0" "--network" "none" "ghcr.io/rust-lang/crates-build-env/linux@sha256:2788e3201cd34a07e3172128adcd8b3090168a8e3bcc40d7c032b9dda1df7d1c" "/opt/rustwide/cargo-home/bin/cargo" "+beta-2023-12-22" "metadata" "--no-deps" "--format-version=1", kill_on_drop: false }`
[INFO] [stdout] fcf42c45de0c3aaa74f7cb56aab1c7e329c11f83fb3b4c6b7813cf09e2abdf37
[INFO] running `Command { std: "docker" "start" "-a" "fcf42c45de0c3aaa74f7cb56aab1c7e329c11f83fb3b4c6b7813cf09e2abdf37", kill_on_drop: false }`
[INFO] running `Command { std: "docker" "inspect" "fcf42c45de0c3aaa74f7cb56aab1c7e329c11f83fb3b4c6b7813cf09e2abdf37", kill_on_drop: false }`
[INFO] running `Command { std: "docker" "rm" "-f" "fcf42c45de0c3aaa74f7cb56aab1c7e329c11f83fb3b4c6b7813cf09e2abdf37", kill_on_drop: false }`
[INFO] [stdout] fcf42c45de0c3aaa74f7cb56aab1c7e329c11f83fb3b4c6b7813cf09e2abdf37
[INFO] running `Command { std: "docker" "create" "-v" "/var/lib/crater-agent-workspace/builds/worker-0-tc2/target:/opt/rustwide/target:rw,Z" "-v" "/var/lib/crater-agent-workspace/builds/worker-0-tc2/source:/opt/rustwide/workdir:ro,Z" "-v" "/var/lib/crater-agent-workspace/cargo-home:/opt/rustwide/cargo-home:ro,Z" "-v" "/var/lib/crater-agent-workspace/rustup-home:/opt/rustwide/rustup-home:ro,Z" "-e" "SOURCE_DIR=/opt/rustwide/workdir" "-e" "CARGO_TARGET_DIR=/opt/rustwide/target" "-e" "CARGO_INCREMENTAL=0" "-e" "RUST_BACKTRACE=full" "-e" "RUSTFLAGS=--cap-lints=warn" "-e" "RUSTDOCFLAGS=--cap-lints=warn" "-e" "CARGO_HOME=/opt/rustwide/cargo-home" "-e" "RUSTUP_HOME=/opt/rustwide/rustup-home" "-w" "/opt/rustwide/workdir" "-m" "1610612736" "--user" "0:0" "--network" "none" "ghcr.io/rust-lang/crates-build-env/linux@sha256:2788e3201cd34a07e3172128adcd8b3090168a8e3bcc40d7c032b9dda1df7d1c" "/opt/rustwide/cargo-home/bin/cargo" "+beta-2023-12-22" "build" "--frozen" "--message-format=json", kill_on_drop: false }`
[INFO] [stdout] 37858e668768de36293cece1d71ee20d21e3dc54357ddb723df6c5ccba90b22c
[INFO] running `Command { std: "docker" "start" "-a" "37858e668768de36293cece1d71ee20d21e3dc54357ddb723df6c5ccba90b22c", kill_on_drop: false }`
[INFO] [stderr]    Compiling libc v0.2.150
[INFO] [stderr]    Compiling cfg-if v1.0.0
[INFO] [stderr]    Compiling proc-macro2 v1.0.69
[INFO] [stderr]    Compiling unicode-ident v1.0.12
[INFO] [stderr]    Compiling autocfg v1.1.0
[INFO] [stderr]    Compiling version_check v0.9.4
[INFO] [stderr]    Compiling zeroize v1.7.0
[INFO] [stderr]    Compiling typenum v1.17.0
[INFO] [stderr]    Compiling subtle v2.5.0
[INFO] [stderr]    Compiling const-oid v0.9.5
[INFO] [stderr]    Compiling serde v1.0.193
[INFO] [stderr]    Compiling memchr v2.6.4
[INFO] [stderr]    Compiling once_cell v1.18.0
[INFO] [stderr]    Compiling cpufeatures v0.2.11
[INFO] [stderr]    Compiling thiserror v1.0.50
[INFO] [stderr]    Compiling scopeguard v1.2.0
[INFO] [stderr]    Compiling syn v1.0.109
[INFO] [stderr]    Compiling itoa v1.0.9
[INFO] [stderr]    Compiling smallvec v1.11.2
[INFO] [stderr]    Compiling pin-project-lite v0.2.13
[INFO] [stderr]    Compiling arrayvec v0.7.4
[INFO] [stderr]    Compiling base64ct v1.6.0
[INFO] [stderr]    Compiling unicode-xid v0.2.4
[INFO] [stderr]    Compiling constant_time_eq v0.3.0
[INFO] [stderr]    Compiling arrayref v0.3.7
[INFO] [stderr]    Compiling libm v0.2.8
[INFO] [stderr]    Compiling log v0.4.20
[INFO] [stderr]    Compiling data-encoding v2.5.0
[INFO] [stderr]    Compiling unsigned-varint v0.7.2
[INFO] [stderr]    Compiling lock_api v0.4.11
[INFO] [stderr]    Compiling generic-array v0.14.7
[INFO] [stderr]    Compiling proc-macro-error-attr v1.0.4
[INFO] [stderr]    Compiling proc-macro-error v1.0.4
[INFO] [stderr]    Compiling num-traits v0.2.17
[INFO] [stderr]    Compiling futures-core v0.3.29
[INFO] [stderr]    Compiling byteorder v1.5.0
[INFO] [stderr]    Compiling bytes v1.5.0
[INFO] [stderr]    Compiling quote v1.0.33
[INFO] [stderr]    Compiling keccak v0.1.4
[INFO] [stderr]    Compiling crossbeam-utils v0.8.16
[INFO] [stderr]    Compiling spin v0.5.2
[INFO] [stderr]    Compiling syn v2.0.39
[INFO] [stderr]    Compiling core2 v0.4.0
[INFO] [stderr]    Compiling ryu v1.0.15
[INFO] [stderr]    Compiling lazy_static v1.4.0
[INFO] [stderr]    Compiling cc v1.0.83
[INFO] [stderr]    Compiling serde_json v1.0.108
[INFO] [stderr]    Compiling anyhow v1.0.75
[INFO] [stderr]    Compiling bitflags v2.4.1
[INFO] [stderr]    Compiling fnv v1.0.7
[INFO] [stderr]    Compiling base-x v0.2.11
[INFO] [stderr]    Compiling slab v0.4.9
[INFO] [stderr]    Compiling futures-task v0.3.29
[INFO] [stderr]    Compiling parking_lot_core v0.9.9
[INFO] [stderr]    Compiling getrandom v0.2.11
[INFO] [stderr]    Compiling rand_core v0.6.4
[INFO] [stderr]    Compiling futures-channel v0.3.29
[INFO] [stderr]    Compiling futures-sink v0.3.29
[INFO] [stderr]    Compiling pem-rfc7468 v0.7.0
[INFO] [stderr]    Compiling blake2b_simd v1.0.2
[INFO] [stderr]    Compiling blake2s_simd v1.0.2
[INFO] [stderr]    Compiling memoffset v0.9.0
[INFO] [stderr]    Compiling futures-util v0.3.29
[INFO] [stderr]    Compiling der v0.7.8
[INFO] [stderr]    Compiling crossbeam-epoch v0.9.15
[INFO] [stderr]    Compiling autocfg v0.1.8
[INFO] [stderr]    Compiling pin-utils v0.1.0
[INFO] [stderr]    Compiling futures-io v0.3.29
[INFO] [stderr]    Compiling tracing-core v0.1.32
[INFO] [stderr]    Compiling vcpkg v0.2.15
[INFO] [stderr]    Compiling rand_core v0.4.2
[INFO] [stderr]    Compiling pkg-config v0.3.27
[INFO] [stderr]    Compiling ff v0.13.0
[INFO] [stderr]    Compiling blake3 v1.5.0
[INFO] [stderr]    Compiling num_cpus v1.16.0
[INFO] [stderr]    Compiling aho-corasick v1.1.2
[INFO] [stderr]    Compiling base16ct v0.2.0
[INFO] [stderr]    Compiling regex-syntax v0.8.2
[INFO] [stderr]    Compiling crypto-common v0.1.6
[INFO] [stderr]    Compiling block-buffer v0.10.4
[INFO] [stderr]    Compiling crypto-bigint v0.5.5
[INFO] [stderr]    Compiling digest v0.10.7
[INFO] [stderr]    Compiling group v0.13.0
[INFO] [stderr]    Compiling synstructure v0.12.6
[INFO] [stderr]    Compiling sha2 v0.10.8
[INFO] [stderr]    Compiling sha3 v0.10.0
[INFO] [stderr]    Compiling hmac v0.12.1
[INFO] [stderr]    Compiling spki v0.7.2
[INFO] [stderr]    Compiling hkdf v0.12.3
[INFO] [stderr]    Compiling openssl-sys v0.9.96
[INFO] [stderr]    Compiling parking_lot v0.12.1
[INFO] [stderr]    Compiling socket2 v0.5.5
[INFO] [stderr]    Compiling signal-hook-registry v1.4.1
[INFO] [stderr]    Compiling pkcs8 v0.10.2
[INFO] [stderr]    Compiling sec1 v0.7.3
[INFO] [stderr]    Compiling mio v0.8.9
[INFO] [stderr]    Compiling rustix v0.38.25
[INFO] [stderr]    Compiling iana-time-zone v0.1.58
[INFO] [stderr]    Compiling inout v0.1.3
[INFO] [stderr]    Compiling rand_core v0.3.1
[INFO] [stderr]    Compiling pem-rfc7468 v0.6.0
[INFO] [stderr]    Compiling num-integer v0.1.45
[INFO] [stderr]    Compiling hashbrown v0.14.2
[INFO] [stderr]    Compiling either v1.9.0
[INFO] [stderr]    Compiling async-trait v0.1.74
[INFO] [stderr]    Compiling ppv-lite86 v0.2.17
[INFO] [stderr]    Compiling linux-raw-sys v0.4.11
[INFO] [stderr]    Compiling der v0.6.1
[INFO] [stderr]    Compiling cipher v0.4.4
[INFO] [stderr]    Compiling toml v0.5.11
[INFO] [stderr]    Compiling rfc6979 v0.4.0
[INFO] [stderr]    Compiling signature v2.2.0
[INFO] [stderr]    Compiling crossbeam-deque v0.8.3
[INFO] [stderr]    Compiling quick-protobuf v0.8.1
[INFO] [stderr]    Compiling unicase v2.7.0
[INFO] [stderr]    Compiling num-iter v0.1.43
[INFO] [stderr]    Compiling equivalent v1.0.1
[INFO] [stderr]    Compiling parking_lot_core v0.8.6
[INFO] [stderr]    Compiling radium v0.7.0
[INFO] [stderr]    Compiling openssl v0.10.60
[INFO] [stderr]    Compiling rand_chacha v0.3.1
[INFO] [stderr]    Compiling rayon-core v1.12.0
[INFO] [stderr]    Compiling foreign-types-shared v0.1.1
[INFO] [stderr]    Compiling data-encoding-macro-internal v0.1.12
[INFO] [stderr]    Compiling foreign-types v0.3.2
[INFO] [stderr]    Compiling indexmap v2.1.0
[INFO] [stderr]    Compiling universal-hash v0.5.1
[INFO] [stderr]    Compiling rand_pcg v0.1.2
[INFO] [stderr]    Compiling rand_chacha v0.1.1
[INFO] [stderr]    Compiling regex-automata v0.4.3
[INFO] [stderr]    Compiling elliptic-curve v0.13.8
[INFO] [stderr]    Compiling rand v0.8.5
[INFO] [stderr]    Compiling http v0.2.11
[INFO] [stderr]    Compiling ecdsa v0.16.9
[INFO] [stderr]    Compiling instant v0.1.12
[INFO] [stderr]    Compiling native-tls v0.2.11
[INFO] [stderr]    Compiling tap v1.0.1
[INFO] [stderr]    Compiling data-encoding-macro v0.1.14
[INFO] [stderr]    Compiling multibase v0.9.1
[INFO] [stderr]    Compiling httparse v1.8.0
[INFO] [stderr]    Compiling spki v0.6.0
[INFO] [stderr]    Compiling opaque-debug v0.3.0
[INFO] [stderr]    Compiling crc32fast v1.3.2
[INFO] [stderr]    Compiling tinyvec_macros v0.1.1
[INFO] [stderr]    Compiling num-bigint-dig v0.8.4
[INFO] [stderr]    Compiling utf8parse v0.2.1
[INFO] [stderr]    Compiling tinyvec v1.6.0
[INFO] [stderr]    Compiling pkcs8 v0.9.0
[INFO] [stderr]    Compiling anstyle-parse v0.2.2
[INFO] [stderr]    Compiling polyval v0.6.1
[INFO] [stderr]    Compiling wyz v0.5.1
[INFO] [stderr]    Compiling primeorder v0.13.6
[INFO] [stderr]    Compiling aes v0.8.3
[INFO] [stderr]    Compiling rand v0.6.3
[INFO] [stderr]    Compiling crossbeam-channel v0.5.8
[INFO] [stderr]    Compiling indexmap v1.9.3
[INFO] [stderr]    Compiling thread_local v1.1.7
[INFO] [stderr]    Compiling anstyle-query v1.0.0
[INFO] [stderr]    Compiling rust_decimal v1.33.1
[INFO] [stderr]    Compiling funty v2.0.0
[INFO] [stderr]    Compiling async-once-cell v0.4.4
[INFO] [stderr]    Compiling crossbeam-queue v0.3.8
[INFO] [stderr]    Compiling percent-encoding v2.3.0
[INFO] [stderr]    Compiling regex-syntax v0.6.29
[INFO] [stderr]    Compiling regex v1.10.2
[INFO] [stderr]    Compiling openssl-probe v0.1.5
[INFO] [stderr]    Compiling try-lock v0.2.4
[INFO] [stderr]    Compiling powerfmt v0.2.0
[INFO] [stderr]    Compiling semver v1.0.20
[INFO] [stderr]    Compiling anstyle v1.0.4
[INFO] [stderr]    Compiling colorchoice v1.0.0
[INFO] [stderr]    Compiling want v0.3.1
[INFO] [stderr]    Compiling rayon v1.8.0
[INFO] [stderr]    Compiling deranged v0.3.9
[INFO] [stderr]    Compiling form_urlencoded v1.2.0
[INFO] [stderr]    Compiling mime_guess v2.0.4
[INFO] [stderr]    Compiling anstream v0.6.4
[INFO] [stderr]    Compiling unicode-normalization v0.1.22
[INFO] [stderr]    Compiling parking_lot v0.11.2
[INFO] [stderr]    Compiling ghash v0.5.0
[INFO] [stderr]    Compiling http-body v0.4.5
[INFO] [stderr]    Compiling pkcs1 v0.4.1
[INFO] [stderr]    Compiling terminal_size v0.3.0
[INFO] [stderr]    Compiling ctr v0.9.2
[INFO] [stderr]    Compiling rand_xorshift v0.1.1
[INFO] [stderr]    Compiling rand_isaac v0.1.1
[INFO] [stderr]    Compiling rand_hc v0.1.0
[INFO] [stderr]    Compiling signature v1.6.4
[INFO] [stderr]    Compiling aead v0.5.2
[INFO] [stderr]    Compiling rand_os v0.1.3
[INFO] [stderr]    Compiling socket2 v0.4.10
[INFO] [stderr]    Compiling fs2 v0.4.3
[INFO] [stderr]    Compiling bstr v1.8.0
[INFO] [stderr]    Compiling fxhash v0.2.1
[INFO] [stderr]    Compiling priority-queue v1.3.2
[INFO] [stderr]    Compiling httpdate v1.0.3
[INFO] [stderr]    Compiling portable-atomic v1.5.1
[INFO] [stderr]    Compiling time-core v0.1.2
[INFO] [stderr]    Compiling clap_lex v0.6.0
[INFO] [stderr]    Compiling strsim v0.10.0
[INFO] [stderr]    Compiling minimal-lexical v0.2.1
[INFO] [stderr]    Compiling unicode-width v0.1.11
[INFO] [stderr]    Compiling hashbrown v0.12.3
[INFO] [stderr]    Compiling same-file v1.0.6
[INFO] [stderr]    Compiling serde_derive v1.0.193
[INFO] [stderr]    Compiling thiserror-impl v1.0.50
[INFO] [stderr]    Compiling futures-macro v0.3.29
[INFO] [stderr]    Compiling tokio-macros v2.2.0
[INFO] [stderr]    Compiling tracing-attributes v0.1.27
[INFO] [stderr]    Compiling openssl-macros v0.1.1
[INFO] [stderr]    Compiling pin-project-internal v1.1.3
[INFO] [stderr]    Compiling xxhash-rust v0.8.7
[INFO] [stderr]    Compiling option-ext v0.2.0
[INFO] [stderr]    Compiling hex v0.4.3
[INFO] [stderr]    Compiling ct-codecs v1.1.1
[INFO] [stderr]    Compiling unicode-bidi v0.3.13
[INFO] [stderr]    Compiling overload v0.1.1
[INFO] [stderr]    Compiling heck v0.4.1
[INFO] [stderr]    Compiling tower-service v0.3.2
[INFO] [stderr]    Compiling nu-ansi-term v0.46.0
[INFO] [stderr]    Compiling ed25519-compact v2.0.4
[INFO] [stderr]    Compiling regex-automata v0.1.10
[INFO] [stderr]    Compiling tokio v1.34.0
[INFO] [stderr]    Compiling clap_derive v4.4.7
[INFO] [stderr]    Compiling idna v0.4.0
[INFO] [stderr]    Compiling dirs-sys v0.4.1
[INFO] [stderr]    Compiling matchers v0.1.0
[INFO] [stderr]    Compiling proc-macro-crate v1.1.3
[INFO] [stderr]    Compiling time v0.3.30
[INFO] [stderr]    Compiling rsa v0.7.2
[INFO] [stderr]    Compiling nom v7.1.3
[INFO] [stderr]    Compiling globset v0.4.13
[INFO] [stderr]    Compiling walkdir v2.4.0
[INFO] [stderr]    Compiling multihash-derive v0.8.1
[INFO] [stderr]    Compiling libipld-cbor-derive v0.16.0
[INFO] [stderr]    Compiling pin-project v1.1.3
[INFO] [stderr]    Compiling tracing v0.1.40
[INFO] [stderr]    Compiling async-recursion v1.0.5
[INFO] [stderr]    Compiling async-stream-impl v0.3.5
[INFO] [stderr]    Compiling console v0.15.7
[INFO] [stderr]    Compiling clap_builder v4.4.8
[INFO] [stderr]    Compiling sled v0.34.7
[INFO] [stderr]    Compiling aes-gcm v0.10.3
[INFO] [stderr]    Compiling p256 v0.13.2
[INFO] [stderr]    Compiling p384 v0.13.0
[INFO] [stderr]    Compiling k256 v0.13.2
[INFO] [stderr]    Compiling hmac-sha512 v1.1.5
[INFO] [stderr]    Compiling hmac-sha256 v1.1.7
[INFO] [stderr]    Compiling tracing-log v0.2.0
[INFO] [stderr]    Compiling nix v0.27.1
[INFO] [stderr]    Compiling coarsetime v0.1.33
[INFO] [stderr]    Compiling atty v0.2.14
[INFO] [stderr]    Compiling sharded-slab v0.1.7
[INFO] [stderr]    Compiling csv-core v0.1.11
[INFO] [stderr]    Compiling is-docker v0.2.0
[INFO] [stderr]    Compiling static_assertions v1.1.0
[INFO] [stderr]    Compiling utf8-width v0.1.7
[INFO] [stderr]    Compiling base64 v0.13.0
[INFO] [stderr]    Compiling binstring v0.1.1
[INFO] [stderr]    Compiling ansi-escapes v0.1.1
[INFO] [stderr]    Compiling bitflags v1.3.2
[INFO] [stderr]    Compiling mime v0.3.17
[INFO] [stderr]    Compiling hmac-sha1-compact v1.1.4
[INFO] [stderr]    Compiling fiemap v0.1.1
[INFO] [stderr]    Compiling status-line v0.2.0
[INFO] [stderr]    Compiling twox-hash v1.6.3
[INFO] [stderr]    Compiling is-wsl v0.4.0
[INFO] [stderr]    Compiling nom-regex v0.2.0
[INFO] [stderr]    Compiling async-stream v0.3.5
[INFO] [stderr]    Compiling crossbeam v0.8.2
[INFO] [stderr]    Compiling ignore v0.4.20
[INFO] [stderr]    Compiling dirs v5.0.1
[INFO] [stderr]    Compiling sysinfo v0.29.10
[INFO] [stderr]    Compiling stfu8 v0.2.6
[INFO] [stderr]    Compiling aes-kw v0.2.1
[INFO] [stderr]    Compiling clap v4.4.8
[INFO] [stderr]    Compiling is-terminal v0.4.9
[INFO] [stderr]    Compiling dashmap v5.5.3
[INFO] [stderr]    Compiling itertools v0.11.0
[INFO] [stderr]    Compiling file-owner v0.1.2
[INFO] [stderr]    Compiling xattr v1.0.1
[INFO] [stderr]    Compiling filetime v0.2.22
[INFO] [stderr]    Compiling futures-executor v0.3.29
[INFO] [stderr]    Compiling multihash v0.19.1
[INFO] [stderr]    Compiling encoding_rs v0.8.33
[INFO] [stderr]    Compiling futures v0.3.29
[INFO] [stderr]    Compiling number_prefix v0.4.0
[INFO] [stderr]    Compiling dunce v1.0.4
[INFO] [stderr]    Compiling pathdiff v0.2.1
[INFO] [stderr]    Compiling tokio-util v0.7.10
[INFO] [stderr]    Compiling tokio-native-tls v0.3.1
[INFO] [stderr]    Compiling fallible-iterator v0.3.0
[INFO] [stderr]    Compiling ipnet v2.9.0
[INFO] [stderr]    Compiling banyan-cli v1.1.1 (/opt/rustwide/workdir)
[INFO] [stderr]    Compiling base64 v0.21.5
[INFO] [stderr]    Compiling metrohash v1.0.6
[INFO] [stderr]    Compiling lazy-init v0.5.1
[INFO] [stderr]    Compiling maplit v1.0.2
[INFO] [stderr]    Compiling bytesize v1.3.0
[INFO] [stderr]    Compiling open v5.0.0
[INFO] [stderr]    Compiling indicatif v0.17.7
[INFO] [stderr]    Compiling colored v2.0.4
[INFO] [stderr]    Compiling lz4_flex v0.11.1
[INFO] [stderr]    Compiling jwalk v0.8.1
[INFO] [stderr]    Compiling sha1 v0.10.6
[INFO] [stderr]    Compiling dir-assert v0.2.0 (https://github.com/banyancomputer/dir-assert.git?branch=non-utf8#2e127661)
[INFO] [stderr]    Compiling h2 v0.3.22
[INFO] [stderr]    Compiling unsigned-varint v0.8.0
[INFO] [stderr]    Compiling fs_extra v1.3.0
[INFO] [stderr]    Compiling base58 v0.2.0
[INFO] [stderr]    Compiling serde-big-array v0.3.3
[INFO] [stderr]    Compiling serde_bytes v0.11.12
[INFO] [stderr]    Compiling chrono v0.4.31
[INFO] [stderr]    Compiling multihash v0.18.1
[INFO] [stderr]    Compiling multihash v0.16.3
[INFO] [stderr]    Compiling bitvec v1.0.1
[INFO] [stderr]    Compiling tracing-serde v0.1.3
[INFO] [stderr]    Compiling cid v0.8.6
[INFO] [stderr]    Compiling cbor4ii v0.2.14
[INFO] [stderr]    Compiling bincode v1.3.3
[INFO] [stderr]    Compiling csv v1.3.0
[INFO] [stderr]    Compiling skip_ratchet v0.1.6
[INFO] [stderr]    Compiling serde_ipld_dagcbor v0.3.0
[INFO] [stderr]    Compiling cid v0.10.1
[INFO] [stderr]    Compiling byte-unit v4.0.19
[INFO] [stderr]    Compiling uuid v1.6.1
[INFO] [stderr]    Compiling libipld-core v0.16.0
[INFO] [stderr]    Compiling typed-sled v0.2.3
[INFO] [stderr]    Compiling url v2.4.1
[INFO] [stderr]    Compiling serde_urlencoded v0.7.1
[INFO] [stderr]    Compiling tracing-subscriber v0.3.18
[INFO] [stderr]    Compiling jwt-simple v0.11.9
[INFO] [stderr]    Compiling libipld-macro v0.16.0
[INFO] [stderr]    Compiling libipld-json v0.16.0
[INFO] [stderr]    Compiling libipld-pb v0.16.0
[INFO] [stderr]    Compiling libipld-cbor v0.16.0
[INFO] [stderr]    Compiling hyper v0.14.27
[INFO] [stderr]    Compiling libipld v0.16.0
[INFO] [stderr]    Compiling dtparse v2.0.0
[INFO] [stderr]    Compiling wnfs-common v0.1.21 (https://github.com/banyancomputer/rs-wnfs?branch=main#8f38d633)
[INFO] [stderr]    Compiling fclones v0.34.0
[INFO] [stderr]    Compiling tracing-appender v0.2.3
[INFO] [stderr]    Compiling tomb-crypt v0.1.0 (https://github.com/banyancomputer/tomb-crypt?branch=main#cdd5e07d)
[INFO] [stderr]    Compiling wnfs-hamt v0.1.21 (https://github.com/banyancomputer/rs-wnfs?branch=main#8f38d633)
[INFO] [stderr]    Compiling wnfs-namefilter v0.1.21 (https://github.com/banyancomputer/rs-wnfs?branch=main#8f38d633)
[INFO] [stderr]    Compiling wnfs v0.1.21 (https://github.com/banyancomputer/rs-wnfs?branch=main#8f38d633)
[INFO] [stderr]    Compiling hyper-tls v0.5.0
[INFO] [stderr]    Compiling reqwest v0.11.22
[INFO] [stderr]     Finished dev [unoptimized + debuginfo] target(s) in 1m 03s
[INFO] running `Command { std: "docker" "inspect" "37858e668768de36293cece1d71ee20d21e3dc54357ddb723df6c5ccba90b22c", kill_on_drop: false }`
[INFO] running `Command { std: "docker" "rm" "-f" "37858e668768de36293cece1d71ee20d21e3dc54357ddb723df6c5ccba90b22c", kill_on_drop: false }`
[INFO] [stdout] 37858e668768de36293cece1d71ee20d21e3dc54357ddb723df6c5ccba90b22c
[INFO] running `Command { std: "docker" "create" "-v" "/var/lib/crater-agent-workspace/builds/worker-0-tc2/target:/opt/rustwide/target:rw,Z" "-v" "/var/lib/crater-agent-workspace/builds/worker-0-tc2/source:/opt/rustwide/workdir:ro,Z" "-v" "/var/lib/crater-agent-workspace/cargo-home:/opt/rustwide/cargo-home:ro,Z" "-v" "/var/lib/crater-agent-workspace/rustup-home:/opt/rustwide/rustup-home:ro,Z" "-e" "SOURCE_DIR=/opt/rustwide/workdir" "-e" "CARGO_TARGET_DIR=/opt/rustwide/target" "-e" "CARGO_INCREMENTAL=0" "-e" "RUST_BACKTRACE=full" "-e" "RUSTFLAGS=--cap-lints=warn" "-e" "RUSTDOCFLAGS=--cap-lints=warn" "-e" "CARGO_HOME=/opt/rustwide/cargo-home" "-e" "RUSTUP_HOME=/opt/rustwide/rustup-home" "-w" "/opt/rustwide/workdir" "-m" "1610612736" "--user" "0:0" "--network" "none" "ghcr.io/rust-lang/crates-build-env/linux@sha256:2788e3201cd34a07e3172128adcd8b3090168a8e3bcc40d7c032b9dda1df7d1c" "/opt/rustwide/cargo-home/bin/cargo" "+beta-2023-12-22" "test" "--frozen" "--no-run" "--message-format=json", kill_on_drop: false }`
[INFO] [stdout] 86c8e702b0e9b664465c46bd92ab0702578a979aad7a8bc3f20ab7f0cd68832f
[INFO] running `Command { std: "docker" "start" "-a" "86c8e702b0e9b664465c46bd92ab0702578a979aad7a8bc3f20ab7f0cd68832f", kill_on_drop: false }`
[INFO] [stderr]    Compiling rustversion v1.0.14
[INFO] [stderr]    Compiling serial_test_derive v2.0.0
[INFO] [stderr]    Compiling serial_test v2.0.0
[INFO] [stderr]    Compiling strum_macros v0.24.3
[INFO] [stderr]    Compiling strum v0.24.1
[INFO] [stderr]    Compiling fake-file v0.1.0
[INFO] [stderr]    Compiling banyan-cli v1.1.1 (/opt/rustwide/workdir)
[INFO] [stdout] warning: unused import: `io::compute_directory_size`
[INFO] [stdout]   --> src/utils/mod.rs:13:9
[INFO] [stdout]    |
[INFO] [stdout] 13 | pub use io::compute_directory_size;
[INFO] [stdout]    |         ^^^^^^^^^^^^^^^^^^^^^^^^^^
[INFO] [stdout]    |
[INFO] [stdout]    = note: `#[warn(unused_imports)]` on by default
[INFO] [stdout] 
[INFO] [stdout] 
[INFO] [stdout] warning: method `to_snapshot` is never used
[INFO] [stdout]   --> src/api/requests/core/buckets/snapshots/read.rs:82:19
[INFO] [stdout]    |
[INFO] [stdout] 81 | impl ReadSnapshotResponse {
[INFO] [stdout]    | ------------------------- method in this implementation
[INFO] [stdout] 82 |     pub(crate) fn to_snapshot(&self, bucket_id: Uuid) -> Snapshot {
[INFO] [stdout]    |                   ^^^^^^^^^^^
[INFO] [stdout]    |
[INFO] [stdout]    = note: `#[warn(dead_code)]` on by default
[INFO] [stdout] 
[INFO] [stdout] 
[INFO] [stdout] warning: 2 warnings emitted
[INFO] [stdout] 
[INFO] [stdout] 
[INFO] [stderr]     Finished test [unoptimized + debuginfo] target(s) in 14.59s
[INFO] running `Command { std: "docker" "inspect" "86c8e702b0e9b664465c46bd92ab0702578a979aad7a8bc3f20ab7f0cd68832f", kill_on_drop: false }`
[INFO] running `Command { std: "docker" "rm" "-f" "86c8e702b0e9b664465c46bd92ab0702578a979aad7a8bc3f20ab7f0cd68832f", kill_on_drop: false }`
[INFO] [stdout] 86c8e702b0e9b664465c46bd92ab0702578a979aad7a8bc3f20ab7f0cd68832f
[INFO] running `Command { std: "docker" "create" "-v" "/var/lib/crater-agent-workspace/builds/worker-0-tc2/target:/opt/rustwide/target:rw,Z" "-v" "/var/lib/crater-agent-workspace/builds/worker-0-tc2/source:/opt/rustwide/workdir:ro,Z" "-v" "/var/lib/crater-agent-workspace/cargo-home:/opt/rustwide/cargo-home:ro,Z" "-v" "/var/lib/crater-agent-workspace/rustup-home:/opt/rustwide/rustup-home:ro,Z" "-e" "SOURCE_DIR=/opt/rustwide/workdir" "-e" "CARGO_TARGET_DIR=/opt/rustwide/target" "-e" "CARGO_INCREMENTAL=0" "-e" "RUST_BACKTRACE=full" "-e" "RUSTFLAGS=--cap-lints=warn" "-e" "RUSTDOCFLAGS=--cap-lints=warn" "-e" "CARGO_HOME=/opt/rustwide/cargo-home" "-e" "RUSTUP_HOME=/opt/rustwide/rustup-home" "-w" "/opt/rustwide/workdir" "-m" "1610612736" "--user" "0:0" "--network" "none" "ghcr.io/rust-lang/crates-build-env/linux@sha256:2788e3201cd34a07e3172128adcd8b3090168a8e3bcc40d7c032b9dda1df7d1c" "/opt/rustwide/cargo-home/bin/cargo" "+beta-2023-12-22" "test" "--frozen", kill_on_drop: false }`
[INFO] [stdout] eb952bcdf950dd53c378d9b804b4e83022917aa89b8af3e8e80753e02c8449e0
[INFO] running `Command { std: "docker" "start" "-a" "eb952bcdf950dd53c378d9b804b4e83022917aa89b8af3e8e80753e02c8449e0", kill_on_drop: false }`
[INFO] [stderr] warning: unused import: `io::compute_directory_size`
[INFO] [stderr]   --> src/utils/mod.rs:13:9
[INFO] [stderr]    |
[INFO] [stderr] 13 | pub use io::compute_directory_size;
[INFO] [stderr]    |         ^^^^^^^^^^^^^^^^^^^^^^^^^^
[INFO] [stderr]    |
[INFO] [stderr]    = note: `#[warn(unused_imports)]` on by default
[INFO] [stderr] 
[INFO] [stderr] warning: method `to_snapshot` is never used
[INFO] [stderr]   --> src/api/requests/core/buckets/snapshots/read.rs:82:19
[INFO] [stderr]    |
[INFO] [stderr] 81 | impl ReadSnapshotResponse {
[INFO] [stderr]    | ------------------------- method in this implementation
[INFO] [stderr] 82 |     pub(crate) fn to_snapshot(&self, bucket_id: Uuid) -> Snapshot {
[INFO] [stderr]    |                   ^^^^^^^^^^^
[INFO] [stderr]    |
[INFO] [stderr]    = note: `#[warn(dead_code)]` on by default
[INFO] [stderr] 
[INFO] [stderr] warning: `banyan-cli` (lib test) generated 2 warnings (run `cargo fix --lib -p banyan-cli --tests` to apply 1 suggestion)
[INFO] [stderr]     Finished test [unoptimized + debuginfo] target(s) in 0.61s
[INFO] [stderr]      Running unittests src/lib.rs (/opt/rustwide/target/debug/deps/banyan_cli-4984d846976b8b4f)
[INFO] [stdout] 
[INFO] [stdout] running 58 tests
[INFO] [stdout] test blockstore::carv2_disk::test::from_scratch ... FAILED
[INFO] [stdout] test car::v1::block::test::carblock::to_from_bytes ... ok
[INFO] [stdout] test blockstore::carv2_disk::test::put_block ... FAILED
[INFO] [stdout] test blockstore::memory::test::memory_rooted_blockstore ... ok
[INFO] [stdout] test car::v1::header::test::output ... ok
[INFO] [stdout] test blockstore::memory::test::memory_blockstore ... ok
[INFO] [stdout] test car::v1::header::test::v1header::to_from_bytes ... ok
[INFO] [stdout] test blockstore::carv2_disk::test::carv2blockstore ... FAILED
[INFO] [stdout] test car::v1::test::to_from_disk_no_offset ... FAILED
[INFO] [stdout] test car::v2::header::test::from_scratch ... FAILED
[INFO] [stdout] test car::v2::fixture::test::read_data ... ok
[INFO] [stdout] test blockstore::carv2_memory::test::carv2memoryblockstore ... ok
[INFO] [stdout] test car::v2::header::test::v2header::to_from_bytes ... ok
[INFO] [stdout] test car::v2::index::test::carv2sortedindex::to_from_bytes ... ok
[INFO] [stdout] test car::v2::index::test::indexsorted::to_from_bytes ... ok
[INFO] [stdout] test blockstore::carv2_memory::test::put_block ... ok
[INFO] [stdout] test car::v2::test::from_disk_broken_index ... FAILED
[INFO] [stdout] test blockstore::multi_carv2_disk::test::multidelta ... FAILED
[INFO] [stdout] test blockstore::multi_carv2_disk::test::multifileblockstore ... FAILED
[INFO] [stdout] test blockstore::multi_carv2_disk::test::unidelta ... FAILED
[INFO] [stdout] test filesystem::metadata::test::add_read_large ... ignored
[INFO] [stdout] test car::v1::header::test::read_disk ... ok
[INFO] [stdout] test car::v1::test::from_disk_basic ... FAILED
[INFO] [stdout] test car::v2::fixture::test::read_write_data ... ok
[INFO] [stdout] test car::v1::test::set_root ... FAILED
[INFO] [stdout] test car::v1::test::put_get_block ... FAILED
[INFO] [stdout] test blockstore::carv2_disk::test::get_block ... FAILED
[INFO] [stdout] test car::v1::test::to_from_disk_with_offset ... FAILED
[INFO] [stdout] test car::v2::header::test::read_disk ... FAILED
[INFO] [stdout] test car::v1::test::to_from_disk_with_data ... FAILED
[INFO] [stdout] test filesystem::metadata::test::write_large_mkdir ... ignored
[INFO] [stdout] test blockstore::carv2_memory::test::from_scratch ... ok
[INFO] [stdout] test car::v2::test::put_get_block ... FAILED
[INFO] [stdout] test car::v2::test::to_from_disk_with_data ... FAILED
[INFO] [stdout] test car::v2::test::to_from_disk_no_offset ... FAILED
[INFO] [stdout] test filesystem::serialize::test::dir_content ... FAILED
[INFO] [stdout] test filesystem::serialize::test::forest ... FAILED
[INFO] [stdout] test filesystem::serialize::test::dir_object ... FAILED
[INFO] [stdout] test filesystem::sharing::test::put_get_current ... ok
[INFO] [stdout] test filesystem::metadata::test::init_save_unlock ... ok
[INFO] [stdout] test filesystem::metadata::test::add_read ... ok
[INFO] [stdout] test filesystem::sharing::mapper::test::serial_size ... ok
[INFO] [stdout] test filesystem::sharing::mapper::test::to_from_ipld ... ok
[INFO] [stdout] test filesystem::metadata::test::add_write_read ... ok
[INFO] [stdout] test filesystem::sharing::test::put_get_original ... ok
[INFO] [stdout] test filesystem::metadata::test::build_details ... ok
[INFO] [stdout] test filesystem::metadata::test::all_functions ... ok
[INFO] [stdout] test filesystem::metadata::test::add_share_receive ... ok
[INFO] [stdout] test filesystem::metadata::test::history ... ok
[INFO] [stdout] test filesystem::metadata::test::add_rm_read ... ok
[INFO] [stdout] test filesystem::sharing::test::share_with_get_both ... ok
[INFO] [stdout] test filesystem::sharing::test::share_with_get_original ... ok
[INFO] [stdout] test filesystem::sharing::test::share_with_get_current ... ok
[INFO] [stdout] test filesystem::metadata::test::add_mkdir_mv ... ok
[INFO] [stdout] test native::configuration::globalconfig::test::add_bucket ... FAILED
[INFO] [stdout] test native::configuration::globalconfig::test::from_disk_direct ... ok
[INFO] [stdout] test native::configuration::globalconfig::test::to_from_disk ... ok
[INFO] [stdout] test native::sync::local::test::get_set_get_all ... FAILED
[INFO] [stdout] 
[INFO] [stdout] failures:
[INFO] [stdout] 
[INFO] [stdout] ---- blockstore::carv2_disk::test::from_scratch stdout ----
[INFO] [stdout] Error: BlockStoreError { kind: Car(CarError { kind: Io(Os { code: 2, kind: NotFound, message: "No such file or directory" }) }) }
[INFO] [stdout] 
[INFO] [stdout] ---- blockstore::carv2_disk::test::put_block stdout ----
[INFO] [stdout] Error: BlockStoreError { kind: Car(CarError { kind: Io(Os { code: 2, kind: NotFound, message: "No such file or directory" }) }) }
[INFO] [stdout] 
[INFO] [stdout] ---- blockstore::carv2_disk::test::carv2blockstore stdout ----
[INFO] [stdout] Error: BlockStoreError { kind: Car(CarError { kind: Io(Os { code: 2, kind: NotFound, message: "No such file or directory" }) }) }
[INFO] [stdout] 
[INFO] [stdout] ---- car::v1::test::to_from_disk_no_offset stdout ----
[INFO] [stdout] Error: CarError { kind: Io(Os { code: 2, kind: NotFound, message: "No such file or directory" }) }
[INFO] [stdout] 
[INFO] [stdout] ---- car::v2::header::test::from_scratch stdout ----
[INFO] [stdout] Error: CarError { kind: Io(Os { code: 2, kind: NotFound, message: "No such file or directory" }) }
[INFO] [stdout] 
[INFO] [stdout] ---- car::v2::test::from_disk_broken_index stdout ----
[INFO] [stdout] Error: CarError { kind: Io(Os { code: 2, kind: NotFound, message: "No such file or directory" }) }
[INFO] [stdout] 
[INFO] [stdout] ---- blockstore::multi_carv2_disk::test::multidelta stdout ----
[INFO] [stdout] Error: BlockStoreError { kind: Car(CarError { kind: Io(Os { code: 30, kind: ReadOnlyFilesystem, message: "Read-only file system" }) }) }
[INFO] [stdout] 
[INFO] [stdout] ---- blockstore::multi_carv2_disk::test::multifileblockstore stdout ----
[INFO] [stdout] Error: BlockStoreError { kind: Car(CarError { kind: Io(Os { code: 30, kind: ReadOnlyFilesystem, message: "Read-only file system" }) }) }
[INFO] [stdout] 
[INFO] [stdout] ---- blockstore::multi_carv2_disk::test::unidelta stdout ----
[INFO] [stdout] Error: BlockStoreError { kind: Car(CarError { kind: Io(Os { code: 30, kind: ReadOnlyFilesystem, message: "Read-only file system" }) }) }
[INFO] [stdout] 
[INFO] [stdout] ---- car::v1::test::from_disk_basic stdout ----
[INFO] [stdout] Error: CarError { kind: Io(Os { code: 2, kind: NotFound, message: "No such file or directory" }) }
[INFO] [stdout] 
[INFO] [stdout] ---- car::v1::test::set_root stdout ----
[INFO] [stdout] Error: CarError { kind: Io(Os { code: 2, kind: NotFound, message: "No such file or directory" }) }
[INFO] [stdout] 
[INFO] [stdout] ---- car::v1::test::put_get_block stdout ----
[INFO] [stdout] Error: CarError { kind: Io(Os { code: 2, kind: NotFound, message: "No such file or directory" }) }
[INFO] [stdout] 
[INFO] [stdout] ---- blockstore::carv2_disk::test::get_block stdout ----
[INFO] [stdout] Error: BlockStoreError { kind: Car(CarError { kind: Io(Os { code: 2, kind: NotFound, message: "No such file or directory" }) }) }
[INFO] [stdout] 
[INFO] [stdout] ---- car::v1::test::to_from_disk_with_offset stdout ----
[INFO] [stdout] Error: CarError { kind: Io(Os { code: 2, kind: NotFound, message: "No such file or directory" }) }
[INFO] [stdout] 
[INFO] [stdout] ---- car::v2::header::test::read_disk stdout ----
[INFO] [stdout] Error: CarError { kind: Io(Os { code: 2, kind: NotFound, message: "No such file or directory" }) }
[INFO] [stdout] 
[INFO] [stdout] ---- car::v1::test::to_from_disk_with_data stdout ----
[INFO] [stdout] Error: CarError { kind: Io(Os { code: 2, kind: NotFound, message: "No such file or directory" }) }
[INFO] [stdout] 
[INFO] [stdout] ---- car::v2::test::put_get_block stdout ----
[INFO] [stdout] Error: CarError { kind: Io(Os { code: 2, kind: NotFound, message: "No such file or directory" }) }
[INFO] [stdout] 
[INFO] [stdout] ---- car::v2::test::to_from_disk_with_data stdout ----
[INFO] [stdout] Error: CarError { kind: Io(Os { code: 2, kind: NotFound, message: "No such file or directory" }) }
[INFO] [stdout] 
[INFO] [stdout] ---- car::v2::test::to_from_disk_no_offset stdout ----
[INFO] [stdout] Error: CarError { kind: Io(Os { code: 2, kind: NotFound, message: "No such file or directory" }) }
[INFO] [stdout] 
[INFO] [stdout] ---- filesystem::serialize::test::dir_content stdout ----
[INFO] [stdout] Error: UtilityError { kind: Io(Os { code: 30, kind: ReadOnlyFilesystem, message: "Read-only file system" }) }
[INFO] [stdout] 
[INFO] [stdout] ---- filesystem::serialize::test::forest stdout ----
[INFO] [stdout] Error: UtilityError { kind: Io(Os { code: 30, kind: ReadOnlyFilesystem, message: "Read-only file system" }) }
[INFO] [stdout] 
[INFO] [stdout] ---- filesystem::serialize::test::dir_object stdout ----
[INFO] [stdout] Error: UtilityError { kind: Io(Os { code: 30, kind: ReadOnlyFilesystem, message: "Read-only file system" }) }
[INFO] [stdout] 
[INFO] [stdout] ---- native::configuration::globalconfig::test::add_bucket stdout ----
[INFO] [stdout] thread 'native::configuration::globalconfig::test::add_bucket' panicked at src/native/sync/local.rs:86:32:
[INFO] [stdout] already exists: Os { code: 30, kind: ReadOnlyFilesystem, message: "Read-only file system" }
[INFO] [stdout] stack backtrace:
[INFO] [stdout]    0:     0x561c9b140006 - std::backtrace_rs::backtrace::libunwind::trace::h261606ad26a499c1
[INFO] [stdout]                                at /rustc/0e09125c6c3c2fd70d7de961bcf0e51575235fad/library/std/src/../../backtrace/src/backtrace/libunwind.rs:104:5
[INFO] [stdout]    1:     0x561c9b140006 - std::backtrace_rs::backtrace::trace_unsynchronized::hd183f0625477fb28
[INFO] [stdout]                                at /rustc/0e09125c6c3c2fd70d7de961bcf0e51575235fad/library/std/src/../../backtrace/src/backtrace/mod.rs:66:5
[INFO] [stdout]    2:     0x561c9b140006 - std::sys_common::backtrace::_print_fmt::hd7f8fef21b4eda67
[INFO] [stdout]                                at /rustc/0e09125c6c3c2fd70d7de961bcf0e51575235fad/library/std/src/sys_common/backtrace.rs:68:5
[INFO] [stdout]    3:     0x561c9b140006 - <std::sys_common::backtrace::_print::DisplayBacktrace as core::fmt::Display>::fmt::h623d9b51f2f453f1
[INFO] [stdout]                                at /rustc/0e09125c6c3c2fd70d7de961bcf0e51575235fad/library/std/src/sys_common/backtrace.rs:44:22
[INFO] [stdout]    4:     0x561c9b16be60 - core::fmt::rt::Argument::fmt::h9f417ac76a86f368
[INFO] [stdout]                                at /rustc/0e09125c6c3c2fd70d7de961bcf0e51575235fad/library/core/src/fmt/rt.rs:142:9
[INFO] [stdout]    5:     0x561c9b16be60 - core::fmt::write::hc9b6faf4ac2aeff7
[INFO] [stdout]                                at /rustc/0e09125c6c3c2fd70d7de961bcf0e51575235fad/library/core/src/fmt/mod.rs:1120:17
[INFO] [stdout]    6:     0x561c9b13d10f - std::io::Write::write_fmt::he04625a3a989fec3
[INFO] [stdout]                                at /rustc/0e09125c6c3c2fd70d7de961bcf0e51575235fad/library/std/src/io/mod.rs:1810:15
[INFO] [stdout]    7:     0x561c9b13fde4 - std::sys_common::backtrace::_print::hd5d66399c7df88a2
[INFO] [stdout]                                at /rustc/0e09125c6c3c2fd70d7de961bcf0e51575235fad/library/std/src/sys_common/backtrace.rs:47:5
[INFO] [stdout]    8:     0x561c9b13fde4 - std::sys_common::backtrace::print::he81ed2da642d37e5
[INFO] [stdout]                                at /rustc/0e09125c6c3c2fd70d7de961bcf0e51575235fad/library/std/src/sys_common/backtrace.rs:34:9
[INFO] [stdout]    9:     0x561c9b141b57 - std::panicking::default_hook::{{closure}}::h85773f4fa117163d
[INFO] [stdout]   10:     0x561c9b14183d - std::panicking::default_hook::h6a1694a91d09b278
[INFO] [stdout]                                at /rustc/0e09125c6c3c2fd70d7de961bcf0e51575235fad/library/std/src/panicking.rs:289:9
[INFO] [stdout]   11:     0x561c9ac1fde7 - <alloc::boxed::Box<F,A> as core::ops::function::Fn<Args>>::call::h616ac37fa3cd6c8f
[INFO] [stdout]                                at /rustc/0e09125c6c3c2fd70d7de961bcf0e51575235fad/library/alloc/src/boxed.rs:2029:9
[INFO] [stdout]   12:     0x561c9ac1fde7 - test::test_main::{{closure}}::h00d84697cefdcbb6
[INFO] [stdout]                                at /rustc/0e09125c6c3c2fd70d7de961bcf0e51575235fad/library/test/src/lib.rs:138:21
[INFO] [stdout]   13:     0x561c9b142176 - <alloc::boxed::Box<F,A> as core::ops::function::Fn<Args>>::call::hcb3fe3b9bb537ba8
[INFO] [stdout]                                at /rustc/0e09125c6c3c2fd70d7de961bcf0e51575235fad/library/alloc/src/boxed.rs:2029:9
[INFO] [stdout]   14:     0x561c9b142176 - std::panicking::rust_panic_with_hook::h0a7ad96e90f7145b
[INFO] [stdout]                                at /rustc/0e09125c6c3c2fd70d7de961bcf0e51575235fad/library/std/src/panicking.rs:783:13
[INFO] [stdout]   15:     0x561c9b141ec2 - std::panicking::begin_panic_handler::{{closure}}::h7919090525c6485e
[INFO] [stdout]                                at /rustc/0e09125c6c3c2fd70d7de961bcf0e51575235fad/library/std/src/panicking.rs:657:13
[INFO] [stdout]   16:     0x561c9b140506 - std::sys_common::backtrace::__rust_end_short_backtrace::hf3289479464f7dfe
[INFO] [stdout]                                at /rustc/0e09125c6c3c2fd70d7de961bcf0e51575235fad/library/std/src/sys_common/backtrace.rs:171:18
[INFO] [stdout]   17:     0x561c9b141c20 - rust_begin_unwind
[INFO] [stdout]                                at /rustc/0e09125c6c3c2fd70d7de961bcf0e51575235fad/library/std/src/panicking.rs:645:5
[INFO] [stdout]   18:     0x561c9a927735 - core::panicking::panic_fmt::hcc9f77c5c132af55
[INFO] [stdout]                                at /rustc/0e09125c6c3c2fd70d7de961bcf0e51575235fad/library/core/src/panicking.rs:72:14
[INFO] [stdout]   19:     0x561c9a927d73 - core::result::unwrap_failed::hbe14f498be1452f9
[INFO] [stdout]                                at /rustc/0e09125c6c3c2fd70d7de961bcf0e51575235fad/library/core/src/result.rs:1649:5
[INFO] [stdout]   20:     0x561c9ac7550f - core::result::Result<T,E>::expect::ha2772fc0d45a0f32
[INFO] [stdout]                                at /rustc/0e09125c6c3c2fd70d7de961bcf0e51575235fad/library/core/src/result.rs:1030:23
[INFO] [stdout]   21:     0x561c9a9f32ab - banyan_cli::native::sync::local::LocalBucket::new::{{closure}}::h1bba661b971e8977
[INFO] [stdout]                                at /opt/rustwide/workdir/src/native/sync/local.rs:86:9
[INFO] [stdout]   22:     0x561c9aa98938 - banyan_cli::native::configuration::globalconfig::GlobalConfig::create_bucket::{{closure}}::h51302ee5d24de900
[INFO] [stdout]                                at /opt/rustwide/workdir/src/native/configuration/globalconfig.rs:214:66
[INFO] [stdout]   23:     0x561c9aa991b0 - banyan_cli::native::configuration::globalconfig::GlobalConfig::get_or_init_bucket::{{closure}}::h47d182a0dd300e5b
[INFO] [stdout]                                at /opt/rustwide/workdir/src/native/configuration/globalconfig.rs:238:49
[INFO] [stdout]   24:     0x561c9aa9f638 - banyan_cli::native::configuration::globalconfig::test::add_bucket::{{closure}}::{{closure}}::h7217b0c2623ee988
[INFO] [stdout]                                at /opt/rustwide/workdir/src/native/configuration/globalconfig.rs:334:74
[INFO] [stdout]   25:     0x561c9ab60a3d - <core::pin::Pin<P> as core::future::future::Future>::poll::hf73c8e2bce8519e1
[INFO] [stdout]                                at /rustc/0e09125c6c3c2fd70d7de961bcf0e51575235fad/library/core/src/future/future.rs:124:9
[INFO] [stdout]   26:     0x561c9ab609ca - <core::pin::Pin<P> as core::future::future::Future>::poll::hf286638f844d19a9
[INFO] [stdout]                                at /rustc/0e09125c6c3c2fd70d7de961bcf0e51575235fad/library/core/src/future/future.rs:124:9
[INFO] [stdout]   27:     0x561c9a966893 - tokio::runtime::scheduler::current_thread::CoreGuard::block_on::{{closure}}::{{closure}}::{{closure}}::h35ef4e912c28556b
[INFO] [stdout]                                at /opt/rustwide/cargo-home/registry/src/index.crates.io-6f17d22bba15001f/tokio-1.34.0/src/runtime/scheduler/current_thread/mod.rs:665:57
[INFO] [stdout]   28:     0x561c9a9667bf - tokio::runtime::coop::with_budget::hf4ccdadd304313f4
[INFO] [stdout]                                at /opt/rustwide/cargo-home/registry/src/index.crates.io-6f17d22bba15001f/tokio-1.34.0/src/runtime/coop.rs:107:5
[INFO] [stdout]   29:     0x561c9a9667bf - tokio::runtime::coop::budget::h544c12d9aaa7a085
[INFO] [stdout]                                at /opt/rustwide/cargo-home/registry/src/index.crates.io-6f17d22bba15001f/tokio-1.34.0/src/runtime/coop.rs:73:5
[INFO] [stdout]   30:     0x561c9a9667bf - tokio::runtime::scheduler::current_thread::CoreGuard::block_on::{{closure}}::{{closure}}::hfa07a3274a3a2b30
[INFO] [stdout]                                at /opt/rustwide/cargo-home/registry/src/index.crates.io-6f17d22bba15001f/tokio-1.34.0/src/runtime/scheduler/current_thread/mod.rs:665:25
[INFO] [stdout]   31:     0x561c9a95f2dd - tokio::runtime::scheduler::current_thread::Context::enter::h7c202a03d1b70e74
[INFO] [stdout]                                at /opt/rustwide/cargo-home/registry/src/index.crates.io-6f17d22bba15001f/tokio-1.34.0/src/runtime/scheduler/current_thread/mod.rs:410:19
[INFO] [stdout]   32:     0x561c9a96434e - tokio::runtime::scheduler::current_thread::CoreGuard::block_on::{{closure}}::h6004aa8eaffebf9f
[INFO] [stdout]                                at /opt/rustwide/cargo-home/registry/src/index.crates.io-6f17d22bba15001f/tokio-1.34.0/src/runtime/scheduler/current_thread/mod.rs:664:36
[INFO] [stdout]   33:     0x561c9a962952 - tokio::runtime::scheduler::current_thread::CoreGuard::enter::{{closure}}::h797261f6c244a767
[INFO] [stdout]                                at /opt/rustwide/cargo-home/registry/src/index.crates.io-6f17d22bba15001f/tokio-1.34.0/src/runtime/scheduler/current_thread/mod.rs:743:68
[INFO] [stdout]   34:     0x561c9ab7881a - tokio::runtime::context::scoped::Scoped<T>::set::hd8e73af74b78e503
[INFO] [stdout]                                at /opt/rustwide/cargo-home/registry/src/index.crates.io-6f17d22bba15001f/tokio-1.34.0/src/runtime/context/scoped.rs:40:9
[INFO] [stdout]   35:     0x561c9abce35a - tokio::runtime::context::set_scheduler::{{closure}}::h0dd5149d81747ea4
[INFO] [stdout]                                at /opt/rustwide/cargo-home/registry/src/index.crates.io-6f17d22bba15001f/tokio-1.34.0/src/runtime/context.rs:176:26
[INFO] [stdout]   36:     0x561c9ab01f6c - std::thread::local::LocalKey<T>::try_with::h32889b99e5c0e4bc
[INFO] [stdout]                                at /rustc/0e09125c6c3c2fd70d7de961bcf0e51575235fad/library/std/src/thread/local.rs:270:16
[INFO] [stdout]   37:     0x561c9ab009ed - std::thread::local::LocalKey<T>::with::h94309adf9faa9970
[INFO] [stdout]                                at /rustc/0e09125c6c3c2fd70d7de961bcf0e51575235fad/library/std/src/thread/local.rs:246:9
[INFO] [stdout]   38:     0x561c9abce2b1 - tokio::runtime::context::set_scheduler::hcca1969f8e37f719
[INFO] [stdout]                                at /opt/rustwide/cargo-home/registry/src/index.crates.io-6f17d22bba15001f/tokio-1.34.0/src/runtime/context.rs:176:9
[INFO] [stdout]   39:     0x561c9a9613de - tokio::runtime::scheduler::current_thread::CoreGuard::enter::h2ad8d5f6d3117c5e
[INFO] [stdout]                                at /opt/rustwide/cargo-home/registry/src/index.crates.io-6f17d22bba15001f/tokio-1.34.0/src/runtime/scheduler/current_thread/mod.rs:743:27
[INFO] [stdout]   40:     0x561c9a962ba2 - tokio::runtime::scheduler::current_thread::CoreGuard::block_on::h7ccf0403178fb561
[INFO] [stdout]                                at /opt/rustwide/cargo-home/registry/src/index.crates.io-6f17d22bba15001f/tokio-1.34.0/src/runtime/scheduler/current_thread/mod.rs:652:19
[INFO] [stdout]   41:     0x561c9a95d1bf - tokio::runtime::scheduler::current_thread::CurrentThread::block_on::{{closure}}::hdffe30f68f82258f
[INFO] [stdout]                                at /opt/rustwide/cargo-home/registry/src/index.crates.io-6f17d22bba15001f/tokio-1.34.0/src/runtime/scheduler/current_thread/mod.rs:175:28
[INFO] [stdout]   42:     0x561c9ab78bc1 - tokio::runtime::context::runtime::enter_runtime::h29059dcb5f99b2a0
[INFO] [stdout]                                at /opt/rustwide/cargo-home/registry/src/index.crates.io-6f17d22bba15001f/tokio-1.34.0/src/runtime/context/runtime.rs:65:16
[INFO] [stdout]   43:     0x561c9a95c646 - tokio::runtime::scheduler::current_thread::CurrentThread::block_on::h8802c2031178d37a
[INFO] [stdout]                                at /opt/rustwide/cargo-home/registry/src/index.crates.io-6f17d22bba15001f/tokio-1.34.0/src/runtime/scheduler/current_thread/mod.rs:167:9
[INFO] [stdout]   44:     0x561c9abcf1ca - tokio::runtime::runtime::Runtime::block_on::hba163473e54468fe
[INFO] [stdout]                                at /opt/rustwide/cargo-home/registry/src/index.crates.io-6f17d22bba15001f/tokio-1.34.0/src/runtime/runtime.rs:348:47
[INFO] [stdout]   45:     0x561c9aa9ef41 - banyan_cli::native::configuration::globalconfig::test::add_bucket::{{closure}}::h5f5982514c341ffc
[INFO] [stdout]                                at /opt/rustwide/workdir/src/native/configuration/globalconfig.rs:346:9
[INFO] [stdout]   46:     0x561c9a929a16 - core::ops::function::FnOnce::call_once::ha1db74741977719e
[INFO] [stdout]                                at /rustc/0e09125c6c3c2fd70d7de961bcf0e51575235fad/library/core/src/ops/function.rs:250:5
[INFO] [stdout]   47:     0x561c9abae1c4 - serial_test::serial_code_lock::local_serial_core_with_return::ha1c3897ccf9a8323
[INFO] [stdout]                                at /opt/rustwide/cargo-home/registry/src/index.crates.io-6f17d22bba15001f/serial_test-2.0.0/src/serial_code_lock.rs:15:5
[INFO] [stdout]   48:     0x561c9aa9ed9f - banyan_cli::native::configuration::globalconfig::test::add_bucket::h6b9339066754c492
[INFO] [stdout]                                at /opt/rustwide/workdir/src/native/configuration/globalconfig.rs:321:5
[INFO] [stdout]   49:     0x561c9aa9ed5c - banyan_cli::native::configuration::globalconfig::test::add_bucket::{{closure}}::hd893878d461e8608
[INFO] [stdout]                                at /opt/rustwide/workdir/src/native/configuration/globalconfig.rs:322:30
[INFO] [stdout]   50:     0x561c9a928c56 - core::ops::function::FnOnce::call_once::h3db4422c8eb8427b
[INFO] [stdout]                                at /rustc/0e09125c6c3c2fd70d7de961bcf0e51575235fad/library/core/src/ops/function.rs:250:5
[INFO] [stdout]   51:     0x561c9ac256bf - core::ops::function::FnOnce::call_once::hd64d26f405258157
[INFO] [stdout]                                at /rustc/0e09125c6c3c2fd70d7de961bcf0e51575235fad/library/core/src/ops/function.rs:250:5
[INFO] [stdout]   52:     0x561c9ac256bf - test::__rust_begin_short_backtrace::he21b0b7a6d731bf9
[INFO] [stdout]                                at /rustc/0e09125c6c3c2fd70d7de961bcf0e51575235fad/library/test/src/lib.rs:627:18
[INFO] [stdout]   53:     0x561c9ac24441 - test::run_test_in_process::{{closure}}::hf5c73986d7bdfde2
[INFO] [stdout]                                at /rustc/0e09125c6c3c2fd70d7de961bcf0e51575235fad/library/test/src/lib.rs:650:60
[INFO] [stdout]   54:     0x561c9ac24441 - <core::panic::unwind_safe::AssertUnwindSafe<F> as core::ops::function::FnOnce<()>>::call_once::h330011ad032aadc0
[INFO] [stdout]                                at /rustc/0e09125c6c3c2fd70d7de961bcf0e51575235fad/library/core/src/panic/unwind_safe.rs:272:9
[INFO] [stdout]   55:     0x561c9ac24441 - std::panicking::try::do_call::he61b0a958b795a41
[INFO] [stdout]                                at /rustc/0e09125c6c3c2fd70d7de961bcf0e51575235fad/library/std/src/panicking.rs:552:40
[INFO] [stdout]   56:     0x561c9ac24441 - std::panicking::try::h7309da130f906eb7
[INFO] [stdout]                                at /rustc/0e09125c6c3c2fd70d7de961bcf0e51575235fad/library/std/src/panicking.rs:516:19
[INFO] [stdout]   57:     0x561c9ac24441 - std::panic::catch_unwind::hc5c3a06fdaf0a92a
[INFO] [stdout]                                at /rustc/0e09125c6c3c2fd70d7de961bcf0e51575235fad/library/std/src/panic.rs:142:14
[INFO] [stdout]   58:     0x561c9ac24441 - test::run_test_in_process::h7e7b7c71c3324e0f
[INFO] [stdout]                                at /rustc/0e09125c6c3c2fd70d7de961bcf0e51575235fad/library/test/src/lib.rs:650:27
[INFO] [stdout]   59:     0x561c9ac24441 - test::run_test::{{closure}}::h1f509f28f5cf20b1
[INFO] [stdout]                                at /rustc/0e09125c6c3c2fd70d7de961bcf0e51575235fad/library/test/src/lib.rs:573:43
[INFO] [stdout]   60:     0x561c9abeb776 - test::run_test::{{closure}}::h1754218abf443f6d
[INFO] [stdout]                                at /rustc/0e09125c6c3c2fd70d7de961bcf0e51575235fad/library/test/src/lib.rs:601:41
[INFO] [stdout]   61:     0x561c9abeb776 - std::sys_common::backtrace::__rust_begin_short_backtrace::h2ee174b9d5954948
[INFO] [stdout]                                at /rustc/0e09125c6c3c2fd70d7de961bcf0e51575235fad/library/std/src/sys_common/backtrace.rs:155:18
[INFO] [stdout]   62:     0x561c9abf07d7 - std::thread::Builder::spawn_unchecked_::{{closure}}::{{closure}}::hf60bee9c1a17ef09
[INFO] [stdout]                                at /rustc/0e09125c6c3c2fd70d7de961bcf0e51575235fad/library/std/src/thread/mod.rs:529:17
[INFO] [stdout]   63:     0x561c9abf07d7 - <core::panic::unwind_safe::AssertUnwindSafe<F> as core::ops::function::FnOnce<()>>::call_once::h33d0dddec5216160
[INFO] [stdout]                                at /rustc/0e09125c6c3c2fd70d7de961bcf0e51575235fad/library/core/src/panic/unwind_safe.rs:272:9
[INFO] [stdout]   64:     0x561c9abf07d7 - std::panicking::try::do_call::h144b3048b546f835
[INFO] [stdout]                                at /rustc/0e09125c6c3c2fd70d7de961bcf0e51575235fad/library/std/src/panicking.rs:552:40
[INFO] [stdout]   65:     0x561c9abf07d7 - std::panicking::try::h978244d04646189f
[INFO] [stdout]                                at /rustc/0e09125c6c3c2fd70d7de961bcf0e51575235fad/library/std/src/panicking.rs:516:19
[INFO] [stdout]   66:     0x561c9abf07d7 - std::panic::catch_unwind::hdf436369d188fe86
[INFO] [stdout]                                at /rustc/0e09125c6c3c2fd70d7de961bcf0e51575235fad/library/std/src/panic.rs:142:14
[INFO] [stdout]   67:     0x561c9abf07d7 - std::thread::Builder::spawn_unchecked_::{{closure}}::h87329cbdd33c79ec
[INFO] [stdout]                                at /rustc/0e09125c6c3c2fd70d7de961bcf0e51575235fad/library/std/src/thread/mod.rs:528:30
[INFO] [stdout]   68:     0x561c9abf07d7 - core::ops::function::FnOnce::call_once{{vtable.shim}}::h401abbe67897d450
[INFO] [stdout]                                at /rustc/0e09125c6c3c2fd70d7de961bcf0e51575235fad/library/core/src/ops/function.rs:250:5
[INFO] [stdout]   69:     0x561c9b1481c5 - <alloc::boxed::Box<F,A> as core::ops::function::FnOnce<Args>>::call_once::h5d7c8f150ab9c84c
[INFO] [stdout]                                at /rustc/0e09125c6c3c2fd70d7de961bcf0e51575235fad/library/alloc/src/boxed.rs:2015:9
[INFO] [stdout]   70:     0x561c9b1481c5 - <alloc::boxed::Box<F,A> as core::ops::function::FnOnce<Args>>::call_once::h570d5b005c242c15
[INFO] [stdout]                                at /rustc/0e09125c6c3c2fd70d7de961bcf0e51575235fad/library/alloc/src/boxed.rs:2015:9
[INFO] [stdout]   71:     0x561c9b1481c5 - std::sys::unix::thread::Thread::new::thread_start::h36b0a20c0b2361ad
[INFO] [stdout]                                at /rustc/0e09125c6c3c2fd70d7de961bcf0e51575235fad/library/std/src/sys/unix/thread.rs:108:17
[INFO] [stdout]   72:     0x7f0cc63c1ac3 - <unknown>
[INFO] [stdout]   73:     0x7f0cc6452bf4 - __clone
[INFO] [stdout]   74:                0x0 - <unknown>
[INFO] [stdout] 
[INFO] [stdout] ---- native::sync::local::test::get_set_get_all stdout ----
[INFO] [stdout] Error: NativeError { kind: Io(Os { code: 30, kind: ReadOnlyFilesystem, message: "Read-only file system" }) }
[INFO] [stdout] 
[INFO] [stdout] 
[INFO] [stdout] failures:
[INFO] [stdout]     blockstore::carv2_disk::test::carv2blockstore
[INFO] [stdout]     blockstore::carv2_disk::test::from_scratch
[INFO] [stdout]     blockstore::carv2_disk::test::get_block
[INFO] [stdout]     blockstore::carv2_disk::test::put_block
[INFO] [stdout]     blockstore::multi_carv2_disk::test::multidelta
[INFO] [stdout]     blockstore::multi_carv2_disk::test::multifileblockstore
[INFO] [stdout]     blockstore::multi_carv2_disk::test::unidelta
[INFO] [stdout]     car::v1::test::from_disk_basic
[INFO] [stdout]     car::v1::test::put_get_block
[INFO] [stdout]     car::v1::test::set_root
[INFO] [stdout]     car::v1::test::to_from_disk_no_offset
[INFO] [stdout]     car::v1::test::to_from_disk_with_data
[INFO] [stdout]     car::v1::test::to_from_disk_with_offset
[INFO] [stdout]     car::v2::header::test::from_scratch
[INFO] [stdout]     car::v2::header::test::read_disk
[INFO] [stdout]     car::v2::test::from_disk_broken_index
[INFO] [stdout]     car::v2::test::put_get_block
[INFO] [stdout]     car::v2::test::to_from_disk_no_offset
[INFO] [stdout]     car::v2::test::to_from_disk_with_data
[INFO] [stdout]     filesystem::serialize::test::dir_content
[INFO] [stdout]     filesystem::serialize::test::dir_object
[INFO] [stdout]     filesystem::serialize::test::forest
[INFO] [stdout]     native::configuration::globalconfig::test::add_bucket
[INFO] [stdout]     native::sync::local::test::get_set_get_all
[INFO] [stdout] 
[INFO] [stdout] test result: FAILED. 32 passed; 24 failed; 2 ignored; 0 measured; 0 filtered out; finished in 1.15s
[INFO] [stdout] 
[INFO] [stderr] error: test failed, to rerun pass `--lib`
[INFO] running `Command { std: "docker" "inspect" "eb952bcdf950dd53c378d9b804b4e83022917aa89b8af3e8e80753e02c8449e0", kill_on_drop: false }`
[INFO] running `Command { std: "docker" "rm" "-f" "eb952bcdf950dd53c378d9b804b4e83022917aa89b8af3e8e80753e02c8449e0", kill_on_drop: false }`
[INFO] [stdout] eb952bcdf950dd53c378d9b804b4e83022917aa89b8af3e8e80753e02c8449e0
