[INFO] cloning repository https://github.com/applied-math-coding/information-theory
[INFO] running `Command { std: "git" "-c" "credential.helper=" "-c" "credential.helper=/workspace/cargo-home/bin/git-credential-null" "clone" "--bare" "https://github.com/applied-math-coding/information-theory" "/workspace/cache/git-repos/https%3A%2F%2Fgithub.com%2Fapplied-math-coding%2Finformation-theory", kill_on_drop: false }`
[INFO] [stderr] Cloning into bare repository '/workspace/cache/git-repos/https%3A%2F%2Fgithub.com%2Fapplied-math-coding%2Finformation-theory'...
[INFO] running `Command { std: "git" "rev-parse" "HEAD", kill_on_drop: false }`
[INFO] [stdout] 16e84dfb1f354ef897d7adfda501f7fd47d942dc
[INFO] testing applied-math-coding/information-theory against 1.75.0 for beta-1.76-1
[INFO] running `Command { std: "git" "clone" "/workspace/cache/git-repos/https%3A%2F%2Fgithub.com%2Fapplied-math-coding%2Finformation-theory" "/workspace/builds/worker-2-tc1/source", kill_on_drop: false }`
[INFO] [stderr] Cloning into '/workspace/builds/worker-2-tc1/source'...
[INFO] [stderr] done.
[INFO] validating manifest of git repo https://github.com/applied-math-coding/information-theory on toolchain 1.75.0
[INFO] running `Command { std: CARGO_HOME="/workspace/cargo-home" RUSTUP_HOME="/workspace/rustup-home" "/workspace/cargo-home/bin/cargo" "+1.75.0" "metadata" "--manifest-path" "Cargo.toml" "--no-deps", kill_on_drop: false }`
[INFO] started tweaking git repo https://github.com/applied-math-coding/information-theory
[INFO] finished tweaking git repo https://github.com/applied-math-coding/information-theory
[INFO] tweaked toml for git repo https://github.com/applied-math-coding/information-theory written to /workspace/builds/worker-2-tc1/source/Cargo.toml
[INFO] crate git repo https://github.com/applied-math-coding/information-theory already has a lockfile, it will not be regenerated
[INFO] running `Command { std: CARGO_HOME="/workspace/cargo-home" RUSTUP_HOME="/workspace/rustup-home" "/workspace/cargo-home/bin/cargo" "+1.75.0" "fetch" "--manifest-path" "Cargo.toml", kill_on_drop: false }`
[INFO] [stderr]     Updating crates.io index
[INFO] [stderr]  Downloading crates ...
[INFO] [stderr]   Downloaded pyo3-asyncio-macros v0.19.0
[INFO] running `Command { std: "docker" "create" "-v" "/var/lib/crater-agent-workspace/builds/worker-2-tc1/target:/opt/rustwide/target:rw,Z" "-v" "/var/lib/crater-agent-workspace/builds/worker-2-tc1/source:/opt/rustwide/workdir:ro,Z" "-v" "/var/lib/crater-agent-workspace/cargo-home:/opt/rustwide/cargo-home:ro,Z" "-v" "/var/lib/crater-agent-workspace/rustup-home:/opt/rustwide/rustup-home:ro,Z" "-e" "SOURCE_DIR=/opt/rustwide/workdir" "-e" "CARGO_TARGET_DIR=/opt/rustwide/target" "-e" "CARGO_HOME=/opt/rustwide/cargo-home" "-e" "RUSTUP_HOME=/opt/rustwide/rustup-home" "-w" "/opt/rustwide/workdir" "-m" "1610612736" "--user" "0:0" "--network" "none" "ghcr.io/rust-lang/crates-build-env/linux@sha256:2788e3201cd34a07e3172128adcd8b3090168a8e3bcc40d7c032b9dda1df7d1c" "/opt/rustwide/cargo-home/bin/cargo" "+1.75.0" "metadata" "--no-deps" "--format-version=1", kill_on_drop: false }`
[INFO] [stdout] 64958fadc51dc622b52d6b006815b8aaf36fe5f02929d6f5ab77d941b99156c9
[INFO] running `Command { std: "docker" "start" "-a" "64958fadc51dc622b52d6b006815b8aaf36fe5f02929d6f5ab77d941b99156c9", kill_on_drop: false }`
[INFO] running `Command { std: "docker" "inspect" "64958fadc51dc622b52d6b006815b8aaf36fe5f02929d6f5ab77d941b99156c9", kill_on_drop: false }`
[INFO] running `Command { std: "docker" "rm" "-f" "64958fadc51dc622b52d6b006815b8aaf36fe5f02929d6f5ab77d941b99156c9", kill_on_drop: false }`
[INFO] [stdout] 64958fadc51dc622b52d6b006815b8aaf36fe5f02929d6f5ab77d941b99156c9
[INFO] running `Command { std: "docker" "create" "-v" "/var/lib/crater-agent-workspace/builds/worker-2-tc1/target:/opt/rustwide/target:rw,Z" "-v" "/var/lib/crater-agent-workspace/builds/worker-2-tc1/source:/opt/rustwide/workdir:ro,Z" "-v" "/var/lib/crater-agent-workspace/cargo-home:/opt/rustwide/cargo-home:ro,Z" "-v" "/var/lib/crater-agent-workspace/rustup-home:/opt/rustwide/rustup-home:ro,Z" "-e" "SOURCE_DIR=/opt/rustwide/workdir" "-e" "CARGO_TARGET_DIR=/opt/rustwide/target" "-e" "CARGO_INCREMENTAL=0" "-e" "RUST_BACKTRACE=full" "-e" "RUSTFLAGS=--cap-lints=warn" "-e" "RUSTDOCFLAGS=--cap-lints=warn" "-e" "CARGO_HOME=/opt/rustwide/cargo-home" "-e" "RUSTUP_HOME=/opt/rustwide/rustup-home" "-w" "/opt/rustwide/workdir" "-m" "1610612736" "--user" "0:0" "--network" "none" "ghcr.io/rust-lang/crates-build-env/linux@sha256:2788e3201cd34a07e3172128adcd8b3090168a8e3bcc40d7c032b9dda1df7d1c" "/opt/rustwide/cargo-home/bin/cargo" "+1.75.0" "build" "--frozen" "--message-format=json", kill_on_drop: false }`
[INFO] [stdout] 484aa18b31ac3d82ac05f97ef1b6be19e8ff763aee0b89e0646babb9ce1e3553
[INFO] running `Command { std: "docker" "start" "-a" "484aa18b31ac3d82ac05f97ef1b6be19e8ff763aee0b89e0646babb9ce1e3553", kill_on_drop: false }`
[INFO] [stderr]    Compiling libc v0.2.147
[INFO] [stderr]    Compiling proc-macro2 v1.0.66
[INFO] [stderr]    Compiling unicode-ident v1.0.11
[INFO] [stderr]    Compiling pin-project-lite v0.2.10
[INFO] [stderr]    Compiling memchr v2.5.0
[INFO] [stderr]    Compiling smallvec v1.11.0
[INFO] [stderr]    Compiling lock_api v0.4.10
[INFO] [stderr]    Compiling log v0.4.19
[INFO] [stderr]    Compiling futures-channel v0.3.28
[INFO] [stderr]    Compiling tokio v1.29.1
[INFO] [stderr]    Compiling itoa v1.0.9
[INFO] [stderr]    Compiling futures-task v0.3.28
[INFO] [stderr]    Compiling futures-util v0.3.28
[INFO] [stderr]    Compiling serde v1.0.181
[INFO] [stderr]    Compiling target-lexicon v0.12.11
[INFO] [stderr]    Compiling futures-io v0.3.28
[INFO] [stderr]    Compiling serde_derive v1.0.181
[INFO] [stderr]    Compiling cpufeatures v0.2.9
[INFO] [stderr]    Compiling allocator-api2 v0.2.16
[INFO] [stderr]    Compiling tracing v0.1.37
[INFO] [stderr]    Compiling aho-corasick v1.0.2
[INFO] [stderr]    Compiling quote v1.0.32
[INFO] [stderr]    Compiling syn v2.0.28
[INFO] [stderr]    Compiling syn v1.0.109
[INFO] [stderr]    Compiling jobserver v0.1.26
[INFO] [stderr]    Compiling num_cpus v1.16.0
[INFO] [stderr]    Compiling socket2 v0.4.9
[INFO] [stderr]    Compiling cc v1.0.81
[INFO] [stderr]    Compiling parking_lot_core v0.9.8
[INFO] [stderr]    Compiling parking_lot v0.12.1
[INFO] [stderr]    Compiling getrandom v0.2.10
[INFO] [stderr]    Compiling mio v0.8.8
[INFO] [stderr]    Compiling signal-hook-registry v1.4.1
[INFO] [stderr]    Compiling rand_core v0.6.4
[INFO] [stderr]    Compiling pyo3-build-config v0.19.2
[INFO] [stderr]    Compiling rand_chacha v0.3.1
[INFO] [stderr]    Compiling ring v0.16.20
[INFO] [stderr]    Compiling zstd-sys v2.0.8+zstd.1.5.5
[INFO] [stderr]    Compiling num-traits v0.2.16
[INFO] [stderr]    Compiling serde_json v1.0.104
[INFO] [stderr]    Compiling ryu v1.0.15
[INFO] [stderr]    Compiling regex-syntax v0.7.4
[INFO] [stderr]    Compiling http v0.2.9
[INFO] [stderr]    Compiling parking_lot_core v0.8.6
[INFO] [stderr]    Compiling ahash v0.8.3
[INFO] [stderr]    Compiling either v1.9.0
[INFO] [stderr]    Compiling thiserror v1.0.44
[INFO] [stderr]    Compiling itertools v0.10.5
[INFO] [stderr]    Compiling nom v7.1.3
[INFO] [stderr]    Compiling pyo3-ffi v0.19.2
[INFO] [stderr]    Compiling rustls v0.20.8
[INFO] [stderr]    Compiling ahash v0.7.6
[INFO] [stderr]    Compiling tokio-macros v2.1.0
[INFO] [stderr]    Compiling futures-macro v0.3.28
[INFO] [stderr]    Compiling regex-automata v0.3.6
[INFO] [stderr]    Compiling webpki v0.22.0
[INFO] [stderr]    Compiling sct v0.7.0
[INFO] [stderr]    Compiling thiserror-impl v1.0.44
[INFO] [stderr]    Compiling parking_lot v0.11.2
[INFO] [stderr]    Compiling dirs-sys v0.3.7
[INFO] [stderr]    Compiling zstd-safe v6.0.6
[INFO] [stderr]    Compiling regex v1.9.3
[INFO] [stderr]    Compiling sqlformat v0.2.1
[INFO] [stderr]    Compiling tokio-rustls v0.23.4
[INFO] [stderr]    Compiling dirs v4.0.0
[INFO] [stderr]    Compiling hashbrown v0.14.0
[INFO] [stderr]    Compiling atoi v1.0.0
[INFO] [stderr]    Compiling futures-intrusive v0.4.2
[INFO] [stderr]    Compiling webpki-roots v0.22.6
[INFO] [stderr]    Compiling rustls-pemfile v1.0.3
[INFO] [stderr]    Compiling rand v0.8.5
[INFO] [stderr]    Compiling stringprep v0.1.3
[INFO] [stderr]    Compiling sha1 v0.10.5
[INFO] [stderr]    Compiling memoffset v0.9.0
[INFO] [stderr]    Compiling tokio-util v0.7.8
[INFO] [stderr]    Compiling whoami v1.4.1
[INFO] [stderr]    Compiling rustix v0.38.8
[INFO] [stderr]    Compiling time-macros v0.2.11
[INFO] [stderr]    Compiling actix-rt v2.8.0
[INFO] [stderr]    Compiling hashlink v0.8.3
[INFO] [stderr]    Compiling sqlx-rt v0.6.3
[INFO] [stderr]    Compiling actix-utils v3.0.1
[INFO] [stderr]    Compiling tokio-stream v0.1.14
[INFO] [stderr]    Compiling pyo3 v0.19.2
[INFO] [stderr]    Compiling pyo3-macros-backend v0.19.2
[INFO] [stderr]    Compiling actix-service v2.0.2
[INFO] [stderr]    Compiling sha2 v0.10.7
[INFO] [stderr]    Compiling bitflags v2.3.3
[INFO] [stderr]    Compiling deranged v0.3.7
[INFO] [stderr]    Compiling linux-raw-sys v0.4.5
[INFO] [stderr]    Compiling sqlx-core v0.6.3
[INFO] [stderr]    Compiling derive_more v0.99.17
[INFO] [stderr]    Compiling actix-router v0.5.1
[INFO] [stderr]    Compiling time v0.3.25
[INFO] [stderr]    Compiling actix-codec v0.5.1
[INFO] [stderr]    Compiling h2 v0.3.20
[INFO] [stderr]    Compiling local-channel v0.1.3
[INFO] [stderr]    Compiling futures-executor v0.3.28
[INFO] [stderr]    Compiling unindent v0.1.11
[INFO] [stderr]    Compiling indoc v1.0.9
[INFO] [stderr]    Compiling futures v0.3.28
[INFO] [stderr]    Compiling cookie v0.16.2
[INFO] [stderr]    Compiling pyo3-macros v0.19.2
[INFO] [stderr]    Compiling actix-web-codegen v4.2.0
[INFO] [stderr]    Compiling is-terminal v0.4.9
[INFO] [stderr]    Compiling actix-server v2.2.0
[INFO] [stderr]    Compiling pyo3-asyncio-macros v0.19.0
[INFO] [stderr]    Compiling actix-macros v0.2.4
[INFO] [stderr]    Compiling serde_urlencoded v0.7.1
[INFO] [stderr]    Compiling termcolor v1.2.0
[INFO] [stderr]    Compiling humantime v2.1.0
[INFO] [stderr]    Compiling dotenv v0.15.0
[INFO] [stderr]    Compiling pyo3-asyncio v0.19.0
[INFO] [stderr]    Compiling env_logger v0.10.0
[INFO] [stderr]    Compiling sqlx-macros v0.6.3
[INFO] [stderr]    Compiling zstd v0.12.4
[INFO] [stderr]    Compiling actix-http v3.3.1
[INFO] [stderr]    Compiling sqlx v0.6.3
[INFO] [stderr]    Compiling actix-web v4.3.1
[INFO] [stderr]    Compiling information_theory v0.1.0 (/opt/rustwide/workdir)
[INFO] [stdout] warning: function `combine_data` is never used
[INFO] [stdout]  --> src/data_utils.rs:9:8
[INFO] [stdout]   |
[INFO] [stdout] 9 | pub fn combine_data() -> Result<()> {
[INFO] [stdout]   |        ^^^^^^^^^^^^
[INFO] [stdout]   |
[INFO] [stdout]   = note: `#[warn(dead_code)]` on by default
[INFO] [stdout] 
[INFO] [stdout] 
[INFO] [stdout] warning: function `normalize_data` is never used
[INFO] [stdout]   --> src/data_utils.rs:57:14
[INFO] [stdout]    |
[INFO] [stdout] 57 | pub async fn normalize_data(pool: &Pool<Postgres>) -> sqlx::Result<()> {
[INFO] [stdout]    |              ^^^^^^^^^^^^^^
[INFO] [stdout] 
[INFO] [stdout] 
[INFO] [stdout] warning: 2 warnings emitted
[INFO] [stdout] 
[INFO] [stdout] 
[INFO] [stdout] warning: function `combine_data` is never used
[INFO] [stdout]  --> src/data_utils.rs:9:8
[INFO] [stdout]   |
[INFO] [stdout] 9 | pub fn combine_data() -> Result<()> {
[INFO] [stdout]   |        ^^^^^^^^^^^^
[INFO] [stdout]   |
[INFO] [stdout]   = note: `#[warn(dead_code)]` on by default
[INFO] [stdout] 
[INFO] [stdout] 
[INFO] [stdout] warning: function `fetch_ticker_data_scatter` is never used
[INFO] [stdout]   --> src/data_utils.rs:28:14
[INFO] [stdout]    |
[INFO] [stdout] 28 | pub async fn fetch_ticker_data_scatter(
[INFO] [stdout]    |              ^^^^^^^^^^^^^^^^^^^^^^^^^
[INFO] [stdout] 
[INFO] [stdout] 
[INFO] [stdout] warning: function `normalize_data` is never used
[INFO] [stdout]   --> src/data_utils.rs:57:14
[INFO] [stdout]    |
[INFO] [stdout] 57 | pub async fn normalize_data(pool: &Pool<Postgres>) -> sqlx::Result<()> {
[INFO] [stdout]    |              ^^^^^^^^^^^^^^
[INFO] [stdout] 
[INFO] [stdout] 
[INFO] [stdout] warning: function `create_db_connection` is never used
[INFO] [stdout]   --> src/db_connections.rs:15:14
[INFO] [stdout]    |
[INFO] [stdout] 15 | pub async fn create_db_connection() -> Result<PgConnection, Error> {
[INFO] [stdout]    |              ^^^^^^^^^^^^^^^^^^^^
[INFO] [stdout] 
[INFO] [stdout] 
[INFO] [stdout] warning: 4 warnings emitted
[INFO] [stdout] 
[INFO] [stdout] 
[INFO] [stderr]     Finished dev [unoptimized + debuginfo] target(s) in 1m 12s
[INFO] running `Command { std: "docker" "inspect" "484aa18b31ac3d82ac05f97ef1b6be19e8ff763aee0b89e0646babb9ce1e3553", kill_on_drop: false }`
[INFO] running `Command { std: "docker" "rm" "-f" "484aa18b31ac3d82ac05f97ef1b6be19e8ff763aee0b89e0646babb9ce1e3553", kill_on_drop: false }`
[INFO] [stdout] 484aa18b31ac3d82ac05f97ef1b6be19e8ff763aee0b89e0646babb9ce1e3553
[INFO] running `Command { std: "docker" "create" "-v" "/var/lib/crater-agent-workspace/builds/worker-2-tc1/target:/opt/rustwide/target:rw,Z" "-v" "/var/lib/crater-agent-workspace/builds/worker-2-tc1/source:/opt/rustwide/workdir:ro,Z" "-v" "/var/lib/crater-agent-workspace/cargo-home:/opt/rustwide/cargo-home:ro,Z" "-v" "/var/lib/crater-agent-workspace/rustup-home:/opt/rustwide/rustup-home:ro,Z" "-e" "SOURCE_DIR=/opt/rustwide/workdir" "-e" "CARGO_TARGET_DIR=/opt/rustwide/target" "-e" "CARGO_INCREMENTAL=0" "-e" "RUST_BACKTRACE=full" "-e" "RUSTFLAGS=--cap-lints=warn" "-e" "RUSTDOCFLAGS=--cap-lints=warn" "-e" "CARGO_HOME=/opt/rustwide/cargo-home" "-e" "RUSTUP_HOME=/opt/rustwide/rustup-home" "-w" "/opt/rustwide/workdir" "-m" "1610612736" "--user" "0:0" "--network" "none" "ghcr.io/rust-lang/crates-build-env/linux@sha256:2788e3201cd34a07e3172128adcd8b3090168a8e3bcc40d7c032b9dda1df7d1c" "/opt/rustwide/cargo-home/bin/cargo" "+1.75.0" "test" "--frozen" "--no-run" "--message-format=json", kill_on_drop: false }`
[INFO] [stdout] a4973c54e829625b74efbb8952fc82e72cc129d6c5705e01c7034eec31bcc309
[INFO] running `Command { std: "docker" "start" "-a" "a4973c54e829625b74efbb8952fc82e72cc129d6c5705e01c7034eec31bcc309", kill_on_drop: false }`
[INFO] [stderr]    Compiling information_theory v0.1.0 (/opt/rustwide/workdir)
[INFO] [stdout] warning: function `combine_data` is never used
[INFO] [stdout]  --> src/data_utils.rs:9:8
[INFO] [stdout]   |
[INFO] [stdout] 9 | pub fn combine_data() -> Result<()> {
[INFO] [stdout]   |        ^^^^^^^^^^^^
[INFO] [stdout]   |
[INFO] [stdout]   = note: `#[warn(dead_code)]` on by default
[INFO] [stdout] 
[INFO] [stdout] 
[INFO] [stdout] warning: function `normalize_data` is never used
[INFO] [stdout]   --> src/data_utils.rs:57:14
[INFO] [stdout]    |
[INFO] [stdout] 57 | pub async fn normalize_data(pool: &Pool<Postgres>) -> sqlx::Result<()> {
[INFO] [stdout]    |              ^^^^^^^^^^^^^^
[INFO] [stdout] 
[INFO] [stdout] 
[INFO] [stdout] warning: 2 warnings emitted
[INFO] [stdout] 
[INFO] [stdout] 
[INFO] [stdout] warning: function `combine_data` is never used
[INFO] [stdout]  --> src/data_utils.rs:9:8
[INFO] [stdout]   |
[INFO] [stdout] 9 | pub fn combine_data() -> Result<()> {
[INFO] [stdout]   |        ^^^^^^^^^^^^
[INFO] [stdout]   |
[INFO] [stdout]   = note: `#[warn(dead_code)]` on by default
[INFO] [stdout] 
[INFO] [stdout] 
[INFO] [stdout] warning: function `fetch_ticker_data_scatter` is never used
[INFO] [stdout]   --> src/data_utils.rs:28:14
[INFO] [stdout]    |
[INFO] [stdout] 28 | pub async fn fetch_ticker_data_scatter(
[INFO] [stdout]    |              ^^^^^^^^^^^^^^^^^^^^^^^^^
[INFO] [stdout] 
[INFO] [stdout] 
[INFO] [stdout] warning: function `normalize_data` is never used
[INFO] [stdout]   --> src/data_utils.rs:57:14
[INFO] [stdout]    |
[INFO] [stdout] 57 | pub async fn normalize_data(pool: &Pool<Postgres>) -> sqlx::Result<()> {
[INFO] [stdout]    |              ^^^^^^^^^^^^^^
[INFO] [stdout] 
[INFO] [stdout] 
[INFO] [stdout] warning: function `create_db_connection` is never used
[INFO] [stdout]   --> src/db_connections.rs:15:14
[INFO] [stdout]    |
[INFO] [stdout] 15 | pub async fn create_db_connection() -> Result<PgConnection, Error> {
[INFO] [stdout]    |              ^^^^^^^^^^^^^^^^^^^^
[INFO] [stdout] 
[INFO] [stdout] 
[INFO] [stdout] warning: 4 warnings emitted
[INFO] [stdout] 
[INFO] [stdout] 
[INFO] [stdout] warning: function `combine_data` is never used
[INFO] [stdout]  --> src/data_utils.rs:9:8
[INFO] [stdout]   |
[INFO] [stdout] 9 | pub fn combine_data() -> Result<()> {
[INFO] [stdout]   |        ^^^^^^^^^^^^
[INFO] [stdout]   |
[INFO] [stdout]   = note: `#[warn(dead_code)]` on by default
[INFO] [stdout] 
[INFO] [stdout] 
[INFO] [stdout] warning: function `fetch_ticker_data_scatter` is never used
[INFO] [stdout]   --> src/data_utils.rs:28:14
[INFO] [stdout]    |
[INFO] [stdout] 28 | pub async fn fetch_ticker_data_scatter(
[INFO] [stdout]    |              ^^^^^^^^^^^^^^^^^^^^^^^^^
[INFO] [stdout] 
[INFO] [stdout] 
[INFO] [stdout] warning: function `normalize_data` is never used
[INFO] [stdout]   --> src/data_utils.rs:57:14
[INFO] [stdout]    |
[INFO] [stdout] 57 | pub async fn normalize_data(pool: &Pool<Postgres>) -> sqlx::Result<()> {
[INFO] [stdout]    |              ^^^^^^^^^^^^^^
[INFO] [stdout] 
[INFO] [stdout] 
[INFO] [stdout] warning: function `create_db_connection` is never used
[INFO] [stdout]   --> src/db_connections.rs:15:14
[INFO] [stdout]    |
[INFO] [stdout] 15 | pub async fn create_db_connection() -> Result<PgConnection, Error> {
[INFO] [stdout]    |              ^^^^^^^^^^^^^^^^^^^^
[INFO] [stdout] 
[INFO] [stdout] 
[INFO] [stdout] warning: function `combine_data` is never used
[INFO] [stdout]  --> src/data_utils.rs:9:8
[INFO] [stdout]   |
[INFO] [stdout] 9 | pub fn combine_data() -> Result<()> {
[INFO] [stdout]   |        ^^^^^^^^^^^^
[INFO] [stdout]   |
[INFO] [stdout]   = note: `#[warn(dead_code)]` on by default
[INFO] [stdout] 
[INFO] [stdout] 
[INFO] [stdout] warning: function `normalize_data` is never used
[INFO] [stdout]   --> src/data_utils.rs:57:14
[INFO] [stdout]    |
[INFO] [stdout] 57 | pub async fn normalize_data(pool: &Pool<Postgres>) -> sqlx::Result<()> {
[INFO] [stdout]    |              ^^^^^^^^^^^^^^
[INFO] [stdout] 
[INFO] [stdout] 
[INFO] [stdout] error: linking with `cc` failed: exit status: 1
[INFO] [stdout]   |
[INFO] [stdout]   = note: LC_ALL="C" PATH="/opt/rustwide/rustup-home/toolchains/1.75.0-x86_64-unknown-linux-gnu/lib/rustlib/x86_64-unknown-linux-gnu/bin:/opt/rustwide/cargo-home/bin:/usr/local/sbin:/usr/local/bin:/usr/sbin:/usr/bin:/sbin:/bin" VSLANG="1033" "cc" "-m64" "/tmp/rustcpxVIBe/symbols.o" "/opt/rustwide/target/debug/deps/ticker_data_tests-fc2cf150bbb3ac77.ticker_data_tests.362a8ae35920c450-cgu.00.rcgu.o" "/opt/rustwide/target/debug/deps/ticker_data_tests-fc2cf150bbb3ac77.ticker_data_tests.362a8ae35920c450-cgu.01.rcgu.o" "/opt/rustwide/target/debug/deps/ticker_data_tests-fc2cf150bbb3ac77.ticker_data_tests.362a8ae35920c450-cgu.02.rcgu.o" "/opt/rustwide/target/debug/deps/ticker_data_tests-fc2cf150bbb3ac77.ticker_data_tests.362a8ae35920c450-cgu.03.rcgu.o" "/opt/rustwide/target/debug/deps/ticker_data_tests-fc2cf150bbb3ac77.ticker_data_tests.362a8ae35920c450-cgu.04.rcgu.o" "/opt/rustwide/target/debug/deps/ticker_data_tests-fc2cf150bbb3ac77.ticker_data_tests.362a8ae35920c450-cgu.05.rcgu.o" "/opt/rustwide/target/debug/deps/ticker_data_tests-fc2cf150bbb3ac77.ticker_data_tests.362a8ae35920c450-cgu.06.rcgu.o" "/opt/rustwide/target/debug/deps/ticker_data_tests-fc2cf150bbb3ac77.ticker_data_tests.362a8ae35920c450-cgu.07.rcgu.o" "/opt/rustwide/target/debug/deps/ticker_data_tests-fc2cf150bbb3ac77.ticker_data_tests.362a8ae35920c450-cgu.08.rcgu.o" "/opt/rustwide/target/debug/deps/ticker_data_tests-fc2cf150bbb3ac77.ticker_data_tests.362a8ae35920c450-cgu.09.rcgu.o" "/opt/rustwide/target/debug/deps/ticker_data_tests-fc2cf150bbb3ac77.3soq4e3dhju3opxm.rcgu.o" "-Wl,--as-needed" "-L" "/opt/rustwide/target/debug/deps" "-L" "/opt/rustwide/target/debug/build/zstd-sys-07f3d15a1a975a54/out" "-L" "/opt/rustwide/target/debug/build/ring-c0362f2f58e93173/out" "-L" "/opt/rustwide/rustup-home/toolchains/1.75.0-x86_64-unknown-linux-gnu/lib/rustlib/x86_64-unknown-linux-gnu/lib" "-Wl,-Bstatic" "/opt/rustwide/rustup-home/toolchains/1.75.0-x86_64-unknown-linux-gnu/lib/rustlib/x86_64-unknown-linux-gnu/lib/libtest-3df1bed8075ce1de.rlib" "/opt/rustwide/rustup-home/toolchains/1.75.0-x86_64-unknown-linux-gnu/lib/rustlib/x86_64-unknown-linux-gnu/lib/libgetopts-2076fd86b325cb5d.rlib" "/opt/rustwide/rustup-home/toolchains/1.75.0-x86_64-unknown-linux-gnu/lib/rustlib/x86_64-unknown-linux-gnu/lib/libunicode_width-caa7152ee70c190f.rlib" "/opt/rustwide/rustup-home/toolchains/1.75.0-x86_64-unknown-linux-gnu/lib/rustlib/x86_64-unknown-linux-gnu/lib/librustc_std_workspace_std-04e6425e07f02a3c.rlib" "/opt/rustwide/target/debug/deps/libinformation_theory-5c263617c8201df3.rlib" "/opt/rustwide/target/debug/deps/libpyo3_asyncio-d937e3ee99b80ad2.rlib" "/opt/rustwide/target/debug/deps/libenv_logger-a0c2cca09d4a2d94.rlib" "/opt/rustwide/target/debug/deps/libtermcolor-c45be6d4018c8de7.rlib" "/opt/rustwide/target/debug/deps/libis_terminal-032d8cc746f269c0.rlib" "/opt/rustwide/target/debug/deps/librustix-5139e5b5ecf1f616.rlib" "/opt/rustwide/target/debug/deps/libbitflags-fc378adbd29a7a4a.rlib" "/opt/rustwide/target/debug/deps/liblinux_raw_sys-0e58d797574ec608.rlib" "/opt/rustwide/target/debug/deps/libhumantime-e2a10e0b2bfa2002.rlib" "/opt/rustwide/target/debug/deps/libsqlx-7502e8a64590fecd.rlib" "/opt/rustwide/target/debug/deps/libsqlx_core-6d2a573073757b0c.rlib" "/opt/rustwide/target/debug/deps/libdotenvy-43f7f200f84b2c16.rlib" "/opt/rustwide/target/debug/deps/libcrc-0a59b08325da770b.rlib" "/opt/rustwide/target/debug/deps/libcrc_catalog-d71bd90cb14bb1e5.rlib" "/opt/rustwide/target/debug/deps/libhex-05644b5497b79c5b.rlib" "/opt/rustwide/target/debug/deps/libwhoami-bad082908af03114.rlib" "/opt/rustwide/target/debug/deps/libdirs-de0ae71c3d3d3187.rlib" "/opt/rustwide/target/debug/deps/libdirs_sys-ffe04f2fde565a99.rlib" "/opt/rustwide/target/debug/deps/libbase64-e560ef97bb6f6d02.rlib" "/opt/rustwide/target/debug/deps/libtokio_stream-147691fedca3dc17.rlib" "/opt/rustwide/target/debug/deps/librustls_pemfile-04d3d22436fbcf78.rlib" "/opt/rustwide/target/debug/deps/libwebpki_roots-86a1c135f3153766.rlib" "/opt/rustwide/target/debug/deps/libsqlformat-5e15cfb135234f2d.rlib" "/opt/rustwide/target/debug/deps/libunicode_categories-929d24d48f8fbb14.rlib" "/opt/rustwide/target/debug/deps/libnom-e5da64888d468beb.rlib" "/opt/rustwide/target/debug/deps/libitertools-6cb14deec1f5a3d6.rlib" "/opt/rustwide/target/debug/deps/libthiserror-d3097d0d3c6d1644.rlib" "/opt/rustwide/target/debug/deps/libmd5-d85016300ef751d9.rlib" "/opt/rustwide/target/debug/deps/libbyteorder-5fe86ab1e600268a.rlib" "/opt/rustwide/target/debug/deps/libatoi-bd422e5bc141bfa7.rlib" "/opt/rustwide/target/debug/deps/libnum_traits-c9cb8d08fcbd8ea8.rlib" "/opt/rustwide/target/debug/deps/libstringprep-d3e002732b189284.rlib" "/opt/rustwide/target/debug/deps/libhkdf-63c650eb23fdf93f.rlib" "/opt/rustwide/target/debug/deps/libhmac-de8bee34320d6501.rlib" "/opt/rustwide/target/debug/deps/libsha2-06ec378d94cb813e.rlib" "/opt/rustwide/target/debug/deps/libsqlx_rt-f531dfb9d288476c.rlib" "/opt/rustwide/target/debug/deps/libtokio_rustls-9b4f67065c31a8b3.rlib" "/opt/rustwide/target/debug/deps/librustls-0722ca6e200741fe.rlib" "/opt/rustwide/target/debug/deps/libsct-98fa31f6cbd99c33.rlib" "/opt/rustwide/target/debug/deps/libwebpki-f1cd47f3ea0c768e.rlib" "/opt/rustwide/target/debug/deps/libring-dcf15f24531859e3.rlib" "/opt/rustwide/target/debug/deps/libspin-c4098cd951aef6c9.rlib" "/opt/rustwide/target/debug/deps/libuntrusted-5ec0aa78ed8cda5c.rlib" "/opt/rustwide/target/debug/deps/libhashlink-d1541864192457d7.rlib" "/opt/rustwide/target/debug/deps/libhashbrown-026a205ee0aab0aa.rlib" "/opt/rustwide/target/debug/deps/liballocator_api2-87ab9ac2a3ea53c5.rlib" "/opt/rustwide/target/debug/deps/libcrossbeam_queue-16e90684c405a28e.rlib" "/opt/rustwide/target/debug/deps/libcrossbeam_utils-edea0ec67fa2085a.rlib" "/opt/rustwide/target/debug/deps/libfutures_intrusive-7ce3808a8446bf58.rlib" "/opt/rustwide/target/debug/deps/libparking_lot-9e615aaa4f02cf3f.rlib" "/opt/rustwide/target/debug/deps/libparking_lot_core-28dcdcd5fdbfbb70.rlib" "/opt/rustwide/target/debug/deps/libinstant-65b44248b363c7fa.rlib" "/opt/rustwide/target/debug/deps/libeither-ff4e6ab7d60eb8c1.rlib" "/opt/rustwide/target/debug/deps/libevent_listener-c4b6b56059522037.rlib" "/opt/rustwide/target/debug/deps/libfutures-b78f5391883aff6b.rlib" "/opt/rustwide/target/debug/deps/libfutures_executor-73524f63314aba06.rlib" "/opt/rustwide/target/debug/deps/libpyo3-19bbc060d1280efa.rlib" "/opt/rustwide/target/debug/deps/libmemoffset-77b9fc6eaa51883f.rlib" "/opt/rustwide/target/debug/deps/libpyo3_ffi-6cb666d4df47ba87.rlib" "/opt/rustwide/target/debug/deps/libunindent-0de6dc63a9f40191.rlib" "/opt/rustwide/target/debug/deps/libdotenv-74253baa84974fa1.rlib" "/opt/rustwide/target/debug/deps/libactix_web-27776c4ae0e3a1d3.rlib" "/opt/rustwide/target/debug/deps/libcookie-3ef64317e74e302e.rlib" "/opt/rustwide/target/debug/deps/libtime-edcf2e2129e72729.rlib" "/opt/rustwide/target/debug/deps/libtime_core-8975f5c3c8091bbd.rlib" "/opt/rustwide/target/debug/deps/libderanged-aaef1150104d59d9.rlib" "/opt/rustwide/target/debug/deps/libahash-14efce127c654a17.rlib" "/opt/rustwide/target/debug/deps/liburl-a06f606b7050d41f.rlib" "/opt/rustwide/target/debug/deps/libidna-1ad17b3455019c1d.rlib" "/opt/rustwide/target/debug/deps/libunicode_normalization-e1c1be84a555e587.rlib" "/opt/rustwide/target/debug/deps/libtinyvec-cf6c9f6b792a5507.rlib" "/opt/rustwide/target/debug/deps/libtinyvec_macros-b1cb7f53f58c9f87.rlib" "/opt/rustwide/target/debug/deps/libunicode_bidi-282ea4eeb343ff18.rlib" "/opt/rustwide/target/debug/deps/libserde_urlencoded-6a960cab9a07e768.rlib" "/opt/rustwide/target/debug/deps/libform_urlencoded-a39e5ffbd9c88c0c.rlib" "/opt/rustwide/target/debug/deps/libserde_json-acd2197b008071d1.rlib" "/opt/rustwide/target/debug/deps/libryu-f8e8abf733224b36.rlib" "/opt/rustwide/target/debug/deps/libactix_server-4ef80b57712cdf11.rlib" "/opt/rustwide/target/debug/deps/libactix_router-52a9dcee611485a7.rlib" "/opt/rustwide/target/debug/deps/libregex-d2384dca498545fd.rlib" "/opt/rustwide/target/debug/deps/libregex_automata-4c9471c0f8723d66.rlib" "/opt/rustwide/target/debug/deps/libaho_corasick-60aa60e784174434.rlib" "/opt/rustwide/target/debug/deps/libregex_syntax-1e06914efac87e2c.rlib" "/opt/rustwide/target/debug/deps/libserde-cdbf0b5c3fc733a6.rlib" "/opt/rustwide/target/debug/deps/libactix_http-a913680be022971a.rlib" "/opt/rustwide/target/debug/deps/librand-ffb9629731b72ad3.rlib" "/opt/rustwide/target/debug/deps/librand_chacha-9fb38ed8853e498a.rlib" "/opt/rustwide/target/debug/deps/libppv_lite86-9f808eb911999ef2.rlib" "/opt/rustwide/target/debug/deps/librand_core-0cbfb7f6e066dce7.rlib" "/opt/rustwide/target/debug/deps/libhttparse-64f1ffbeda450424.rlib" "/opt/rustwide/target/debug/deps/libbrotli-97f69ca66e57c943.rlib" "/opt/rustwide/target/debug/deps/libbrotli_decompressor-68203b6d591bf736.rlib" "/opt/rustwide/target/debug/deps/liballoc_stdlib-42567218896c8315.rlib" "/opt/rustwide/target/debug/deps/liballoc_no_stdlib-bb643994833d65b7.rlib" "/opt/rustwide/target/debug/deps/libhttpdate-07ccb2bff48c32b9.rlib" "/opt/rustwide/target/debug/deps/libsha1-cef552d938789422.rlib" "/opt/rustwide/target/debug/deps/libcpufeatures-2267b67a5a791194.rlib" "/opt/rustwide/target/debug/deps/libdigest-3348ee0f5e5a8657.rlib" "/opt/rustwide/target/debug/deps/libsubtle-32983fc17c133a89.rlib" "/opt/rustwide/target/debug/deps/libblock_buffer-7a086d5b55644c90.rlib" "/opt/rustwide/target/debug/deps/libcrypto_common-9fe89e7f1b144dc7.rlib" "/opt/rustwide/target/debug/deps/libgeneric_array-7afb762a7200395f.rlib" "/opt/rustwide/target/debug/deps/libtypenum-10066d62666e55cd.rlib" "/opt/rustwide/target/debug/deps/libbase64-4ae6d688b6a59d6a.rlib" "/opt/rustwide/target/debug/deps/liblocal_channel-1557ac7b5f2230d0.rlib" "/opt/rustwide/target/debug/deps/libbytestring-b153b3d7d64bccf0.rlib" "/opt/rustwide/target/debug/deps/libencoding_rs-7cc5730ecb0d79b3.rlib" "/opt/rustwide/target/debug/deps/liblanguage_tags-c55a9d92ef9338ba.rlib" "/opt/rustwide/target/debug/deps/libahash-a10c47fb51525b13.rlib" "/opt/rustwide/target/debug/deps/libgetrandom-43720ee999104deb.rlib" "/opt/rustwide/target/debug/deps/libmime-7e306270d8ceb372.rlib" "/opt/rustwide/target/debug/deps/libpercent_encoding-5d42724fd4d173a7.rlib" "/opt/rustwide/target/debug/deps/libh2-26021ab42120696d.rlib" "/opt/rustwide/target/debug/deps/libindexmap-93f72862478380d0.rlib" "/opt/rustwide/target/debug/deps/libhashbrown-567986452cb9bc94.rlib" "/opt/rustwide/target/debug/deps/libfutures_util-7e1f7ac9d339fd36.rlib" "/opt/rustwide/target/debug/deps/libfutures_io-e29e1f931c78f5ad.rlib" "/opt/rustwide/target/debug/deps/libslab-7742106a97732125.rlib" "/opt/rustwide/target/debug/deps/libfutures_channel-bd9a9e619ef0e3d1.rlib" "/opt/rustwide/target/debug/deps/libfutures_task-ec207c36a8b1b716.rlib" "/opt/rustwide/target/debug/deps/libpin_utils-741f7d9d160e4a16.rlib" "/opt/rustwide/target/debug/deps/libzstd-79826318f346bd8b.rlib" "/opt/rustwide/target/debug/deps/libzstd_safe-72034e5aacc5bd61.rlib" "/opt/rustwide/target/debug/deps/libzstd_sys-c28035364ba44ef1.rlib" "/opt/rustwide/target/debug/deps/libflate2-85f4e7f49a33e7b6.rlib" "/opt/rustwide/target/debug/deps/libminiz_oxide-f272f5814aa49507.rlib" "/opt/rustwide/target/debug/deps/libadler-c8f2240c56a0abca.rlib" "/opt/rustwide/target/debug/deps/libcrc32fast-664446237529ebff.rlib" "/opt/rustwide/target/debug/deps/libactix_service-843dd8d301ee2d2f.rlib" "/opt/rustwide/target/debug/deps/libactix_codec-ba5756821267ea21.rlib" "/opt/rustwide/target/debug/deps/libtokio_util-2f965925c779fa8d.rlib" "/opt/rustwide/target/debug/deps/libtracing-07c9328fdfdfb50d.rlib" "/opt/rustwide/target/debug/deps/libtracing_core-b624a9989aae7224.rlib" "/opt/rustwide/target/debug/deps/libonce_cell-a342312cc2ec3f6b.rlib" "/opt/rustwide/target/debug/deps/libmemchr-4fdcfd9ddfba30cb.rlib" "/opt/rustwide/target/debug/deps/libfutures_sink-4afe6e57e5588fde.rlib" "/opt/rustwide/target/debug/deps/libbitflags-b7cee2ca4fb438d0.rlib" "/opt/rustwide/target/debug/deps/libactix_utils-12b7965730ffda97.rlib" "/opt/rustwide/target/debug/deps/liblocal_waker-3663154e8c545ec7.rlib" "/opt/rustwide/target/debug/deps/libactix_rt-077a8ff18197ccfb.rlib" "/opt/rustwide/target/debug/deps/libtokio-293b82224609d4e5.rlib" "/opt/rustwide/target/debug/deps/libsignal_hook_registry-395ec9b60e8d0ec4.rlib" "/opt/rustwide/target/debug/deps/libnum_cpus-eb4b767a7cbadf3d.rlib" "/opt/rustwide/target/debug/deps/libsocket2-7318ad5aa1fb17b1.rlib" "/opt/rustwide/target/debug/deps/libmio-be4ccf3e5b207ebf.rlib" "/opt/rustwide/target/debug/deps/liblog-66f39b7c9d94a93f.rlib" "/opt/rustwide/target/debug/deps/libparking_lot-03b4df3de22cf0be.rlib" "/opt/rustwide/target/debug/deps/libparking_lot_core-f1d38ac72db64a55.rlib" "/opt/rustwide/target/debug/deps/liblibc-80caa61b614001af.rlib" "/opt/rustwide/target/debug/deps/libcfg_if-61dc7a6799e72b18.rlib" "/opt/rustwide/target/debug/deps/libsmallvec-33da69ee6a49df81.rlib" "/opt/rustwide/target/debug/deps/liblock_api-6d695fe916f3ef34.rlib" "/opt/rustwide/target/debug/deps/libscopeguard-012e5ed929fc2fe6.rlib" "/opt/rustwide/target/debug/deps/libpin_project_lite-797dc699bf54d270.rlib" "/opt/rustwide/target/debug/deps/libfutures_core-02b74ed2f49284a7.rlib" "/opt/rustwide/target/debug/deps/libhttp-498ba5ba846d4f21.rlib" "/opt/rustwide/target/debug/deps/libitoa-05fb7c91ffbc0a79.rlib" "/opt/rustwide/target/debug/deps/libbytes-3fc98b508f6e4a28.rlib" "/opt/rustwide/target/debug/deps/libfnv-18bf5144d055e772.rlib" "/opt/rustwide/rustup-home/toolchains/1.75.0-x86_64-unknown-linux-gnu/lib/rustlib/x86_64-unknown-linux-gnu/lib/libstd-90f6ddbf82de36ec.rlib" "/opt/rustwide/rustup-home/toolchains/1.75.0-x86_64-unknown-linux-gnu/lib/rustlib/x86_64-unknown-linux-gnu/lib/libpanic_unwind-480c41e9d4e1f677.rlib" "/opt/rustwide/rustup-home/toolchains/1.75.0-x86_64-unknown-linux-gnu/lib/rustlib/x86_64-unknown-linux-gnu/lib/libobject-db744c0ca03eed1d.rlib" "/opt/rustwide/rustup-home/toolchains/1.75.0-x86_64-unknown-linux-gnu/lib/rustlib/x86_64-unknown-linux-gnu/lib/libmemchr-8ba652dc7d4b285a.rlib" "/opt/rustwide/rustup-home/toolchains/1.75.0-x86_64-unknown-linux-gnu/lib/rustlib/x86_64-unknown-linux-gnu/lib/libaddr2line-d5f4520a9ebc0d58.rlib" "/opt/rustwide/rustup-home/toolchains/1.75.0-x86_64-unknown-linux-gnu/lib/rustlib/x86_64-unknown-linux-gnu/lib/libgimli-4ad84de58f0cb463.rlib" "/opt/rustwide/rustup-home/toolchains/1.75.0-x86_64-unknown-linux-gnu/lib/rustlib/x86_64-unknown-linux-gnu/lib/librustc_demangle-0d10aae2e0f38735.rlib" "/opt/rustwide/rustup-home/toolchains/1.75.0-x86_64-unknown-linux-gnu/lib/rustlib/x86_64-unknown-linux-gnu/lib/libstd_detect-0c17cff739e6745b.rlib" "/opt/rustwide/rustup-home/toolchains/1.75.0-x86_64-unknown-linux-gnu/lib/rustlib/x86_64-unknown-linux-gnu/lib/libhashbrown-b29e17139dde1aa8.rlib" "/opt/rustwide/rustup-home/toolchains/1.75.0-x86_64-unknown-linux-gnu/lib/rustlib/x86_64-unknown-linux-gnu/lib/librustc_std_workspace_alloc-1f975299829cc7bd.rlib" "/opt/rustwide/rustup-home/toolchains/1.75.0-x86_64-unknown-linux-gnu/lib/rustlib/x86_64-unknown-linux-gnu/lib/libminiz_oxide-86bae3bc3079f89b.rlib" "/opt/rustwide/rustup-home/toolchains/1.75.0-x86_64-unknown-linux-gnu/lib/rustlib/x86_64-unknown-linux-gnu/lib/libadler-321b82c30dffdf5f.rlib" "/opt/rustwide/rustup-home/toolchains/1.75.0-x86_64-unknown-linux-gnu/lib/rustlib/x86_64-unknown-linux-gnu/lib/libunwind-3dd8a6810a0bdfef.rlib" "/opt/rustwide/rustup-home/toolchains/1.75.0-x86_64-unknown-linux-gnu/lib/rustlib/x86_64-unknown-linux-gnu/lib/libcfg_if-eb39a61c0c879984.rlib" "/opt/rustwide/rustup-home/toolchains/1.75.0-x86_64-unknown-linux-gnu/lib/rustlib/x86_64-unknown-linux-gnu/lib/liblibc-aa769569f91c3548.rlib" "/opt/rustwide/rustup-home/toolchains/1.75.0-x86_64-unknown-linux-gnu/lib/rustlib/x86_64-unknown-linux-gnu/lib/liballoc-510a192a50a983ed.rlib" "/opt/rustwide/rustup-home/toolchains/1.75.0-x86_64-unknown-linux-gnu/lib/rustlib/x86_64-unknown-linux-gnu/lib/librustc_std_workspace_core-0577018320f99037.rlib" "/opt/rustwide/rustup-home/toolchains/1.75.0-x86_64-unknown-linux-gnu/lib/rustlib/x86_64-unknown-linux-gnu/lib/libcore-193cf992125ccd4c.rlib" "/opt/rustwide/rustup-home/toolchains/1.75.0-x86_64-unknown-linux-gnu/lib/rustlib/x86_64-unknown-linux-gnu/lib/libcompiler_builtins-8e138eaf26ebb4a8.rlib" "-Wl,-Bdynamic" "-lgcc_s" "-lutil" "-lrt" "-lpthread" "-lm" "-ldl" "-lc" "-Wl,--eh-frame-hdr" "-Wl,-z,noexecstack" "-L" "/opt/rustwide/rustup-home/toolchains/1.75.0-x86_64-unknown-linux-gnu/lib/rustlib/x86_64-unknown-linux-gnu/lib" "-o" "/opt/rustwide/target/debug/deps/ticker_data_tests-fc2cf150bbb3ac77" "-Wl,--gc-sections" "-pie" "-Wl,-z,relro,-z,now" "-nodefaultlibs"
[INFO] [stdout]   = note: collect2: fatal error: ld terminated with signal 9 [Killed]
[INFO] [stdout]           compilation terminated.
[INFO] [stdout]           
[INFO] [stdout] 
[INFO] [stdout] 
[INFO] [stdout] error: aborting due to previous error
[INFO] [stdout] 
[INFO] [stdout] 
[INFO] [stderr] error: could not compile `information_theory` (test "ticker_data_tests") due to 2 previous errors
[INFO] [stderr] warning: build failed, waiting for other jobs to finish...
[INFO] [stdout] warning: 4 warnings emitted
[INFO] [stdout] 
[INFO] [stdout] 
[INFO] [stdout] warning: 2 warnings emitted
[INFO] [stdout] 
[INFO] [stdout] 
[INFO] running `Command { std: "docker" "inspect" "a4973c54e829625b74efbb8952fc82e72cc129d6c5705e01c7034eec31bcc309", kill_on_drop: false }`
[INFO] running `Command { std: "docker" "rm" "-f" "a4973c54e829625b74efbb8952fc82e72cc129d6c5705e01c7034eec31bcc309", kill_on_drop: false }`
[INFO] [stdout] a4973c54e829625b74efbb8952fc82e72cc129d6c5705e01c7034eec31bcc309
[INFO] testing applied-math-coding/information-theory against beta-2023-12-22 for beta-1.76-1
[INFO] running `Command { std: "git" "clone" "/workspace/cache/git-repos/https%3A%2F%2Fgithub.com%2Fapplied-math-coding%2Finformation-theory" "/workspace/builds/worker-2-tc2/source", kill_on_drop: false }`
[INFO] [stderr] Cloning into '/workspace/builds/worker-2-tc2/source'...
[INFO] [stderr] done.
[INFO] validating manifest of git repo https://github.com/applied-math-coding/information-theory on toolchain beta-2023-12-22
[INFO] running `Command { std: CARGO_HOME="/workspace/cargo-home" RUSTUP_HOME="/workspace/rustup-home" "/workspace/cargo-home/bin/cargo" "+beta-2023-12-22" "metadata" "--manifest-path" "Cargo.toml" "--no-deps", kill_on_drop: false }`
[INFO] started tweaking git repo https://github.com/applied-math-coding/information-theory
[INFO] finished tweaking git repo https://github.com/applied-math-coding/information-theory
[INFO] tweaked toml for git repo https://github.com/applied-math-coding/information-theory written to /workspace/builds/worker-2-tc2/source/Cargo.toml
[INFO] crate git repo https://github.com/applied-math-coding/information-theory already has a lockfile, it will not be regenerated
[INFO] running `Command { std: CARGO_HOME="/workspace/cargo-home" RUSTUP_HOME="/workspace/rustup-home" "/workspace/cargo-home/bin/cargo" "+beta-2023-12-22" "fetch" "--manifest-path" "Cargo.toml", kill_on_drop: false }`
[INFO] running `Command { std: "docker" "create" "-v" "/var/lib/crater-agent-workspace/builds/worker-2-tc2/target:/opt/rustwide/target:rw,Z" "-v" "/var/lib/crater-agent-workspace/builds/worker-2-tc2/source:/opt/rustwide/workdir:ro,Z" "-v" "/var/lib/crater-agent-workspace/cargo-home:/opt/rustwide/cargo-home:ro,Z" "-v" "/var/lib/crater-agent-workspace/rustup-home:/opt/rustwide/rustup-home:ro,Z" "-e" "SOURCE_DIR=/opt/rustwide/workdir" "-e" "CARGO_TARGET_DIR=/opt/rustwide/target" "-e" "CARGO_HOME=/opt/rustwide/cargo-home" "-e" "RUSTUP_HOME=/opt/rustwide/rustup-home" "-w" "/opt/rustwide/workdir" "-m" "1610612736" "--user" "0:0" "--network" "none" "ghcr.io/rust-lang/crates-build-env/linux@sha256:2788e3201cd34a07e3172128adcd8b3090168a8e3bcc40d7c032b9dda1df7d1c" "/opt/rustwide/cargo-home/bin/cargo" "+beta-2023-12-22" "metadata" "--no-deps" "--format-version=1", kill_on_drop: false }`
[INFO] [stdout] cc79f5dae36569e8edc3e5078074f64b9b9b49dccd16b7b1c4491e4cd3b507e8
[INFO] running `Command { std: "docker" "start" "-a" "cc79f5dae36569e8edc3e5078074f64b9b9b49dccd16b7b1c4491e4cd3b507e8", kill_on_drop: false }`
[INFO] running `Command { std: "docker" "inspect" "cc79f5dae36569e8edc3e5078074f64b9b9b49dccd16b7b1c4491e4cd3b507e8", kill_on_drop: false }`
[INFO] running `Command { std: "docker" "rm" "-f" "cc79f5dae36569e8edc3e5078074f64b9b9b49dccd16b7b1c4491e4cd3b507e8", kill_on_drop: false }`
[INFO] [stdout] cc79f5dae36569e8edc3e5078074f64b9b9b49dccd16b7b1c4491e4cd3b507e8
[INFO] running `Command { std: "docker" "create" "-v" "/var/lib/crater-agent-workspace/builds/worker-2-tc2/target:/opt/rustwide/target:rw,Z" "-v" "/var/lib/crater-agent-workspace/builds/worker-2-tc2/source:/opt/rustwide/workdir:ro,Z" "-v" "/var/lib/crater-agent-workspace/cargo-home:/opt/rustwide/cargo-home:ro,Z" "-v" "/var/lib/crater-agent-workspace/rustup-home:/opt/rustwide/rustup-home:ro,Z" "-e" "SOURCE_DIR=/opt/rustwide/workdir" "-e" "CARGO_TARGET_DIR=/opt/rustwide/target" "-e" "CARGO_INCREMENTAL=0" "-e" "RUST_BACKTRACE=full" "-e" "RUSTFLAGS=--cap-lints=warn" "-e" "RUSTDOCFLAGS=--cap-lints=warn" "-e" "CARGO_HOME=/opt/rustwide/cargo-home" "-e" "RUSTUP_HOME=/opt/rustwide/rustup-home" "-w" "/opt/rustwide/workdir" "-m" "1610612736" "--user" "0:0" "--network" "none" "ghcr.io/rust-lang/crates-build-env/linux@sha256:2788e3201cd34a07e3172128adcd8b3090168a8e3bcc40d7c032b9dda1df7d1c" "/opt/rustwide/cargo-home/bin/cargo" "+beta-2023-12-22" "build" "--frozen" "--message-format=json", kill_on_drop: false }`
[INFO] [stdout] e934c37b7dd3153fbf49d7a39bae611732168867aa94c3857d9043fbde819c5f
[INFO] running `Command { std: "docker" "start" "-a" "e934c37b7dd3153fbf49d7a39bae611732168867aa94c3857d9043fbde819c5f", kill_on_drop: false }`
[INFO] [stderr]    Compiling libc v0.2.147
[INFO] [stderr]    Compiling proc-macro2 v1.0.66
[INFO] [stderr]    Compiling unicode-ident v1.0.11
[INFO] [stderr]    Compiling pin-project-lite v0.2.10
[INFO] [stderr]    Compiling memchr v2.5.0
[INFO] [stderr]    Compiling smallvec v1.11.0
[INFO] [stderr]    Compiling lock_api v0.4.10
[INFO] [stderr]    Compiling log v0.4.19
[INFO] [stderr]    Compiling futures-channel v0.3.28
[INFO] [stderr]    Compiling tokio v1.29.1
[INFO] [stderr]    Compiling itoa v1.0.9
[INFO] [stderr]    Compiling futures-task v0.3.28
[INFO] [stderr]    Compiling serde v1.0.181
[INFO] [stderr]    Compiling target-lexicon v0.12.11
[INFO] [stderr]    Compiling futures-util v0.3.28
[INFO] [stderr]    Compiling futures-io v0.3.28
[INFO] [stderr]    Compiling serde_derive v1.0.181
[INFO] [stderr]    Compiling cpufeatures v0.2.9
[INFO] [stderr]    Compiling allocator-api2 v0.2.16
[INFO] [stderr]    Compiling tracing v0.1.37
[INFO] [stderr]    Compiling aho-corasick v1.0.2
[INFO] [stderr]    Compiling quote v1.0.32
[INFO] [stderr]    Compiling jobserver v0.1.26
[INFO] [stderr]    Compiling socket2 v0.4.9
[INFO] [stderr]    Compiling num_cpus v1.16.0
[INFO] [stderr]    Compiling cc v1.0.81
[INFO] [stderr]    Compiling syn v2.0.28
[INFO] [stderr]    Compiling parking_lot_core v0.9.8
[INFO] [stderr]    Compiling signal-hook-registry v1.4.1
[INFO] [stderr]    Compiling getrandom v0.2.10
[INFO] [stderr]    Compiling parking_lot v0.12.1
[INFO] [stderr]    Compiling mio v0.8.8
[INFO] [stderr]    Compiling syn v1.0.109
[INFO] [stderr]    Compiling rand_core v0.6.4
[INFO] [stderr]    Compiling pyo3-build-config v0.19.2
[INFO] [stderr]    Compiling rand_chacha v0.3.1
[INFO] [stderr]    Compiling num-traits v0.2.16
[INFO] [stderr]    Compiling ring v0.16.20
[INFO] [stderr]    Compiling zstd-sys v2.0.8+zstd.1.5.5
[INFO] [stderr]    Compiling serde_json v1.0.104
[INFO] [stderr]    Compiling ryu v1.0.15
[INFO] [stderr]    Compiling regex-syntax v0.7.4
[INFO] [stderr]    Compiling http v0.2.9
[INFO] [stderr]    Compiling parking_lot_core v0.8.6
[INFO] [stderr]    Compiling ahash v0.8.3
[INFO] [stderr]    Compiling thiserror v1.0.44
[INFO] [stderr]    Compiling either v1.9.0
[INFO] [stderr]    Compiling nom v7.1.3
[INFO] [stderr]    Compiling itertools v0.10.5
[INFO] [stderr]    Compiling rustls v0.20.8
[INFO] [stderr]    Compiling tokio-macros v2.1.0
[INFO] [stderr]    Compiling futures-macro v0.3.28
[INFO] [stderr]    Compiling webpki v0.22.0
[INFO] [stderr]    Compiling sct v0.7.0
[INFO] [stderr]    Compiling regex-automata v0.3.6
[INFO] [stderr]    Compiling thiserror-impl v1.0.44
[INFO] [stderr]    Compiling parking_lot v0.11.2
[INFO] [stderr]    Compiling ahash v0.7.6
[INFO] [stderr]    Compiling pyo3-ffi v0.19.2
[INFO] [stderr]    Compiling dirs-sys v0.3.7
[INFO] [stderr]    Compiling zstd-safe v6.0.6
[INFO] [stderr]    Compiling tokio-rustls v0.23.4
[INFO] [stderr]    Compiling atoi v1.0.0
[INFO] [stderr]    Compiling sqlformat v0.2.1
[INFO] [stderr]    Compiling dirs v4.0.0
[INFO] [stderr]    Compiling hashbrown v0.14.0
[INFO] [stderr]    Compiling futures-intrusive v0.4.2
[INFO] [stderr]    Compiling regex v1.9.3
[INFO] [stderr]    Compiling webpki-roots v0.22.6
[INFO] [stderr]    Compiling rustls-pemfile v1.0.3
[INFO] [stderr]    Compiling rand v0.8.5
[INFO] [stderr]    Compiling stringprep v0.1.3
[INFO] [stderr]    Compiling sha1 v0.10.5
[INFO] [stderr]    Compiling memoffset v0.9.0
[INFO] [stderr]    Compiling tokio-util v0.7.8
[INFO] [stderr]    Compiling whoami v1.4.1
[INFO] [stderr]    Compiling rustix v0.38.8
[INFO] [stderr]    Compiling time-macros v0.2.11
[INFO] [stderr]    Compiling actix-rt v2.8.0
[INFO] [stderr]    Compiling hashlink v0.8.3
[INFO] [stderr]    Compiling sqlx-rt v0.6.3
[INFO] [stderr]    Compiling actix-utils v3.0.1
[INFO] [stderr]    Compiling tokio-stream v0.1.14
[INFO] [stderr]    Compiling pyo3-macros-backend v0.19.2
[INFO] [stderr]    Compiling pyo3 v0.19.2
[INFO] [stderr]    Compiling actix-service v2.0.2
[INFO] [stderr]    Compiling sha2 v0.10.7
[INFO] [stderr]    Compiling deranged v0.3.7
[INFO] [stderr]    Compiling bitflags v2.3.3
[INFO] [stderr]    Compiling linux-raw-sys v0.4.5
[INFO] [stderr]    Compiling sqlx-core v0.6.3
[INFO] [stderr]    Compiling derive_more v0.99.17
[INFO] [stderr]    Compiling actix-codec v0.5.1
[INFO] [stderr]    Compiling time v0.3.25
[INFO] [stderr]    Compiling h2 v0.3.20
[INFO] [stderr]    Compiling actix-router v0.5.1
[INFO] [stderr]    Compiling local-channel v0.1.3
[INFO] [stderr]    Compiling futures-executor v0.3.28
[INFO] [stderr]    Compiling indoc v1.0.9
[INFO] [stderr]    Compiling unindent v0.1.11
[INFO] [stderr]    Compiling cookie v0.16.2
[INFO] [stderr]    Compiling actix-web-codegen v4.2.0
[INFO] [stderr]    Compiling pyo3-macros v0.19.2
[INFO] [stderr]    Compiling futures v0.3.28
[INFO] [stderr]    Compiling is-terminal v0.4.9
[INFO] [stderr]    Compiling actix-server v2.2.0
[INFO] [stderr]    Compiling pyo3-asyncio-macros v0.19.0
[INFO] [stderr]    Compiling actix-macros v0.2.4
[INFO] [stderr]    Compiling serde_urlencoded v0.7.1
[INFO] [stderr]    Compiling humantime v2.1.0
[INFO] [stderr]    Compiling termcolor v1.2.0
[INFO] [stderr]    Compiling dotenv v0.15.0
[INFO] [stderr]    Compiling env_logger v0.10.0
[INFO] [stderr]    Compiling pyo3-asyncio v0.19.0
[INFO] [stderr]    Compiling sqlx-macros v0.6.3
[INFO] [stderr]    Compiling sqlx v0.6.3
[INFO] [stderr]    Compiling zstd v0.12.4
[INFO] [stderr]    Compiling actix-http v3.3.1
[INFO] [stderr]    Compiling actix-web v4.3.1
[INFO] [stderr]    Compiling information_theory v0.1.0 (/opt/rustwide/workdir)
[INFO] [stdout] warning: function `combine_data` is never used
[INFO] [stdout]  --> src/data_utils.rs:9:8
[INFO] [stdout]   |
[INFO] [stdout] 9 | pub fn combine_data() -> Result<()> {
[INFO] [stdout]   |        ^^^^^^^^^^^^
[INFO] [stdout]   |
[INFO] [stdout]   = note: `#[warn(dead_code)]` on by default
[INFO] [stdout] 
[INFO] [stdout] 
[INFO] [stdout] warning: function `normalize_data` is never used
[INFO] [stdout]   --> src/data_utils.rs:57:14
[INFO] [stdout]    |
[INFO] [stdout] 57 | pub async fn normalize_data(pool: &Pool<Postgres>) -> sqlx::Result<()> {
[INFO] [stdout]    |              ^^^^^^^^^^^^^^
[INFO] [stdout] 
[INFO] [stdout] 
[INFO] [stdout] warning: 2 warnings emitted
[INFO] [stdout] 
[INFO] [stdout] 
[INFO] [stdout] warning: function `combine_data` is never used
[INFO] [stdout]  --> src/data_utils.rs:9:8
[INFO] [stdout]   |
[INFO] [stdout] 9 | pub fn combine_data() -> Result<()> {
[INFO] [stdout]   |        ^^^^^^^^^^^^
[INFO] [stdout]   |
[INFO] [stdout]   = note: `#[warn(dead_code)]` on by default
[INFO] [stdout] 
[INFO] [stdout] 
[INFO] [stdout] warning: function `fetch_ticker_data_scatter` is never used
[INFO] [stdout]   --> src/data_utils.rs:28:14
[INFO] [stdout]    |
[INFO] [stdout] 28 | pub async fn fetch_ticker_data_scatter(
[INFO] [stdout]    |              ^^^^^^^^^^^^^^^^^^^^^^^^^
[INFO] [stdout] 
[INFO] [stdout] 
[INFO] [stdout] warning: function `normalize_data` is never used
[INFO] [stdout]   --> src/data_utils.rs:57:14
[INFO] [stdout]    |
[INFO] [stdout] 57 | pub async fn normalize_data(pool: &Pool<Postgres>) -> sqlx::Result<()> {
[INFO] [stdout]    |              ^^^^^^^^^^^^^^
[INFO] [stdout] 
[INFO] [stdout] 
[INFO] [stdout] warning: function `create_db_connection` is never used
[INFO] [stdout]   --> src/db_connections.rs:15:14
[INFO] [stdout]    |
[INFO] [stdout] 15 | pub async fn create_db_connection() -> Result<PgConnection, Error> {
[INFO] [stdout]    |              ^^^^^^^^^^^^^^^^^^^^
[INFO] [stdout] 
[INFO] [stdout] 
[INFO] [stdout] warning: 4 warnings emitted
[INFO] [stdout] 
[INFO] [stdout] 
[INFO] [stderr]     Finished dev [unoptimized + debuginfo] target(s) in 1m 18s
[INFO] running `Command { std: "docker" "inspect" "e934c37b7dd3153fbf49d7a39bae611732168867aa94c3857d9043fbde819c5f", kill_on_drop: false }`
[INFO] running `Command { std: "docker" "rm" "-f" "e934c37b7dd3153fbf49d7a39bae611732168867aa94c3857d9043fbde819c5f", kill_on_drop: false }`
[INFO] [stdout] e934c37b7dd3153fbf49d7a39bae611732168867aa94c3857d9043fbde819c5f
[INFO] running `Command { std: "docker" "create" "-v" "/var/lib/crater-agent-workspace/builds/worker-2-tc2/target:/opt/rustwide/target:rw,Z" "-v" "/var/lib/crater-agent-workspace/builds/worker-2-tc2/source:/opt/rustwide/workdir:ro,Z" "-v" "/var/lib/crater-agent-workspace/cargo-home:/opt/rustwide/cargo-home:ro,Z" "-v" "/var/lib/crater-agent-workspace/rustup-home:/opt/rustwide/rustup-home:ro,Z" "-e" "SOURCE_DIR=/opt/rustwide/workdir" "-e" "CARGO_TARGET_DIR=/opt/rustwide/target" "-e" "CARGO_INCREMENTAL=0" "-e" "RUST_BACKTRACE=full" "-e" "RUSTFLAGS=--cap-lints=warn" "-e" "RUSTDOCFLAGS=--cap-lints=warn" "-e" "CARGO_HOME=/opt/rustwide/cargo-home" "-e" "RUSTUP_HOME=/opt/rustwide/rustup-home" "-w" "/opt/rustwide/workdir" "-m" "1610612736" "--user" "0:0" "--network" "none" "ghcr.io/rust-lang/crates-build-env/linux@sha256:2788e3201cd34a07e3172128adcd8b3090168a8e3bcc40d7c032b9dda1df7d1c" "/opt/rustwide/cargo-home/bin/cargo" "+beta-2023-12-22" "test" "--frozen" "--no-run" "--message-format=json", kill_on_drop: false }`
[INFO] [stdout] 146da375910eb2dc35ec2d5079f81d07fb5fd5bfc7770b1b40f78c6bb673a579
[INFO] running `Command { std: "docker" "start" "-a" "146da375910eb2dc35ec2d5079f81d07fb5fd5bfc7770b1b40f78c6bb673a579", kill_on_drop: false }`
[INFO] [stdout] warning: function `combine_data` is never used
[INFO] [stdout]  --> src/data_utils.rs:9:8
[INFO] [stdout]   |
[INFO] [stdout] 9 | pub fn combine_data() -> Result<()> {
[INFO] [stdout]   |        ^^^^^^^^^^^^
[INFO] [stdout]   |
[INFO] [stdout]   = note: `#[warn(dead_code)]` on by default
[INFO] [stdout] 
[INFO] [stdout] 
[INFO] [stdout] warning: function `normalize_data` is never used
[INFO] [stdout]   --> src/data_utils.rs:57:14
[INFO] [stdout]    |
[INFO] [stdout] 57 | pub async fn normalize_data(pool: &Pool<Postgres>) -> sqlx::Result<()> {
[INFO] [stdout]    |              ^^^^^^^^^^^^^^
[INFO] [stdout] 
[INFO] [stdout] 
[INFO] [stderr]    Compiling information_theory v0.1.0 (/opt/rustwide/workdir)
[INFO] [stdout] warning: 2 warnings emitted
[INFO] [stdout] 
[INFO] [stdout] 
[INFO] [stdout] warning: function `combine_data` is never used
[INFO] [stdout]  --> src/data_utils.rs:9:8
[INFO] [stdout]   |
[INFO] [stdout] 9 | pub fn combine_data() -> Result<()> {
[INFO] [stdout]   |        ^^^^^^^^^^^^
[INFO] [stdout]   |
[INFO] [stdout]   = note: `#[warn(dead_code)]` on by default
[INFO] [stdout] 
[INFO] [stdout] 
[INFO] [stdout] warning: function `fetch_ticker_data_scatter` is never used
[INFO] [stdout]   --> src/data_utils.rs:28:14
[INFO] [stdout]    |
[INFO] [stdout] 28 | pub async fn fetch_ticker_data_scatter(
[INFO] [stdout]    |              ^^^^^^^^^^^^^^^^^^^^^^^^^
[INFO] [stdout] 
[INFO] [stdout] 
[INFO] [stdout] warning: function `normalize_data` is never used
[INFO] [stdout]   --> src/data_utils.rs:57:14
[INFO] [stdout]    |
[INFO] [stdout] 57 | pub async fn normalize_data(pool: &Pool<Postgres>) -> sqlx::Result<()> {
[INFO] [stdout]    |              ^^^^^^^^^^^^^^
[INFO] [stdout] 
[INFO] [stdout] 
[INFO] [stdout] warning: function `create_db_connection` is never used
[INFO] [stdout]   --> src/db_connections.rs:15:14
[INFO] [stdout]    |
[INFO] [stdout] 15 | pub async fn create_db_connection() -> Result<PgConnection, Error> {
[INFO] [stdout]    |              ^^^^^^^^^^^^^^^^^^^^
[INFO] [stdout] 
[INFO] [stdout] 
[INFO] [stdout] warning: 4 warnings emitted
[INFO] [stdout] 
[INFO] [stdout] 
[INFO] [stdout] warning: function `combine_data` is never used
[INFO] [stdout]  --> src/data_utils.rs:9:8
[INFO] [stdout]   |
[INFO] [stdout] 9 | pub fn combine_data() -> Result<()> {
[INFO] [stdout]   |        ^^^^^^^^^^^^
[INFO] [stdout]   |
[INFO] [stdout]   = note: `#[warn(dead_code)]` on by default
[INFO] [stdout] 
[INFO] [stdout] 
[INFO] [stdout] warning: function `normalize_data` is never used
[INFO] [stdout]   --> src/data_utils.rs:57:14
[INFO] [stdout]    |
[INFO] [stdout] 57 | pub async fn normalize_data(pool: &Pool<Postgres>) -> sqlx::Result<()> {
[INFO] [stdout]    |              ^^^^^^^^^^^^^^
[INFO] [stdout] 
[INFO] [stdout] 
[INFO] [stdout] warning: function `combine_data` is never used
[INFO] [stdout]  --> src/data_utils.rs:9:8
[INFO] [stdout]   |
[INFO] [stdout] 9 | pub fn combine_data() -> Result<()> {
[INFO] [stdout]   |        ^^^^^^^^^^^^
[INFO] [stdout]   |
[INFO] [stdout]   = note: `#[warn(dead_code)]` on by default
[INFO] [stdout] 
[INFO] [stdout] 
[INFO] [stdout] warning: function `fetch_ticker_data_scatter` is never used
[INFO] [stdout]   --> src/data_utils.rs:28:14
[INFO] [stdout]    |
[INFO] [stdout] 28 | pub async fn fetch_ticker_data_scatter(
[INFO] [stdout]    |              ^^^^^^^^^^^^^^^^^^^^^^^^^
[INFO] [stdout] 
[INFO] [stdout] 
[INFO] [stdout] warning: function `normalize_data` is never used
[INFO] [stdout]   --> src/data_utils.rs:57:14
[INFO] [stdout]    |
[INFO] [stdout] 57 | pub async fn normalize_data(pool: &Pool<Postgres>) -> sqlx::Result<()> {
[INFO] [stdout]    |              ^^^^^^^^^^^^^^
[INFO] [stdout] 
[INFO] [stdout] 
[INFO] [stdout] warning: function `create_db_connection` is never used
[INFO] [stdout]   --> src/db_connections.rs:15:14
[INFO] [stdout]    |
[INFO] [stdout] 15 | pub async fn create_db_connection() -> Result<PgConnection, Error> {
[INFO] [stdout]    |              ^^^^^^^^^^^^^^^^^^^^
[INFO] [stdout] 
[INFO] [stdout] 
[INFO] [stdout] warning: 4 warnings emitted
[INFO] [stdout] 
[INFO] [stdout] 
[INFO] [stdout] warning: 2 warnings emitted
[INFO] [stdout] 
[INFO] [stdout] 
[INFO] [stderr]     Finished test [unoptimized + debuginfo] target(s) in 8.93s
[INFO] running `Command { std: "docker" "inspect" "146da375910eb2dc35ec2d5079f81d07fb5fd5bfc7770b1b40f78c6bb673a579", kill_on_drop: false }`
[INFO] running `Command { std: "docker" "rm" "-f" "146da375910eb2dc35ec2d5079f81d07fb5fd5bfc7770b1b40f78c6bb673a579", kill_on_drop: false }`
[INFO] [stdout] 146da375910eb2dc35ec2d5079f81d07fb5fd5bfc7770b1b40f78c6bb673a579
[INFO] running `Command { std: "docker" "create" "-v" "/var/lib/crater-agent-workspace/builds/worker-2-tc2/target:/opt/rustwide/target:rw,Z" "-v" "/var/lib/crater-agent-workspace/builds/worker-2-tc2/source:/opt/rustwide/workdir:ro,Z" "-v" "/var/lib/crater-agent-workspace/cargo-home:/opt/rustwide/cargo-home:ro,Z" "-v" "/var/lib/crater-agent-workspace/rustup-home:/opt/rustwide/rustup-home:ro,Z" "-e" "SOURCE_DIR=/opt/rustwide/workdir" "-e" "CARGO_TARGET_DIR=/opt/rustwide/target" "-e" "CARGO_INCREMENTAL=0" "-e" "RUST_BACKTRACE=full" "-e" "RUSTFLAGS=--cap-lints=warn" "-e" "RUSTDOCFLAGS=--cap-lints=warn" "-e" "CARGO_HOME=/opt/rustwide/cargo-home" "-e" "RUSTUP_HOME=/opt/rustwide/rustup-home" "-w" "/opt/rustwide/workdir" "-m" "1610612736" "--user" "0:0" "--network" "none" "ghcr.io/rust-lang/crates-build-env/linux@sha256:2788e3201cd34a07e3172128adcd8b3090168a8e3bcc40d7c032b9dda1df7d1c" "/opt/rustwide/cargo-home/bin/cargo" "+beta-2023-12-22" "test" "--frozen", kill_on_drop: false }`
[INFO] [stdout] 17a3451d678155faad60522ce4c2ddf3cb31c7921f79a431843382f88ee26efe
[INFO] running `Command { std: "docker" "start" "-a" "17a3451d678155faad60522ce4c2ddf3cb31c7921f79a431843382f88ee26efe", kill_on_drop: false }`
[INFO] [stderr] warning: function `combine_data` is never used
[INFO] [stderr]  --> src/data_utils.rs:9:8
[INFO] [stderr]   |
[INFO] [stderr] 9 | pub fn combine_data() -> Result<()> {
[INFO] [stderr]   |        ^^^^^^^^^^^^
[INFO] [stderr]   |
[INFO] [stderr]   = note: `#[warn(dead_code)]` on by default
[INFO] [stderr] 
[INFO] [stderr] warning: function `normalize_data` is never used
[INFO] [stderr]   --> src/data_utils.rs:57:14
[INFO] [stderr]    |
[INFO] [stderr] 57 | pub async fn normalize_data(pool: &Pool<Postgres>) -> sqlx::Result<()> {
[INFO] [stderr]    |              ^^^^^^^^^^^^^^
[INFO] [stderr] 
[INFO] [stderr] warning: `information_theory` (lib) generated 2 warnings
[INFO] [stderr] warning: `information_theory` (lib test) generated 2 warnings (2 duplicates)
[INFO] [stderr] warning: function `fetch_ticker_data_scatter` is never used
[INFO] [stderr]   --> src/data_utils.rs:28:14
[INFO] [stderr]    |
[INFO] [stderr] 28 | pub async fn fetch_ticker_data_scatter(
[INFO] [stderr]    |              ^^^^^^^^^^^^^^^^^^^^^^^^^
[INFO] [stderr] 
[INFO] [stderr] warning: function `create_db_connection` is never used
[INFO] [stderr]   --> src/db_connections.rs:15:14
[INFO] [stderr]    |
[INFO] [stderr] 15 | pub async fn create_db_connection() -> Result<PgConnection, Error> {
[INFO] [stderr]    |              ^^^^^^^^^^^^^^^^^^^^
[INFO] [stderr] 
[INFO] [stderr] warning: `information_theory` (bin "information_theory" test) generated 4 warnings (2 duplicates)
[INFO] [stderr] warning: `information_theory` (bin "information_theory") generated 4 warnings (4 duplicates)
[INFO] [stderr]     Finished test [unoptimized + debuginfo] target(s) in 0.28s
[INFO] [stderr]      Running unittests src/lib.rs (/opt/rustwide/target/debug/deps/information_theory-d6bc3b5a5b2ede7f)
[INFO] [stdout] 
[INFO] [stdout] running 1 test
[INFO] [stdout] test repo::ticker_data_repo::tests::test_find_all_ticker_data ... FAILED
[INFO] [stdout] 
[INFO] [stdout] failures:
[INFO] [stdout] 
[INFO] [stdout] ---- repo::ticker_data_repo::tests::test_find_all_ticker_data stdout ----
[INFO] [stdout] thread 'repo::ticker_data_repo::tests::test_find_all_ticker_data' panicked at src/repo/ticker_data_repo.rs:29:56:
[INFO] [stdout] called `Result::unwrap()` on an `Err` value: "error communicating with database: Cannot assign requested address (os error 99)"
[INFO] [stdout] stack backtrace:
[INFO] [stdout]    0:     0x55832c6cc616 - std::backtrace_rs::backtrace::libunwind::trace::h261606ad26a499c1
[INFO] [stdout]                                at /rustc/0e09125c6c3c2fd70d7de961bcf0e51575235fad/library/std/src/../../backtrace/src/backtrace/libunwind.rs:104:5
[INFO] [stdout]    1:     0x55832c6cc616 - std::backtrace_rs::backtrace::trace_unsynchronized::hd183f0625477fb28
[INFO] [stdout]                                at /rustc/0e09125c6c3c2fd70d7de961bcf0e51575235fad/library/std/src/../../backtrace/src/backtrace/mod.rs:66:5
[INFO] [stdout]    2:     0x55832c6cc616 - std::sys_common::backtrace::_print_fmt::hd7f8fef21b4eda67
[INFO] [stdout]                                at /rustc/0e09125c6c3c2fd70d7de961bcf0e51575235fad/library/std/src/sys_common/backtrace.rs:68:5
[INFO] [stdout]    3:     0x55832c6cc616 - <std::sys_common::backtrace::_print::DisplayBacktrace as core::fmt::Display>::fmt::h623d9b51f2f453f1
[INFO] [stdout]                                at /rustc/0e09125c6c3c2fd70d7de961bcf0e51575235fad/library/std/src/sys_common/backtrace.rs:44:22
[INFO] [stdout]    4:     0x55832c6f9ed0 - core::fmt::rt::Argument::fmt::h9f417ac76a86f368
[INFO] [stdout]                                at /rustc/0e09125c6c3c2fd70d7de961bcf0e51575235fad/library/core/src/fmt/rt.rs:142:9
[INFO] [stdout]    5:     0x55832c6f9ed0 - core::fmt::write::hc9b6faf4ac2aeff7
[INFO] [stdout]                                at /rustc/0e09125c6c3c2fd70d7de961bcf0e51575235fad/library/core/src/fmt/mod.rs:1120:17
[INFO] [stdout]    6:     0x55832c6c958f - std::io::Write::write_fmt::he04625a3a989fec3
[INFO] [stdout]                                at /rustc/0e09125c6c3c2fd70d7de961bcf0e51575235fad/library/std/src/io/mod.rs:1810:15
[INFO] [stdout]    7:     0x55832c6cc3f4 - std::sys_common::backtrace::_print::hd5d66399c7df88a2
[INFO] [stdout]                                at /rustc/0e09125c6c3c2fd70d7de961bcf0e51575235fad/library/std/src/sys_common/backtrace.rs:47:5
[INFO] [stdout]    8:     0x55832c6cc3f4 - std::sys_common::backtrace::print::he81ed2da642d37e5
[INFO] [stdout]                                at /rustc/0e09125c6c3c2fd70d7de961bcf0e51575235fad/library/std/src/sys_common/backtrace.rs:34:9
[INFO] [stdout]    9:     0x55832c6ce167 - std::panicking::default_hook::{{closure}}::h85773f4fa117163d
[INFO] [stdout]   10:     0x55832c6cde4d - std::panicking::default_hook::h6a1694a91d09b278
[INFO] [stdout]                                at /rustc/0e09125c6c3c2fd70d7de961bcf0e51575235fad/library/std/src/panicking.rs:289:9
[INFO] [stdout]   11:     0x55832bf8eae7 - <alloc::boxed::Box<F,A> as core::ops::function::Fn<Args>>::call::h616ac37fa3cd6c8f
[INFO] [stdout]                                at /rustc/0e09125c6c3c2fd70d7de961bcf0e51575235fad/library/alloc/src/boxed.rs:2029:9
[INFO] [stdout]   12:     0x55832bf8eae7 - test::test_main::{{closure}}::h00d84697cefdcbb6
[INFO] [stdout]                                at /rustc/0e09125c6c3c2fd70d7de961bcf0e51575235fad/library/test/src/lib.rs:138:21
[INFO] [stdout]   13:     0x55832c6ce786 - <alloc::boxed::Box<F,A> as core::ops::function::Fn<Args>>::call::hcb3fe3b9bb537ba8
[INFO] [stdout]                                at /rustc/0e09125c6c3c2fd70d7de961bcf0e51575235fad/library/alloc/src/boxed.rs:2029:9
[INFO] [stdout]   14:     0x55832c6ce786 - std::panicking::rust_panic_with_hook::h0a7ad96e90f7145b
[INFO] [stdout]                                at /rustc/0e09125c6c3c2fd70d7de961bcf0e51575235fad/library/std/src/panicking.rs:783:13
[INFO] [stdout]   15:     0x55832c6ce4d2 - std::panicking::begin_panic_handler::{{closure}}::h7919090525c6485e
[INFO] [stdout]                                at /rustc/0e09125c6c3c2fd70d7de961bcf0e51575235fad/library/std/src/panicking.rs:657:13
[INFO] [stdout]   16:     0x55832c6ccb16 - std::sys_common::backtrace::__rust_end_short_backtrace::hf3289479464f7dfe
[INFO] [stdout]                                at /rustc/0e09125c6c3c2fd70d7de961bcf0e51575235fad/library/std/src/sys_common/backtrace.rs:171:18
[INFO] [stdout]   17:     0x55832c6ce230 - rust_begin_unwind
[INFO] [stdout]                                at /rustc/0e09125c6c3c2fd70d7de961bcf0e51575235fad/library/std/src/panicking.rs:645:5
[INFO] [stdout]   18:     0x55832bf156b5 - core::panicking::panic_fmt::hcc9f77c5c132af55
[INFO] [stdout]                                at /rustc/0e09125c6c3c2fd70d7de961bcf0e51575235fad/library/core/src/panicking.rs:72:14
[INFO] [stdout]   19:     0x55832bf15cf3 - core::result::unwrap_failed::hbe14f498be1452f9
[INFO] [stdout]                                at /rustc/0e09125c6c3c2fd70d7de961bcf0e51575235fad/library/core/src/result.rs:1649:5
[INFO] [stdout]   20:     0x55832bf1e4a8 - core::result::Result<T,E>::unwrap::he8c5ff48496fd326
[INFO] [stdout]                                at /rustc/0e09125c6c3c2fd70d7de961bcf0e51575235fad/library/core/src/result.rs:1073:23
[INFO] [stdout]   21:     0x55832bf19b9e - information_theory::repo::ticker_data_repo::tests::test_find_all_ticker_data::{{closure}}::h53b2656f32bea314
[INFO] [stdout]                                at /opt/rustwide/workdir/src/repo/ticker_data_repo.rs:29:33
[INFO] [stdout]   22:     0x55832bf2618e - <tokio::task::local::RunUntil<T> as core::future::future::Future>::poll::{{closure}}::h4260ba5afb9d0616
[INFO] [stdout]                                at /opt/rustwide/cargo-home/registry/src/index.crates.io-6f17d22bba15001f/tokio-1.29.1/src/task/local.rs:923:42
[INFO] [stdout]   23:     0x55832bf25ace - tokio::task::local::LocalSet::with::{{closure}}::h57a1372ddab3e71c
[INFO] [stdout]                                at /opt/rustwide/cargo-home/registry/src/index.crates.io-6f17d22bba15001f/tokio-1.29.1/src/task/local.rs:684:13
[INFO] [stdout]   24:     0x55832bf2c414 - std::thread::local::LocalKey<T>::try_with::h9ffe653008d91ea1
[INFO] [stdout]                                at /rustc/0e09125c6c3c2fd70d7de961bcf0e51575235fad/library/std/src/thread/local.rs:270:16
[INFO] [stdout]   25:     0x55832bf2baea - std::thread::local::LocalKey<T>::with::h972bcd469eef60a7
[INFO] [stdout]                                at /rustc/0e09125c6c3c2fd70d7de961bcf0e51575235fad/library/std/src/thread/local.rs:246:9
[INFO] [stdout]   26:     0x55832bf25a06 - tokio::task::local::LocalSet::with::h7dd038635270b3a4
[INFO] [stdout]                                at /opt/rustwide/cargo-home/registry/src/index.crates.io-6f17d22bba15001f/tokio-1.29.1/src/task/local.rs:667:9
[INFO] [stdout]   27:     0x55832bf26105 - <tokio::task::local::RunUntil<T> as core::future::future::Future>::poll::he341ba09add1e5f8
[INFO] [stdout]                                at /opt/rustwide/cargo-home/registry/src/index.crates.io-6f17d22bba15001f/tokio-1.29.1/src/task/local.rs:913:9
[INFO] [stdout]   28:     0x55832bf25e0b - tokio::task::local::LocalSet::run_until::{{closure}}::h6f67de64b70f2e3a
[INFO] [stdout]                                at /opt/rustwide/cargo-home/registry/src/index.crates.io-6f17d22bba15001f/tokio-1.29.1/src/task/local.rs:573:19
[INFO] [stdout]   29:     0x55832bf2daeb - <core::pin::Pin<P> as core::future::future::Future>::poll::hc5c5c8bf9a80f5f1
[INFO] [stdout]                                at /rustc/0e09125c6c3c2fd70d7de961bcf0e51575235fad/library/core/src/future/future.rs:124:9
[INFO] [stdout]   30:     0x55832bf24064 - tokio::runtime::scheduler::current_thread::CoreGuard::block_on::{{closure}}::{{closure}}::{{closure}}::h85459df570c20b2e
[INFO] [stdout]                                at /opt/rustwide/cargo-home/registry/src/index.crates.io-6f17d22bba15001f/tokio-1.29.1/src/runtime/scheduler/current_thread.rs:651:57
[INFO] [stdout]   31:     0x55832bf23f8a - tokio::runtime::coop::with_budget::h4795c7c9dd1d4b39
[INFO] [stdout]                                at /opt/rustwide/cargo-home/registry/src/index.crates.io-6f17d22bba15001f/tokio-1.29.1/src/runtime/coop.rs:107:5
[INFO] [stdout]   32:     0x55832bf23f8a - tokio::runtime::coop::budget::h437722ca71d401d5
[INFO] [stdout]                                at /opt/rustwide/cargo-home/registry/src/index.crates.io-6f17d22bba15001f/tokio-1.29.1/src/runtime/coop.rs:73:5
[INFO] [stdout]   33:     0x55832bf23f8a - tokio::runtime::scheduler::current_thread::CoreGuard::block_on::{{closure}}::{{closure}}::h7bd0d860df38a650
[INFO] [stdout]                                at /opt/rustwide/cargo-home/registry/src/index.crates.io-6f17d22bba15001f/tokio-1.29.1/src/runtime/scheduler/current_thread.rs:651:25
[INFO] [stdout]   34:     0x55832bf22c1c - tokio::runtime::scheduler::current_thread::Context::enter::hef970829a2c359c8
[INFO] [stdout]                                at /opt/rustwide/cargo-home/registry/src/index.crates.io-6f17d22bba15001f/tokio-1.29.1/src/runtime/scheduler/current_thread.rs:410:19
[INFO] [stdout]   35:     0x55832bf2378e - tokio::runtime::scheduler::current_thread::CoreGuard::block_on::{{closure}}::hcdd35e80eca991e0
[INFO] [stdout]                                at /opt/rustwide/cargo-home/registry/src/index.crates.io-6f17d22bba15001f/tokio-1.29.1/src/runtime/scheduler/current_thread.rs:650:36
[INFO] [stdout]   36:     0x55832bf2349b - tokio::runtime::scheduler::current_thread::CoreGuard::enter::{{closure}}::h93b09b761c574de0
[INFO] [stdout]                                at /opt/rustwide/cargo-home/registry/src/index.crates.io-6f17d22bba15001f/tokio-1.29.1/src/runtime/scheduler/current_thread.rs:729:68
[INFO] [stdout]   37:     0x55832bf1edbb - tokio::runtime::context::scoped::Scoped<T>::set::he408c036bbf41d7a
[INFO] [stdout]                                at /opt/rustwide/cargo-home/registry/src/index.crates.io-6f17d22bba15001f/tokio-1.29.1/src/runtime/context/scoped.rs:40:9
[INFO] [stdout]   38:     0x55832bf18aa9 - tokio::runtime::context::set_scheduler::{{closure}}::ha8a751c99df3a548
[INFO] [stdout]                                at /opt/rustwide/cargo-home/registry/src/index.crates.io-6f17d22bba15001f/tokio-1.29.1/src/runtime/context.rs:176:26
[INFO] [stdout]   39:     0x55832bf2c136 - std::thread::local::LocalKey<T>::try_with::h49159f585311e8bf
[INFO] [stdout]                                at /rustc/0e09125c6c3c2fd70d7de961bcf0e51575235fad/library/std/src/thread/local.rs:270:16
[INFO] [stdout]   40:     0x55832bf2baaa - std::thread::local::LocalKey<T>::with::h8a57177267994bb4
[INFO] [stdout]                                at /rustc/0e09125c6c3c2fd70d7de961bcf0e51575235fad/library/std/src/thread/local.rs:246:9
[INFO] [stdout]   41:     0x55832bf18a5d - tokio::runtime::context::set_scheduler::h10e7396f0984390b
[INFO] [stdout]                                at /opt/rustwide/cargo-home/registry/src/index.crates.io-6f17d22bba15001f/tokio-1.29.1/src/runtime/context.rs:176:9
[INFO] [stdout]   42:     0x55832bf23230 - tokio::runtime::scheduler::current_thread::CoreGuard::enter::h52309b34774826f3
[INFO] [stdout]                                at /opt/rustwide/cargo-home/registry/src/index.crates.io-6f17d22bba15001f/tokio-1.29.1/src/runtime/scheduler/current_thread.rs:729:27
[INFO] [stdout]   43:     0x55832bf234cd - tokio::runtime::scheduler::current_thread::CoreGuard::block_on::hdf5a05a1a35d0c00
[INFO] [stdout]                                at /opt/rustwide/cargo-home/registry/src/index.crates.io-6f17d22bba15001f/tokio-1.29.1/src/runtime/scheduler/current_thread.rs:638:19
[INFO] [stdout]   44:     0x55832bf223fd - tokio::runtime::scheduler::current_thread::CurrentThread::block_on::{{closure}}::hec7fc761e10218ef
[INFO] [stdout]                                at /opt/rustwide/cargo-home/registry/src/index.crates.io-6f17d22bba15001f/tokio-1.29.1/src/runtime/scheduler/current_thread.rs:175:28
[INFO] [stdout]   45:     0x55832bf2d0da - tokio::runtime::context::runtime::enter_runtime::hb298a8f843988b45
[INFO] [stdout]                                at /opt/rustwide/cargo-home/registry/src/index.crates.io-6f17d22bba15001f/tokio-1.29.1/src/runtime/context/runtime.rs:65:16
[INFO] [stdout]   46:     0x55832bf222ee - tokio::runtime::scheduler::current_thread::CurrentThread::block_on::h2d567291941209c8
[INFO] [stdout]                                at /opt/rustwide/cargo-home/registry/src/index.crates.io-6f17d22bba15001f/tokio-1.29.1/src/runtime/scheduler/current_thread.rs:167:9
[INFO] [stdout]   47:     0x55832bf18e53 - tokio::runtime::runtime::Runtime::block_on::h35cc7212e2e055bf
[INFO] [stdout]                                at /opt/rustwide/cargo-home/registry/src/index.crates.io-6f17d22bba15001f/tokio-1.29.1/src/runtime/runtime.rs:311:47
[INFO] [stdout]   48:     0x55832bf25b91 - tokio::task::local::LocalSet::block_on::h7b4d18b79a958015
[INFO] [stdout]                                at /opt/rustwide/cargo-home/registry/src/index.crates.io-6f17d22bba15001f/tokio-1.29.1/src/task/local.rs:534:9
[INFO] [stdout]   49:     0x55832bf289ea - actix_rt::runtime::Runtime::block_on::hc134651fe5ce7454
[INFO] [stdout]                                at /opt/rustwide/cargo-home/registry/src/index.crates.io-6f17d22bba15001f/actix-rt-2.8.0/src/runtime.rs:82:9
[INFO] [stdout]   50:     0x55832bf244ca - actix_rt::system::SystemRunner::block_on::ha4dce5dfcfca8780
[INFO] [stdout]                                at /opt/rustwide/cargo-home/registry/src/index.crates.io-6f17d22bba15001f/actix-rt-2.8.0/src/system.rs:210:9
[INFO] [stdout]   51:     0x55832bf19914 - information_theory::repo::ticker_data_repo::tests::test_find_all_ticker_data::hbabc810886abd5df
[INFO] [stdout]                                at /opt/rustwide/workdir/src/repo/ticker_data_repo.rs:27:5
[INFO] [stdout]   52:     0x55832bf198b7 - information_theory::repo::ticker_data_repo::tests::test_find_all_ticker_data::{{closure}}::he8313ddc9c062ffc
[INFO] [stdout]                                at /opt/rustwide/workdir/src/repo/ticker_data_repo.rs:28:41
[INFO] [stdout]   53:     0x55832bf167e6 - core::ops::function::FnOnce::call_once::h32ab5fdc22b53dc3
[INFO] [stdout]                                at /rustc/0e09125c6c3c2fd70d7de961bcf0e51575235fad/library/core/src/ops/function.rs:250:5
[INFO] [stdout]   54:     0x55832bf943bf - core::ops::function::FnOnce::call_once::hd64d26f405258157
[INFO] [stdout]                                at /rustc/0e09125c6c3c2fd70d7de961bcf0e51575235fad/library/core/src/ops/function.rs:250:5
[INFO] [stdout]   55:     0x55832bf943bf - test::__rust_begin_short_backtrace::he21b0b7a6d731bf9
[INFO] [stdout]                                at /rustc/0e09125c6c3c2fd70d7de961bcf0e51575235fad/library/test/src/lib.rs:627:18
[INFO] [stdout]   56:     0x55832bf93141 - test::run_test_in_process::{{closure}}::hf5c73986d7bdfde2
[INFO] [stdout]                                at /rustc/0e09125c6c3c2fd70d7de961bcf0e51575235fad/library/test/src/lib.rs:650:60
[INFO] [stdout]   57:     0x55832bf93141 - <core::panic::unwind_safe::AssertUnwindSafe<F> as core::ops::function::FnOnce<()>>::call_once::h330011ad032aadc0
[INFO] [stdout]                                at /rustc/0e09125c6c3c2fd70d7de961bcf0e51575235fad/library/core/src/panic/unwind_safe.rs:272:9
[INFO] [stdout]   58:     0x55832bf93141 - std::panicking::try::do_call::he61b0a958b795a41
[INFO] [stdout]                                at /rustc/0e09125c6c3c2fd70d7de961bcf0e51575235fad/library/std/src/panicking.rs:552:40
[INFO] [stdout]   59:     0x55832bf93141 - std::panicking::try::h7309da130f906eb7
[INFO] [stdout]                                at /rustc/0e09125c6c3c2fd70d7de961bcf0e51575235fad/library/std/src/panicking.rs:516:19
[INFO] [stdout]   60:     0x55832bf93141 - std::panic::catch_unwind::hc5c3a06fdaf0a92a
[INFO] [stdout]                                at /rustc/0e09125c6c3c2fd70d7de961bcf0e51575235fad/library/std/src/panic.rs:142:14
[INFO] [stdout]   61:     0x55832bf93141 - test::run_test_in_process::h7e7b7c71c3324e0f
[INFO] [stdout]                                at /rustc/0e09125c6c3c2fd70d7de961bcf0e51575235fad/library/test/src/lib.rs:650:27
[INFO] [stdout]   62:     0x55832bf93141 - test::run_test::{{closure}}::h1f509f28f5cf20b1
[INFO] [stdout]                                at /rustc/0e09125c6c3c2fd70d7de961bcf0e51575235fad/library/test/src/lib.rs:573:43
[INFO] [stdout]   63:     0x55832bf5a476 - test::run_test::{{closure}}::h1754218abf443f6d
[INFO] [stdout]                                at /rustc/0e09125c6c3c2fd70d7de961bcf0e51575235fad/library/test/src/lib.rs:601:41
[INFO] [stdout]   64:     0x55832bf5a476 - std::sys_common::backtrace::__rust_begin_short_backtrace::h2ee174b9d5954948
[INFO] [stdout]                                at /rustc/0e09125c6c3c2fd70d7de961bcf0e51575235fad/library/std/src/sys_common/backtrace.rs:155:18
[INFO] [stdout]   65:     0x55832bf5f4d7 - std::thread::Builder::spawn_unchecked_::{{closure}}::{{closure}}::hf60bee9c1a17ef09
[INFO] [stdout]                                at /rustc/0e09125c6c3c2fd70d7de961bcf0e51575235fad/library/std/src/thread/mod.rs:529:17
[INFO] [stdout]   66:     0x55832bf5f4d7 - <core::panic::unwind_safe::AssertUnwindSafe<F> as core::ops::function::FnOnce<()>>::call_once::h33d0dddec5216160
[INFO] [stdout]                                at /rustc/0e09125c6c3c2fd70d7de961bcf0e51575235fad/library/core/src/panic/unwind_safe.rs:272:9
[INFO] [stdout]   67:     0x55832bf5f4d7 - std::panicking::try::do_call::h144b3048b546f835
[INFO] [stdout]                                at /rustc/0e09125c6c3c2fd70d7de961bcf0e51575235fad/library/std/src/panicking.rs:552:40
[INFO] [stdout]   68:     0x55832bf5f4d7 - std::panicking::try::h978244d04646189f
[INFO] [stdout]                                at /rustc/0e09125c6c3c2fd70d7de961bcf0e51575235fad/library/std/src/panicking.rs:516:19
[INFO] [stdout]   69:     0x55832bf5f4d7 - std::panic::catch_unwind::hdf436369d188fe86
[INFO] [stdout]                                at /rustc/0e09125c6c3c2fd70d7de961bcf0e51575235fad/library/std/src/panic.rs:142:14
[INFO] [stdout]   70:     0x55832bf5f4d7 - std::thread::Builder::spawn_unchecked_::{{closure}}::h87329cbdd33c79ec
[INFO] [stdout]                                at /rustc/0e09125c6c3c2fd70d7de961bcf0e51575235fad/library/std/src/thread/mod.rs:528:30
[INFO] [stdout]   71:     0x55832bf5f4d7 - core::ops::function::FnOnce::call_once{{vtable.shim}}::h401abbe67897d450
[INFO] [stdout]                                at /rustc/0e09125c6c3c2fd70d7de961bcf0e51575235fad/library/core/src/ops/function.rs:250:5
[INFO] [stdout]   72:     0x55832c6d35f5 - <alloc::boxed::Box<F,A> as core::ops::function::FnOnce<Args>>::call_once::h5d7c8f150ab9c84c
[INFO] [stdout]                                at /rustc/0e09125c6c3c2fd70d7de961bcf0e51575235fad/library/alloc/src/boxed.rs:2015:9
[INFO] [stdout]   73:     0x55832c6d35f5 - <alloc::boxed::Box<F,A> as core::ops::function::FnOnce<Args>>::call_once::h570d5b005c242c15
[INFO] [stdout]                                at /rustc/0e09125c6c3c2fd70d7de961bcf0e51575235fad/library/alloc/src/boxed.rs:2015:9
[INFO] [stdout]   74:     0x55832c6d35f5 - std::sys::unix::thread::Thread::new::thread_start::h36b0a20c0b2361ad
[INFO] [stdout]                                at /rustc/0e09125c6c3c2fd70d7de961bcf0e51575235fad/library/std/src/sys/unix/thread.rs:108:17
[INFO] [stdout]   75:     0x7f104dcc3ac3 - <unknown>
[INFO] [stdout]   76:     0x7f104dd54bf4 - __clone
[INFO] [stdout]   77:                0x0 - <unknown>
[INFO] [stdout] 
[INFO] [stdout] 
[INFO] [stdout] failures:
[INFO] [stdout]     repo::ticker_data_repo::tests::test_find_all_ticker_data
[INFO] [stdout] 
[INFO] [stdout] test result: FAILED. 0 passed; 1 failed; 0 ignored; 0 measured; 0 filtered out; finished in 0.23s
[INFO] [stdout] 
[INFO] [stderr] error: test failed, to rerun pass `--lib`
[INFO] running `Command { std: "docker" "inspect" "17a3451d678155faad60522ce4c2ddf3cb31c7921f79a431843382f88ee26efe", kill_on_drop: false }`
[INFO] running `Command { std: "docker" "rm" "-f" "17a3451d678155faad60522ce4c2ddf3cb31c7921f79a431843382f88ee26efe", kill_on_drop: false }`
[INFO] [stdout] 17a3451d678155faad60522ce4c2ddf3cb31c7921f79a431843382f88ee26efe
