[INFO] cloning repository https://github.com/akiomik/nostui
[INFO] running `Command { std: "git" "-c" "credential.helper=" "-c" "credential.helper=/workspace/cargo-home/bin/git-credential-null" "clone" "--bare" "https://github.com/akiomik/nostui" "/workspace/cache/git-repos/https%3A%2F%2Fgithub.com%2Fakiomik%2Fnostui", kill_on_drop: false }`
[INFO] [stderr] Cloning into bare repository '/workspace/cache/git-repos/https%3A%2F%2Fgithub.com%2Fakiomik%2Fnostui'...
[INFO] running `Command { std: "git" "rev-parse" "HEAD", kill_on_drop: false }`
[INFO] [stdout] a344b45693edb4904302974891932e6bf811660d
[INFO] testing akiomik/nostui against 1.75.0 for beta-1.76-1
[INFO] running `Command { std: "git" "clone" "/workspace/cache/git-repos/https%3A%2F%2Fgithub.com%2Fakiomik%2Fnostui" "/workspace/builds/worker-3-tc1/source", kill_on_drop: false }`
[INFO] [stderr] Cloning into '/workspace/builds/worker-3-tc1/source'...
[INFO] [stderr] done.
[INFO] validating manifest of git repo https://github.com/akiomik/nostui on toolchain 1.75.0
[INFO] running `Command { std: CARGO_HOME="/workspace/cargo-home" RUSTUP_HOME="/workspace/rustup-home" "/workspace/cargo-home/bin/cargo" "+1.75.0" "metadata" "--manifest-path" "Cargo.toml" "--no-deps", kill_on_drop: false }`
[INFO] removed /workspace/builds/worker-3-tc1/source/rust-toolchain.toml
[INFO] started tweaking git repo https://github.com/akiomik/nostui
[INFO] finished tweaking git repo https://github.com/akiomik/nostui
[INFO] tweaked toml for git repo https://github.com/akiomik/nostui written to /workspace/builds/worker-3-tc1/source/Cargo.toml
[INFO] crate git repo https://github.com/akiomik/nostui already has a lockfile, it will not be regenerated
[INFO] running `Command { std: CARGO_HOME="/workspace/cargo-home" RUSTUP_HOME="/workspace/rustup-home" "/workspace/cargo-home/bin/cargo" "+1.75.0" "fetch" "--manifest-path" "Cargo.toml", kill_on_drop: false }`
[INFO] [stderr]     Updating crates.io index
[INFO] [stderr]  Downloading crates ...
[INFO] [stderr]   Downloaded negentropy v0.3.1
[INFO] [stderr]   Downloaded async-utility v0.1.1
[INFO] [stderr]   Downloaded url-fork v3.0.0
[INFO] [stderr]   Downloaded human-panic v1.2.2
[INFO] [stderr]   Downloaded wasm-ws v0.1.0
[INFO] [stderr]   Downloaded nostr-sdk v0.26.0
[INFO] [stderr]   Downloaded tui-textarea v0.4.0
[INFO] [stderr]   Downloaded nostr v0.26.0
[INFO] [stderr]   Downloaded nostr-sdk-net v0.26.0
[INFO] [stderr]   Downloaded nostr-database v0.26.0
[INFO] running `Command { std: "docker" "create" "-v" "/var/lib/crater-agent-workspace/builds/worker-3-tc1/target:/opt/rustwide/target:rw,Z" "-v" "/var/lib/crater-agent-workspace/builds/worker-3-tc1/source:/opt/rustwide/workdir:ro,Z" "-v" "/var/lib/crater-agent-workspace/cargo-home:/opt/rustwide/cargo-home:ro,Z" "-v" "/var/lib/crater-agent-workspace/rustup-home:/opt/rustwide/rustup-home:ro,Z" "-e" "SOURCE_DIR=/opt/rustwide/workdir" "-e" "CARGO_TARGET_DIR=/opt/rustwide/target" "-e" "CARGO_HOME=/opt/rustwide/cargo-home" "-e" "RUSTUP_HOME=/opt/rustwide/rustup-home" "-w" "/opt/rustwide/workdir" "-m" "1610612736" "--user" "0:0" "--network" "none" "ghcr.io/rust-lang/crates-build-env/linux@sha256:2788e3201cd34a07e3172128adcd8b3090168a8e3bcc40d7c032b9dda1df7d1c" "/opt/rustwide/cargo-home/bin/cargo" "+1.75.0" "metadata" "--no-deps" "--format-version=1", kill_on_drop: false }`
[INFO] [stdout] fc1bd679d35c22b773863caa713e7276dea4b6300b02b068498db1276e6e4acd
[INFO] running `Command { std: "docker" "start" "-a" "fc1bd679d35c22b773863caa713e7276dea4b6300b02b068498db1276e6e4acd", kill_on_drop: false }`
[INFO] running `Command { std: "docker" "inspect" "fc1bd679d35c22b773863caa713e7276dea4b6300b02b068498db1276e6e4acd", kill_on_drop: false }`
[INFO] running `Command { std: "docker" "rm" "-f" "fc1bd679d35c22b773863caa713e7276dea4b6300b02b068498db1276e6e4acd", kill_on_drop: false }`
[INFO] [stdout] fc1bd679d35c22b773863caa713e7276dea4b6300b02b068498db1276e6e4acd
[INFO] running `Command { std: "docker" "create" "-v" "/var/lib/crater-agent-workspace/builds/worker-3-tc1/target:/opt/rustwide/target:rw,Z" "-v" "/var/lib/crater-agent-workspace/builds/worker-3-tc1/source:/opt/rustwide/workdir:ro,Z" "-v" "/var/lib/crater-agent-workspace/cargo-home:/opt/rustwide/cargo-home:ro,Z" "-v" "/var/lib/crater-agent-workspace/rustup-home:/opt/rustwide/rustup-home:ro,Z" "-e" "SOURCE_DIR=/opt/rustwide/workdir" "-e" "CARGO_TARGET_DIR=/opt/rustwide/target" "-e" "CARGO_INCREMENTAL=0" "-e" "RUST_BACKTRACE=full" "-e" "RUSTFLAGS=--cap-lints=warn" "-e" "RUSTDOCFLAGS=--cap-lints=warn" "-e" "CARGO_HOME=/opt/rustwide/cargo-home" "-e" "RUSTUP_HOME=/opt/rustwide/rustup-home" "-w" "/opt/rustwide/workdir" "-m" "1610612736" "--user" "0:0" "--network" "none" "ghcr.io/rust-lang/crates-build-env/linux@sha256:2788e3201cd34a07e3172128adcd8b3090168a8e3bcc40d7c032b9dda1df7d1c" "/opt/rustwide/cargo-home/bin/cargo" "+1.75.0" "build" "--frozen" "--message-format=json", kill_on_drop: false }`
[INFO] [stdout] 97762caeebcadb01d4f4cd91d1d5742775ec518488ca45975e29f3e76a41bbfb
[INFO] running `Command { std: "docker" "start" "-a" "97762caeebcadb01d4f4cd91d1d5742775ec518488ca45975e29f3e76a41bbfb", kill_on_drop: false }`
[INFO] [stderr]    Compiling proc-macro2 v1.0.71
[INFO] [stderr]    Compiling unicode-ident v1.0.12
[INFO] [stderr]    Compiling cfg-if v1.0.0
[INFO] [stderr]    Compiling libc v0.2.151
[INFO] [stderr]    Compiling version_check v0.9.4
[INFO] [stderr]    Compiling serde v1.0.193
[INFO] [stderr]    Compiling once_cell v1.19.0
[INFO] [stderr]    Compiling autocfg v1.1.0
[INFO] [stderr]    Compiling log v0.4.20
[INFO] [stderr]    Compiling memchr v2.6.4
[INFO] [stderr]    Compiling smallvec v1.11.2
[INFO] [stderr]    Compiling pin-project-lite v0.2.13
[INFO] [stderr]    Compiling parking_lot_core v0.9.9
[INFO] [stderr]    Compiling futures-core v0.3.30
[INFO] [stderr]    Compiling scopeguard v1.2.0
[INFO] [stderr]    Compiling typenum v1.17.0
[INFO] [stderr]    Compiling bytes v1.5.0
[INFO] [stderr]    Compiling thiserror v1.0.52
[INFO] [stderr]    Compiling zerocopy v0.7.32
[INFO] [stderr]    Compiling futures-sink v0.3.30
[INFO] [stderr]    Compiling allocator-api2 v0.2.16
[INFO] [stderr]    Compiling itoa v1.0.10
[INFO] [stderr]    Compiling futures-channel v0.3.30
[INFO] [stderr]    Compiling tracing-core v0.1.32
[INFO] [stderr]    Compiling futures-io v0.3.30
[INFO] [stderr]    Compiling generic-array v0.14.7
[INFO] [stderr]    Compiling ahash v0.8.6
[INFO] [stderr]    Compiling lock_api v0.4.11
[INFO] [stderr]    Compiling slab v0.4.9
[INFO] [stderr]    Compiling pin-utils v0.1.0
[INFO] [stderr]    Compiling futures-task v0.3.30
[INFO] [stderr]    Compiling spin v0.9.8
[INFO] [stderr]    Compiling untrusted v0.9.0
[INFO] [stderr]    Compiling tinyvec_macros v0.1.1
[INFO] [stderr]    Compiling fnv v1.0.7
[INFO] [stderr]    Compiling tinyvec v1.6.0
[INFO] [stderr]    Compiling percent-encoding v2.3.1
[INFO] [stderr]    Compiling httparse v1.8.0
[INFO] [stderr]    Compiling http v0.2.11
[INFO] [stderr]    Compiling rustls v0.21.10
[INFO] [stderr]    Compiling equivalent v1.0.1
[INFO] [stderr]    Compiling form_urlencoded v1.2.1
[INFO] [stderr]    Compiling quote v1.0.33
[INFO] [stderr]    Compiling either v1.9.0
[INFO] [stderr]    Compiling hashbrown v0.14.3
[INFO] [stderr]    Compiling unicode-bidi v0.3.14
[INFO] [stderr]    Compiling ppv-lite86 v0.2.17
[INFO] [stderr]    Compiling crossbeam-utils v0.8.18
[INFO] [stderr]    Compiling syn v2.0.43
[INFO] [stderr]    Compiling bitcoin-private v0.1.0
[INFO] [stderr]    Compiling cpufeatures v0.2.11
[INFO] [stderr]    Compiling serde_json v1.0.108
[INFO] [stderr]    Compiling cc v1.0.83
[INFO] [stderr]    Compiling ryu v1.0.16
[INFO] [stderr]    Compiling try-lock v0.2.5
[INFO] [stderr]    Compiling utf8parse v0.2.1
[INFO] [stderr]    Compiling getrandom v0.2.11
[INFO] [stderr]    Compiling signal-hook-registry v1.4.1
[INFO] [stderr]    Compiling mio v0.8.10
[INFO] [stderr]    Compiling num_cpus v1.16.0
[INFO] [stderr]    Compiling socket2 v0.5.5
[INFO] [stderr]    Compiling http-body v0.4.6
[INFO] [stderr]    Compiling rand_core v0.6.4
[INFO] [stderr]    Compiling parking_lot v0.12.1
[INFO] [stderr]    Compiling unicode-normalization v0.1.22
[INFO] [stderr]    Compiling rand_chacha v0.3.1
[INFO] [stderr]    Compiling indexmap v2.1.0
[INFO] [stderr]    Compiling want v0.3.1
[INFO] [stderr]    Compiling ahash v0.7.7
[INFO] [stderr]    Compiling rand v0.8.5
[INFO] [stderr]    Compiling heck v0.4.1
[INFO] [stderr]    Compiling signal-hook v0.3.17
[INFO] [stderr]    Compiling rustversion v1.0.14
[INFO] [stderr]    Compiling idna v0.5.0
[INFO] [stderr]    Compiling ucd-trie v0.1.6
[INFO] [stderr]    Compiling tower-service v0.3.2
[INFO] [stderr]    Compiling regex-syntax v0.6.29
[INFO] [stderr]    Compiling syn v1.0.109
[INFO] [stderr]    Compiling httpdate v1.0.3
[INFO] [stderr]    Compiling regex-syntax v0.8.2
[INFO] [stderr]    Compiling crypto-common v0.1.6
[INFO] [stderr]    Compiling block-padding v0.3.3
[INFO] [stderr]    Compiling block-buffer v0.10.4
[INFO] [stderr]    Compiling webpki-roots v0.25.3
[INFO] [stderr]    Compiling hex_lit v0.1.1
[INFO] [stderr]    Compiling inout v0.1.3
[INFO] [stderr]    Compiling crossbeam-epoch v0.9.17
[INFO] [stderr]    Compiling digest v0.10.7
[INFO] [stderr]    Compiling bitcoin v0.30.2
[INFO] [stderr]    Compiling async-trait v0.1.75
[INFO] [stderr]    Compiling base64 v0.21.5
[INFO] [stderr]    Compiling rustix v0.38.28
[INFO] [stderr]    Compiling cipher v0.4.4
[INFO] [stderr]    Compiling url v2.5.0
[INFO] [stderr]    Compiling adler v1.0.2
[INFO] [stderr]    Compiling gimli v0.28.1
[INFO] [stderr]    Compiling rayon-core v1.12.0
[INFO] [stderr]    Compiling ring v0.17.7
[INFO] [stderr]    Compiling secp256k1-sys v0.8.1
[INFO] [stderr]    Compiling backtrace v0.3.69
[INFO] [stderr]    Compiling overload v0.1.1
[INFO] [stderr]    Compiling nu-ansi-term v0.46.0
[INFO] [stderr]    Compiling rustls-pemfile v1.0.4
[INFO] [stderr]    Compiling crossbeam-deque v0.8.4
[INFO] [stderr]    Compiling miniz_oxide v0.7.1
[INFO] [stderr]    Compiling sha1 v0.10.6
[INFO] [stderr]    Compiling anstyle-parse v0.2.3
[INFO] [stderr]    Compiling sharded-slab v0.1.7
[INFO] [stderr]    Compiling tracing-log v0.2.0
[INFO] [stderr]    Compiling object v0.32.2
[INFO] [stderr]    Compiling unicase v2.7.0
[INFO] [stderr]    Compiling thread_local v1.1.7
[INFO] [stderr]    Compiling encoding_rs v0.8.33
[INFO] [stderr]    Compiling byteorder v1.5.0
[INFO] [stderr]    Compiling unicode-width v0.1.11
[INFO] [stderr]    Compiling regex-automata v0.4.3
[INFO] [stderr]    Compiling nostr v0.26.0
[INFO] [stderr]    Compiling utf-8 v0.7.6
[INFO] [stderr]    Compiling bech32 v0.9.1
[INFO] [stderr]    Compiling bitcoin_hashes v0.11.0
[INFO] [stderr]    Compiling anstyle v1.0.4
[INFO] [stderr]    Compiling anstyle-query v1.0.2
[INFO] [stderr]    Compiling ipnet v2.9.0
[INFO] [stderr]    Compiling paste v1.0.14
[INFO] [stderr]    Compiling data-encoding v2.5.0
[INFO] [stderr]    Compiling colorchoice v1.0.0
[INFO] [stderr]    Compiling linux-raw-sys v0.4.12
[INFO] [stderr]    Compiling regex-automata v0.1.10
[INFO] [stderr]    Compiling rustc-demangle v0.1.23
[INFO] [stderr]    Compiling mime v0.3.17
[INFO] [stderr]    Compiling anstream v0.6.5
[INFO] [stderr] error: could not compile `syn` (lib)
[INFO] [stderr] 
[INFO] [stderr] Caused by:
[INFO] [stderr]   process didn't exit successfully: `/opt/rustwide/rustup-home/toolchains/1.75.0-x86_64-unknown-linux-gnu/bin/rustc --crate-name syn --edition=2021 /opt/rustwide/cargo-home/registry/src/index.crates.io-6f17d22bba15001f/syn-2.0.43/src/lib.rs --error-format=json --json=diagnostic-rendered-ansi,artifacts,future-incompat --crate-type lib --emit=dep-info,metadata,link -C embed-bitcode=no --cfg 'feature="clone-impls"' --cfg 'feature="default"' --cfg 'feature="derive"' --cfg 'feature="extra-traits"' --cfg 'feature="full"' --cfg 'feature="parsing"' --cfg 'feature="printing"' --cfg 'feature="proc-macro"' --cfg 'feature="quote"' --cfg 'feature="visit-mut"' -C metadata=778582ad71bbdd94 -C extra-filename=-778582ad71bbdd94 --out-dir /opt/rustwide/target/debug/deps -L dependency=/opt/rustwide/target/debug/deps --extern proc_macro2=/opt/rustwide/target/debug/deps/libproc_macro2-d93b3441d2c9224a.rmeta --extern quote=/opt/rustwide/target/debug/deps/libquote-a7e4641079aa040f.rmeta --extern unicode_ident=/opt/rustwide/target/debug/deps/libunicode_ident-e03ce37406b474da.rmeta --cap-lints allow --cap-lints=warn` (signal: 9, SIGKILL: kill)
[INFO] [stderr] warning: build failed, waiting for other jobs to finish...
[INFO] running `Command { std: "docker" "inspect" "97762caeebcadb01d4f4cd91d1d5742775ec518488ca45975e29f3e76a41bbfb", kill_on_drop: false }`
[INFO] running `Command { std: "docker" "rm" "-f" "97762caeebcadb01d4f4cd91d1d5742775ec518488ca45975e29f3e76a41bbfb", kill_on_drop: false }`
[INFO] [stdout] 97762caeebcadb01d4f4cd91d1d5742775ec518488ca45975e29f3e76a41bbfb
[INFO] testing akiomik/nostui against beta-2023-12-22 for beta-1.76-1
[INFO] running `Command { std: "git" "clone" "/workspace/cache/git-repos/https%3A%2F%2Fgithub.com%2Fakiomik%2Fnostui" "/workspace/builds/worker-3-tc2/source", kill_on_drop: false }`
[INFO] [stderr] Cloning into '/workspace/builds/worker-3-tc2/source'...
[INFO] [stderr] done.
[INFO] validating manifest of git repo https://github.com/akiomik/nostui on toolchain beta-2023-12-22
[INFO] running `Command { std: CARGO_HOME="/workspace/cargo-home" RUSTUP_HOME="/workspace/rustup-home" "/workspace/cargo-home/bin/cargo" "+beta-2023-12-22" "metadata" "--manifest-path" "Cargo.toml" "--no-deps", kill_on_drop: false }`
[INFO] removed /workspace/builds/worker-3-tc2/source/rust-toolchain.toml
[INFO] started tweaking git repo https://github.com/akiomik/nostui
[INFO] finished tweaking git repo https://github.com/akiomik/nostui
[INFO] tweaked toml for git repo https://github.com/akiomik/nostui written to /workspace/builds/worker-3-tc2/source/Cargo.toml
[INFO] crate git repo https://github.com/akiomik/nostui already has a lockfile, it will not be regenerated
[INFO] running `Command { std: CARGO_HOME="/workspace/cargo-home" RUSTUP_HOME="/workspace/rustup-home" "/workspace/cargo-home/bin/cargo" "+beta-2023-12-22" "fetch" "--manifest-path" "Cargo.toml", kill_on_drop: false }`
[INFO] running `Command { std: "docker" "create" "-v" "/var/lib/crater-agent-workspace/builds/worker-3-tc2/target:/opt/rustwide/target:rw,Z" "-v" "/var/lib/crater-agent-workspace/builds/worker-3-tc2/source:/opt/rustwide/workdir:ro,Z" "-v" "/var/lib/crater-agent-workspace/cargo-home:/opt/rustwide/cargo-home:ro,Z" "-v" "/var/lib/crater-agent-workspace/rustup-home:/opt/rustwide/rustup-home:ro,Z" "-e" "SOURCE_DIR=/opt/rustwide/workdir" "-e" "CARGO_TARGET_DIR=/opt/rustwide/target" "-e" "CARGO_HOME=/opt/rustwide/cargo-home" "-e" "RUSTUP_HOME=/opt/rustwide/rustup-home" "-w" "/opt/rustwide/workdir" "-m" "1610612736" "--user" "0:0" "--network" "none" "ghcr.io/rust-lang/crates-build-env/linux@sha256:2788e3201cd34a07e3172128adcd8b3090168a8e3bcc40d7c032b9dda1df7d1c" "/opt/rustwide/cargo-home/bin/cargo" "+beta-2023-12-22" "metadata" "--no-deps" "--format-version=1", kill_on_drop: false }`
[INFO] [stdout] 5f65f58065fcf0f4bb2187009e15bbbef6a4c944c162ae030f8dc113c2a7d9a4
[INFO] running `Command { std: "docker" "start" "-a" "5f65f58065fcf0f4bb2187009e15bbbef6a4c944c162ae030f8dc113c2a7d9a4", kill_on_drop: false }`
[INFO] running `Command { std: "docker" "inspect" "5f65f58065fcf0f4bb2187009e15bbbef6a4c944c162ae030f8dc113c2a7d9a4", kill_on_drop: false }`
[INFO] running `Command { std: "docker" "rm" "-f" "5f65f58065fcf0f4bb2187009e15bbbef6a4c944c162ae030f8dc113c2a7d9a4", kill_on_drop: false }`
[INFO] [stdout] 5f65f58065fcf0f4bb2187009e15bbbef6a4c944c162ae030f8dc113c2a7d9a4
[INFO] running `Command { std: "docker" "create" "-v" "/var/lib/crater-agent-workspace/builds/worker-3-tc2/target:/opt/rustwide/target:rw,Z" "-v" "/var/lib/crater-agent-workspace/builds/worker-3-tc2/source:/opt/rustwide/workdir:ro,Z" "-v" "/var/lib/crater-agent-workspace/cargo-home:/opt/rustwide/cargo-home:ro,Z" "-v" "/var/lib/crater-agent-workspace/rustup-home:/opt/rustwide/rustup-home:ro,Z" "-e" "SOURCE_DIR=/opt/rustwide/workdir" "-e" "CARGO_TARGET_DIR=/opt/rustwide/target" "-e" "CARGO_INCREMENTAL=0" "-e" "RUST_BACKTRACE=full" "-e" "RUSTFLAGS=--cap-lints=warn" "-e" "RUSTDOCFLAGS=--cap-lints=warn" "-e" "CARGO_HOME=/opt/rustwide/cargo-home" "-e" "RUSTUP_HOME=/opt/rustwide/rustup-home" "-w" "/opt/rustwide/workdir" "-m" "1610612736" "--user" "0:0" "--network" "none" "ghcr.io/rust-lang/crates-build-env/linux@sha256:2788e3201cd34a07e3172128adcd8b3090168a8e3bcc40d7c032b9dda1df7d1c" "/opt/rustwide/cargo-home/bin/cargo" "+beta-2023-12-22" "build" "--frozen" "--message-format=json", kill_on_drop: false }`
[INFO] [stdout] 0b98c7f1d937239d04fd5e19392cede44edcd8fb67ede38bc7349da953cd9341
[INFO] running `Command { std: "docker" "start" "-a" "0b98c7f1d937239d04fd5e19392cede44edcd8fb67ede38bc7349da953cd9341", kill_on_drop: false }`
[INFO] [stderr]    Compiling proc-macro2 v1.0.71
[INFO] [stderr]    Compiling unicode-ident v1.0.12
[INFO] [stderr]    Compiling cfg-if v1.0.0
[INFO] [stderr]    Compiling libc v0.2.151
[INFO] [stderr]    Compiling version_check v0.9.4
[INFO] [stderr]    Compiling serde v1.0.193
[INFO] [stderr]    Compiling autocfg v1.1.0
[INFO] [stderr]    Compiling once_cell v1.19.0
[INFO] [stderr]    Compiling log v0.4.20
[INFO] [stderr]    Compiling memchr v2.6.4
[INFO] [stderr]    Compiling pin-project-lite v0.2.13
[INFO] [stderr]    Compiling smallvec v1.11.2
[INFO] [stderr]    Compiling parking_lot_core v0.9.9
[INFO] [stderr]    Compiling scopeguard v1.2.0
[INFO] [stderr]    Compiling futures-core v0.3.30
[INFO] [stderr]    Compiling typenum v1.17.0
[INFO] [stderr]    Compiling bytes v1.5.0
[INFO] [stderr]    Compiling zerocopy v0.7.32
[INFO] [stderr]    Compiling thiserror v1.0.52
[INFO] [stderr]    Compiling futures-sink v0.3.30
[INFO] [stderr]    Compiling itoa v1.0.10
[INFO] [stderr]    Compiling allocator-api2 v0.2.16
[INFO] [stderr]    Compiling futures-channel v0.3.30
[INFO] [stderr]    Compiling tracing-core v0.1.32
[INFO] [stderr]    Compiling futures-io v0.3.30
[INFO] [stderr]    Compiling futures-task v0.3.30
[INFO] [stderr]    Compiling ahash v0.8.6
[INFO] [stderr]    Compiling generic-array v0.14.7
[INFO] [stderr]    Compiling lock_api v0.4.11
[INFO] [stderr]    Compiling slab v0.4.9
[INFO] [stderr]    Compiling pin-utils v0.1.0
[INFO] [stderr]    Compiling tinyvec_macros v0.1.1
[INFO] [stderr]    Compiling untrusted v0.9.0
[INFO] [stderr]    Compiling spin v0.9.8
[INFO] [stderr]    Compiling tinyvec v1.6.0
[INFO] [stderr]    Compiling fnv v1.0.7
[INFO] [stderr]    Compiling http v0.2.11
[INFO] [stderr]    Compiling percent-encoding v2.3.1
[INFO] [stderr]    Compiling equivalent v1.0.1
[INFO] [stderr]    Compiling httparse v1.8.0
[INFO] [stderr]    Compiling rustls v0.21.10
[INFO] [stderr]    Compiling form_urlencoded v1.2.1
[INFO] [stderr]    Compiling ppv-lite86 v0.2.17
[INFO] [stderr]    Compiling either v1.9.0
[INFO] [stderr]    Compiling quote v1.0.33
[INFO] [stderr]    Compiling hashbrown v0.14.3
[INFO] [stderr]    Compiling unicode-bidi v0.3.14
[INFO] [stderr]    Compiling crossbeam-utils v0.8.18
[INFO] [stderr]    Compiling bitcoin-private v0.1.0
[INFO] [stderr]    Compiling cpufeatures v0.2.11
[INFO] [stderr]    Compiling syn v2.0.43
[INFO] [stderr]    Compiling cc v1.0.83
[INFO] [stderr]    Compiling getrandom v0.2.11
[INFO] [stderr]    Compiling signal-hook-registry v1.4.1
[INFO] [stderr]    Compiling mio v0.8.10
[INFO] [stderr]    Compiling num_cpus v1.16.0
[INFO] [stderr]    Compiling socket2 v0.5.5
[INFO] [stderr]    Compiling serde_json v1.0.108
[INFO] [stderr]    Compiling utf8parse v0.2.1
[INFO] [stderr]    Compiling rand_core v0.6.4
[INFO] [stderr]    Compiling try-lock v0.2.5
[INFO] [stderr]    Compiling parking_lot v0.12.1
[INFO] [stderr]    Compiling unicode-normalization v0.1.22
[INFO] [stderr]    Compiling ryu v1.0.16
[INFO] [stderr]    Compiling rand_chacha v0.3.1
[INFO] [stderr]    Compiling indexmap v2.1.0
[INFO] [stderr]    Compiling want v0.3.1
[INFO] [stderr]    Compiling http-body v0.4.6
[INFO] [stderr]    Compiling rand v0.8.5
[INFO] [stderr]    Compiling ahash v0.7.7
[INFO] [stderr]    Compiling syn v1.0.109
[INFO] [stderr]    Compiling tower-service v0.3.2
[INFO] [stderr]    Compiling idna v0.5.0
[INFO] [stderr]    Compiling regex-syntax v0.6.29
[INFO] [stderr]    Compiling httpdate v1.0.3
[INFO] [stderr]    Compiling hex_lit v0.1.1
[INFO] [stderr]    Compiling ucd-trie v0.1.6
[INFO] [stderr]    Compiling rustversion v1.0.14
[INFO] [stderr]    Compiling heck v0.4.1
[INFO] [stderr]    Compiling signal-hook v0.3.17
[INFO] [stderr]    Compiling regex-syntax v0.8.2
[INFO] [stderr]    Compiling webpki-roots v0.25.3
[INFO] [stderr]    Compiling gimli v0.28.1
[INFO] [stderr]    Compiling base64 v0.21.5
[INFO] [stderr]    Compiling crypto-common v0.1.6
[INFO] [stderr]    Compiling block-padding v0.3.3
[INFO] [stderr]    Compiling block-buffer v0.10.4
[INFO] [stderr]    Compiling crossbeam-epoch v0.9.17
[INFO] [stderr]    Compiling inout v0.1.3
[INFO] [stderr]    Compiling digest v0.10.7
[INFO] [stderr]    Compiling async-trait v0.1.75
[INFO] [stderr]    Compiling overload v0.1.1
[INFO] [stderr]    Compiling url v2.5.0
[INFO] [stderr]    Compiling ring v0.17.7
[INFO] [stderr]    Compiling secp256k1-sys v0.8.1
[INFO] [stderr]    Compiling backtrace v0.3.69
[INFO] [stderr]    Compiling cipher v0.4.4
[INFO] [stderr]    Compiling adler v1.0.2
[INFO] [stderr]    Compiling rustix v0.38.28
[INFO] [stderr]    Compiling bitcoin v0.30.2
[INFO] [stderr]    Compiling rayon-core v1.12.0
[INFO] [stderr]    Compiling miniz_oxide v0.7.1
[INFO] [stderr]    Compiling crossbeam-deque v0.8.4
[INFO] [stderr]    Compiling sha1 v0.10.6
[INFO] [stderr]    Compiling rustls-pemfile v1.0.4
[INFO] [stderr]    Compiling nu-ansi-term v0.46.0
[INFO] [stderr]    Compiling anstyle-parse v0.2.3
[INFO] [stderr]    Compiling sharded-slab v0.1.7
[INFO] [stderr]    Compiling tracing-log v0.2.0
[INFO] [stderr]    Compiling object v0.32.2
[INFO] [stderr]    Compiling unicase v2.7.0
[INFO] [stderr]    Compiling thread_local v1.1.7
[INFO] [stderr]    Compiling encoding_rs v0.8.33
[INFO] [stderr]    Compiling bech32 v0.9.1
[INFO] [stderr]    Compiling nostr v0.26.0
[INFO] [stderr]    Compiling byteorder v1.5.0
[INFO] [stderr]    Compiling ipnet v2.9.0
[INFO] [stderr]    Compiling regex-automata v0.4.3
[INFO] [stderr]    Compiling paste v1.0.14
[INFO] [stderr]    Compiling anstyle v1.0.4
[INFO] [stderr]    Compiling mime v0.3.17
[INFO] [stderr]    Compiling colorchoice v1.0.0
[INFO] [stderr]    Compiling regex-automata v0.1.10
[INFO] [stderr]    Compiling utf-8 v0.7.6
[INFO] [stderr]    Compiling rustc-demangle v0.1.23
[INFO] [stderr]    Compiling bitcoin_hashes v0.11.0
[INFO] [stderr]    Compiling unicode-width v0.1.11
[INFO] [stderr]    Compiling anstyle-query v1.0.2
[INFO] [stderr]    Compiling data-encoding v2.5.0
[INFO] [stderr]    Compiling linux-raw-sys v0.4.12
[INFO] [stderr]    Compiling addr2line v0.21.0
[INFO] [stderr]    Compiling matchers v0.1.0
[INFO] [stderr]    Compiling anstream v0.6.5
[INFO] [stderr]    Compiling hashbrown v0.12.3
[INFO] [stderr]    Compiling signal-hook-mio v0.2.3
[INFO] [stderr]    Compiling aes v0.8.3
[INFO] [stderr]    Compiling cbc v0.1.2
[INFO] [stderr]    Compiling num-traits v0.2.17
[INFO] [stderr]    Compiling dlv-list v0.3.0
[INFO] [stderr]    Compiling negentropy v0.3.1
[INFO] [stderr]    Compiling eyre v0.6.11
[INFO] [stderr]    Compiling regex v1.10.2
[INFO] [stderr]    Compiling ordered-multimap v0.4.3
[INFO] [stderr]    Compiling rayon v1.8.0
[INFO] [stderr]    Compiling lru v0.12.1
[INFO] [stderr]    Compiling vte_generate_state_changes v0.1.1
[INFO] [stderr]    Compiling itertools v0.12.0
[INFO] [stderr]    Compiling linked-hash-map v0.5.6
[INFO] [stderr]    Compiling owo-colors v3.5.0
[INFO] [stderr]    Compiling bitflags v1.3.2
[INFO] [stderr]    Compiling base64 v0.13.1
[INFO] [stderr]    Compiling indoc v2.0.4
[INFO] [stderr]    Compiling clap_lex v0.6.0
[INFO] [stderr]    Compiling option-ext v0.2.0
[INFO] [stderr]    Compiling strsim v0.10.0
[INFO] [stderr]    Compiling indenter v0.3.3
[INFO] [stderr]    Compiling cassowary v0.3.0
[INFO] [stderr]    Compiling minimal-lexical v0.2.1
[INFO] [stderr]    Compiling unicode-segmentation v1.10.1
[INFO] [stderr]    Compiling vte v0.11.1
[INFO] [stderr]    Compiling nom v7.1.3
[INFO] [stderr]    Compiling dirs-sys v0.4.1
[INFO] [stderr]    Compiling yaml-rust v0.4.5
[INFO] [stderr]    Compiling rust-ini v0.18.0
[INFO] [stderr]    Compiling uuid v1.6.1
[INFO] [stderr]    Compiling console v0.15.7
[INFO] [stderr]    Compiling pathdiff v0.2.1
[INFO] [stderr]    Compiling nostui v0.1.0 (/opt/rustwide/workdir)
[INFO] [stderr]    Compiling yansi v0.5.1
[INFO] [stderr]    Compiling iana-time-zone v0.1.58
[INFO] [stderr]    Compiling sct v0.7.1
[INFO] [stderr]    Compiling rustls-webpki v0.101.7
[INFO] [stderr]    Compiling serde_derive v1.0.193
[INFO] [stderr]    Compiling thiserror-impl v1.0.52
[INFO] [stderr]    Compiling tokio-macros v2.2.0
[INFO] [stderr]    Compiling futures-macro v0.3.30
[INFO] [stderr]    Compiling tracing-attributes v0.1.27
[INFO] [stderr]    Compiling strum_macros v0.25.3
[INFO] [stderr]    Compiling stability v0.1.1
[INFO] [stderr]    Compiling clap_derive v4.4.7
[INFO] [stderr]    Compiling diff v0.1.13
[INFO] [stderr]    Compiling pretty_assertions v1.4.0
[INFO] [stderr]    Compiling derive_deref v1.1.1
[INFO] [stderr]    Compiling chrono v0.4.31
[INFO] [stderr]    Compiling better-panic v0.3.0
[INFO] [stderr]    Compiling strip-ansi-escapes v0.2.0
[INFO] [stderr]    Compiling tokio v1.35.1
[INFO] [stderr]    Compiling directories v5.0.1
[INFO] [stderr]    Compiling sorted-vec v0.8.3
[INFO] [stderr]    Compiling futures-util v0.3.30
[INFO] [stderr]    Compiling pest v2.7.5
[INFO] [stderr]    Compiling tracing v0.1.40
[INFO] [stderr]    Compiling strum v0.25.0
[INFO] [stderr]    Compiling tungstenite v0.20.1
[INFO] [stderr]    Compiling pest_meta v2.7.5
[INFO] [stderr]    Compiling pest_generator v2.7.5
[INFO] [stderr]    Compiling pest_derive v2.7.5
[INFO] [stderr]    Compiling futures-executor v0.3.30
[INFO] [stderr]    Compiling futures v0.3.30
[INFO] [stderr]    Compiling bitflags v2.4.1
[INFO] [stderr]    Compiling bitcoin_hashes v0.12.0
[INFO] [stderr]    Compiling serde_urlencoded v0.7.1
[INFO] [stderr]    Compiling url-fork v3.0.0
[INFO] [stderr]    Compiling bip39 v2.0.0
[INFO] [stderr]    Compiling tracing-subscriber v0.3.18
[INFO] [stderr]    Compiling serde_spanned v0.6.5
[INFO] [stderr]    Compiling toml_datetime v0.6.5
[INFO] [stderr]    Compiling ron v0.7.1
[INFO] [stderr]    Compiling toml v0.5.11
[INFO] [stderr]    Compiling json5 v0.4.1
[INFO] [stderr]    Compiling os_info v3.7.0
[INFO] [stderr]    Compiling tokio-util v0.7.10
[INFO] [stderr]    Compiling tokio-rustls v0.24.1
[INFO] [stderr]    Compiling tokio-socks v0.5.1
[INFO] [stderr]    Compiling toml_edit v0.21.0
[INFO] [stderr]    Compiling crossterm v0.27.0
[INFO] [stderr]    Compiling tokio-tungstenite v0.20.1
[INFO] [stderr]    Compiling async-utility v0.1.1
[INFO] [stderr]    Compiling h2 v0.3.22
[INFO] [stderr]    Compiling nostr-sdk-net v0.26.0
[INFO] [stderr]    Compiling terminal_size v0.3.0
[INFO] [stderr]    Compiling clap_builder v4.4.11
[INFO] [stderr]    Compiling config v0.13.4
[INFO] [stderr]    Compiling secp256k1 v0.27.0
[INFO] [stderr]    Compiling toml v0.8.8
[INFO] [stderr]    Compiling ratatui v0.25.0
[INFO] [stderr]    Compiling tracing-error v0.2.0
[INFO] [stderr]    Compiling human-panic v1.2.2
[INFO] [stderr]    Compiling color-spantrace v0.2.1
[INFO] [stderr]    Compiling color-eyre v0.6.2
[INFO] [stderr]    Compiling clap v4.4.11
[INFO] [stderr]    Compiling hyper v0.14.28
[INFO] [stderr]    Compiling tui-textarea v0.4.0
[INFO] [stderr]    Compiling hyper-rustls v0.24.2
[INFO] [stderr]    Compiling reqwest v0.11.23
[INFO] [stderr]    Compiling nostr-database v0.26.0
[INFO] [stderr]    Compiling nostr-sdk v0.26.0
[INFO] [stderr]     Finished dev [unoptimized + debuginfo] target(s) in 40.55s
[INFO] running `Command { std: "docker" "inspect" "0b98c7f1d937239d04fd5e19392cede44edcd8fb67ede38bc7349da953cd9341", kill_on_drop: false }`
[INFO] running `Command { std: "docker" "rm" "-f" "0b98c7f1d937239d04fd5e19392cede44edcd8fb67ede38bc7349da953cd9341", kill_on_drop: false }`
[INFO] [stdout] 0b98c7f1d937239d04fd5e19392cede44edcd8fb67ede38bc7349da953cd9341
[INFO] running `Command { std: "docker" "create" "-v" "/var/lib/crater-agent-workspace/builds/worker-3-tc2/target:/opt/rustwide/target:rw,Z" "-v" "/var/lib/crater-agent-workspace/builds/worker-3-tc2/source:/opt/rustwide/workdir:ro,Z" "-v" "/var/lib/crater-agent-workspace/cargo-home:/opt/rustwide/cargo-home:ro,Z" "-v" "/var/lib/crater-agent-workspace/rustup-home:/opt/rustwide/rustup-home:ro,Z" "-e" "SOURCE_DIR=/opt/rustwide/workdir" "-e" "CARGO_TARGET_DIR=/opt/rustwide/target" "-e" "CARGO_INCREMENTAL=0" "-e" "RUST_BACKTRACE=full" "-e" "RUSTFLAGS=--cap-lints=warn" "-e" "RUSTDOCFLAGS=--cap-lints=warn" "-e" "CARGO_HOME=/opt/rustwide/cargo-home" "-e" "RUSTUP_HOME=/opt/rustwide/rustup-home" "-w" "/opt/rustwide/workdir" "-m" "1610612736" "--user" "0:0" "--network" "none" "ghcr.io/rust-lang/crates-build-env/linux@sha256:2788e3201cd34a07e3172128adcd8b3090168a8e3bcc40d7c032b9dda1df7d1c" "/opt/rustwide/cargo-home/bin/cargo" "+beta-2023-12-22" "test" "--frozen" "--no-run" "--message-format=json", kill_on_drop: false }`
[INFO] [stdout] 7af2a929b3f58e8fe705fe8c7ba010156b9a6ce784cb3dcdc378033487542ead
[INFO] running `Command { std: "docker" "start" "-a" "7af2a929b3f58e8fe705fe8c7ba010156b9a6ce784cb3dcdc378033487542ead", kill_on_drop: false }`
[INFO] [stderr]    Compiling syn v2.0.43
[INFO] [stderr]    Compiling semver v1.0.20
[INFO] [stderr]    Compiling aho-corasick v1.1.2
[INFO] [stderr]    Compiling regex-syntax v0.8.2
[INFO] [stderr]    Compiling glob v0.3.1
[INFO] [stderr]    Compiling relative-path v1.9.2
[INFO] [stderr]    Compiling futures-timer v3.0.2
[INFO] [stderr]    Compiling rustc_version v0.4.0
[INFO] [stderr]    Compiling rstest_macros v0.18.2
[INFO] [stderr]    Compiling regex-automata v0.4.3
[INFO] [stderr]    Compiling serde_derive v1.0.193
[INFO] [stderr]    Compiling futures-macro v0.3.30
[INFO] [stderr]    Compiling thiserror-impl v1.0.52
[INFO] [stderr]    Compiling tokio-macros v2.2.0
[INFO] [stderr]    Compiling tracing-attributes v0.1.27
[INFO] [stderr]    Compiling strum_macros v0.25.3
[INFO] [stderr]    Compiling async-trait v0.1.75
[INFO] [stderr]    Compiling clap_derive v4.4.7
[INFO] [stderr]    Compiling regex v1.10.2
[INFO] [stderr]    Compiling tokio v1.35.1
[INFO] [stderr]    Compiling futures-util v0.3.30
[INFO] [stderr]    Compiling thiserror v1.0.52
[INFO] [stderr]    Compiling pest v2.7.5
[INFO] [stderr]    Compiling tungstenite v0.20.1
[INFO] [stderr]    Compiling tracing v0.1.40
[INFO] [stderr]    Compiling strum v0.25.0
[INFO] [stderr]    Compiling pest_meta v2.7.5
[INFO] [stderr]    Compiling serde v1.0.193
[INFO] [stderr]    Compiling pest_generator v2.7.5
[INFO] [stderr]    Compiling pest_derive v2.7.5
[INFO] [stderr]    Compiling futures-executor v0.3.30
[INFO] [stderr]    Compiling futures v0.3.30
[INFO] [stderr]    Compiling rstest v0.18.2
[INFO] [stderr]    Compiling tokio-rustls v0.24.1
[INFO] [stderr]    Compiling tokio-util v0.7.10
[INFO] [stderr]    Compiling tokio-socks v0.5.1
[INFO] [stderr]    Compiling async-utility v0.1.1
[INFO] [stderr]    Compiling tokio-tungstenite v0.20.1
[INFO] [stderr]    Compiling h2 v0.3.22
[INFO] [stderr]    Compiling bitflags v2.4.1
[INFO] [stderr]    Compiling bitcoin_hashes v0.12.0
[INFO] [stderr]    Compiling serde_json v1.0.108
[INFO] [stderr]    Compiling url-fork v3.0.0
[INFO] [stderr]    Compiling serde_urlencoded v0.7.1
[INFO] [stderr]    Compiling bip39 v2.0.0
[INFO] [stderr]    Compiling serde_spanned v0.6.5
[INFO] [stderr]    Compiling tracing-subscriber v0.3.18
[INFO] [stderr]    Compiling toml_datetime v0.6.5
[INFO] [stderr]    Compiling toml v0.5.11
[INFO] [stderr]    Compiling ron v0.7.1
[INFO] [stderr]    Compiling os_info v3.7.0
[INFO] [stderr]    Compiling json5 v0.4.1
[INFO] [stderr]    Compiling rustix v0.38.28
[INFO] [stderr]    Compiling toml_edit v0.21.0
[INFO] [stderr]    Compiling crossterm v0.27.0
[INFO] [stderr]    Compiling nostr-sdk-net v0.26.0
[INFO] [stderr]    Compiling config v0.13.4
[INFO] [stderr]    Compiling terminal_size v0.3.0
[INFO] [stderr]    Compiling clap_builder v4.4.11
[INFO] [stderr]    Compiling toml v0.8.8
[INFO] [stderr]    Compiling ratatui v0.25.0
[INFO] [stderr]    Compiling secp256k1 v0.27.0
[INFO] [stderr]    Compiling human-panic v1.2.2
[INFO] [stderr]    Compiling bitcoin v0.30.2
[INFO] [stderr]    Compiling tracing-error v0.2.0
[INFO] [stderr]    Compiling color-spantrace v0.2.1
[INFO] [stderr]    Compiling color-eyre v0.6.2
[INFO] [stderr]    Compiling hyper v0.14.28
[INFO] [stderr]    Compiling tui-textarea v0.4.0
[INFO] [stderr]    Compiling clap v4.4.11
[INFO] [stderr]    Compiling hyper-rustls v0.24.2
[INFO] [stderr]    Compiling reqwest v0.11.23
[INFO] [stderr]    Compiling nostr v0.26.0
[INFO] [stderr]    Compiling nostr-database v0.26.0
[INFO] [stderr]    Compiling nostr-sdk v0.26.0
[INFO] [stderr]    Compiling nostui v0.1.0 (/opt/rustwide/workdir)
[INFO] [stderr]     Finished test [unoptimized + debuginfo] target(s) in 27.92s
[INFO] running `Command { std: "docker" "inspect" "7af2a929b3f58e8fe705fe8c7ba010156b9a6ce784cb3dcdc378033487542ead", kill_on_drop: false }`
[INFO] running `Command { std: "docker" "rm" "-f" "7af2a929b3f58e8fe705fe8c7ba010156b9a6ce784cb3dcdc378033487542ead", kill_on_drop: false }`
[INFO] [stdout] 7af2a929b3f58e8fe705fe8c7ba010156b9a6ce784cb3dcdc378033487542ead
[INFO] running `Command { std: "docker" "create" "-v" "/var/lib/crater-agent-workspace/builds/worker-3-tc2/target:/opt/rustwide/target:rw,Z" "-v" "/var/lib/crater-agent-workspace/builds/worker-3-tc2/source:/opt/rustwide/workdir:ro,Z" "-v" "/var/lib/crater-agent-workspace/cargo-home:/opt/rustwide/cargo-home:ro,Z" "-v" "/var/lib/crater-agent-workspace/rustup-home:/opt/rustwide/rustup-home:ro,Z" "-e" "SOURCE_DIR=/opt/rustwide/workdir" "-e" "CARGO_TARGET_DIR=/opt/rustwide/target" "-e" "CARGO_INCREMENTAL=0" "-e" "RUST_BACKTRACE=full" "-e" "RUSTFLAGS=--cap-lints=warn" "-e" "RUSTDOCFLAGS=--cap-lints=warn" "-e" "CARGO_HOME=/opt/rustwide/cargo-home" "-e" "RUSTUP_HOME=/opt/rustwide/rustup-home" "-w" "/opt/rustwide/workdir" "-m" "1610612736" "--user" "0:0" "--network" "none" "ghcr.io/rust-lang/crates-build-env/linux@sha256:2788e3201cd34a07e3172128adcd8b3090168a8e3bcc40d7c032b9dda1df7d1c" "/opt/rustwide/cargo-home/bin/cargo" "+beta-2023-12-22" "test" "--frozen", kill_on_drop: false }`
[INFO] [stdout] 454aa5562745797c63fca3e33696fc868ec56128de97d3306083d0fb89ed29a5
[INFO] running `Command { std: "docker" "start" "-a" "454aa5562745797c63fca3e33696fc868ec56128de97d3306083d0fb89ed29a5", kill_on_drop: false }`
[INFO] [stderr]     Finished test [unoptimized + debuginfo] target(s) in 0.50s
[INFO] [stderr]      Running unittests src/main.rs (/opt/rustwide/target/debug/deps/nostui-25469e0000e1e227)
[INFO] [stdout] 
[INFO] [stdout] running 58 tests
[INFO] [stdout] test config::keybindings::tests::test_case_insensitivity ... ok
[INFO] [stdout] test config::keybindings::tests::test_invalid_keys ... ok
[INFO] [stdout] test config::keybindings::tests::test_multiple_modifiers ... ok
[INFO] [stdout] test config::keybindings::tests::test_reverse_multiple_modifiers ... ok
[INFO] [stdout] test config::keybindings::tests::test_simple_keys ... ok
[INFO] [stdout] test config::keybindings::tests::test_with_modifiers ... ok
[INFO] [stdout] test config::styles::tests::test_parse_color_rgb ... ok
[INFO] [stdout] test config::styles::tests::test_parse_color_unknown ... ok
[INFO] [stdout] test config::styles::tests::test_parse_style_background ... ok
[INFO] [stdout] test config::styles::tests::test_parse_style_default ... ok
[INFO] [stdout] test config::styles::tests::test_parse_style_foreground ... ok
[INFO] [stdout] test config::styles::tests::test_parse_style_modifiers ... ok
[INFO] [stdout] test config::styles::tests::test_process_color_string ... ok
[INFO] [stdout] test text::tests::test_truncate_text_no_truncate ... ok
[INFO] [stdout] test text::tests::test_truncate_text_single_line ... ok
[INFO] [stdout] test text::tests::test_truncate_text_truncate ... ok
[INFO] [stdout] test text::tests::test_truncate_text_zero_height ... ok
[INFO] [stdout] test text::tests::test_wrap_text_no_wrap_alnum ... ok
[INFO] [stdout] test text::tests::test_wrap_text_no_wrap_double_width ... ok
[INFO] [stdout] test text::tests::test_wrap_text_no_wrap_emoji ... ok
[INFO] [stdout] test text::tests::test_wrap_text_wrap_alnum ... ok
[INFO] [stdout] test text::tests::test_wrap_text_wrap_double_width ... ok
[INFO] [stdout] test text::tests::test_wrap_text_wrap_emoji ... ok
[INFO] [stdout] test widgets::scrollable_list::tests::test_scroll_down_empty ... ok
[INFO] [stdout] test widgets::scrollable_list::tests::test_scroll_down_saturated_bottom ... ok
[INFO] [stdout] test text::tests::test_wrap_text_zero_width ... ok
[INFO] [stdout] test widgets::scrollable_list::tests::test_scroll_down_normal ... ok
[INFO] [stdout] test widgets::scrollable_list::tests::test_scroll_down_unselected_3 ... ok
[INFO] [stdout] test widgets::scrollable_list::tests::test_scroll_to_bottom_empty ... ok
[INFO] [stdout] test widgets::scrollable_list::tests::test_scroll_down_unselected_1 ... ok
[INFO] [stdout] test widgets::scrollable_list::tests::test_scroll_to_bottom_saturated_bottom ... ok
[INFO] [stdout] test widgets::scrollable_list::tests::test_scroll_to_bottom_selected ... ok
[INFO] [stdout] test widgets::scrollable_list::tests::test_scroll_to_bottom_unselected ... ok
[INFO] [stdout] test widgets::scrollable_list::tests::test_scroll_down_unselected_2 ... ok
[INFO] [stdout] test widgets::scrollable_list::tests::test_scroll_to_top_empty ... ok
[INFO] [stdout] test widgets::scrollable_list::tests::test_scroll_to_top_selected ... ok
[INFO] [stdout] test widgets::scrollable_list::tests::test_scroll_to_top_saturated_top ... ok
[INFO] [stdout] test widgets::scrollable_list::tests::test_scroll_up_saturated_top ... ok
[INFO] [stdout] test widgets::scrollable_list::tests::test_scroll_up_unselected ... ok
[INFO] [stdout] test widgets::scrollable_list::tests::test_scroll_up_empty ... ok
[INFO] [stdout] test widgets::scrollable_list::tests::test_scroll_to_top_unselected ... ok
[INFO] [stdout] test widgets::scrollable_list::tests::test_scroll_up_normal ... ok
[INFO] [stdout] test widgets::text_note::tests::test_display_name::case_1 ... ok
[INFO] [stdout] test widgets::text_note::tests::test_display_name::case_2 ... ok
[INFO] [stdout] test widgets::text_note::tests::test_name::case_1 ... ok
[INFO] [stdout] test widgets::text_note::tests::test_display_name::case_6 ... ok
[INFO] [stdout] test widgets::text_note::tests::test_name::case_4 ... ok
[INFO] [stdout] test widgets::text_note::tests::test_display_name::case_3 ... ok
[INFO] [stdout] test widgets::text_note::tests::test_name::case_5 ... ok
[INFO] [stdout] test widgets::text_note::tests::test_name::case_6 ... ok
[INFO] [stdout] test widgets::text_note::tests::test_pubkey ... ok
[INFO] [stdout] test widgets::text_note::tests::test_name::case_2 ... ok
[INFO] [stdout] test widgets::text_note::tests::test_name::case_3 ... ok
[INFO] [stdout] test widgets::text_note::tests::test_display_name::case_5 ... ok
[INFO] [stdout] test widgets::text_note::tests::test_display_name::case_7 ... ok
[INFO] [stdout] test config::tests::test_config ... ok
[INFO] [stdout] test widgets::text_note::tests::test_display_name::case_4 ... ok
[INFO] [stdout] test widgets::text_note::tests::test_created_at ... FAILED
[INFO] [stdout] 
[INFO] [stdout] failures:
[INFO] [stdout] 
[INFO] [stdout] ---- widgets::text_note::tests::test_created_at stdout ----
[INFO] [stdout] thread 'widgets::text_note::tests::test_created_at' panicked at src/widgets/text_note.rs:296:9:
[INFO] [stdout] assertion failed: `(left == right)`
[INFO] [stdout] 
[INFO] [stdout] [1mDiff[0m [31m< left[0m / [32mright >[0m :
[INFO] [stdout] [31m<[0m[1;48;5;52;31m06[0m[31m:42:47[0m
[INFO] [stdout] [32m>[0m[1;48;5;22;32m15[0m[32m:42:47[0m
[INFO] [stdout] 
[INFO] [stdout] 
[INFO] [stdout] stack backtrace:
[INFO] [stdout]    0:     0x55dadb6bece6 - std::backtrace_rs::backtrace::libunwind::trace::h261606ad26a499c1
[INFO] [stdout]                                at /rustc/0e09125c6c3c2fd70d7de961bcf0e51575235fad/library/std/src/../../backtrace/src/backtrace/libunwind.rs:104:5
[INFO] [stdout]    1:     0x55dadb6bece6 - std::backtrace_rs::backtrace::trace_unsynchronized::hd183f0625477fb28
[INFO] [stdout]                                at /rustc/0e09125c6c3c2fd70d7de961bcf0e51575235fad/library/std/src/../../backtrace/src/backtrace/mod.rs:66:5
[INFO] [stdout]    2:     0x55dadb6bece6 - std::sys_common::backtrace::_print_fmt::hd7f8fef21b4eda67
[INFO] [stdout]                                at /rustc/0e09125c6c3c2fd70d7de961bcf0e51575235fad/library/std/src/sys_common/backtrace.rs:68:5
[INFO] [stdout]    3:     0x55dadb6bece6 - <std::sys_common::backtrace::_print::DisplayBacktrace as core::fmt::Display>::fmt::h623d9b51f2f453f1
[INFO] [stdout]                                at /rustc/0e09125c6c3c2fd70d7de961bcf0e51575235fad/library/std/src/sys_common/backtrace.rs:44:22
[INFO] [stdout]    4:     0x55dadb6ea6f0 - core::fmt::rt::Argument::fmt::h9f417ac76a86f368
[INFO] [stdout]                                at /rustc/0e09125c6c3c2fd70d7de961bcf0e51575235fad/library/core/src/fmt/rt.rs:142:9
[INFO] [stdout]    5:     0x55dadb6ea6f0 - core::fmt::write::hc9b6faf4ac2aeff7
[INFO] [stdout]                                at /rustc/0e09125c6c3c2fd70d7de961bcf0e51575235fad/library/core/src/fmt/mod.rs:1120:17
[INFO] [stdout]    6:     0x55dadb6bc52f - std::io::Write::write_fmt::he04625a3a989fec3
[INFO] [stdout]                                at /rustc/0e09125c6c3c2fd70d7de961bcf0e51575235fad/library/std/src/io/mod.rs:1810:15
[INFO] [stdout]    7:     0x55dadb6beac4 - std::sys_common::backtrace::_print::hd5d66399c7df88a2
[INFO] [stdout]                                at /rustc/0e09125c6c3c2fd70d7de961bcf0e51575235fad/library/std/src/sys_common/backtrace.rs:47:5
[INFO] [stdout]    8:     0x55dadb6beac4 - std::sys_common::backtrace::print::he81ed2da642d37e5
[INFO] [stdout]                                at /rustc/0e09125c6c3c2fd70d7de961bcf0e51575235fad/library/std/src/sys_common/backtrace.rs:34:9
[INFO] [stdout]    9:     0x55dadb6c0837 - std::panicking::default_hook::{{closure}}::h85773f4fa117163d
[INFO] [stdout]   10:     0x55dadb6c051d - std::panicking::default_hook::h6a1694a91d09b278
[INFO] [stdout]                                at /rustc/0e09125c6c3c2fd70d7de961bcf0e51575235fad/library/std/src/panicking.rs:289:9
[INFO] [stdout]   11:     0x55dadb3e1dd7 - <alloc::boxed::Box<F,A> as core::ops::function::Fn<Args>>::call::h616ac37fa3cd6c8f
[INFO] [stdout]                                at /rustc/0e09125c6c3c2fd70d7de961bcf0e51575235fad/library/alloc/src/boxed.rs:2029:9
[INFO] [stdout]   12:     0x55dadb3e1dd7 - test::test_main::{{closure}}::h00d84697cefdcbb6
[INFO] [stdout]                                at /rustc/0e09125c6c3c2fd70d7de961bcf0e51575235fad/library/test/src/lib.rs:138:21
[INFO] [stdout]   13:     0x55dadb6c0e56 - <alloc::boxed::Box<F,A> as core::ops::function::Fn<Args>>::call::hcb3fe3b9bb537ba8
[INFO] [stdout]                                at /rustc/0e09125c6c3c2fd70d7de961bcf0e51575235fad/library/alloc/src/boxed.rs:2029:9
[INFO] [stdout]   14:     0x55dadb6c0e56 - std::panicking::rust_panic_with_hook::h0a7ad96e90f7145b
[INFO] [stdout]                                at /rustc/0e09125c6c3c2fd70d7de961bcf0e51575235fad/library/std/src/panicking.rs:783:13
[INFO] [stdout]   15:     0x55dadb6c0ba2 - std::panicking::begin_panic_handler::{{closure}}::h7919090525c6485e
[INFO] [stdout]                                at /rustc/0e09125c6c3c2fd70d7de961bcf0e51575235fad/library/std/src/panicking.rs:657:13
[INFO] [stdout]   16:     0x55dadb6bf1e6 - std::sys_common::backtrace::__rust_end_short_backtrace::hf3289479464f7dfe
[INFO] [stdout]                                at /rustc/0e09125c6c3c2fd70d7de961bcf0e51575235fad/library/std/src/sys_common/backtrace.rs:171:18
[INFO] [stdout]   17:     0x55dadb6c0900 - rust_begin_unwind
[INFO] [stdout]                                at /rustc/0e09125c6c3c2fd70d7de961bcf0e51575235fad/library/std/src/panicking.rs:645:5
[INFO] [stdout]   18:     0x55dadb2ee015 - core::panicking::panic_fmt::hcc9f77c5c132af55
[INFO] [stdout]                                at /rustc/0e09125c6c3c2fd70d7de961bcf0e51575235fad/library/core/src/panicking.rs:72:14
[INFO] [stdout]   19:     0x55dadb376084 - nostui::widgets::text_note::tests::test_created_at::test_created_at::h5805d1fe96d2859d
[INFO] [stdout]                                at /opt/rustwide/workdir/src/widgets/text_note.rs:296:9
[INFO] [stdout]   20:     0x55dadb375c57 - nostui::widgets::text_note::tests::test_created_at::h7d329633a354f5e6
[INFO] [stdout]                                at /opt/rustwide/workdir/src/widgets/text_note.rs:285:5
[INFO] [stdout]   21:     0x55dadb375c27 - nostui::widgets::text_note::tests::test_created_at::{{closure}}::h8572d801564b8159
[INFO] [stdout]                                at /opt/rustwide/workdir/src/widgets/text_note.rs:285:14
[INFO] [stdout]   22:     0x55dadb342916 - core::ops::function::FnOnce::call_once::h589cdb423b3565c7
[INFO] [stdout]                                at /rustc/0e09125c6c3c2fd70d7de961bcf0e51575235fad/library/core/src/ops/function.rs:250:5
[INFO] [stdout]   23:     0x55dadb3e76af - core::ops::function::FnOnce::call_once::hd64d26f405258157
[INFO] [stdout]                                at /rustc/0e09125c6c3c2fd70d7de961bcf0e51575235fad/library/core/src/ops/function.rs:250:5
[INFO] [stdout]   24:     0x55dadb3e76af - test::__rust_begin_short_backtrace::he21b0b7a6d731bf9
[INFO] [stdout]                                at /rustc/0e09125c6c3c2fd70d7de961bcf0e51575235fad/library/test/src/lib.rs:627:18
[INFO] [stdout]   25:     0x55dadb3e6431 - test::run_test_in_process::{{closure}}::hf5c73986d7bdfde2
[INFO] [stdout]                                at /rustc/0e09125c6c3c2fd70d7de961bcf0e51575235fad/library/test/src/lib.rs:650:60
[INFO] [stdout]   26:     0x55dadb3e6431 - <core::panic::unwind_safe::AssertUnwindSafe<F> as core::ops::function::FnOnce<()>>::call_once::h330011ad032aadc0
[INFO] [stdout]                                at /rustc/0e09125c6c3c2fd70d7de961bcf0e51575235fad/library/core/src/panic/unwind_safe.rs:272:9
[INFO] [stdout]   27:     0x55dadb3e6431 - std::panicking::try::do_call::he61b0a958b795a41
[INFO] [stdout]                                at /rustc/0e09125c6c3c2fd70d7de961bcf0e51575235fad/library/std/src/panicking.rs:552:40
[INFO] [stdout]   28:     0x55dadb3e6431 - std::panicking::try::h7309da130f906eb7
[INFO] [stdout]                                at /rustc/0e09125c6c3c2fd70d7de961bcf0e51575235fad/library/std/src/panicking.rs:516:19
[INFO] [stdout]   29:     0x55dadb3e6431 - std::panic::catch_unwind::hc5c3a06fdaf0a92a
[INFO] [stdout]                                at /rustc/0e09125c6c3c2fd70d7de961bcf0e51575235fad/library/std/src/panic.rs:142:14
[INFO] [stdout]   30:     0x55dadb3e6431 - test::run_test_in_process::h7e7b7c71c3324e0f
[INFO] [stdout]                                at /rustc/0e09125c6c3c2fd70d7de961bcf0e51575235fad/library/test/src/lib.rs:650:27
[INFO] [stdout]   31:     0x55dadb3e6431 - test::run_test::{{closure}}::h1f509f28f5cf20b1
[INFO] [stdout]                                at /rustc/0e09125c6c3c2fd70d7de961bcf0e51575235fad/library/test/src/lib.rs:573:43
[INFO] [stdout]   32:     0x55dadb3ad766 - test::run_test::{{closure}}::h1754218abf443f6d
[INFO] [stdout]                                at /rustc/0e09125c6c3c2fd70d7de961bcf0e51575235fad/library/test/src/lib.rs:601:41
[INFO] [stdout]   33:     0x55dadb3ad766 - std::sys_common::backtrace::__rust_begin_short_backtrace::h2ee174b9d5954948
[INFO] [stdout]                                at /rustc/0e09125c6c3c2fd70d7de961bcf0e51575235fad/library/std/src/sys_common/backtrace.rs:155:18
[INFO] [stdout]   34:     0x55dadb3b27c7 - std::thread::Builder::spawn_unchecked_::{{closure}}::{{closure}}::hf60bee9c1a17ef09
[INFO] [stdout]                                at /rustc/0e09125c6c3c2fd70d7de961bcf0e51575235fad/library/std/src/thread/mod.rs:529:17
[INFO] [stdout]   35:     0x55dadb3b27c7 - <core::panic::unwind_safe::AssertUnwindSafe<F> as core::ops::function::FnOnce<()>>::call_once::h33d0dddec5216160
[INFO] [stdout]                                at /rustc/0e09125c6c3c2fd70d7de961bcf0e51575235fad/library/core/src/panic/unwind_safe.rs:272:9
[INFO] [stdout]   36:     0x55dadb3b27c7 - std::panicking::try::do_call::h144b3048b546f835
[INFO] [stdout]                                at /rustc/0e09125c6c3c2fd70d7de961bcf0e51575235fad/library/std/src/panicking.rs:552:40
[INFO] [stdout]   37:     0x55dadb3b27c7 - std::panicking::try::h978244d04646189f
[INFO] [stdout]                                at /rustc/0e09125c6c3c2fd70d7de961bcf0e51575235fad/library/std/src/panicking.rs:516:19
[INFO] [stdout]   38:     0x55dadb3b27c7 - std::panic::catch_unwind::hdf436369d188fe86
[INFO] [stdout]                                at /rustc/0e09125c6c3c2fd70d7de961bcf0e51575235fad/library/std/src/panic.rs:142:14
[INFO] [stdout]   39:     0x55dadb3b27c7 - std::thread::Builder::spawn_unchecked_::{{closure}}::h87329cbdd33c79ec
[INFO] [stdout]                                at /rustc/0e09125c6c3c2fd70d7de961bcf0e51575235fad/library/std/src/thread/mod.rs:528:30
[INFO] [stdout]   40:     0x55dadb3b27c7 - core::ops::function::FnOnce::call_once{{vtable.shim}}::h401abbe67897d450
[INFO] [stdout]                                at /rustc/0e09125c6c3c2fd70d7de961bcf0e51575235fad/library/core/src/ops/function.rs:250:5
[INFO] [stdout]   41:     0x55dadb6c5ca5 - <alloc::boxed::Box<F,A> as core::ops::function::FnOnce<Args>>::call_once::h5d7c8f150ab9c84c
[INFO] [stdout]                                at /rustc/0e09125c6c3c2fd70d7de961bcf0e51575235fad/library/alloc/src/boxed.rs:2015:9
[INFO] [stdout]   42:     0x55dadb6c5ca5 - <alloc::boxed::Box<F,A> as core::ops::function::FnOnce<Args>>::call_once::h570d5b005c242c15
[INFO] [stdout]                                at /rustc/0e09125c6c3c2fd70d7de961bcf0e51575235fad/library/alloc/src/boxed.rs:2015:9
[INFO] [stdout]   43:     0x55dadb6c5ca5 - std::sys::unix::thread::Thread::new::thread_start::h36b0a20c0b2361ad
[INFO] [stdout]                                at /rustc/0e09125c6c3c2fd70d7de961bcf0e51575235fad/library/std/src/sys/unix/thread.rs:108:17
[INFO] [stdout]   44:     0x7fe89c588ac3 - <unknown>
[INFO] [stdout]   45:     0x7fe89c619bf4 - __clone
[INFO] [stdout]   46:                0x0 - <unknown>
[INFO] [stdout] 
[INFO] [stdout] 
[INFO] [stdout] failures:
[INFO] [stdout]     widgets::text_note::tests::test_created_at
[INFO] [stdout] 
[INFO] [stdout] test result: FAILED. 57 passed; 1 failed; 0 ignored; 0 measured; 0 filtered out; finished in 0.12s
[INFO] [stdout] 
[INFO] [stderr] error: test failed, to rerun pass `--bin nostui`
[INFO] running `Command { std: "docker" "inspect" "454aa5562745797c63fca3e33696fc868ec56128de97d3306083d0fb89ed29a5", kill_on_drop: false }`
[INFO] running `Command { std: "docker" "rm" "-f" "454aa5562745797c63fca3e33696fc868ec56128de97d3306083d0fb89ed29a5", kill_on_drop: false }`
[INFO] [stdout] 454aa5562745797c63fca3e33696fc868ec56128de97d3306083d0fb89ed29a5
