[INFO] cloning repository https://github.com/Tamschi/faible
[INFO] running `Command { std: "git" "-c" "credential.helper=" "-c" "credential.helper=/workspace/cargo-home/bin/git-credential-null" "clone" "--bare" "https://github.com/Tamschi/faible" "/workspace/cache/git-repos/https%3A%2F%2Fgithub.com%2FTamschi%2Ffaible", kill_on_drop: false }`
[INFO] [stderr] Cloning into bare repository '/workspace/cache/git-repos/https%3A%2F%2Fgithub.com%2FTamschi%2Ffaible'...
[INFO] running `Command { std: "git" "rev-parse" "HEAD", kill_on_drop: false }`
[INFO] [stdout] 4ba0ccdcb06c8209125a3229ac303a18d4844370
[INFO] testing Tamschi/faible against 1.75.0 for beta-1.76-1
[INFO] running `Command { std: "git" "clone" "/workspace/cache/git-repos/https%3A%2F%2Fgithub.com%2FTamschi%2Ffaible" "/workspace/builds/worker-4-tc1/source", kill_on_drop: false }`
[INFO] [stderr] Cloning into '/workspace/builds/worker-4-tc1/source'...
[INFO] [stderr] done.
[INFO] validating manifest of git repo https://github.com/Tamschi/faible on toolchain 1.75.0
[INFO] running `Command { std: CARGO_HOME="/workspace/cargo-home" RUSTUP_HOME="/workspace/rustup-home" "/workspace/cargo-home/bin/cargo" "+1.75.0" "metadata" "--manifest-path" "Cargo.toml" "--no-deps", kill_on_drop: false }`
[INFO] removed /workspace/builds/worker-4-tc1/source/.cargo/config.toml
[INFO] removed /workspace/builds/worker-4-tc1/source/rust-toolchain
[INFO] started tweaking git repo https://github.com/Tamschi/faible
[INFO] finished tweaking git repo https://github.com/Tamschi/faible
[INFO] tweaked toml for git repo https://github.com/Tamschi/faible written to /workspace/builds/worker-4-tc1/source/Cargo.toml
[INFO] crate git repo https://github.com/Tamschi/faible already has a lockfile, it will not be regenerated
[INFO] running `Command { std: CARGO_HOME="/workspace/cargo-home" RUSTUP_HOME="/workspace/rustup-home" "/workspace/cargo-home/bin/cargo" "+1.75.0" "fetch" "--manifest-path" "Cargo.toml", kill_on_drop: false }`
[INFO] [stderr]     Updating crates.io index
[INFO] [stderr]  Downloading crates ...
[INFO] [stderr]   Downloaded wasm-bindgen-test-macro v0.3.30
[INFO] [stderr]   Downloaded wasm-bindgen-test v0.3.30
[INFO] [stderr]   Downloaded git_info v0.1.2
[INFO] [stderr]   Downloaded call2-for-syn v2.0.3
[INFO] running `Command { std: "docker" "create" "-v" "/var/lib/crater-agent-workspace/builds/worker-4-tc1/target:/opt/rustwide/target:rw,Z" "-v" "/var/lib/crater-agent-workspace/builds/worker-4-tc1/source:/opt/rustwide/workdir:ro,Z" "-v" "/var/lib/crater-agent-workspace/cargo-home:/opt/rustwide/cargo-home:ro,Z" "-v" "/var/lib/crater-agent-workspace/rustup-home:/opt/rustwide/rustup-home:ro,Z" "-e" "SOURCE_DIR=/opt/rustwide/workdir" "-e" "CARGO_TARGET_DIR=/opt/rustwide/target" "-e" "CARGO_HOME=/opt/rustwide/cargo-home" "-e" "RUSTUP_HOME=/opt/rustwide/rustup-home" "-w" "/opt/rustwide/workdir" "-m" "1610612736" "--user" "0:0" "--network" "none" "ghcr.io/rust-lang/crates-build-env/linux@sha256:2788e3201cd34a07e3172128adcd8b3090168a8e3bcc40d7c032b9dda1df7d1c" "/opt/rustwide/cargo-home/bin/cargo" "+1.75.0" "metadata" "--no-deps" "--format-version=1", kill_on_drop: false }`
[INFO] [stdout] bf63edc929e5b01141a13fffb69ef4d97a332d5c25ac310d989be68052386828
[INFO] running `Command { std: "docker" "start" "-a" "bf63edc929e5b01141a13fffb69ef4d97a332d5c25ac310d989be68052386828", kill_on_drop: false }`
[INFO] running `Command { std: "docker" "inspect" "bf63edc929e5b01141a13fffb69ef4d97a332d5c25ac310d989be68052386828", kill_on_drop: false }`
[INFO] running `Command { std: "docker" "rm" "-f" "bf63edc929e5b01141a13fffb69ef4d97a332d5c25ac310d989be68052386828", kill_on_drop: false }`
[INFO] [stdout] bf63edc929e5b01141a13fffb69ef4d97a332d5c25ac310d989be68052386828
[INFO] running `Command { std: "docker" "create" "-v" "/var/lib/crater-agent-workspace/builds/worker-4-tc1/target:/opt/rustwide/target:rw,Z" "-v" "/var/lib/crater-agent-workspace/builds/worker-4-tc1/source:/opt/rustwide/workdir:ro,Z" "-v" "/var/lib/crater-agent-workspace/cargo-home:/opt/rustwide/cargo-home:ro,Z" "-v" "/var/lib/crater-agent-workspace/rustup-home:/opt/rustwide/rustup-home:ro,Z" "-e" "SOURCE_DIR=/opt/rustwide/workdir" "-e" "CARGO_TARGET_DIR=/opt/rustwide/target" "-e" "CARGO_INCREMENTAL=0" "-e" "RUST_BACKTRACE=full" "-e" "RUSTFLAGS=--cap-lints=warn" "-e" "RUSTDOCFLAGS=--cap-lints=warn" "-e" "CARGO_HOME=/opt/rustwide/cargo-home" "-e" "RUSTUP_HOME=/opt/rustwide/rustup-home" "-w" "/opt/rustwide/workdir" "-m" "1610612736" "--user" "0:0" "--network" "none" "ghcr.io/rust-lang/crates-build-env/linux@sha256:2788e3201cd34a07e3172128adcd8b3090168a8e3bcc40d7c032b9dda1df7d1c" "/opt/rustwide/cargo-home/bin/cargo" "+1.75.0" "build" "--frozen" "--message-format=json", kill_on_drop: false }`
[INFO] [stdout] 88ea06a1b4677c31c5011e0b0f8a96ffeddaa7d3580ec14ef5d9ee625f545638
[INFO] running `Command { std: "docker" "start" "-a" "88ea06a1b4677c31c5011e0b0f8a96ffeddaa7d3580ec14ef5d9ee625f545638", kill_on_drop: false }`
[INFO] [stderr]    Compiling proc-macro2 v1.0.37
[INFO] [stderr]    Compiling syn v1.0.91
[INFO] [stderr]    Compiling rustversion v1.0.6
[INFO] [stderr]    Compiling itoa v1.0.1
[INFO] [stderr]    Compiling heck v0.4.0
[INFO] [stderr]    Compiling tap v1.0.1
[INFO] [stderr]    Compiling vec-drain-where v1.0.1
[INFO] [stderr]    Compiling quote v1.0.17
[INFO] [stderr]    Compiling call2-for-syn v2.0.3
[INFO] [stderr]    Compiling faible_proc-macro-definitions v0.0.1 (/opt/rustwide/workdir/proc-macro-definitions)
[INFO] [stdout] warning: unused variable: `names`
[INFO] [stdout]    --> proc-macro-definitions/src/lib.rs:394:8
[INFO] [stdout]     |
[INFO] [stdout] 394 | ...                   names, //TODO: Ensure empty.
[INFO] [stdout]     |                       ^^^^^ help: try ignoring the field: `names: _`
[INFO] [stdout]     |
[INFO] [stdout]     = note: `#[warn(unused_variables)]` on by default
[INFO] [stdout] 
[INFO] [stdout] 
[INFO] [stdout] warning: unused variable: `names`
[INFO] [stdout]    --> proc-macro-definitions/src/lib.rs:435:8
[INFO] [stdout]     |
[INFO] [stdout] 435 | ...                   names, //TODO: Ensure empty.
[INFO] [stdout]     |                       ^^^^^ help: try ignoring the field: `names: _`
[INFO] [stdout] 
[INFO] [stdout] 
[INFO] [stdout] warning: unused variable: `vis`
[INFO] [stdout]    --> proc-macro-definitions/src/lib.rs:425:8
[INFO] [stdout]     |
[INFO] [stdout] 425 | ...                   vis,
[INFO] [stdout]     |                       ^^^ help: if this is intentional, prefix it with an underscore: `_vis`
[INFO] [stdout] 
[INFO] [stdout] 
[INFO] [stdout] warning: unused variable: `ident`
[INFO] [stdout]    --> proc-macro-definitions/src/lib.rs:426:8
[INFO] [stdout]     |
[INFO] [stdout] 426 | ...                   ident,
[INFO] [stdout]     |                       ^^^^^ help: if this is intentional, prefix it with an underscore: `_ident`
[INFO] [stdout] 
[INFO] [stdout] 
[INFO] [stdout] warning: unused variable: `colon_token`
[INFO] [stdout]    --> proc-macro-definitions/src/lib.rs:427:8
[INFO] [stdout]     |
[INFO] [stdout] 427 | ...                   colon_token,
[INFO] [stdout]     |                       ^^^^^^^^^^^ help: if this is intentional, prefix it with an underscore: `_colon_token`
[INFO] [stdout] 
[INFO] [stdout] 
[INFO] [stdout] warning: field `nested` is never read
[INFO] [stdout]    --> proc-macro-definitions/src/lib.rs:913:3
[INFO] [stdout]     |
[INFO] [stdout] 911 |     struct NameVisitor<'a> {
[INFO] [stdout]     |            ----------- field in this struct
[INFO] [stdout] 912 |         name_kind: &'a str,
[INFO] [stdout] 913 |         nested: bool, //TODO: Adjust error messages.
[INFO] [stdout]     |         ^^^^^^
[INFO] [stdout]     |
[INFO] [stdout]     = note: `#[warn(dead_code)]` on by default
[INFO] [stdout] 
[INFO] [stdout] 
[INFO] [stdout] warning: 6 warnings emitted
[INFO] [stdout] 
[INFO] [stdout] 
[INFO] [stderr]    Compiling faible v0.0.1 (/opt/rustwide/workdir)
[INFO] [stdout] warning: missing documentation for a trait
[INFO] [stdout]   --> src/lib.rs:24:1
[INFO] [stdout]    |
[INFO] [stdout] 24 | pub trait Faible {
[INFO] [stdout]    | ^^^^^^^^^^^^^^^^
[INFO] [stdout]    |
[INFO] [stdout] note: the lint level is defined here
[INFO] [stdout]   --> src/lib.rs:6:27
[INFO] [stdout]    |
[INFO] [stdout] 6  | #![warn(clippy::pedantic, missing_docs)]
[INFO] [stdout]    |                           ^^^^^^^^^^^^
[INFO] [stdout] 
[INFO] [stdout] 
[INFO] [stdout] warning: missing documentation for an associated type
[INFO] [stdout]   --> src/lib.rs:25:2
[INFO] [stdout]    |
[INFO] [stdout] 25 |     type Descriptor: Descriptor;
[INFO] [stdout]    |     ^^^^^^^^^^^^^^^^^^^^^^^^^^^
[INFO] [stdout] 
[INFO] [stdout] 
[INFO] [stdout] warning: missing documentation for a method
[INFO] [stdout]   --> src/lib.rs:27:2
[INFO] [stdout]    |
[INFO] [stdout] 27 | /     fn as_strong(
[INFO] [stdout] 28 | |         &self,
[INFO] [stdout] 29 | |     ) -> Result<&<Self::Descriptor as Descriptor>::Strong, <Self::Descriptor as Descriptor>::Error>;
[INFO] [stdout]    | |____________________________________________________________________________________________________^
[INFO] [stdout] 
[INFO] [stdout] 
[INFO] [stdout] warning: missing documentation for a method
[INFO] [stdout]   --> src/lib.rs:30:2
[INFO] [stdout]    |
[INFO] [stdout] 30 | /     fn as_strong_mut(
[INFO] [stdout] 31 | |         &mut self,
[INFO] [stdout] 32 | |     ) -> Result<
[INFO] [stdout] 33 | |         &mut <Self::Descriptor as Descriptor>::Strong,
[INFO] [stdout] 34 | |         <Self::Descriptor as Descriptor>::Error,
[INFO] [stdout] 35 | |     >;
[INFO] [stdout]    | |______^
[INFO] [stdout] 
[INFO] [stdout] 
[INFO] [stdout] warning: missing documentation for a trait
[INFO] [stdout]   --> src/lib.rs:38:1
[INFO] [stdout]    |
[INFO] [stdout] 38 | pub trait Descriptor {
[INFO] [stdout]    | ^^^^^^^^^^^^^^^^^^^^
[INFO] [stdout] 
[INFO] [stdout] 
[INFO] [stdout] warning: missing documentation for an associated type
[INFO] [stdout]   --> src/lib.rs:39:2
[INFO] [stdout]    |
[INFO] [stdout] 39 |     type Weak;
[INFO] [stdout]    |     ^^^^^^^^^
[INFO] [stdout] 
[INFO] [stdout] 
[INFO] [stdout] warning: missing documentation for an associated type
[INFO] [stdout]   --> src/lib.rs:40:2
[INFO] [stdout]    |
[INFO] [stdout] 40 |     type Strong;
[INFO] [stdout]    |     ^^^^^^^^^^^
[INFO] [stdout] 
[INFO] [stdout] 
[INFO] [stdout] warning: missing documentation for an associated type
[INFO] [stdout]   --> src/lib.rs:41:2
[INFO] [stdout]    |
[INFO] [stdout] 41 |     type Error: crate::Error;
[INFO] [stdout]    |     ^^^^^^^^^^^^^^^^^^^^^^^^
[INFO] [stdout] 
[INFO] [stdout] 
[INFO] [stdout] warning: missing documentation for a method
[INFO] [stdout]   --> src/lib.rs:43:2
[INFO] [stdout]    |
[INFO] [stdout] 43 |     fn strong<'a>(&self, weak: &'a Self::Weak) -> Result<&'a Self::Strong, Self::Error>;
[INFO] [stdout]    |     ^^^^^^^^^^^^^^^^^^^^^^^^^^^^^^^^^^^^^^^^^^^^^^^^^^^^^^^^^^^^^^^^^^^^^^^^^^^^^^^^^^^^
[INFO] [stdout] 
[INFO] [stdout] 
[INFO] [stdout] warning: missing documentation for a method
[INFO] [stdout]   --> src/lib.rs:44:2
[INFO] [stdout]    |
[INFO] [stdout] 44 | /     fn strong_mut<'a>(&self, weak: &'a mut Self::Weak)
[INFO] [stdout] 45 | |         -> Result<&'a mut Self::Strong, Self::Error>;
[INFO] [stdout]    | |_____________________________________________________^
[INFO] [stdout] 
[INFO] [stdout] 
[INFO] [stdout] warning: missing documentation for a method
[INFO] [stdout]   --> src/lib.rs:46:2
[INFO] [stdout]    |
[INFO] [stdout] 46 |     fn strong_into_weak(&self, strong: Self::Strong) -> Self::Weak;
[INFO] [stdout]    |     ^^^^^^^^^^^^^^^^^^^^^^^^^^^^^^^^^^^^^^^^^^^^^^^^^^^^^^^^^^^^^^^
[INFO] [stdout] 
[INFO] [stdout] 
[INFO] [stdout] warning: missing documentation for a method
[INFO] [stdout]   --> src/lib.rs:47:2
[INFO] [stdout]    |
[INFO] [stdout] 47 |     fn try_weak_into_strong(&self, weak: Self::Weak) -> Result<Self::Strong, Self::Error>;
[INFO] [stdout]    |     ^^^^^^^^^^^^^^^^^^^^^^^^^^^^^^^^^^^^^^^^^^^^^^^^^^^^^^^^^^^^^^^^^^^^^^^^^^^^^^^^^^^^^^
[INFO] [stdout] 
[INFO] [stdout] 
[INFO] [stdout] warning: missing documentation for an associated function
[INFO] [stdout]   --> src/lib.rs:92:2
[INFO] [stdout]    |
[INFO] [stdout] 92 | /     fn from_insertion((slot, prev): (&mut T, Option<T>)) -> (&mut Self, Option<Self>)
[INFO] [stdout] 93 | |     where
[INFO] [stdout] 94 | |         Self: Sized,
[INFO] [stdout] 95 | |         T: Sized,
[INFO] [stdout]    | |_________________^
[INFO] [stdout] 
[INFO] [stdout] 
[INFO] [stdout] warning: missing documentation for a trait
[INFO] [stdout]    --> src/lib.rs:106:1
[INFO] [stdout]     |
[INFO] [stdout] 106 | pub trait FieldAccess<Strong: ?Sized, E, T: ?Sized, N> {
[INFO] [stdout]     | ^^^^^^^^^^^^^^^^^^^^^^^^^^^^^^^^^^^^^^^^^^^^^^^^^^^^^^
[INFO] [stdout] 
[INFO] [stdout] 
[INFO] [stdout] warning: missing documentation for a method
[INFO] [stdout]    --> src/lib.rs:107:2
[INFO] [stdout]     |
[INFO] [stdout] 107 |     fn get<'a>(&self, strong: &'a Strong, name: N) -> Result<&'a T, E>;
[INFO] [stdout]     |     ^^^^^^^^^^^^^^^^^^^^^^^^^^^^^^^^^^^^^^^^^^^^^^^^^^^^^^^^^^^^^^^^^^^
[INFO] [stdout] 
[INFO] [stdout] 
[INFO] [stdout] warning: missing documentation for a method
[INFO] [stdout]    --> src/lib.rs:108:2
[INFO] [stdout]     |
[INFO] [stdout] 108 |     fn get_mut<'a>(&self, strong: &'a mut Strong, name: N) -> Result<&'a mut T, E>;
[INFO] [stdout]     |     ^^^^^^^^^^^^^^^^^^^^^^^^^^^^^^^^^^^^^^^^^^^^^^^^^^^^^^^^^^^^^^^^^^^^^^^^^^^^^^^
[INFO] [stdout] 
[INFO] [stdout] 
[INFO] [stdout] warning: missing documentation for a method
[INFO] [stdout]    --> src/lib.rs:109:2
[INFO] [stdout]     |
[INFO] [stdout] 109 | /     fn set(&self, strong: &mut Strong, name: N, value: T) -> Result<(), E>
[INFO] [stdout] 110 | |     where
[INFO] [stdout] 111 | |         T: Sized;
[INFO] [stdout]     | |_________________^
[INFO] [stdout] 
[INFO] [stdout] 
[INFO] [stdout] warning: missing documentation for a method
[INFO] [stdout]    --> src/lib.rs:112:2
[INFO] [stdout]     |
[INFO] [stdout] 112 | /     fn insert<'a>(
[INFO] [stdout] 113 | |         &self,
[INFO] [stdout] 114 | |         strong: &'a mut Strong,
[INFO] [stdout] 115 | |         name: N,
[INFO] [stdout] ...   |
[INFO] [stdout] 118 | |     where
[INFO] [stdout] 119 | |         T: Sized;
[INFO] [stdout]     | |_________________^
[INFO] [stdout] 
[INFO] [stdout] 
[INFO] [stdout] warning: missing documentation for a trait
[INFO] [stdout]    --> src/lib.rs:153:1
[INFO] [stdout]     |
[INFO] [stdout] 153 | pub trait UnionFieldAccess<Strong: ?Sized, E, T: ?Sized, N> {
[INFO] [stdout]     | ^^^^^^^^^^^^^^^^^^^^^^^^^^^^^^^^^^^^^^^^^^^^^^^^^^^^^^^^^^^
[INFO] [stdout] 
[INFO] [stdout] 
[INFO] [stdout] warning: missing documentation for a method
[INFO] [stdout]    --> src/lib.rs:154:2
[INFO] [stdout]     |
[INFO] [stdout] 154 |     fn get<'a>(&self, strong: &'a Strong, name: N) -> Result<Option<&'a T>, E>;
[INFO] [stdout]     |     ^^^^^^^^^^^^^^^^^^^^^^^^^^^^^^^^^^^^^^^^^^^^^^^^^^^^^^^^^^^^^^^^^^^^^^^^^^^
[INFO] [stdout] 
[INFO] [stdout] 
[INFO] [stdout] warning: missing documentation for a method
[INFO] [stdout]    --> src/lib.rs:155:2
[INFO] [stdout]     |
[INFO] [stdout] 155 |     fn get_mut<'a>(&self, strong: &'a mut Strong, name: N) -> Result<Option<&'a mut T>, E>;
[INFO] [stdout]     |     ^^^^^^^^^^^^^^^^^^^^^^^^^^^^^^^^^^^^^^^^^^^^^^^^^^^^^^^^^^^^^^^^^^^^^^^^^^^^^^^^^^^^^^^
[INFO] [stdout] 
[INFO] [stdout] 
[INFO] [stdout] warning: missing documentation for a method
[INFO] [stdout]    --> src/lib.rs:156:2
[INFO] [stdout]     |
[INFO] [stdout] 156 | /     fn set(&self, strong: &mut Strong, name: N, value: T) -> Result<(), E>
[INFO] [stdout] 157 | |     where
[INFO] [stdout] 158 | |         T: Sized;
[INFO] [stdout]     | |_________________^
[INFO] [stdout] 
[INFO] [stdout] 
[INFO] [stdout] warning: missing documentation for a method
[INFO] [stdout]    --> src/lib.rs:159:2
[INFO] [stdout]     |
[INFO] [stdout] 159 | /     fn insert<'a>(
[INFO] [stdout] 160 | |         &self,
[INFO] [stdout] 161 | |         strong: &'a mut Strong,
[INFO] [stdout] 162 | |         name: N,
[INFO] [stdout] ...   |
[INFO] [stdout] 165 | |     where
[INFO] [stdout] 166 | |         T: Sized;
[INFO] [stdout]     | |_________________^
[INFO] [stdout] 
[INFO] [stdout] 
[INFO] [stdout] warning: missing documentation for a trait
[INFO] [stdout]    --> src/lib.rs:200:1
[INFO] [stdout]     |
[INFO] [stdout] 200 | pub trait VariantFilter<'a, Strong: ?Sized, E, N> {
[INFO] [stdout]     | ^^^^^^^^^^^^^^^^^^^^^^^^^^^^^^^^^^^^^^^^^^^^^^^^^
[INFO] [stdout] 
[INFO] [stdout] 
[INFO] [stdout] warning: missing documentation for an associated type
[INFO] [stdout]    --> src/lib.rs:201:2
[INFO] [stdout]     |
[INFO] [stdout] 201 |     type CommonRef: 'a;
[INFO] [stdout]     |     ^^^^^^^^^^^^^^^^^^
[INFO] [stdout] 
[INFO] [stdout] 
[INFO] [stdout] warning: missing documentation for an associated type
[INFO] [stdout]    --> src/lib.rs:202:2
[INFO] [stdout]     |
[INFO] [stdout] 202 |     type CommonMut: 'a;
[INFO] [stdout]     |     ^^^^^^^^^^^^^^^^^^
[INFO] [stdout] 
[INFO] [stdout] 
[INFO] [stdout] warning: missing documentation for a method
[INFO] [stdout]    --> src/lib.rs:204:2
[INFO] [stdout]     |
[INFO] [stdout] 204 |     fn common(&self, strong: &'a Strong, name: N) -> Result<Option<Self::CommonRef>, E>;
[INFO] [stdout]     |     ^^^^^^^^^^^^^^^^^^^^^^^^^^^^^^^^^^^^^^^^^^^^^^^^^^^^^^^^^^^^^^^^^^^^^^^^^^^^^^^^^^^^
[INFO] [stdout] 
[INFO] [stdout] 
[INFO] [stdout] warning: missing documentation for a method
[INFO] [stdout]    --> src/lib.rs:206:2
[INFO] [stdout]     |
[INFO] [stdout] 206 |     fn check_mut(&self, strong: &mut Strong, name: N) -> Result<bool, E>;
[INFO] [stdout]     |     ^^^^^^^^^^^^^^^^^^^^^^^^^^^^^^^^^^^^^^^^^^^^^^^^^^^^^^^^^^^^^^^^^^^^^
[INFO] [stdout] 
[INFO] [stdout] 
[INFO] [stdout] warning: missing documentation for a method
[INFO] [stdout]    --> src/lib.rs:207:2
[INFO] [stdout]     |
[INFO] [stdout] 207 |     fn common_mut(&self, strong: &'a mut Strong, name: N) -> Result<Self::CommonMut, E>;
[INFO] [stdout]     |     ^^^^^^^^^^^^^^^^^^^^^^^^^^^^^^^^^^^^^^^^^^^^^^^^^^^^^^^^^^^^^^^^^^^^^^^^^^^^^^^^^^^^
[INFO] [stdout] 
[INFO] [stdout] 
[INFO] [stdout] warning: missing documentation for a trait
[INFO] [stdout]    --> src/lib.rs:217:1
[INFO] [stdout]     |
[INFO] [stdout] 217 | pub trait VariantFieldAccessRef<'a, Common: ?Sized, E, T: ?Sized, N> {
[INFO] [stdout]     | ^^^^^^^^^^^^^^^^^^^^^^^^^^^^^^^^^^^^^^^^^^^^^^^^^^^^^^^^^^^^^^^^^^^^
[INFO] [stdout] 
[INFO] [stdout] 
[INFO] [stdout] warning: missing documentation for a method
[INFO] [stdout]    --> src/lib.rs:218:2
[INFO] [stdout]     |
[INFO] [stdout] 218 |     fn get(&self, common: &Common, name: N) -> Result<&'a T, E>;
[INFO] [stdout]     |     ^^^^^^^^^^^^^^^^^^^^^^^^^^^^^^^^^^^^^^^^^^^^^^^^^^^^^^^^^^^^
[INFO] [stdout] 
[INFO] [stdout] 
[INFO] [stdout] warning: missing documentation for a trait
[INFO] [stdout]    --> src/lib.rs:220:1
[INFO] [stdout]     |
[INFO] [stdout] 220 | pub trait VariantFieldAccessMut<'a, Common: ?Sized, E, T: ?Sized, N> {
[INFO] [stdout]     | ^^^^^^^^^^^^^^^^^^^^^^^^^^^^^^^^^^^^^^^^^^^^^^^^^^^^^^^^^^^^^^^^^^^^
[INFO] [stdout] 
[INFO] [stdout] 
[INFO] [stdout] warning: missing documentation for a method
[INFO] [stdout]    --> src/lib.rs:221:2
[INFO] [stdout]     |
[INFO] [stdout] 221 |     fn get_mut(&self, common: &mut Common, name: N) -> Result<&'a mut T, E>;
[INFO] [stdout]     |     ^^^^^^^^^^^^^^^^^^^^^^^^^^^^^^^^^^^^^^^^^^^^^^^^^^^^^^^^^^^^^^^^^^^^^^^^
[INFO] [stdout] 
[INFO] [stdout] 
[INFO] [stdout] warning: 33 warnings emitted
[INFO] [stdout] 
[INFO] [stdout] 
[INFO] [stderr]     Finished dev [unoptimized + debuginfo] target(s) in 3.44s
[INFO] running `Command { std: "docker" "inspect" "88ea06a1b4677c31c5011e0b0f8a96ffeddaa7d3580ec14ef5d9ee625f545638", kill_on_drop: false }`
[INFO] running `Command { std: "docker" "rm" "-f" "88ea06a1b4677c31c5011e0b0f8a96ffeddaa7d3580ec14ef5d9ee625f545638", kill_on_drop: false }`
[INFO] [stdout] 88ea06a1b4677c31c5011e0b0f8a96ffeddaa7d3580ec14ef5d9ee625f545638
[INFO] running `Command { std: "docker" "create" "-v" "/var/lib/crater-agent-workspace/builds/worker-4-tc1/target:/opt/rustwide/target:rw,Z" "-v" "/var/lib/crater-agent-workspace/builds/worker-4-tc1/source:/opt/rustwide/workdir:ro,Z" "-v" "/var/lib/crater-agent-workspace/cargo-home:/opt/rustwide/cargo-home:ro,Z" "-v" "/var/lib/crater-agent-workspace/rustup-home:/opt/rustwide/rustup-home:ro,Z" "-e" "SOURCE_DIR=/opt/rustwide/workdir" "-e" "CARGO_TARGET_DIR=/opt/rustwide/target" "-e" "CARGO_INCREMENTAL=0" "-e" "RUST_BACKTRACE=full" "-e" "RUSTFLAGS=--cap-lints=warn" "-e" "RUSTDOCFLAGS=--cap-lints=warn" "-e" "CARGO_HOME=/opt/rustwide/cargo-home" "-e" "RUSTUP_HOME=/opt/rustwide/rustup-home" "-w" "/opt/rustwide/workdir" "-m" "1610612736" "--user" "0:0" "--network" "none" "ghcr.io/rust-lang/crates-build-env/linux@sha256:2788e3201cd34a07e3172128adcd8b3090168a8e3bcc40d7c032b9dda1df7d1c" "/opt/rustwide/cargo-home/bin/cargo" "+1.75.0" "test" "--frozen" "--no-run" "--message-format=json", kill_on_drop: false }`
[INFO] [stdout] bcc99a71bb72189bf2aca314320af76ae0d0f0b4eef895e73da660d998a0161f
[INFO] running `Command { std: "docker" "start" "-a" "bcc99a71bb72189bf2aca314320af76ae0d0f0b4eef895e73da660d998a0161f", kill_on_drop: false }`
[INFO] [stderr]    Compiling unicode-xid v0.2.2
[INFO] [stderr]    Compiling syn v1.0.91
[INFO] [stderr]    Compiling wasm-bindgen-shared v0.2.80
[INFO] [stderr]    Compiling log v0.4.16
[INFO] [stderr]    Compiling lazy_static v1.4.0
[INFO] [stderr]    Compiling bumpalo v3.9.1
[INFO] [stderr]    Compiling wasm-bindgen v0.2.80
[INFO] [stderr]    Compiling proc-macro2 v1.0.37
[INFO] [stderr]    Compiling serde v1.0.136
[INFO] [stderr]    Compiling matches v0.1.9
[INFO] [stderr]    Compiling tinyvec v1.5.1
[INFO] [stderr]    Compiling unicase v2.6.0
[INFO] [stderr]    Compiling percent-encoding v2.1.0
[INFO] [stderr]    Compiling unicode-bidi v0.3.7
[INFO] [stderr]    Compiling pulldown-cmark v0.8.0
[INFO] [stderr]    Compiling semver v1.0.7
[INFO] [stderr]    Compiling itoa v1.0.1
[INFO] [stderr]    Compiling form_urlencoded v1.0.1
[INFO] [stderr]    Compiling tap v1.0.1
[INFO] [stderr]    Compiling cargo-husky v1.5.0
[INFO] [stderr]    Compiling regex-syntax v0.6.25
[INFO] [stderr]    Compiling serde_json v1.0.79
[INFO] [stderr]    Compiling scoped-tls v1.0.0
[INFO] [stderr]    Compiling ryu v1.0.9
[INFO] [stderr]    Compiling git_info v0.1.2
[INFO] [stderr]    Compiling quote v1.0.17
[INFO] [stderr]    Compiling wasm-bindgen-test-macro v0.3.30
[INFO] [stderr]    Compiling unicode-normalization v0.1.19
[INFO] [stderr]    Compiling idna v0.2.3
[INFO] [stderr]    Compiling regex v1.5.5
[INFO] [stderr]    Compiling url v2.2.2
[INFO] [stderr]    Compiling wasm-bindgen-backend v0.2.80
[INFO] [stderr]    Compiling call2-for-syn v2.0.3
[INFO] [stderr]    Compiling toml v0.5.8
[INFO] [stderr]    Compiling faible_proc-macro-definitions v0.0.1 (/opt/rustwide/workdir/proc-macro-definitions)
[INFO] [stderr]    Compiling wasm-bindgen-macro-support v0.2.80
[INFO] [stdout] warning: unused variable: `names`
[INFO] [stdout]    --> proc-macro-definitions/src/lib.rs:394:8
[INFO] [stdout]     |
[INFO] [stdout] 394 | ...                   names, //TODO: Ensure empty.
[INFO] [stdout]     |                       ^^^^^ help: try ignoring the field: `names: _`
[INFO] [stdout]     |
[INFO] [stdout]     = note: `#[warn(unused_variables)]` on by default
[INFO] [stdout] 
[INFO] [stdout] 
[INFO] [stdout] warning: unused variable: `names`
[INFO] [stdout]    --> proc-macro-definitions/src/lib.rs:435:8
[INFO] [stdout]     |
[INFO] [stdout] 435 | ...                   names, //TODO: Ensure empty.
[INFO] [stdout]     |                       ^^^^^ help: try ignoring the field: `names: _`
[INFO] [stdout] 
[INFO] [stdout] 
[INFO] [stdout] warning: unused variable: `vis`
[INFO] [stdout]    --> proc-macro-definitions/src/lib.rs:425:8
[INFO] [stdout]     |
[INFO] [stdout] 425 | ...                   vis,
[INFO] [stdout]     |                       ^^^ help: if this is intentional, prefix it with an underscore: `_vis`
[INFO] [stdout] 
[INFO] [stdout] 
[INFO] [stdout] warning: unused variable: `ident`
[INFO] [stdout]    --> proc-macro-definitions/src/lib.rs:426:8
[INFO] [stdout]     |
[INFO] [stdout] 426 | ...                   ident,
[INFO] [stdout]     |                       ^^^^^ help: if this is intentional, prefix it with an underscore: `_ident`
[INFO] [stdout] 
[INFO] [stdout] 
[INFO] [stdout] warning: unused variable: `colon_token`
[INFO] [stdout]    --> proc-macro-definitions/src/lib.rs:427:8
[INFO] [stdout]     |
[INFO] [stdout] 427 | ...                   colon_token,
[INFO] [stdout]     |                       ^^^^^^^^^^^ help: if this is intentional, prefix it with an underscore: `_colon_token`
[INFO] [stdout] 
[INFO] [stdout] 
[INFO] [stdout] warning: field `nested` is never read
[INFO] [stdout]    --> proc-macro-definitions/src/lib.rs:913:3
[INFO] [stdout]     |
[INFO] [stdout] 911 |     struct NameVisitor<'a> {
[INFO] [stdout]     |            ----------- field in this struct
[INFO] [stdout] 912 |         name_kind: &'a str,
[INFO] [stdout] 913 |         nested: bool, //TODO: Adjust error messages.
[INFO] [stdout]     |         ^^^^^^
[INFO] [stdout]     |
[INFO] [stdout]     = note: `#[warn(dead_code)]` on by default
[INFO] [stdout] 
[INFO] [stdout] 
[INFO] [stderr]    Compiling version-sync v0.9.4
[INFO] [stderr]    Compiling wasm-bindgen-macro v0.2.80
[INFO] [stdout] warning: 6 warnings emitted
[INFO] [stdout] 
[INFO] [stdout] 
[INFO] [stderr]    Compiling faible v0.0.1 (/opt/rustwide/workdir)
[INFO] [stdout] warning: missing documentation for a trait
[INFO] [stdout]   --> src/lib.rs:24:1
[INFO] [stdout]    |
[INFO] [stdout] 24 | pub trait Faible {
[INFO] [stdout]    | ^^^^^^^^^^^^^^^^
[INFO] [stdout]    |
[INFO] [stdout] note: the lint level is defined here
[INFO] [stdout]   --> src/lib.rs:6:27
[INFO] [stdout]    |
[INFO] [stdout] 6  | #![warn(clippy::pedantic, missing_docs)]
[INFO] [stdout]    |                           ^^^^^^^^^^^^
[INFO] [stdout] 
[INFO] [stdout] 
[INFO] [stdout] warning: missing documentation for an associated type
[INFO] [stdout]   --> src/lib.rs:25:2
[INFO] [stdout]    |
[INFO] [stdout] 25 |     type Descriptor: Descriptor;
[INFO] [stdout]    |     ^^^^^^^^^^^^^^^^^^^^^^^^^^^
[INFO] [stdout] 
[INFO] [stdout] 
[INFO] [stdout] warning: missing documentation for a method
[INFO] [stdout]   --> src/lib.rs:27:2
[INFO] [stdout]    |
[INFO] [stdout] 27 | /     fn as_strong(
[INFO] [stdout] 28 | |         &self,
[INFO] [stdout] 29 | |     ) -> Result<&<Self::Descriptor as Descriptor>::Strong, <Self::Descriptor as Descriptor>::Error>;
[INFO] [stdout]    | |____________________________________________________________________________________________________^
[INFO] [stdout] 
[INFO] [stdout] 
[INFO] [stdout] warning: missing documentation for a method
[INFO] [stdout]   --> src/lib.rs:30:2
[INFO] [stdout]    |
[INFO] [stdout] 30 | /     fn as_strong_mut(
[INFO] [stdout] 31 | |         &mut self,
[INFO] [stdout] 32 | |     ) -> Result<
[INFO] [stdout] 33 | |         &mut <Self::Descriptor as Descriptor>::Strong,
[INFO] [stdout] 34 | |         <Self::Descriptor as Descriptor>::Error,
[INFO] [stdout] 35 | |     >;
[INFO] [stdout]    | |______^
[INFO] [stdout] 
[INFO] [stdout] 
[INFO] [stdout] warning: missing documentation for a trait
[INFO] [stdout]   --> src/lib.rs:38:1
[INFO] [stdout]    |
[INFO] [stdout] 38 | pub trait Descriptor {
[INFO] [stdout]    | ^^^^^^^^^^^^^^^^^^^^
[INFO] [stdout] 
[INFO] [stdout] 
[INFO] [stdout] warning: missing documentation for an associated type
[INFO] [stdout]   --> src/lib.rs:39:2
[INFO] [stdout]    |
[INFO] [stdout] 39 |     type Weak;
[INFO] [stdout]    |     ^^^^^^^^^
[INFO] [stdout] 
[INFO] [stdout] 
[INFO] [stdout] warning: missing documentation for an associated type
[INFO] [stdout]   --> src/lib.rs:40:2
[INFO] [stdout]    |
[INFO] [stdout] 40 |     type Strong;
[INFO] [stdout]    |     ^^^^^^^^^^^
[INFO] [stdout] 
[INFO] [stdout] 
[INFO] [stdout] warning: missing documentation for an associated type
[INFO] [stdout]   --> src/lib.rs:41:2
[INFO] [stdout]    |
[INFO] [stdout] 41 |     type Error: crate::Error;
[INFO] [stdout]    |     ^^^^^^^^^^^^^^^^^^^^^^^^
[INFO] [stdout] 
[INFO] [stdout] 
[INFO] [stdout] warning: missing documentation for a method
[INFO] [stdout]   --> src/lib.rs:43:2
[INFO] [stdout]    |
[INFO] [stdout] 43 |     fn strong<'a>(&self, weak: &'a Self::Weak) -> Result<&'a Self::Strong, Self::Error>;
[INFO] [stdout]    |     ^^^^^^^^^^^^^^^^^^^^^^^^^^^^^^^^^^^^^^^^^^^^^^^^^^^^^^^^^^^^^^^^^^^^^^^^^^^^^^^^^^^^
[INFO] [stdout] 
[INFO] [stdout] 
[INFO] [stdout] warning: missing documentation for a method
[INFO] [stdout]   --> src/lib.rs:44:2
[INFO] [stdout]    |
[INFO] [stdout] 44 | /     fn strong_mut<'a>(&self, weak: &'a mut Self::Weak)
[INFO] [stdout] 45 | |         -> Result<&'a mut Self::Strong, Self::Error>;
[INFO] [stdout]    | |_____________________________________________________^
[INFO] [stdout] 
[INFO] [stdout] 
[INFO] [stdout] warning: missing documentation for a method
[INFO] [stdout]   --> src/lib.rs:46:2
[INFO] [stdout]    |
[INFO] [stdout] 46 |     fn strong_into_weak(&self, strong: Self::Strong) -> Self::Weak;
[INFO] [stdout]    |     ^^^^^^^^^^^^^^^^^^^^^^^^^^^^^^^^^^^^^^^^^^^^^^^^^^^^^^^^^^^^^^^
[INFO] [stdout] 
[INFO] [stdout] 
[INFO] [stdout] warning: missing documentation for a method
[INFO] [stdout]   --> src/lib.rs:47:2
[INFO] [stdout]    |
[INFO] [stdout] 47 |     fn try_weak_into_strong(&self, weak: Self::Weak) -> Result<Self::Strong, Self::Error>;
[INFO] [stdout]    |     ^^^^^^^^^^^^^^^^^^^^^^^^^^^^^^^^^^^^^^^^^^^^^^^^^^^^^^^^^^^^^^^^^^^^^^^^^^^^^^^^^^^^^^
[INFO] [stdout] 
[INFO] [stdout] 
[INFO] [stdout] warning: missing documentation for an associated function
[INFO] [stdout]   --> src/lib.rs:92:2
[INFO] [stdout]    |
[INFO] [stdout] 92 | /     fn from_insertion((slot, prev): (&mut T, Option<T>)) -> (&mut Self, Option<Self>)
[INFO] [stdout] 93 | |     where
[INFO] [stdout] 94 | |         Self: Sized,
[INFO] [stdout] 95 | |         T: Sized,
[INFO] [stdout]    | |_________________^
[INFO] [stdout] 
[INFO] [stdout] 
[INFO] [stdout] warning: missing documentation for a trait
[INFO] [stdout]    --> src/lib.rs:106:1
[INFO] [stdout]     |
[INFO] [stdout] 106 | pub trait FieldAccess<Strong: ?Sized, E, T: ?Sized, N> {
[INFO] [stdout]     | ^^^^^^^^^^^^^^^^^^^^^^^^^^^^^^^^^^^^^^^^^^^^^^^^^^^^^^
[INFO] [stdout] 
[INFO] [stdout] 
[INFO] [stdout] warning: missing documentation for a method
[INFO] [stdout]    --> src/lib.rs:107:2
[INFO] [stdout]     |
[INFO] [stdout] 107 |     fn get<'a>(&self, strong: &'a Strong, name: N) -> Result<&'a T, E>;
[INFO] [stdout]     |     ^^^^^^^^^^^^^^^^^^^^^^^^^^^^^^^^^^^^^^^^^^^^^^^^^^^^^^^^^^^^^^^^^^^
[INFO] [stdout] 
[INFO] [stdout] 
[INFO] [stdout] warning: missing documentation for a method
[INFO] [stdout]    --> src/lib.rs:108:2
[INFO] [stdout]     |
[INFO] [stdout] 108 |     fn get_mut<'a>(&self, strong: &'a mut Strong, name: N) -> Result<&'a mut T, E>;
[INFO] [stdout]     |     ^^^^^^^^^^^^^^^^^^^^^^^^^^^^^^^^^^^^^^^^^^^^^^^^^^^^^^^^^^^^^^^^^^^^^^^^^^^^^^^
[INFO] [stdout] 
[INFO] [stdout] 
[INFO] [stdout] warning: missing documentation for a method
[INFO] [stdout]    --> src/lib.rs:109:2
[INFO] [stdout]     |
[INFO] [stdout] 109 | /     fn set(&self, strong: &mut Strong, name: N, value: T) -> Result<(), E>
[INFO] [stdout] 110 | |     where
[INFO] [stdout] 111 | |         T: Sized;
[INFO] [stdout]     | |_________________^
[INFO] [stdout] 
[INFO] [stdout] 
[INFO] [stdout] warning: missing documentation for a method
[INFO] [stdout]    --> src/lib.rs:112:2
[INFO] [stdout]     |
[INFO] [stdout] 112 | /     fn insert<'a>(
[INFO] [stdout] 113 | |         &self,
[INFO] [stdout] 114 | |         strong: &'a mut Strong,
[INFO] [stdout] 115 | |         name: N,
[INFO] [stdout] ...   |
[INFO] [stdout] 118 | |     where
[INFO] [stdout] 119 | |         T: Sized;
[INFO] [stdout]     | |_________________^
[INFO] [stdout] 
[INFO] [stdout] 
[INFO] [stdout] warning: missing documentation for a trait
[INFO] [stdout]    --> src/lib.rs:153:1
[INFO] [stdout]     |
[INFO] [stdout] 153 | pub trait UnionFieldAccess<Strong: ?Sized, E, T: ?Sized, N> {
[INFO] [stdout]     | ^^^^^^^^^^^^^^^^^^^^^^^^^^^^^^^^^^^^^^^^^^^^^^^^^^^^^^^^^^^
[INFO] [stdout] 
[INFO] [stdout] 
[INFO] [stdout] warning: missing documentation for a method
[INFO] [stdout]    --> src/lib.rs:154:2
[INFO] [stdout]     |
[INFO] [stdout] 154 |     fn get<'a>(&self, strong: &'a Strong, name: N) -> Result<Option<&'a T>, E>;
[INFO] [stdout]     |     ^^^^^^^^^^^^^^^^^^^^^^^^^^^^^^^^^^^^^^^^^^^^^^^^^^^^^^^^^^^^^^^^^^^^^^^^^^^
[INFO] [stdout] 
[INFO] [stdout] 
[INFO] [stdout] warning: missing documentation for a method
[INFO] [stdout]    --> src/lib.rs:155:2
[INFO] [stdout]     |
[INFO] [stdout] 155 |     fn get_mut<'a>(&self, strong: &'a mut Strong, name: N) -> Result<Option<&'a mut T>, E>;
[INFO] [stdout]     |     ^^^^^^^^^^^^^^^^^^^^^^^^^^^^^^^^^^^^^^^^^^^^^^^^^^^^^^^^^^^^^^^^^^^^^^^^^^^^^^^^^^^^^^^
[INFO] [stdout] 
[INFO] [stdout] 
[INFO] [stdout] warning: missing documentation for a method
[INFO] [stdout]    --> src/lib.rs:156:2
[INFO] [stdout]     |
[INFO] [stdout] 156 | /     fn set(&self, strong: &mut Strong, name: N, value: T) -> Result<(), E>
[INFO] [stdout] 157 | |     where
[INFO] [stdout] 158 | |         T: Sized;
[INFO] [stdout]     | |_________________^
[INFO] [stdout] 
[INFO] [stdout] 
[INFO] [stdout] warning: missing documentation for a method
[INFO] [stdout]    --> src/lib.rs:159:2
[INFO] [stdout]     |
[INFO] [stdout] 159 | /     fn insert<'a>(
[INFO] [stdout] 160 | |         &self,
[INFO] [stdout] 161 | |         strong: &'a mut Strong,
[INFO] [stdout] 162 | |         name: N,
[INFO] [stdout] ...   |
[INFO] [stdout] 165 | |     where
[INFO] [stdout] 166 | |         T: Sized;
[INFO] [stdout]     | |_________________^
[INFO] [stdout] 
[INFO] [stdout] 
[INFO] [stdout] warning: missing documentation for a trait
[INFO] [stdout]    --> src/lib.rs:200:1
[INFO] [stdout]     |
[INFO] [stdout] 200 | pub trait VariantFilter<'a, Strong: ?Sized, E, N> {
[INFO] [stdout]     | ^^^^^^^^^^^^^^^^^^^^^^^^^^^^^^^^^^^^^^^^^^^^^^^^^
[INFO] [stdout] 
[INFO] [stdout] 
[INFO] [stdout] warning: missing documentation for an associated type
[INFO] [stdout]    --> src/lib.rs:201:2
[INFO] [stdout]     |
[INFO] [stdout] 201 |     type CommonRef: 'a;
[INFO] [stdout]     |     ^^^^^^^^^^^^^^^^^^
[INFO] [stdout] 
[INFO] [stdout] 
[INFO] [stdout] warning: missing documentation for an associated type
[INFO] [stdout]    --> src/lib.rs:202:2
[INFO] [stdout]     |
[INFO] [stdout] 202 |     type CommonMut: 'a;
[INFO] [stdout]     |     ^^^^^^^^^^^^^^^^^^
[INFO] [stdout] 
[INFO] [stdout] 
[INFO] [stdout] warning: missing documentation for a method
[INFO] [stdout]    --> src/lib.rs:204:2
[INFO] [stdout]     |
[INFO] [stdout] 204 |     fn common(&self, strong: &'a Strong, name: N) -> Result<Option<Self::CommonRef>, E>;
[INFO] [stdout]     |     ^^^^^^^^^^^^^^^^^^^^^^^^^^^^^^^^^^^^^^^^^^^^^^^^^^^^^^^^^^^^^^^^^^^^^^^^^^^^^^^^^^^^
[INFO] [stdout] 
[INFO] [stdout] 
[INFO] [stdout] warning: missing documentation for a method
[INFO] [stdout]    --> src/lib.rs:206:2
[INFO] [stdout]     |
[INFO] [stdout] 206 |     fn check_mut(&self, strong: &mut Strong, name: N) -> Result<bool, E>;
[INFO] [stdout]     |     ^^^^^^^^^^^^^^^^^^^^^^^^^^^^^^^^^^^^^^^^^^^^^^^^^^^^^^^^^^^^^^^^^^^^^
[INFO] [stdout] 
[INFO] [stdout] 
[INFO] [stdout] warning: missing documentation for a method
[INFO] [stdout]    --> src/lib.rs:207:2
[INFO] [stdout]     |
[INFO] [stdout] 207 |     fn common_mut(&self, strong: &'a mut Strong, name: N) -> Result<Self::CommonMut, E>;
[INFO] [stdout]     |     ^^^^^^^^^^^^^^^^^^^^^^^^^^^^^^^^^^^^^^^^^^^^^^^^^^^^^^^^^^^^^^^^^^^^^^^^^^^^^^^^^^^^
[INFO] [stdout] 
[INFO] [stdout] 
[INFO] [stdout] warning: missing documentation for a trait
[INFO] [stdout]    --> src/lib.rs:217:1
[INFO] [stdout]     |
[INFO] [stdout] 217 | pub trait VariantFieldAccessRef<'a, Common: ?Sized, E, T: ?Sized, N> {
[INFO] [stdout]     | ^^^^^^^^^^^^^^^^^^^^^^^^^^^^^^^^^^^^^^^^^^^^^^^^^^^^^^^^^^^^^^^^^^^^
[INFO] [stdout] 
[INFO] [stdout] 
[INFO] [stdout] warning: missing documentation for a method
[INFO] [stdout]    --> src/lib.rs:218:2
[INFO] [stdout]     |
[INFO] [stdout] 218 |     fn get(&self, common: &Common, name: N) -> Result<&'a T, E>;
[INFO] [stdout]     |     ^^^^^^^^^^^^^^^^^^^^^^^^^^^^^^^^^^^^^^^^^^^^^^^^^^^^^^^^^^^^
[INFO] [stdout] 
[INFO] [stdout] 
[INFO] [stdout] warning: missing documentation for a trait
[INFO] [stdout]    --> src/lib.rs:220:1
[INFO] [stdout]     |
[INFO] [stdout] 220 | pub trait VariantFieldAccessMut<'a, Common: ?Sized, E, T: ?Sized, N> {
[INFO] [stdout]     | ^^^^^^^^^^^^^^^^^^^^^^^^^^^^^^^^^^^^^^^^^^^^^^^^^^^^^^^^^^^^^^^^^^^^
[INFO] [stdout] 
[INFO] [stdout] 
[INFO] [stdout] warning: missing documentation for a method
[INFO] [stdout]    --> src/lib.rs:221:2
[INFO] [stdout]     |
[INFO] [stdout] 221 |     fn get_mut(&self, common: &mut Common, name: N) -> Result<&'a mut T, E>;
[INFO] [stdout]     |     ^^^^^^^^^^^^^^^^^^^^^^^^^^^^^^^^^^^^^^^^^^^^^^^^^^^^^^^^^^^^^^^^^^^^^^^^
[INFO] [stdout] 
[INFO] [stdout] 
[INFO] [stdout] warning: 33 warnings emitted
[INFO] [stdout] 
[INFO] [stdout] 
[INFO] [stderr]    Compiling js-sys v0.3.57
[INFO] [stderr]    Compiling console_error_panic_hook v0.1.7
[INFO] [stderr]    Compiling wasm-bindgen-futures v0.4.30
[INFO] [stderr]    Compiling wasm-bindgen-test v0.3.30
[INFO] [stdout] warning: unused import: `convert::Infallible`
[INFO] [stdout]  --> tests/faible_union.rs:2:11
[INFO] [stdout]   |
[INFO] [stdout] 2 | use std::{convert::Infallible, marker::PhantomData, mem, ptr::NonNull};
[INFO] [stdout]   |           ^^^^^^^^^^^^^^^^^^^
[INFO] [stdout]   |
[INFO] [stdout]   = note: `#[warn(unused_imports)]` on by default
[INFO] [stdout] 
[INFO] [stdout] 
[INFO] [stdout] warning: unused variable: `strong`
[INFO] [stdout]   --> tests/faible_union.rs:43:20
[INFO] [stdout]    |
[INFO] [stdout] 43 |     fn get<'a>(&self, strong: &'a *mut T, name: N) -> Result<Option<&'a NonNull<T>>, E> {
[INFO] [stdout]    |                       ^^^^^^ help: if this is intentional, prefix it with an underscore: `_strong`
[INFO] [stdout]    |
[INFO] [stdout]    = note: `#[warn(unused_variables)]` on by default
[INFO] [stdout] 
[INFO] [stdout] 
[INFO] [stdout] warning: unused variable: `name`
[INFO] [stdout]   --> tests/faible_union.rs:43:40
[INFO] [stdout]    |
[INFO] [stdout] 43 |     fn get<'a>(&self, strong: &'a *mut T, name: N) -> Result<Option<&'a NonNull<T>>, E> {
[INFO] [stdout]    |                                           ^^^^ help: if this is intentional, prefix it with an underscore: `_name`
[INFO] [stdout] 
[INFO] [stdout] 
[INFO] [stdout] warning: unused variable: `strong`
[INFO] [stdout]   --> tests/faible_union.rs:49:3
[INFO] [stdout]    |
[INFO] [stdout] 49 |         strong: &'a mut *mut T,
[INFO] [stdout]    |         ^^^^^^ help: if this is intentional, prefix it with an underscore: `_strong`
[INFO] [stdout] 
[INFO] [stdout] 
[INFO] [stdout] warning: unused variable: `name`
[INFO] [stdout]   --> tests/faible_union.rs:50:3
[INFO] [stdout]    |
[INFO] [stdout] 50 |         name: N,
[INFO] [stdout]    |         ^^^^ help: if this is intentional, prefix it with an underscore: `_name`
[INFO] [stdout] 
[INFO] [stdout] 
[INFO] [stdout] warning: unused variable: `strong`
[INFO] [stdout]   --> tests/faible_union.rs:55:16
[INFO] [stdout]    |
[INFO] [stdout] 55 |     fn set(&self, strong: &mut *mut T, name: N, value: NonNull<T>) -> Result<(), E>
[INFO] [stdout]    |                   ^^^^^^ help: if this is intentional, prefix it with an underscore: `_strong`
[INFO] [stdout] 
[INFO] [stdout] 
[INFO] [stdout] warning: unused variable: `name`
[INFO] [stdout]   --> tests/faible_union.rs:55:37
[INFO] [stdout]    |
[INFO] [stdout] 55 |     fn set(&self, strong: &mut *mut T, name: N, value: NonNull<T>) -> Result<(), E>
[INFO] [stdout]    |                                        ^^^^ help: if this is intentional, prefix it with an underscore: `_name`
[INFO] [stdout] 
[INFO] [stdout] 
[INFO] [stdout] warning: unused variable: `value`
[INFO] [stdout]   --> tests/faible_union.rs:55:46
[INFO] [stdout]    |
[INFO] [stdout] 55 |     fn set(&self, strong: &mut *mut T, name: N, value: NonNull<T>) -> Result<(), E>
[INFO] [stdout]    |                                                 ^^^^^ help: if this is intentional, prefix it with an underscore: `_value`
[INFO] [stdout] 
[INFO] [stdout] 
[INFO] [stdout] warning: unused variable: `strong`
[INFO] [stdout]   --> tests/faible_union.rs:64:3
[INFO] [stdout]    |
[INFO] [stdout] 64 |         strong: &'a mut *mut T,
[INFO] [stdout]    |         ^^^^^^ help: if this is intentional, prefix it with an underscore: `_strong`
[INFO] [stdout] 
[INFO] [stdout] 
[INFO] [stdout] warning: unused variable: `name`
[INFO] [stdout]   --> tests/faible_union.rs:65:3
[INFO] [stdout]    |
[INFO] [stdout] 65 |         name: N,
[INFO] [stdout]    |         ^^^^ help: if this is intentional, prefix it with an underscore: `_name`
[INFO] [stdout] 
[INFO] [stdout] 
[INFO] [stdout] warning: unused variable: `value`
[INFO] [stdout]   --> tests/faible_union.rs:66:3
[INFO] [stdout]    |
[INFO] [stdout] 66 |         value: NonNull<T>,
[INFO] [stdout]    |         ^^^^^ help: if this is intentional, prefix it with an underscore: `_value`
[INFO] [stdout] 
[INFO] [stdout] 
[INFO] [stdout] warning: unused variable: `name`
[INFO] [stdout]   --> tests/faible_union.rs:76:40
[INFO] [stdout]    |
[INFO] [stdout] 76 |     fn get<'a>(&self, strong: &'a *mut T, name: N) -> Result<Option<&'a *mut T>, E> {
[INFO] [stdout]    |                                           ^^^^ help: if this is intentional, prefix it with an underscore: `_name`
[INFO] [stdout] 
[INFO] [stdout] 
[INFO] [stdout] warning: unused variable: `name`
[INFO] [stdout]   --> tests/faible_union.rs:80:48
[INFO] [stdout]    |
[INFO] [stdout] 80 |     fn get_mut<'a>(&self, strong: &'a mut *mut T, name: N) -> Result<Option<&'a mut *mut T>, E> {
[INFO] [stdout]    |                                                   ^^^^ help: if this is intentional, prefix it with an underscore: `_name`
[INFO] [stdout] 
[INFO] [stdout] 
[INFO] [stdout] warning: unused variable: `name`
[INFO] [stdout]   --> tests/faible_union.rs:84:37
[INFO] [stdout]    |
[INFO] [stdout] 84 |     fn set(&self, strong: &mut *mut T, name: N, value: *mut T) -> Result<(), E>
[INFO] [stdout]    |                                        ^^^^ help: if this is intentional, prefix it with an underscore: `_name`
[INFO] [stdout] 
[INFO] [stdout] 
[INFO] [stdout] warning: unused variable: `name`
[INFO] [stdout]   --> tests/faible_union.rs:95:3
[INFO] [stdout]    |
[INFO] [stdout] 95 |         name: N,
[INFO] [stdout]    |         ^^^^ help: if this is intentional, prefix it with an underscore: `_name`
[INFO] [stdout] 
[INFO] [stdout] 
[INFO] [stdout] warning: unused variable: `name`
[INFO] [stdout]   --> tests/faible_enum.rs:79:39
[INFO] [stdout]    |
[INFO] [stdout] 79 |     fn common(&self, strong: &'a Strong, name: N) -> Result<Option<Self::CommonRef>, E> {
[INFO] [stdout]    |                                          ^^^^ help: if this is intentional, prefix it with an underscore: `_name`
[INFO] [stdout]    |
[INFO] [stdout]    = note: `#[warn(unused_variables)]` on by default
[INFO] [stdout] 
[INFO] [stdout] 
[INFO] [stdout] warning: unused variable: `strong`
[INFO] [stdout]   --> tests/faible_enum.rs:83:22
[INFO] [stdout]    |
[INFO] [stdout] 83 |     fn check_mut(&self, strong: &mut Strong, name: N) -> Result<bool, E> {
[INFO] [stdout]    |                         ^^^^^^ help: if this is intentional, prefix it with an underscore: `_strong`
[INFO] [stdout] 
[INFO] [stdout] 
[INFO] [stdout] warning: unused variable: `name`
[INFO] [stdout]   --> tests/faible_enum.rs:83:43
[INFO] [stdout]    |
[INFO] [stdout] 83 |     fn check_mut(&self, strong: &mut Strong, name: N) -> Result<bool, E> {
[INFO] [stdout]    |                                              ^^^^ help: if this is intentional, prefix it with an underscore: `_name`
[INFO] [stdout] 
[INFO] [stdout] 
[INFO] [stdout] warning: unused variable: `strong`
[INFO] [stdout]   --> tests/faible_enum.rs:87:23
[INFO] [stdout]    |
[INFO] [stdout] 87 |     fn common_mut(&self, strong: &'a mut Strong, name: N) -> Result<Self::CommonMut, E> {
[INFO] [stdout]    |                          ^^^^^^ help: if this is intentional, prefix it with an underscore: `_strong`
[INFO] [stdout] 
[INFO] [stdout] 
[INFO] [stdout] warning: unused variable: `name`
[INFO] [stdout]   --> tests/faible_enum.rs:87:47
[INFO] [stdout]    |
[INFO] [stdout] 87 |     fn common_mut(&self, strong: &'a mut Strong, name: N) -> Result<Self::CommonMut, E> {
[INFO] [stdout]    |                                                  ^^^^ help: if this is intentional, prefix it with an underscore: `_name`
[INFO] [stdout] 
[INFO] [stdout] 
[INFO] [stdout] warning: unused variable: `common`
[INFO] [stdout]   --> tests/faible_enum.rs:95:16
[INFO] [stdout]    |
[INFO] [stdout] 95 |     fn get(&self, common: &Common, name: N) -> Result<&'a T, E> {
[INFO] [stdout]    |                   ^^^^^^ help: if this is intentional, prefix it with an underscore: `_common`
[INFO] [stdout] 
[INFO] [stdout] 
[INFO] [stdout] warning: unused variable: `name`
[INFO] [stdout]   --> tests/faible_enum.rs:95:33
[INFO] [stdout]    |
[INFO] [stdout] 95 |     fn get(&self, common: &Common, name: N) -> Result<&'a T, E> {
[INFO] [stdout]    |                                    ^^^^ help: if this is intentional, prefix it with an underscore: `_name`
[INFO] [stdout] 
[INFO] [stdout] 
[INFO] [stdout] warning: unused variable: `common`
[INFO] [stdout]    --> tests/faible_enum.rs:102:20
[INFO] [stdout]     |
[INFO] [stdout] 102 |     fn get_mut(&self, common: &mut Common, name: N) -> Result<&'a mut T, E> {
[INFO] [stdout]     |                       ^^^^^^ help: if this is intentional, prefix it with an underscore: `_common`
[INFO] [stdout] 
[INFO] [stdout] 
[INFO] [stdout] warning: unused variable: `name`
[INFO] [stdout]    --> tests/faible_enum.rs:102:41
[INFO] [stdout]     |
[INFO] [stdout] 102 |     fn get_mut(&self, common: &mut Common, name: N) -> Result<&'a mut T, E> {
[INFO] [stdout]     |                                            ^^^^ help: if this is intentional, prefix it with an underscore: `_name`
[INFO] [stdout] 
[INFO] [stdout] 
[INFO] [stdout] error: linking with `cc` failed: exit status: 1
[INFO] [stdout]   |
[INFO] [stdout]   = note: LC_ALL="C" PATH="/opt/rustwide/rustup-home/toolchains/1.75.0-x86_64-unknown-linux-gnu/lib/rustlib/x86_64-unknown-linux-gnu/bin:/opt/rustwide/cargo-home/bin:/usr/local/sbin:/usr/local/bin:/usr/sbin:/usr/bin:/sbin:/bin" VSLANG="1033" "cc" "-m64" "/tmp/rustc3ksNJ8/symbols.o" "/opt/rustwide/target/debug/deps/unincluded_meta_codeowners-c4c9e99d5917f6a9.unincluded_meta_codeowners.7768b059e2c5db1b-cgu.0.rcgu.o" "/opt/rustwide/target/debug/deps/unincluded_meta_codeowners-c4c9e99d5917f6a9.4suvhsqmr1hppsfd.rcgu.o" "-Wl,--as-needed" "-L" "/opt/rustwide/target/debug/deps" "-L" "/opt/rustwide/rustup-home/toolchains/1.75.0-x86_64-unknown-linux-gnu/lib/rustlib/x86_64-unknown-linux-gnu/lib" "-Wl,-Bstatic" "/opt/rustwide/target/debug/deps/libversion_sync-41e6768beffb6d63.rlib" "/opt/rustwide/target/debug/deps/libtoml-8481ea6cd358fb9e.rlib" "/opt/rustwide/target/debug/deps/libserde-bb710f895428302b.rlib" "/opt/rustwide/target/debug/deps/libpulldown_cmark-5b7c0bb12115514b.rlib" "/opt/rustwide/target/debug/deps/libmemchr-651b9a52835bc194.rlib" "/opt/rustwide/target/debug/deps/libunicase-b17828595a2c57e7.rlib" "/opt/rustwide/target/debug/deps/libbitflags-b7cee2ca4fb438d0.rlib" "/opt/rustwide/target/debug/deps/liburl-b3c55e1331b77670.rlib" "/opt/rustwide/target/debug/deps/libidna-7f2f8d2a0fa45e7d.rlib" "/opt/rustwide/target/debug/deps/libunicode_normalization-fa540275a0f8725d.rlib" "/opt/rustwide/target/debug/deps/libtinyvec-fc2adea61ab58f5e.rlib" "/opt/rustwide/target/debug/deps/libtinyvec_macros-bfeb7a087f0273ce.rlib" "/opt/rustwide/target/debug/deps/libunicode_bidi-d3ecfe40977b4a59.rlib" "/opt/rustwide/target/debug/deps/libform_urlencoded-74b1dcad9e8d80e6.rlib" "/opt/rustwide/target/debug/deps/libpercent_encoding-526c9d71c02fb5bb.rlib" "/opt/rustwide/target/debug/deps/libmatches-e0861c3f10bd1789.rlib" "/opt/rustwide/target/debug/deps/libsyn-4179a26e3bcb5c06.rlib" "/opt/rustwide/target/debug/deps/libquote-ead9178df28e57b9.rlib" "/opt/rustwide/target/debug/deps/libproc_macro2-81cfa8eaa641b7f3.rlib" "/opt/rustwide/target/debug/deps/libunicode_xid-aefad8be02b63300.rlib" "/opt/rustwide/target/debug/deps/libsemver-b9dde41c1c75c8c7.rlib" "/opt/rustwide/target/debug/deps/libregex-70fb3b0b53c04b28.rlib" "/opt/rustwide/target/debug/deps/libregex_syntax-0dbe3fb10b44fbf9.rlib" "/opt/rustwide/rustup-home/toolchains/1.75.0-x86_64-unknown-linux-gnu/lib/rustlib/x86_64-unknown-linux-gnu/lib/libtest-3df1bed8075ce1de.rlib" "/opt/rustwide/rustup-home/toolchains/1.75.0-x86_64-unknown-linux-gnu/lib/rustlib/x86_64-unknown-linux-gnu/lib/libgetopts-2076fd86b325cb5d.rlib" "/opt/rustwide/rustup-home/toolchains/1.75.0-x86_64-unknown-linux-gnu/lib/rustlib/x86_64-unknown-linux-gnu/lib/libunicode_width-caa7152ee70c190f.rlib" "/opt/rustwide/rustup-home/toolchains/1.75.0-x86_64-unknown-linux-gnu/lib/rustlib/x86_64-unknown-linux-gnu/lib/librustc_std_workspace_std-04e6425e07f02a3c.rlib" "/opt/rustwide/rustup-home/toolchains/1.75.0-x86_64-unknown-linux-gnu/lib/rustlib/x86_64-unknown-linux-gnu/lib/libstd-90f6ddbf82de36ec.rlib" "/opt/rustwide/rustup-home/toolchains/1.75.0-x86_64-unknown-linux-gnu/lib/rustlib/x86_64-unknown-linux-gnu/lib/libpanic_unwind-480c41e9d4e1f677.rlib" "/opt/rustwide/rustup-home/toolchains/1.75.0-x86_64-unknown-linux-gnu/lib/rustlib/x86_64-unknown-linux-gnu/lib/libobject-db744c0ca03eed1d.rlib" "/opt/rustwide/rustup-home/toolchains/1.75.0-x86_64-unknown-linux-gnu/lib/rustlib/x86_64-unknown-linux-gnu/lib/libmemchr-8ba652dc7d4b285a.rlib" "/opt/rustwide/rustup-home/toolchains/1.75.0-x86_64-unknown-linux-gnu/lib/rustlib/x86_64-unknown-linux-gnu/lib/libaddr2line-d5f4520a9ebc0d58.rlib" "/opt/rustwide/rustup-home/toolchains/1.75.0-x86_64-unknown-linux-gnu/lib/rustlib/x86_64-unknown-linux-gnu/lib/libgimli-4ad84de58f0cb463.rlib" "/opt/rustwide/rustup-home/toolchains/1.75.0-x86_64-unknown-linux-gnu/lib/rustlib/x86_64-unknown-linux-gnu/lib/librustc_demangle-0d10aae2e0f38735.rlib" "/opt/rustwide/rustup-home/toolchains/1.75.0-x86_64-unknown-linux-gnu/lib/rustlib/x86_64-unknown-linux-gnu/lib/libstd_detect-0c17cff739e6745b.rlib" "/opt/rustwide/rustup-home/toolchains/1.75.0-x86_64-unknown-linux-gnu/lib/rustlib/x86_64-unknown-linux-gnu/lib/libhashbrown-b29e17139dde1aa8.rlib" "/opt/rustwide/rustup-home/toolchains/1.75.0-x86_64-unknown-linux-gnu/lib/rustlib/x86_64-unknown-linux-gnu/lib/librustc_std_workspace_alloc-1f975299829cc7bd.rlib" "/opt/rustwide/rustup-home/toolchains/1.75.0-x86_64-unknown-linux-gnu/lib/rustlib/x86_64-unknown-linux-gnu/lib/libminiz_oxide-86bae3bc3079f89b.rlib" "/opt/rustwide/rustup-home/toolchains/1.75.0-x86_64-unknown-linux-gnu/lib/rustlib/x86_64-unknown-linux-gnu/lib/libadler-321b82c30dffdf5f.rlib" "/opt/rustwide/rustup-home/toolchains/1.75.0-x86_64-unknown-linux-gnu/lib/rustlib/x86_64-unknown-linux-gnu/lib/libunwind-3dd8a6810a0bdfef.rlib" "/opt/rustwide/rustup-home/toolchains/1.75.0-x86_64-unknown-linux-gnu/lib/rustlib/x86_64-unknown-linux-gnu/lib/libcfg_if-eb39a61c0c879984.rlib" "/opt/rustwide/rustup-home/toolchains/1.75.0-x86_64-unknown-linux-gnu/lib/rustlib/x86_64-unknown-linux-gnu/lib/liblibc-aa769569f91c3548.rlib" "/opt/rustwide/rustup-home/toolchains/1.75.0-x86_64-unknown-linux-gnu/lib/rustlib/x86_64-unknown-linux-gnu/lib/liballoc-510a192a50a983ed.rlib" "/opt/rustwide/rustup-home/toolchains/1.75.0-x86_64-unknown-linux-gnu/lib/rustlib/x86_64-unknown-linux-gnu/lib/librustc_std_workspace_core-0577018320f99037.rlib" "/opt/rustwide/rustup-home/toolchains/1.75.0-x86_64-unknown-linux-gnu/lib/rustlib/x86_64-unknown-linux-gnu/lib/libcore-193cf992125ccd4c.rlib" "/opt/rustwide/rustup-home/toolchains/1.75.0-x86_64-unknown-linux-gnu/lib/rustlib/x86_64-unknown-linux-gnu/lib/libcompiler_builtins-8e138eaf26ebb4a8.rlib" "-Wl,-Bdynamic" "-lgcc_s" "-lutil" "-lrt" "-lpthread" "-lm" "-ldl" "-lc" "-Wl,--eh-frame-hdr" "-Wl,-z,noexecstack" "-L" "/opt/rustwide/rustup-home/toolchains/1.75.0-x86_64-unknown-linux-gnu/lib/rustlib/x86_64-unknown-linux-gnu/lib" "-o" "/opt/rustwide/target/debug/deps/unincluded_meta_codeowners-c4c9e99d5917f6a9" "-Wl,--gc-sections" "-pie" "-Wl,-z,relro,-z,now" "-nodefaultlibs"
[INFO] [stdout]   = note: collect2: fatal error: ld terminated with signal 9 [Killed]
[INFO] [stdout]           compilation terminated.
[INFO] [stdout]           
[INFO] [stdout] 
[INFO] [stdout] 
[INFO] [stdout] error: aborting due to previous error
[INFO] [stdout] 
[INFO] [stdout] 
[INFO] [stderr] error: could not compile `faible` (test "unincluded_meta_codeowners") due to 2 previous errors
[INFO] [stderr] warning: build failed, waiting for other jobs to finish...
[INFO] [stdout] warning: 15 warnings emitted
[INFO] [stdout] 
[INFO] [stdout] 
[INFO] [stdout] warning: 9 warnings emitted
[INFO] [stdout] 
[INFO] [stdout] 
[INFO] running `Command { std: "docker" "inspect" "bcc99a71bb72189bf2aca314320af76ae0d0f0b4eef895e73da660d998a0161f", kill_on_drop: false }`
[INFO] running `Command { std: "docker" "rm" "-f" "bcc99a71bb72189bf2aca314320af76ae0d0f0b4eef895e73da660d998a0161f", kill_on_drop: false }`
[INFO] [stdout] bcc99a71bb72189bf2aca314320af76ae0d0f0b4eef895e73da660d998a0161f
[INFO] testing Tamschi/faible against beta-2023-12-22 for beta-1.76-1
[INFO] running `Command { std: "git" "clone" "/workspace/cache/git-repos/https%3A%2F%2Fgithub.com%2FTamschi%2Ffaible" "/workspace/builds/worker-4-tc2/source", kill_on_drop: false }`
[INFO] [stderr] Cloning into '/workspace/builds/worker-4-tc2/source'...
[INFO] [stderr] done.
[INFO] validating manifest of git repo https://github.com/Tamschi/faible on toolchain beta-2023-12-22
[INFO] running `Command { std: CARGO_HOME="/workspace/cargo-home" RUSTUP_HOME="/workspace/rustup-home" "/workspace/cargo-home/bin/cargo" "+beta-2023-12-22" "metadata" "--manifest-path" "Cargo.toml" "--no-deps", kill_on_drop: false }`
[INFO] removed /workspace/builds/worker-4-tc2/source/.cargo/config.toml
[INFO] removed /workspace/builds/worker-4-tc2/source/rust-toolchain
[INFO] started tweaking git repo https://github.com/Tamschi/faible
[INFO] finished tweaking git repo https://github.com/Tamschi/faible
[INFO] tweaked toml for git repo https://github.com/Tamschi/faible written to /workspace/builds/worker-4-tc2/source/Cargo.toml
[INFO] crate git repo https://github.com/Tamschi/faible already has a lockfile, it will not be regenerated
[INFO] running `Command { std: CARGO_HOME="/workspace/cargo-home" RUSTUP_HOME="/workspace/rustup-home" "/workspace/cargo-home/bin/cargo" "+beta-2023-12-22" "fetch" "--manifest-path" "Cargo.toml", kill_on_drop: false }`
[INFO] running `Command { std: "docker" "create" "-v" "/var/lib/crater-agent-workspace/builds/worker-4-tc2/target:/opt/rustwide/target:rw,Z" "-v" "/var/lib/crater-agent-workspace/builds/worker-4-tc2/source:/opt/rustwide/workdir:ro,Z" "-v" "/var/lib/crater-agent-workspace/cargo-home:/opt/rustwide/cargo-home:ro,Z" "-v" "/var/lib/crater-agent-workspace/rustup-home:/opt/rustwide/rustup-home:ro,Z" "-e" "SOURCE_DIR=/opt/rustwide/workdir" "-e" "CARGO_TARGET_DIR=/opt/rustwide/target" "-e" "CARGO_HOME=/opt/rustwide/cargo-home" "-e" "RUSTUP_HOME=/opt/rustwide/rustup-home" "-w" "/opt/rustwide/workdir" "-m" "1610612736" "--user" "0:0" "--network" "none" "ghcr.io/rust-lang/crates-build-env/linux@sha256:2788e3201cd34a07e3172128adcd8b3090168a8e3bcc40d7c032b9dda1df7d1c" "/opt/rustwide/cargo-home/bin/cargo" "+beta-2023-12-22" "metadata" "--no-deps" "--format-version=1", kill_on_drop: false }`
[INFO] [stdout] b134cbcc2b2c99bb5ccdc94358e11964b77b79e6a41bcfb29738e2b26d165607
[INFO] running `Command { std: "docker" "start" "-a" "b134cbcc2b2c99bb5ccdc94358e11964b77b79e6a41bcfb29738e2b26d165607", kill_on_drop: false }`
[INFO] running `Command { std: "docker" "inspect" "b134cbcc2b2c99bb5ccdc94358e11964b77b79e6a41bcfb29738e2b26d165607", kill_on_drop: false }`
[INFO] running `Command { std: "docker" "rm" "-f" "b134cbcc2b2c99bb5ccdc94358e11964b77b79e6a41bcfb29738e2b26d165607", kill_on_drop: false }`
[INFO] [stdout] b134cbcc2b2c99bb5ccdc94358e11964b77b79e6a41bcfb29738e2b26d165607
[INFO] running `Command { std: "docker" "create" "-v" "/var/lib/crater-agent-workspace/builds/worker-4-tc2/target:/opt/rustwide/target:rw,Z" "-v" "/var/lib/crater-agent-workspace/builds/worker-4-tc2/source:/opt/rustwide/workdir:ro,Z" "-v" "/var/lib/crater-agent-workspace/cargo-home:/opt/rustwide/cargo-home:ro,Z" "-v" "/var/lib/crater-agent-workspace/rustup-home:/opt/rustwide/rustup-home:ro,Z" "-e" "SOURCE_DIR=/opt/rustwide/workdir" "-e" "CARGO_TARGET_DIR=/opt/rustwide/target" "-e" "CARGO_INCREMENTAL=0" "-e" "RUST_BACKTRACE=full" "-e" "RUSTFLAGS=--cap-lints=warn" "-e" "RUSTDOCFLAGS=--cap-lints=warn" "-e" "CARGO_HOME=/opt/rustwide/cargo-home" "-e" "RUSTUP_HOME=/opt/rustwide/rustup-home" "-w" "/opt/rustwide/workdir" "-m" "1610612736" "--user" "0:0" "--network" "none" "ghcr.io/rust-lang/crates-build-env/linux@sha256:2788e3201cd34a07e3172128adcd8b3090168a8e3bcc40d7c032b9dda1df7d1c" "/opt/rustwide/cargo-home/bin/cargo" "+beta-2023-12-22" "build" "--frozen" "--message-format=json", kill_on_drop: false }`
[INFO] [stdout] 92c1c43d2b2c6729b4bfd47ac009efec43f84c94cc7f097de7bd0a6ac9fd3fb1
[INFO] running `Command { std: "docker" "start" "-a" "92c1c43d2b2c6729b4bfd47ac009efec43f84c94cc7f097de7bd0a6ac9fd3fb1", kill_on_drop: false }`
[INFO] [stderr]    Compiling proc-macro2 v1.0.37
[INFO] [stderr]    Compiling rustversion v1.0.6
[INFO] [stderr]    Compiling syn v1.0.91
[INFO] [stderr]    Compiling itoa v1.0.1
[INFO] [stderr]    Compiling vec-drain-where v1.0.1
[INFO] [stderr]    Compiling heck v0.4.0
[INFO] [stderr]    Compiling tap v1.0.1
[INFO] [stderr]    Compiling quote v1.0.17
[INFO] [stderr]    Compiling call2-for-syn v2.0.3
[INFO] [stderr]    Compiling faible_proc-macro-definitions v0.0.1 (/opt/rustwide/workdir/proc-macro-definitions)
[INFO] [stdout] warning: unused variable: `names`
[INFO] [stdout]    --> proc-macro-definitions/src/lib.rs:394:8
[INFO] [stdout]     |
[INFO] [stdout] 394 | ...                   names, //TODO: Ensure empty.
[INFO] [stdout]     |                       ^^^^^ help: try ignoring the field: `names: _`
[INFO] [stdout]     |
[INFO] [stdout]     = note: `#[warn(unused_variables)]` on by default
[INFO] [stdout] 
[INFO] [stdout] 
[INFO] [stdout] warning: unused variable: `names`
[INFO] [stdout]    --> proc-macro-definitions/src/lib.rs:435:8
[INFO] [stdout]     |
[INFO] [stdout] 435 | ...                   names, //TODO: Ensure empty.
[INFO] [stdout]     |                       ^^^^^ help: try ignoring the field: `names: _`
[INFO] [stdout] 
[INFO] [stdout] 
[INFO] [stdout] warning: unused variable: `vis`
[INFO] [stdout]    --> proc-macro-definitions/src/lib.rs:425:8
[INFO] [stdout]     |
[INFO] [stdout] 425 | ...                   vis,
[INFO] [stdout]     |                       ^^^ help: if this is intentional, prefix it with an underscore: `_vis`
[INFO] [stdout] 
[INFO] [stdout] 
[INFO] [stdout] warning: unused variable: `ident`
[INFO] [stdout]    --> proc-macro-definitions/src/lib.rs:426:8
[INFO] [stdout]     |
[INFO] [stdout] 426 | ...                   ident,
[INFO] [stdout]     |                       ^^^^^ help: if this is intentional, prefix it with an underscore: `_ident`
[INFO] [stdout] 
[INFO] [stdout] 
[INFO] [stdout] warning: unused variable: `colon_token`
[INFO] [stdout]    --> proc-macro-definitions/src/lib.rs:427:8
[INFO] [stdout]     |
[INFO] [stdout] 427 | ...                   colon_token,
[INFO] [stdout]     |                       ^^^^^^^^^^^ help: if this is intentional, prefix it with an underscore: `_colon_token`
[INFO] [stdout] 
[INFO] [stdout] 
[INFO] [stdout] warning: field `nested` is never read
[INFO] [stdout]    --> proc-macro-definitions/src/lib.rs:913:3
[INFO] [stdout]     |
[INFO] [stdout] 911 |     struct NameVisitor<'a> {
[INFO] [stdout]     |            ----------- field in this struct
[INFO] [stdout] 912 |         name_kind: &'a str,
[INFO] [stdout] 913 |         nested: bool, //TODO: Adjust error messages.
[INFO] [stdout]     |         ^^^^^^
[INFO] [stdout]     |
[INFO] [stdout]     = note: `#[warn(dead_code)]` on by default
[INFO] [stdout] 
[INFO] [stdout] 
[INFO] [stdout] warning: 6 warnings emitted
[INFO] [stdout] 
[INFO] [stdout] 
[INFO] [stderr]    Compiling faible v0.0.1 (/opt/rustwide/workdir)
[INFO] [stdout] warning: missing documentation for a trait
[INFO] [stdout]   --> src/lib.rs:24:1
[INFO] [stdout]    |
[INFO] [stdout] 24 | pub trait Faible {
[INFO] [stdout]    | ^^^^^^^^^^^^^^^^
[INFO] [stdout]    |
[INFO] [stdout] note: the lint level is defined here
[INFO] [stdout]   --> src/lib.rs:6:27
[INFO] [stdout]    |
[INFO] [stdout] 6  | #![warn(clippy::pedantic, missing_docs)]
[INFO] [stdout]    |                           ^^^^^^^^^^^^
[INFO] [stdout] 
[INFO] [stdout] 
[INFO] [stdout] warning: missing documentation for an associated type
[INFO] [stdout]   --> src/lib.rs:25:2
[INFO] [stdout]    |
[INFO] [stdout] 25 |     type Descriptor: Descriptor;
[INFO] [stdout]    |     ^^^^^^^^^^^^^^^^^^^^^^^^^^^
[INFO] [stdout] 
[INFO] [stdout] 
[INFO] [stdout] warning: missing documentation for a method
[INFO] [stdout]   --> src/lib.rs:27:2
[INFO] [stdout]    |
[INFO] [stdout] 27 | /     fn as_strong(
[INFO] [stdout] 28 | |         &self,
[INFO] [stdout] 29 | |     ) -> Result<&<Self::Descriptor as Descriptor>::Strong, <Self::Descriptor as Descriptor>::Error>;
[INFO] [stdout]    | |____________________________________________________________________________________________________^
[INFO] [stdout] 
[INFO] [stdout] 
[INFO] [stdout] warning: missing documentation for a method
[INFO] [stdout]   --> src/lib.rs:30:2
[INFO] [stdout]    |
[INFO] [stdout] 30 | /     fn as_strong_mut(
[INFO] [stdout] 31 | |         &mut self,
[INFO] [stdout] 32 | |     ) -> Result<
[INFO] [stdout] 33 | |         &mut <Self::Descriptor as Descriptor>::Strong,
[INFO] [stdout] 34 | |         <Self::Descriptor as Descriptor>::Error,
[INFO] [stdout] 35 | |     >;
[INFO] [stdout]    | |______^
[INFO] [stdout] 
[INFO] [stdout] 
[INFO] [stdout] warning: missing documentation for a trait
[INFO] [stdout]   --> src/lib.rs:38:1
[INFO] [stdout]    |
[INFO] [stdout] 38 | pub trait Descriptor {
[INFO] [stdout]    | ^^^^^^^^^^^^^^^^^^^^
[INFO] [stdout] 
[INFO] [stdout] 
[INFO] [stdout] warning: missing documentation for an associated type
[INFO] [stdout]   --> src/lib.rs:39:2
[INFO] [stdout]    |
[INFO] [stdout] 39 |     type Weak;
[INFO] [stdout]    |     ^^^^^^^^^
[INFO] [stdout] 
[INFO] [stdout] 
[INFO] [stdout] warning: missing documentation for an associated type
[INFO] [stdout]   --> src/lib.rs:40:2
[INFO] [stdout]    |
[INFO] [stdout] 40 |     type Strong;
[INFO] [stdout]    |     ^^^^^^^^^^^
[INFO] [stdout] 
[INFO] [stdout] 
[INFO] [stdout] warning: missing documentation for an associated type
[INFO] [stdout]   --> src/lib.rs:41:2
[INFO] [stdout]    |
[INFO] [stdout] 41 |     type Error: crate::Error;
[INFO] [stdout]    |     ^^^^^^^^^^^^^^^^^^^^^^^^
[INFO] [stdout] 
[INFO] [stdout] 
[INFO] [stdout] warning: missing documentation for a method
[INFO] [stdout]   --> src/lib.rs:43:2
[INFO] [stdout]    |
[INFO] [stdout] 43 |     fn strong<'a>(&self, weak: &'a Self::Weak) -> Result<&'a Self::Strong, Self::Error>;
[INFO] [stdout]    |     ^^^^^^^^^^^^^^^^^^^^^^^^^^^^^^^^^^^^^^^^^^^^^^^^^^^^^^^^^^^^^^^^^^^^^^^^^^^^^^^^^^^^
[INFO] [stdout] 
[INFO] [stdout] 
[INFO] [stdout] warning: missing documentation for a method
[INFO] [stdout]   --> src/lib.rs:44:2
[INFO] [stdout]    |
[INFO] [stdout] 44 | /     fn strong_mut<'a>(&self, weak: &'a mut Self::Weak)
[INFO] [stdout] 45 | |         -> Result<&'a mut Self::Strong, Self::Error>;
[INFO] [stdout]    | |_____________________________________________________^
[INFO] [stdout] 
[INFO] [stdout] 
[INFO] [stdout] warning: missing documentation for a method
[INFO] [stdout]   --> src/lib.rs:46:2
[INFO] [stdout]    |
[INFO] [stdout] 46 |     fn strong_into_weak(&self, strong: Self::Strong) -> Self::Weak;
[INFO] [stdout]    |     ^^^^^^^^^^^^^^^^^^^^^^^^^^^^^^^^^^^^^^^^^^^^^^^^^^^^^^^^^^^^^^^
[INFO] [stdout] 
[INFO] [stdout] 
[INFO] [stdout] warning: missing documentation for a method
[INFO] [stdout]   --> src/lib.rs:47:2
[INFO] [stdout]    |
[INFO] [stdout] 47 |     fn try_weak_into_strong(&self, weak: Self::Weak) -> Result<Self::Strong, Self::Error>;
[INFO] [stdout]    |     ^^^^^^^^^^^^^^^^^^^^^^^^^^^^^^^^^^^^^^^^^^^^^^^^^^^^^^^^^^^^^^^^^^^^^^^^^^^^^^^^^^^^^^
[INFO] [stdout] 
[INFO] [stdout] 
[INFO] [stdout] warning: missing documentation for an associated function
[INFO] [stdout]   --> src/lib.rs:92:2
[INFO] [stdout]    |
[INFO] [stdout] 92 | /     fn from_insertion((slot, prev): (&mut T, Option<T>)) -> (&mut Self, Option<Self>)
[INFO] [stdout] 93 | |     where
[INFO] [stdout] 94 | |         Self: Sized,
[INFO] [stdout] 95 | |         T: Sized,
[INFO] [stdout]    | |_________________^
[INFO] [stdout] 
[INFO] [stdout] 
[INFO] [stdout] warning: missing documentation for a trait
[INFO] [stdout]    --> src/lib.rs:106:1
[INFO] [stdout]     |
[INFO] [stdout] 106 | pub trait FieldAccess<Strong: ?Sized, E, T: ?Sized, N> {
[INFO] [stdout]     | ^^^^^^^^^^^^^^^^^^^^^^^^^^^^^^^^^^^^^^^^^^^^^^^^^^^^^^
[INFO] [stdout] 
[INFO] [stdout] 
[INFO] [stdout] warning: missing documentation for a method
[INFO] [stdout]    --> src/lib.rs:107:2
[INFO] [stdout]     |
[INFO] [stdout] 107 |     fn get<'a>(&self, strong: &'a Strong, name: N) -> Result<&'a T, E>;
[INFO] [stdout]     |     ^^^^^^^^^^^^^^^^^^^^^^^^^^^^^^^^^^^^^^^^^^^^^^^^^^^^^^^^^^^^^^^^^^^
[INFO] [stdout] 
[INFO] [stdout] 
[INFO] [stdout] warning: missing documentation for a method
[INFO] [stdout]    --> src/lib.rs:108:2
[INFO] [stdout]     |
[INFO] [stdout] 108 |     fn get_mut<'a>(&self, strong: &'a mut Strong, name: N) -> Result<&'a mut T, E>;
[INFO] [stdout]     |     ^^^^^^^^^^^^^^^^^^^^^^^^^^^^^^^^^^^^^^^^^^^^^^^^^^^^^^^^^^^^^^^^^^^^^^^^^^^^^^^
[INFO] [stdout] 
[INFO] [stdout] 
[INFO] [stdout] warning: missing documentation for a method
[INFO] [stdout]    --> src/lib.rs:109:2
[INFO] [stdout]     |
[INFO] [stdout] 109 | /     fn set(&self, strong: &mut Strong, name: N, value: T) -> Result<(), E>
[INFO] [stdout] 110 | |     where
[INFO] [stdout] 111 | |         T: Sized;
[INFO] [stdout]     | |_________________^
[INFO] [stdout] 
[INFO] [stdout] 
[INFO] [stdout] warning: missing documentation for a method
[INFO] [stdout]    --> src/lib.rs:112:2
[INFO] [stdout]     |
[INFO] [stdout] 112 | /     fn insert<'a>(
[INFO] [stdout] 113 | |         &self,
[INFO] [stdout] 114 | |         strong: &'a mut Strong,
[INFO] [stdout] 115 | |         name: N,
[INFO] [stdout] ...   |
[INFO] [stdout] 118 | |     where
[INFO] [stdout] 119 | |         T: Sized;
[INFO] [stdout]     | |_________________^
[INFO] [stdout] 
[INFO] [stdout] 
[INFO] [stdout] warning: missing documentation for a trait
[INFO] [stdout]    --> src/lib.rs:153:1
[INFO] [stdout]     |
[INFO] [stdout] 153 | pub trait UnionFieldAccess<Strong: ?Sized, E, T: ?Sized, N> {
[INFO] [stdout]     | ^^^^^^^^^^^^^^^^^^^^^^^^^^^^^^^^^^^^^^^^^^^^^^^^^^^^^^^^^^^
[INFO] [stdout] 
[INFO] [stdout] 
[INFO] [stdout] warning: missing documentation for a method
[INFO] [stdout]    --> src/lib.rs:154:2
[INFO] [stdout]     |
[INFO] [stdout] 154 |     fn get<'a>(&self, strong: &'a Strong, name: N) -> Result<Option<&'a T>, E>;
[INFO] [stdout]     |     ^^^^^^^^^^^^^^^^^^^^^^^^^^^^^^^^^^^^^^^^^^^^^^^^^^^^^^^^^^^^^^^^^^^^^^^^^^^
[INFO] [stdout] 
[INFO] [stdout] 
[INFO] [stdout] warning: missing documentation for a method
[INFO] [stdout]    --> src/lib.rs:155:2
[INFO] [stdout]     |
[INFO] [stdout] 155 |     fn get_mut<'a>(&self, strong: &'a mut Strong, name: N) -> Result<Option<&'a mut T>, E>;
[INFO] [stdout]     |     ^^^^^^^^^^^^^^^^^^^^^^^^^^^^^^^^^^^^^^^^^^^^^^^^^^^^^^^^^^^^^^^^^^^^^^^^^^^^^^^^^^^^^^^
[INFO] [stdout] 
[INFO] [stdout] 
[INFO] [stdout] warning: missing documentation for a method
[INFO] [stdout]    --> src/lib.rs:156:2
[INFO] [stdout]     |
[INFO] [stdout] 156 | /     fn set(&self, strong: &mut Strong, name: N, value: T) -> Result<(), E>
[INFO] [stdout] 157 | |     where
[INFO] [stdout] 158 | |         T: Sized;
[INFO] [stdout]     | |_________________^
[INFO] [stdout] 
[INFO] [stdout] 
[INFO] [stdout] warning: missing documentation for a method
[INFO] [stdout]    --> src/lib.rs:159:2
[INFO] [stdout]     |
[INFO] [stdout] 159 | /     fn insert<'a>(
[INFO] [stdout] 160 | |         &self,
[INFO] [stdout] 161 | |         strong: &'a mut Strong,
[INFO] [stdout] 162 | |         name: N,
[INFO] [stdout] ...   |
[INFO] [stdout] 165 | |     where
[INFO] [stdout] 166 | |         T: Sized;
[INFO] [stdout]     | |_________________^
[INFO] [stdout] 
[INFO] [stdout] 
[INFO] [stdout] warning: missing documentation for a trait
[INFO] [stdout]    --> src/lib.rs:200:1
[INFO] [stdout]     |
[INFO] [stdout] 200 | pub trait VariantFilter<'a, Strong: ?Sized, E, N> {
[INFO] [stdout]     | ^^^^^^^^^^^^^^^^^^^^^^^^^^^^^^^^^^^^^^^^^^^^^^^^^
[INFO] [stdout] 
[INFO] [stdout] 
[INFO] [stdout] warning: missing documentation for an associated type
[INFO] [stdout]    --> src/lib.rs:201:2
[INFO] [stdout]     |
[INFO] [stdout] 201 |     type CommonRef: 'a;
[INFO] [stdout]     |     ^^^^^^^^^^^^^^^^^^
[INFO] [stdout] 
[INFO] [stdout] 
[INFO] [stdout] warning: missing documentation for an associated type
[INFO] [stdout]    --> src/lib.rs:202:2
[INFO] [stdout]     |
[INFO] [stdout] 202 |     type CommonMut: 'a;
[INFO] [stdout]     |     ^^^^^^^^^^^^^^^^^^
[INFO] [stdout] 
[INFO] [stdout] 
[INFO] [stdout] warning: missing documentation for a method
[INFO] [stdout]    --> src/lib.rs:204:2
[INFO] [stdout]     |
[INFO] [stdout] 204 |     fn common(&self, strong: &'a Strong, name: N) -> Result<Option<Self::CommonRef>, E>;
[INFO] [stdout]     |     ^^^^^^^^^^^^^^^^^^^^^^^^^^^^^^^^^^^^^^^^^^^^^^^^^^^^^^^^^^^^^^^^^^^^^^^^^^^^^^^^^^^^
[INFO] [stdout] 
[INFO] [stdout] 
[INFO] [stdout] warning: missing documentation for a method
[INFO] [stdout]    --> src/lib.rs:206:2
[INFO] [stdout]     |
[INFO] [stdout] 206 |     fn check_mut(&self, strong: &mut Strong, name: N) -> Result<bool, E>;
[INFO] [stdout]     |     ^^^^^^^^^^^^^^^^^^^^^^^^^^^^^^^^^^^^^^^^^^^^^^^^^^^^^^^^^^^^^^^^^^^^^
[INFO] [stdout] 
[INFO] [stdout] 
[INFO] [stdout] warning: missing documentation for a method
[INFO] [stdout]    --> src/lib.rs:207:2
[INFO] [stdout]     |
[INFO] [stdout] 207 |     fn common_mut(&self, strong: &'a mut Strong, name: N) -> Result<Self::CommonMut, E>;
[INFO] [stdout]     |     ^^^^^^^^^^^^^^^^^^^^^^^^^^^^^^^^^^^^^^^^^^^^^^^^^^^^^^^^^^^^^^^^^^^^^^^^^^^^^^^^^^^^
[INFO] [stdout] 
[INFO] [stdout] 
[INFO] [stdout] warning: missing documentation for a trait
[INFO] [stdout]    --> src/lib.rs:217:1
[INFO] [stdout]     |
[INFO] [stdout] 217 | pub trait VariantFieldAccessRef<'a, Common: ?Sized, E, T: ?Sized, N> {
[INFO] [stdout]     | ^^^^^^^^^^^^^^^^^^^^^^^^^^^^^^^^^^^^^^^^^^^^^^^^^^^^^^^^^^^^^^^^^^^^
[INFO] [stdout] 
[INFO] [stdout] 
[INFO] [stdout] warning: missing documentation for a method
[INFO] [stdout]    --> src/lib.rs:218:2
[INFO] [stdout]     |
[INFO] [stdout] 218 |     fn get(&self, common: &Common, name: N) -> Result<&'a T, E>;
[INFO] [stdout]     |     ^^^^^^^^^^^^^^^^^^^^^^^^^^^^^^^^^^^^^^^^^^^^^^^^^^^^^^^^^^^^
[INFO] [stdout] 
[INFO] [stdout] 
[INFO] [stdout] warning: missing documentation for a trait
[INFO] [stdout]    --> src/lib.rs:220:1
[INFO] [stdout]     |
[INFO] [stdout] 220 | pub trait VariantFieldAccessMut<'a, Common: ?Sized, E, T: ?Sized, N> {
[INFO] [stdout]     | ^^^^^^^^^^^^^^^^^^^^^^^^^^^^^^^^^^^^^^^^^^^^^^^^^^^^^^^^^^^^^^^^^^^^
[INFO] [stdout] 
[INFO] [stdout] 
[INFO] [stdout] warning: missing documentation for a method
[INFO] [stdout]    --> src/lib.rs:221:2
[INFO] [stdout]     |
[INFO] [stdout] 221 |     fn get_mut(&self, common: &mut Common, name: N) -> Result<&'a mut T, E>;
[INFO] [stdout]     |     ^^^^^^^^^^^^^^^^^^^^^^^^^^^^^^^^^^^^^^^^^^^^^^^^^^^^^^^^^^^^^^^^^^^^^^^^
[INFO] [stdout] 
[INFO] [stdout] 
[INFO] [stdout] warning: 33 warnings emitted
[INFO] [stdout] 
[INFO] [stdout] 
[INFO] [stderr]     Finished dev [unoptimized + debuginfo] target(s) in 4.30s
[INFO] running `Command { std: "docker" "inspect" "92c1c43d2b2c6729b4bfd47ac009efec43f84c94cc7f097de7bd0a6ac9fd3fb1", kill_on_drop: false }`
[INFO] running `Command { std: "docker" "rm" "-f" "92c1c43d2b2c6729b4bfd47ac009efec43f84c94cc7f097de7bd0a6ac9fd3fb1", kill_on_drop: false }`
[INFO] [stdout] 92c1c43d2b2c6729b4bfd47ac009efec43f84c94cc7f097de7bd0a6ac9fd3fb1
[INFO] running `Command { std: "docker" "create" "-v" "/var/lib/crater-agent-workspace/builds/worker-4-tc2/target:/opt/rustwide/target:rw,Z" "-v" "/var/lib/crater-agent-workspace/builds/worker-4-tc2/source:/opt/rustwide/workdir:ro,Z" "-v" "/var/lib/crater-agent-workspace/cargo-home:/opt/rustwide/cargo-home:ro,Z" "-v" "/var/lib/crater-agent-workspace/rustup-home:/opt/rustwide/rustup-home:ro,Z" "-e" "SOURCE_DIR=/opt/rustwide/workdir" "-e" "CARGO_TARGET_DIR=/opt/rustwide/target" "-e" "CARGO_INCREMENTAL=0" "-e" "RUST_BACKTRACE=full" "-e" "RUSTFLAGS=--cap-lints=warn" "-e" "RUSTDOCFLAGS=--cap-lints=warn" "-e" "CARGO_HOME=/opt/rustwide/cargo-home" "-e" "RUSTUP_HOME=/opt/rustwide/rustup-home" "-w" "/opt/rustwide/workdir" "-m" "1610612736" "--user" "0:0" "--network" "none" "ghcr.io/rust-lang/crates-build-env/linux@sha256:2788e3201cd34a07e3172128adcd8b3090168a8e3bcc40d7c032b9dda1df7d1c" "/opt/rustwide/cargo-home/bin/cargo" "+beta-2023-12-22" "test" "--frozen" "--no-run" "--message-format=json", kill_on_drop: false }`
[INFO] [stdout] aa13c3041e4dfce31384b7420f2e611c40d31b4e97ded56c6f62bfe1f3750ea8
[INFO] running `Command { std: "docker" "start" "-a" "aa13c3041e4dfce31384b7420f2e611c40d31b4e97ded56c6f62bfe1f3750ea8", kill_on_drop: false }`
[INFO] [stderr]    Compiling unicode-xid v0.2.2
[INFO] [stderr]    Compiling syn v1.0.91
[INFO] [stderr]    Compiling wasm-bindgen-shared v0.2.80
[INFO] [stderr]    Compiling log v0.4.16
[INFO] [stderr]    Compiling bumpalo v3.9.1
[INFO] [stderr]    Compiling lazy_static v1.4.0
[INFO] [stderr]    Compiling wasm-bindgen v0.2.80
[INFO] [stderr]    Compiling proc-macro2 v1.0.37
[INFO] [stderr]    Compiling serde v1.0.136
[INFO] [stderr]    Compiling matches v0.1.9
[INFO] [stderr]    Compiling unicase v2.6.0
[INFO] [stderr]    Compiling tinyvec v1.5.1
[INFO] [stderr]    Compiling semver v1.0.7
[INFO] [stderr]    Compiling pulldown-cmark v0.8.0
[INFO] [stderr]    Compiling itoa v1.0.1
[INFO] [stderr]    Compiling unicode-bidi v0.3.7
[INFO] [stderr]    Compiling percent-encoding v2.1.0
[INFO] [stderr]    Compiling tap v1.0.1
[INFO] [stderr]    Compiling form_urlencoded v1.0.1
[INFO] [stderr]    Compiling serde_json v1.0.79
[INFO] [stderr]    Compiling regex-syntax v0.6.25
[INFO] [stderr]    Compiling cargo-husky v1.5.0
[INFO] [stderr]    Compiling ryu v1.0.9
[INFO] [stderr]    Compiling scoped-tls v1.0.0
[INFO] [stderr]    Compiling git_info v0.1.2
[INFO] [stderr]    Compiling quote v1.0.17
[INFO] [stderr]    Compiling wasm-bindgen-test-macro v0.3.30
[INFO] [stderr]    Compiling unicode-normalization v0.1.19
[INFO] [stderr]    Compiling idna v0.2.3
[INFO] [stderr]    Compiling url v2.2.2
[INFO] [stderr]    Compiling regex v1.5.5
[INFO] [stderr]    Compiling wasm-bindgen-backend v0.2.80
[INFO] [stderr]    Compiling call2-for-syn v2.0.3
[INFO] [stderr]    Compiling toml v0.5.8
[INFO] [stderr]    Compiling faible_proc-macro-definitions v0.0.1 (/opt/rustwide/workdir/proc-macro-definitions)
[INFO] [stderr]    Compiling wasm-bindgen-macro-support v0.2.80
[INFO] [stdout] warning: unused variable: `names`
[INFO] [stdout]    --> proc-macro-definitions/src/lib.rs:394:8
[INFO] [stdout]     |
[INFO] [stdout] 394 | ...                   names, //TODO: Ensure empty.
[INFO] [stdout]     |                       ^^^^^ help: try ignoring the field: `names: _`
[INFO] [stdout]     |
[INFO] [stdout]     = note: `#[warn(unused_variables)]` on by default
[INFO] [stdout] 
[INFO] [stdout] 
[INFO] [stdout] warning: unused variable: `names`
[INFO] [stdout]    --> proc-macro-definitions/src/lib.rs:435:8
[INFO] [stdout]     |
[INFO] [stdout] 435 | ...                   names, //TODO: Ensure empty.
[INFO] [stdout]     |                       ^^^^^ help: try ignoring the field: `names: _`
[INFO] [stdout] 
[INFO] [stdout] 
[INFO] [stdout] warning: unused variable: `vis`
[INFO] [stdout]    --> proc-macro-definitions/src/lib.rs:425:8
[INFO] [stdout]     |
[INFO] [stdout] 425 | ...                   vis,
[INFO] [stdout]     |                       ^^^ help: if this is intentional, prefix it with an underscore: `_vis`
[INFO] [stdout] 
[INFO] [stdout] 
[INFO] [stdout] warning: unused variable: `ident`
[INFO] [stdout]    --> proc-macro-definitions/src/lib.rs:426:8
[INFO] [stdout]     |
[INFO] [stdout] 426 | ...                   ident,
[INFO] [stdout]     |                       ^^^^^ help: if this is intentional, prefix it with an underscore: `_ident`
[INFO] [stdout] 
[INFO] [stdout] 
[INFO] [stdout] warning: unused variable: `colon_token`
[INFO] [stdout]    --> proc-macro-definitions/src/lib.rs:427:8
[INFO] [stdout]     |
[INFO] [stdout] 427 | ...                   colon_token,
[INFO] [stdout]     |                       ^^^^^^^^^^^ help: if this is intentional, prefix it with an underscore: `_colon_token`
[INFO] [stdout] 
[INFO] [stdout] 
[INFO] [stdout] warning: field `nested` is never read
[INFO] [stdout]    --> proc-macro-definitions/src/lib.rs:913:3
[INFO] [stdout]     |
[INFO] [stdout] 911 |     struct NameVisitor<'a> {
[INFO] [stdout]     |            ----------- field in this struct
[INFO] [stdout] 912 |         name_kind: &'a str,
[INFO] [stdout] 913 |         nested: bool, //TODO: Adjust error messages.
[INFO] [stdout]     |         ^^^^^^
[INFO] [stdout]     |
[INFO] [stdout]     = note: `#[warn(dead_code)]` on by default
[INFO] [stdout] 
[INFO] [stdout] 
[INFO] [stderr]    Compiling version-sync v0.9.4
[INFO] [stderr]    Compiling wasm-bindgen-macro v0.2.80
[INFO] [stdout] warning: 6 warnings emitted
[INFO] [stdout] 
[INFO] [stdout] 
[INFO] [stderr]    Compiling faible v0.0.1 (/opt/rustwide/workdir)
[INFO] [stdout] warning: missing documentation for a trait
[INFO] [stdout]   --> src/lib.rs:24:1
[INFO] [stdout]    |
[INFO] [stdout] 24 | pub trait Faible {
[INFO] [stdout]    | ^^^^^^^^^^^^^^^^
[INFO] [stdout]    |
[INFO] [stdout] note: the lint level is defined here
[INFO] [stdout]   --> src/lib.rs:6:27
[INFO] [stdout]    |
[INFO] [stdout] 6  | #![warn(clippy::pedantic, missing_docs)]
[INFO] [stdout]    |                           ^^^^^^^^^^^^
[INFO] [stdout] 
[INFO] [stdout] 
[INFO] [stdout] warning: missing documentation for an associated type
[INFO] [stdout]   --> src/lib.rs:25:2
[INFO] [stdout]    |
[INFO] [stdout] 25 |     type Descriptor: Descriptor;
[INFO] [stdout]    |     ^^^^^^^^^^^^^^^^^^^^^^^^^^^
[INFO] [stdout] 
[INFO] [stdout] 
[INFO] [stdout] warning: missing documentation for a method
[INFO] [stdout]   --> src/lib.rs:27:2
[INFO] [stdout]    |
[INFO] [stdout] 27 | /     fn as_strong(
[INFO] [stdout] 28 | |         &self,
[INFO] [stdout] 29 | |     ) -> Result<&<Self::Descriptor as Descriptor>::Strong, <Self::Descriptor as Descriptor>::Error>;
[INFO] [stdout]    | |____________________________________________________________________________________________________^
[INFO] [stdout] 
[INFO] [stdout] 
[INFO] [stdout] warning: missing documentation for a method
[INFO] [stdout]   --> src/lib.rs:30:2
[INFO] [stdout]    |
[INFO] [stdout] 30 | /     fn as_strong_mut(
[INFO] [stdout] 31 | |         &mut self,
[INFO] [stdout] 32 | |     ) -> Result<
[INFO] [stdout] 33 | |         &mut <Self::Descriptor as Descriptor>::Strong,
[INFO] [stdout] 34 | |         <Self::Descriptor as Descriptor>::Error,
[INFO] [stdout] 35 | |     >;
[INFO] [stdout]    | |______^
[INFO] [stdout] 
[INFO] [stdout] 
[INFO] [stdout] warning: missing documentation for a trait
[INFO] [stdout]   --> src/lib.rs:38:1
[INFO] [stdout]    |
[INFO] [stdout] 38 | pub trait Descriptor {
[INFO] [stdout]    | ^^^^^^^^^^^^^^^^^^^^
[INFO] [stdout] 
[INFO] [stdout] 
[INFO] [stdout] warning: missing documentation for an associated type
[INFO] [stdout]   --> src/lib.rs:39:2
[INFO] [stdout]    |
[INFO] [stdout] 39 |     type Weak;
[INFO] [stdout]    |     ^^^^^^^^^
[INFO] [stdout] 
[INFO] [stdout] 
[INFO] [stdout] warning: missing documentation for an associated type
[INFO] [stdout]   --> src/lib.rs:40:2
[INFO] [stdout]    |
[INFO] [stdout] 40 |     type Strong;
[INFO] [stdout]    |     ^^^^^^^^^^^
[INFO] [stdout] 
[INFO] [stdout] 
[INFO] [stdout] warning: missing documentation for an associated type
[INFO] [stdout]   --> src/lib.rs:41:2
[INFO] [stdout]    |
[INFO] [stdout] 41 |     type Error: crate::Error;
[INFO] [stdout]    |     ^^^^^^^^^^^^^^^^^^^^^^^^
[INFO] [stdout] 
[INFO] [stdout] 
[INFO] [stdout] warning: missing documentation for a method
[INFO] [stdout]   --> src/lib.rs:43:2
[INFO] [stdout]    |
[INFO] [stdout] 43 |     fn strong<'a>(&self, weak: &'a Self::Weak) -> Result<&'a Self::Strong, Self::Error>;
[INFO] [stdout]    |     ^^^^^^^^^^^^^^^^^^^^^^^^^^^^^^^^^^^^^^^^^^^^^^^^^^^^^^^^^^^^^^^^^^^^^^^^^^^^^^^^^^^^
[INFO] [stdout] 
[INFO] [stdout] 
[INFO] [stdout] warning: missing documentation for a method
[INFO] [stdout]   --> src/lib.rs:44:2
[INFO] [stdout]    |
[INFO] [stdout] 44 | /     fn strong_mut<'a>(&self, weak: &'a mut Self::Weak)
[INFO] [stdout] 45 | |         -> Result<&'a mut Self::Strong, Self::Error>;
[INFO] [stdout]    | |_____________________________________________________^
[INFO] [stdout] 
[INFO] [stdout] 
[INFO] [stdout] warning: missing documentation for a method
[INFO] [stdout]   --> src/lib.rs:46:2
[INFO] [stdout]    |
[INFO] [stdout] 46 |     fn strong_into_weak(&self, strong: Self::Strong) -> Self::Weak;
[INFO] [stdout]    |     ^^^^^^^^^^^^^^^^^^^^^^^^^^^^^^^^^^^^^^^^^^^^^^^^^^^^^^^^^^^^^^^
[INFO] [stdout] 
[INFO] [stdout] 
[INFO] [stdout] warning: missing documentation for a method
[INFO] [stdout]   --> src/lib.rs:47:2
[INFO] [stdout]    |
[INFO] [stdout] 47 |     fn try_weak_into_strong(&self, weak: Self::Weak) -> Result<Self::Strong, Self::Error>;
[INFO] [stdout]    |     ^^^^^^^^^^^^^^^^^^^^^^^^^^^^^^^^^^^^^^^^^^^^^^^^^^^^^^^^^^^^^^^^^^^^^^^^^^^^^^^^^^^^^^
[INFO] [stdout] 
[INFO] [stdout] 
[INFO] [stdout] warning: missing documentation for an associated function
[INFO] [stdout]   --> src/lib.rs:92:2
[INFO] [stdout]    |
[INFO] [stdout] 92 | /     fn from_insertion((slot, prev): (&mut T, Option<T>)) -> (&mut Self, Option<Self>)
[INFO] [stdout] 93 | |     where
[INFO] [stdout] 94 | |         Self: Sized,
[INFO] [stdout] 95 | |         T: Sized,
[INFO] [stdout]    | |_________________^
[INFO] [stdout] 
[INFO] [stdout] 
[INFO] [stdout] warning: missing documentation for a trait
[INFO] [stdout]    --> src/lib.rs:106:1
[INFO] [stdout]     |
[INFO] [stdout] 106 | pub trait FieldAccess<Strong: ?Sized, E, T: ?Sized, N> {
[INFO] [stdout]     | ^^^^^^^^^^^^^^^^^^^^^^^^^^^^^^^^^^^^^^^^^^^^^^^^^^^^^^
[INFO] [stdout] 
[INFO] [stdout] 
[INFO] [stdout] warning: missing documentation for a method
[INFO] [stdout]    --> src/lib.rs:107:2
[INFO] [stdout]     |
[INFO] [stdout] 107 |     fn get<'a>(&self, strong: &'a Strong, name: N) -> Result<&'a T, E>;
[INFO] [stdout]     |     ^^^^^^^^^^^^^^^^^^^^^^^^^^^^^^^^^^^^^^^^^^^^^^^^^^^^^^^^^^^^^^^^^^^
[INFO] [stdout] 
[INFO] [stdout] 
[INFO] [stdout] warning: missing documentation for a method
[INFO] [stdout]    --> src/lib.rs:108:2
[INFO] [stdout]     |
[INFO] [stdout] 108 |     fn get_mut<'a>(&self, strong: &'a mut Strong, name: N) -> Result<&'a mut T, E>;
[INFO] [stdout]     |     ^^^^^^^^^^^^^^^^^^^^^^^^^^^^^^^^^^^^^^^^^^^^^^^^^^^^^^^^^^^^^^^^^^^^^^^^^^^^^^^
[INFO] [stdout] 
[INFO] [stdout] 
[INFO] [stdout] warning: missing documentation for a method
[INFO] [stdout]    --> src/lib.rs:109:2
[INFO] [stdout]     |
[INFO] [stdout] 109 | /     fn set(&self, strong: &mut Strong, name: N, value: T) -> Result<(), E>
[INFO] [stdout] 110 | |     where
[INFO] [stdout] 111 | |         T: Sized;
[INFO] [stdout]     | |_________________^
[INFO] [stdout] 
[INFO] [stdout] 
[INFO] [stdout] warning: missing documentation for a method
[INFO] [stdout]    --> src/lib.rs:112:2
[INFO] [stdout]     |
[INFO] [stdout] 112 | /     fn insert<'a>(
[INFO] [stdout] 113 | |         &self,
[INFO] [stdout] 114 | |         strong: &'a mut Strong,
[INFO] [stdout] 115 | |         name: N,
[INFO] [stdout] ...   |
[INFO] [stdout] 118 | |     where
[INFO] [stdout] 119 | |         T: Sized;
[INFO] [stdout]     | |_________________^
[INFO] [stdout] 
[INFO] [stdout] 
[INFO] [stdout] warning: missing documentation for a trait
[INFO] [stdout]    --> src/lib.rs:153:1
[INFO] [stdout]     |
[INFO] [stdout] 153 | pub trait UnionFieldAccess<Strong: ?Sized, E, T: ?Sized, N> {
[INFO] [stdout]     | ^^^^^^^^^^^^^^^^^^^^^^^^^^^^^^^^^^^^^^^^^^^^^^^^^^^^^^^^^^^
[INFO] [stdout] 
[INFO] [stdout] 
[INFO] [stdout] warning: missing documentation for a method
[INFO] [stdout]    --> src/lib.rs:154:2
[INFO] [stdout]     |
[INFO] [stdout] 154 |     fn get<'a>(&self, strong: &'a Strong, name: N) -> Result<Option<&'a T>, E>;
[INFO] [stdout]     |     ^^^^^^^^^^^^^^^^^^^^^^^^^^^^^^^^^^^^^^^^^^^^^^^^^^^^^^^^^^^^^^^^^^^^^^^^^^^
[INFO] [stdout] 
[INFO] [stdout] 
[INFO] [stdout] warning: missing documentation for a method
[INFO] [stdout]    --> src/lib.rs:155:2
[INFO] [stdout]     |
[INFO] [stdout] 155 |     fn get_mut<'a>(&self, strong: &'a mut Strong, name: N) -> Result<Option<&'a mut T>, E>;
[INFO] [stdout]     |     ^^^^^^^^^^^^^^^^^^^^^^^^^^^^^^^^^^^^^^^^^^^^^^^^^^^^^^^^^^^^^^^^^^^^^^^^^^^^^^^^^^^^^^^
[INFO] [stdout] 
[INFO] [stdout] 
[INFO] [stdout] warning: missing documentation for a method
[INFO] [stdout]    --> src/lib.rs:156:2
[INFO] [stdout]     |
[INFO] [stdout] 156 | /     fn set(&self, strong: &mut Strong, name: N, value: T) -> Result<(), E>
[INFO] [stdout] 157 | |     where
[INFO] [stdout] 158 | |         T: Sized;
[INFO] [stdout]     | |_________________^
[INFO] [stdout] 
[INFO] [stdout] 
[INFO] [stdout] warning: missing documentation for a method
[INFO] [stdout]    --> src/lib.rs:159:2
[INFO] [stdout]     |
[INFO] [stdout] 159 | /     fn insert<'a>(
[INFO] [stdout] 160 | |         &self,
[INFO] [stdout] 161 | |         strong: &'a mut Strong,
[INFO] [stdout] 162 | |         name: N,
[INFO] [stdout] ...   |
[INFO] [stdout] 165 | |     where
[INFO] [stdout] 166 | |         T: Sized;
[INFO] [stdout]     | |_________________^
[INFO] [stdout] 
[INFO] [stdout] 
[INFO] [stdout] warning: missing documentation for a trait
[INFO] [stdout]    --> src/lib.rs:200:1
[INFO] [stdout]     |
[INFO] [stdout] 200 | pub trait VariantFilter<'a, Strong: ?Sized, E, N> {
[INFO] [stdout]     | ^^^^^^^^^^^^^^^^^^^^^^^^^^^^^^^^^^^^^^^^^^^^^^^^^
[INFO] [stdout] 
[INFO] [stdout] 
[INFO] [stdout] warning: missing documentation for an associated type
[INFO] [stdout]    --> src/lib.rs:201:2
[INFO] [stdout]     |
[INFO] [stdout] 201 |     type CommonRef: 'a;
[INFO] [stdout]     |     ^^^^^^^^^^^^^^^^^^
[INFO] [stdout] 
[INFO] [stdout] 
[INFO] [stdout] warning: missing documentation for an associated type
[INFO] [stdout]    --> src/lib.rs:202:2
[INFO] [stdout]     |
[INFO] [stdout] 202 |     type CommonMut: 'a;
[INFO] [stdout]     |     ^^^^^^^^^^^^^^^^^^
[INFO] [stdout] 
[INFO] [stdout] 
[INFO] [stdout] warning: missing documentation for a method
[INFO] [stdout]    --> src/lib.rs:204:2
[INFO] [stdout]     |
[INFO] [stdout] 204 |     fn common(&self, strong: &'a Strong, name: N) -> Result<Option<Self::CommonRef>, E>;
[INFO] [stdout]     |     ^^^^^^^^^^^^^^^^^^^^^^^^^^^^^^^^^^^^^^^^^^^^^^^^^^^^^^^^^^^^^^^^^^^^^^^^^^^^^^^^^^^^
[INFO] [stdout] 
[INFO] [stdout] 
[INFO] [stdout] warning: missing documentation for a method
[INFO] [stdout]    --> src/lib.rs:206:2
[INFO] [stdout]     |
[INFO] [stdout] 206 |     fn check_mut(&self, strong: &mut Strong, name: N) -> Result<bool, E>;
[INFO] [stdout]     |     ^^^^^^^^^^^^^^^^^^^^^^^^^^^^^^^^^^^^^^^^^^^^^^^^^^^^^^^^^^^^^^^^^^^^^
[INFO] [stdout] 
[INFO] [stdout] 
[INFO] [stdout] warning: missing documentation for a method
[INFO] [stdout]    --> src/lib.rs:207:2
[INFO] [stdout]     |
[INFO] [stdout] 207 |     fn common_mut(&self, strong: &'a mut Strong, name: N) -> Result<Self::CommonMut, E>;
[INFO] [stdout]     |     ^^^^^^^^^^^^^^^^^^^^^^^^^^^^^^^^^^^^^^^^^^^^^^^^^^^^^^^^^^^^^^^^^^^^^^^^^^^^^^^^^^^^
[INFO] [stdout] 
[INFO] [stdout] 
[INFO] [stdout] warning: missing documentation for a trait
[INFO] [stdout]    --> src/lib.rs:217:1
[INFO] [stdout]     |
[INFO] [stdout] 217 | pub trait VariantFieldAccessRef<'a, Common: ?Sized, E, T: ?Sized, N> {
[INFO] [stdout]     | ^^^^^^^^^^^^^^^^^^^^^^^^^^^^^^^^^^^^^^^^^^^^^^^^^^^^^^^^^^^^^^^^^^^^
[INFO] [stdout] 
[INFO] [stdout] 
[INFO] [stdout] warning: missing documentation for a method
[INFO] [stdout]    --> src/lib.rs:218:2
[INFO] [stdout]     |
[INFO] [stdout] 218 |     fn get(&self, common: &Common, name: N) -> Result<&'a T, E>;
[INFO] [stdout]     |     ^^^^^^^^^^^^^^^^^^^^^^^^^^^^^^^^^^^^^^^^^^^^^^^^^^^^^^^^^^^^
[INFO] [stdout] 
[INFO] [stdout] 
[INFO] [stdout] warning: missing documentation for a trait
[INFO] [stdout]    --> src/lib.rs:220:1
[INFO] [stdout]     |
[INFO] [stdout] 220 | pub trait VariantFieldAccessMut<'a, Common: ?Sized, E, T: ?Sized, N> {
[INFO] [stdout]     | ^^^^^^^^^^^^^^^^^^^^^^^^^^^^^^^^^^^^^^^^^^^^^^^^^^^^^^^^^^^^^^^^^^^^
[INFO] [stdout] 
[INFO] [stdout] 
[INFO] [stdout] warning: missing documentation for a method
[INFO] [stdout]    --> src/lib.rs:221:2
[INFO] [stdout]     |
[INFO] [stdout] 221 |     fn get_mut(&self, common: &mut Common, name: N) -> Result<&'a mut T, E>;
[INFO] [stdout]     |     ^^^^^^^^^^^^^^^^^^^^^^^^^^^^^^^^^^^^^^^^^^^^^^^^^^^^^^^^^^^^^^^^^^^^^^^^
[INFO] [stdout] 
[INFO] [stdout] 
[INFO] [stdout] warning: 33 warnings emitted
[INFO] [stdout] 
[INFO] [stdout] 
[INFO] [stderr]    Compiling js-sys v0.3.57
[INFO] [stderr]    Compiling console_error_panic_hook v0.1.7
[INFO] [stderr]    Compiling wasm-bindgen-futures v0.4.30
[INFO] [stderr]    Compiling wasm-bindgen-test v0.3.30
[INFO] [stdout] warning: unused import: `convert::Infallible`
[INFO] [stdout]  --> tests/faible_union.rs:2:11
[INFO] [stdout]   |
[INFO] [stdout] 2 | use std::{convert::Infallible, marker::PhantomData, mem, ptr::NonNull};
[INFO] [stdout]   |           ^^^^^^^^^^^^^^^^^^^
[INFO] [stdout]   |
[INFO] [stdout]   = note: `#[warn(unused_imports)]` on by default
[INFO] [stdout] 
[INFO] [stdout] 
[INFO] [stdout] warning: unused variable: `strong`
[INFO] [stdout]   --> tests/faible_union.rs:43:20
[INFO] [stdout]    |
[INFO] [stdout] 43 |     fn get<'a>(&self, strong: &'a *mut T, name: N) -> Result<Option<&'a NonNull<T>>, E> {
[INFO] [stdout]    |                       ^^^^^^ help: if this is intentional, prefix it with an underscore: `_strong`
[INFO] [stdout]    |
[INFO] [stdout]    = note: `#[warn(unused_variables)]` on by default
[INFO] [stdout] 
[INFO] [stdout] 
[INFO] [stdout] warning: unused variable: `name`
[INFO] [stdout]   --> tests/faible_union.rs:43:40
[INFO] [stdout]    |
[INFO] [stdout] 43 |     fn get<'a>(&self, strong: &'a *mut T, name: N) -> Result<Option<&'a NonNull<T>>, E> {
[INFO] [stdout]    |                                           ^^^^ help: if this is intentional, prefix it with an underscore: `_name`
[INFO] [stdout] 
[INFO] [stdout] 
[INFO] [stdout] warning: unused variable: `strong`
[INFO] [stdout]   --> tests/faible_union.rs:49:3
[INFO] [stdout]    |
[INFO] [stdout] 49 |         strong: &'a mut *mut T,
[INFO] [stdout]    |         ^^^^^^ help: if this is intentional, prefix it with an underscore: `_strong`
[INFO] [stdout] 
[INFO] [stdout] 
[INFO] [stdout] warning: unused variable: `name`
[INFO] [stdout]   --> tests/faible_union.rs:50:3
[INFO] [stdout]    |
[INFO] [stdout] 50 |         name: N,
[INFO] [stdout]    |         ^^^^ help: if this is intentional, prefix it with an underscore: `_name`
[INFO] [stdout] 
[INFO] [stdout] 
[INFO] [stdout] warning: unused variable: `strong`
[INFO] [stdout]   --> tests/faible_union.rs:55:16
[INFO] [stdout]    |
[INFO] [stdout] 55 |     fn set(&self, strong: &mut *mut T, name: N, value: NonNull<T>) -> Result<(), E>
[INFO] [stdout]    |                   ^^^^^^ help: if this is intentional, prefix it with an underscore: `_strong`
[INFO] [stdout] 
[INFO] [stdout] 
[INFO] [stdout] warning: unused variable: `name`
[INFO] [stdout]   --> tests/faible_union.rs:55:37
[INFO] [stdout]    |
[INFO] [stdout] 55 |     fn set(&self, strong: &mut *mut T, name: N, value: NonNull<T>) -> Result<(), E>
[INFO] [stdout]    |                                        ^^^^ help: if this is intentional, prefix it with an underscore: `_name`
[INFO] [stdout] 
[INFO] [stdout] 
[INFO] [stdout] warning: unused variable: `value`
[INFO] [stdout]   --> tests/faible_union.rs:55:46
[INFO] [stdout]    |
[INFO] [stdout] 55 |     fn set(&self, strong: &mut *mut T, name: N, value: NonNull<T>) -> Result<(), E>
[INFO] [stdout]    |                                                 ^^^^^ help: if this is intentional, prefix it with an underscore: `_value`
[INFO] [stdout] 
[INFO] [stdout] 
[INFO] [stdout] warning: unused variable: `strong`
[INFO] [stdout]   --> tests/faible_union.rs:64:3
[INFO] [stdout]    |
[INFO] [stdout] 64 |         strong: &'a mut *mut T,
[INFO] [stdout]    |         ^^^^^^ help: if this is intentional, prefix it with an underscore: `_strong`
[INFO] [stdout] 
[INFO] [stdout] 
[INFO] [stdout] warning: unused variable: `name`
[INFO] [stdout]   --> tests/faible_union.rs:65:3
[INFO] [stdout]    |
[INFO] [stdout] 65 |         name: N,
[INFO] [stdout]    |         ^^^^ help: if this is intentional, prefix it with an underscore: `_name`
[INFO] [stdout] 
[INFO] [stdout] 
[INFO] [stdout] warning: unused variable: `value`
[INFO] [stdout]   --> tests/faible_union.rs:66:3
[INFO] [stdout]    |
[INFO] [stdout] 66 |         value: NonNull<T>,
[INFO] [stdout]    |         ^^^^^ help: if this is intentional, prefix it with an underscore: `_value`
[INFO] [stdout] 
[INFO] [stdout] 
[INFO] [stdout] warning: unused variable: `name`
[INFO] [stdout]   --> tests/faible_union.rs:76:40
[INFO] [stdout]    |
[INFO] [stdout] 76 |     fn get<'a>(&self, strong: &'a *mut T, name: N) -> Result<Option<&'a *mut T>, E> {
[INFO] [stdout]    |                                           ^^^^ help: if this is intentional, prefix it with an underscore: `_name`
[INFO] [stdout] 
[INFO] [stdout] 
[INFO] [stdout] warning: unused variable: `name`
[INFO] [stdout]   --> tests/faible_union.rs:80:48
[INFO] [stdout]    |
[INFO] [stdout] 80 |     fn get_mut<'a>(&self, strong: &'a mut *mut T, name: N) -> Result<Option<&'a mut *mut T>, E> {
[INFO] [stdout]    |                                                   ^^^^ help: if this is intentional, prefix it with an underscore: `_name`
[INFO] [stdout] 
[INFO] [stdout] 
[INFO] [stdout] warning: unused variable: `name`
[INFO] [stdout]   --> tests/faible_union.rs:84:37
[INFO] [stdout]    |
[INFO] [stdout] 84 |     fn set(&self, strong: &mut *mut T, name: N, value: *mut T) -> Result<(), E>
[INFO] [stdout]    |                                        ^^^^ help: if this is intentional, prefix it with an underscore: `_name`
[INFO] [stdout] 
[INFO] [stdout] 
[INFO] [stdout] warning: unused variable: `name`
[INFO] [stdout]   --> tests/faible_union.rs:95:3
[INFO] [stdout]    |
[INFO] [stdout] 95 |         name: N,
[INFO] [stdout]    |         ^^^^ help: if this is intentional, prefix it with an underscore: `_name`
[INFO] [stdout] 
[INFO] [stdout] 
[INFO] [stdout] warning: unused variable: `name`
[INFO] [stdout]   --> tests/faible_enum.rs:79:39
[INFO] [stdout]    |
[INFO] [stdout] 79 |     fn common(&self, strong: &'a Strong, name: N) -> Result<Option<Self::CommonRef>, E> {
[INFO] [stdout]    |                                          ^^^^ help: if this is intentional, prefix it with an underscore: `_name`
[INFO] [stdout]    |
[INFO] [stdout]    = note: `#[warn(unused_variables)]` on by default
[INFO] [stdout] 
[INFO] [stdout] 
[INFO] [stdout] warning: unused variable: `strong`
[INFO] [stdout]   --> tests/faible_enum.rs:83:22
[INFO] [stdout]    |
[INFO] [stdout] 83 |     fn check_mut(&self, strong: &mut Strong, name: N) -> Result<bool, E> {
[INFO] [stdout]    |                         ^^^^^^ help: if this is intentional, prefix it with an underscore: `_strong`
[INFO] [stdout] 
[INFO] [stdout] 
[INFO] [stdout] warning: unused variable: `name`
[INFO] [stdout]   --> tests/faible_enum.rs:83:43
[INFO] [stdout]    |
[INFO] [stdout] 83 |     fn check_mut(&self, strong: &mut Strong, name: N) -> Result<bool, E> {
[INFO] [stdout]    |                                              ^^^^ help: if this is intentional, prefix it with an underscore: `_name`
[INFO] [stdout] 
[INFO] [stdout] 
[INFO] [stdout] warning: unused variable: `strong`
[INFO] [stdout]   --> tests/faible_enum.rs:87:23
[INFO] [stdout]    |
[INFO] [stdout] 87 |     fn common_mut(&self, strong: &'a mut Strong, name: N) -> Result<Self::CommonMut, E> {
[INFO] [stdout]    |                          ^^^^^^ help: if this is intentional, prefix it with an underscore: `_strong`
[INFO] [stdout] 
[INFO] [stdout] 
[INFO] [stdout] warning: unused variable: `name`
[INFO] [stdout]   --> tests/faible_enum.rs:87:47
[INFO] [stdout]    |
[INFO] [stdout] 87 |     fn common_mut(&self, strong: &'a mut Strong, name: N) -> Result<Self::CommonMut, E> {
[INFO] [stdout]    |                                                  ^^^^ help: if this is intentional, prefix it with an underscore: `_name`
[INFO] [stdout] 
[INFO] [stdout] 
[INFO] [stdout] warning: unused variable: `common`
[INFO] [stdout]   --> tests/faible_enum.rs:95:16
[INFO] [stdout]    |
[INFO] [stdout] 95 |     fn get(&self, common: &Common, name: N) -> Result<&'a T, E> {
[INFO] [stdout]    |                   ^^^^^^ help: if this is intentional, prefix it with an underscore: `_common`
[INFO] [stdout] 
[INFO] [stdout] 
[INFO] [stdout] warning: unused variable: `name`
[INFO] [stdout]   --> tests/faible_enum.rs:95:33
[INFO] [stdout]    |
[INFO] [stdout] 95 |     fn get(&self, common: &Common, name: N) -> Result<&'a T, E> {
[INFO] [stdout]    |                                    ^^^^ help: if this is intentional, prefix it with an underscore: `_name`
[INFO] [stdout] 
[INFO] [stdout] 
[INFO] [stdout] warning: unused variable: `common`
[INFO] [stdout]    --> tests/faible_enum.rs:102:20
[INFO] [stdout]     |
[INFO] [stdout] 102 |     fn get_mut(&self, common: &mut Common, name: N) -> Result<&'a mut T, E> {
[INFO] [stdout]     |                       ^^^^^^ help: if this is intentional, prefix it with an underscore: `_common`
[INFO] [stdout] 
[INFO] [stdout] 
[INFO] [stdout] warning: unused variable: `name`
[INFO] [stdout]    --> tests/faible_enum.rs:102:41
[INFO] [stdout]     |
[INFO] [stdout] 102 |     fn get_mut(&self, common: &mut Common, name: N) -> Result<&'a mut T, E> {
[INFO] [stdout]     |                                            ^^^^ help: if this is intentional, prefix it with an underscore: `_name`
[INFO] [stdout] 
[INFO] [stdout] 
[INFO] [stdout] warning: 15 warnings emitted
[INFO] [stdout] 
[INFO] [stdout] 
[INFO] [stdout] warning: 9 warnings emitted
[INFO] [stdout] 
[INFO] [stdout] 
[INFO] [stderr]     Finished test [unoptimized + debuginfo] target(s) in 9.29s
[INFO] running `Command { std: "docker" "inspect" "aa13c3041e4dfce31384b7420f2e611c40d31b4e97ded56c6f62bfe1f3750ea8", kill_on_drop: false }`
[INFO] running `Command { std: "docker" "rm" "-f" "aa13c3041e4dfce31384b7420f2e611c40d31b4e97ded56c6f62bfe1f3750ea8", kill_on_drop: false }`
[INFO] [stdout] aa13c3041e4dfce31384b7420f2e611c40d31b4e97ded56c6f62bfe1f3750ea8
[INFO] running `Command { std: "docker" "create" "-v" "/var/lib/crater-agent-workspace/builds/worker-4-tc2/target:/opt/rustwide/target:rw,Z" "-v" "/var/lib/crater-agent-workspace/builds/worker-4-tc2/source:/opt/rustwide/workdir:ro,Z" "-v" "/var/lib/crater-agent-workspace/cargo-home:/opt/rustwide/cargo-home:ro,Z" "-v" "/var/lib/crater-agent-workspace/rustup-home:/opt/rustwide/rustup-home:ro,Z" "-e" "SOURCE_DIR=/opt/rustwide/workdir" "-e" "CARGO_TARGET_DIR=/opt/rustwide/target" "-e" "CARGO_INCREMENTAL=0" "-e" "RUST_BACKTRACE=full" "-e" "RUSTFLAGS=--cap-lints=warn" "-e" "RUSTDOCFLAGS=--cap-lints=warn" "-e" "CARGO_HOME=/opt/rustwide/cargo-home" "-e" "RUSTUP_HOME=/opt/rustwide/rustup-home" "-w" "/opt/rustwide/workdir" "-m" "1610612736" "--user" "0:0" "--network" "none" "ghcr.io/rust-lang/crates-build-env/linux@sha256:2788e3201cd34a07e3172128adcd8b3090168a8e3bcc40d7c032b9dda1df7d1c" "/opt/rustwide/cargo-home/bin/cargo" "+beta-2023-12-22" "test" "--frozen", kill_on_drop: false }`
[INFO] [stdout] 7118cc8491106dc26ad305fa7438a2211968df963bd9ccb6cf6afbdcb325c342
[INFO] running `Command { std: "docker" "start" "-a" "7118cc8491106dc26ad305fa7438a2211968df963bd9ccb6cf6afbdcb325c342", kill_on_drop: false }`
[INFO] [stderr] warning: unused variable: `names`
[INFO] [stderr]    --> proc-macro-definitions/src/lib.rs:394:8
[INFO] [stderr]     |
[INFO] [stderr] 394 | ...                   names, //TODO: Ensure empty.
[INFO] [stderr]     |                       ^^^^^ help: try ignoring the field: `names: _`
[INFO] [stderr]     |
[INFO] [stderr]     = note: `#[warn(unused_variables)]` on by default
[INFO] [stderr] 
[INFO] [stderr] warning: unused variable: `names`
[INFO] [stderr]    --> proc-macro-definitions/src/lib.rs:435:8
[INFO] [stderr]     |
[INFO] [stderr] 435 | ...                   names, //TODO: Ensure empty.
[INFO] [stderr]     |                       ^^^^^ help: try ignoring the field: `names: _`
[INFO] [stderr] 
[INFO] [stderr] warning: unused variable: `vis`
[INFO] [stderr]    --> proc-macro-definitions/src/lib.rs:425:8
[INFO] [stderr]     |
[INFO] [stderr] 425 | ...                   vis,
[INFO] [stderr]     |                       ^^^ help: if this is intentional, prefix it with an underscore: `_vis`
[INFO] [stderr] 
[INFO] [stderr] warning: unused variable: `ident`
[INFO] [stderr]    --> proc-macro-definitions/src/lib.rs:426:8
[INFO] [stderr]     |
[INFO] [stderr] 426 | ...                   ident,
[INFO] [stderr]     |                       ^^^^^ help: if this is intentional, prefix it with an underscore: `_ident`
[INFO] [stderr] 
[INFO] [stderr] warning: unused variable: `colon_token`
[INFO] [stderr]    --> proc-macro-definitions/src/lib.rs:427:8
[INFO] [stderr]     |
[INFO] [stderr] 427 | ...                   colon_token,
[INFO] [stderr]     |                       ^^^^^^^^^^^ help: if this is intentional, prefix it with an underscore: `_colon_token`
[INFO] [stderr] 
[INFO] [stderr] warning: field `nested` is never read
[INFO] [stderr]    --> proc-macro-definitions/src/lib.rs:913:3
[INFO] [stderr]     |
[INFO] [stderr] 911 |     struct NameVisitor<'a> {
[INFO] [stderr]     |            ----------- field in this struct
[INFO] [stderr] 912 |         name_kind: &'a str,
[INFO] [stderr] 913 |         nested: bool, //TODO: Adjust error messages.
[INFO] [stderr]     |         ^^^^^^
[INFO] [stderr]     |
[INFO] [stderr]     = note: `#[warn(dead_code)]` on by default
[INFO] [stderr] 
[INFO] [stderr] warning: `faible_proc-macro-definitions` (lib) generated 6 warnings (run `cargo fix --lib -p faible_proc-macro-definitions` to apply 5 suggestions)
[INFO] [stderr] warning: missing documentation for a trait
[INFO] [stderr]   --> src/lib.rs:24:1
[INFO] [stderr]    |
[INFO] [stderr] 24 | pub trait Faible {
[INFO] [stderr]    | ^^^^^^^^^^^^^^^^
[INFO] [stderr]    |
[INFO] [stderr] note: the lint level is defined here
[INFO] [stderr]   --> src/lib.rs:6:27
[INFO] [stderr]    |
[INFO] [stderr] 6  | #![warn(clippy::pedantic, missing_docs)]
[INFO] [stderr]    |                           ^^^^^^^^^^^^
[INFO] [stderr] 
[INFO] [stderr] warning: missing documentation for an associated type
[INFO] [stderr]   --> src/lib.rs:25:2
[INFO] [stderr]    |
[INFO] [stderr] 25 |     type Descriptor: Descriptor;
[INFO] [stderr]    |     ^^^^^^^^^^^^^^^^^^^^^^^^^^^
[INFO] [stderr] 
[INFO] [stderr] warning: missing documentation for a method
[INFO] [stderr]   --> src/lib.rs:27:2
[INFO] [stderr]    |
[INFO] [stderr] 27 | /     fn as_strong(
[INFO] [stderr] 28 | |         &self,
[INFO] [stderr] 29 | |     ) -> Result<&<Self::Descriptor as Descriptor>::Strong, <Self::Descriptor as Descriptor>::Error>;
[INFO] [stderr]    | |____________________________________________________________________________________________________^
[INFO] [stderr] 
[INFO] [stderr] warning: missing documentation for a method
[INFO] [stderr]   --> src/lib.rs:30:2
[INFO] [stderr]    |
[INFO] [stderr] 30 | /     fn as_strong_mut(
[INFO] [stderr] 31 | |         &mut self,
[INFO] [stderr] 32 | |     ) -> Result<
[INFO] [stderr] 33 | |         &mut <Self::Descriptor as Descriptor>::Strong,
[INFO] [stderr] 34 | |         <Self::Descriptor as Descriptor>::Error,
[INFO] [stderr] 35 | |     >;
[INFO] [stderr]    | |______^
[INFO] [stderr] 
[INFO] [stderr] warning: missing documentation for a trait
[INFO] [stderr]   --> src/lib.rs:38:1
[INFO] [stderr]    |
[INFO] [stderr] 38 | pub trait Descriptor {
[INFO] [stderr]    | ^^^^^^^^^^^^^^^^^^^^
[INFO] [stderr] 
[INFO] [stderr] warning: missing documentation for an associated type
[INFO] [stderr]   --> src/lib.rs:39:2
[INFO] [stderr]    |
[INFO] [stderr] 39 |     type Weak;
[INFO] [stderr]    |     ^^^^^^^^^
[INFO] [stderr] 
[INFO] [stderr] warning: missing documentation for an associated type
[INFO] [stderr]   --> src/lib.rs:40:2
[INFO] [stderr]    |
[INFO] [stderr] 40 |     type Strong;
[INFO] [stderr]    |     ^^^^^^^^^^^
[INFO] [stderr] 
[INFO] [stderr] warning: missing documentation for an associated type
[INFO] [stderr]   --> src/lib.rs:41:2
[INFO] [stderr]    |
[INFO] [stderr] 41 |     type Error: crate::Error;
[INFO] [stderr]    |     ^^^^^^^^^^^^^^^^^^^^^^^^
[INFO] [stderr] 
[INFO] [stderr] warning: missing documentation for a method
[INFO] [stderr]   --> src/lib.rs:43:2
[INFO] [stderr]    |
[INFO] [stderr] 43 |     fn strong<'a>(&self, weak: &'a Self::Weak) -> Result<&'a Self::Strong, Self::Error>;
[INFO] [stderr]    |     ^^^^^^^^^^^^^^^^^^^^^^^^^^^^^^^^^^^^^^^^^^^^^^^^^^^^^^^^^^^^^^^^^^^^^^^^^^^^^^^^^^^^
[INFO] [stderr] 
[INFO] [stderr] warning: missing documentation for a method
[INFO] [stderr]   --> src/lib.rs:44:2
[INFO] [stderr]    |
[INFO] [stderr] 44 | /     fn strong_mut<'a>(&self, weak: &'a mut Self::Weak)
[INFO] [stderr] 45 | |         -> Result<&'a mut Self::Strong, Self::Error>;
[INFO] [stderr]    | |_____________________________________________________^
[INFO] [stderr] 
[INFO] [stderr] warning: missing documentation for a method
[INFO] [stderr]   --> src/lib.rs:46:2
[INFO] [stderr]    |
[INFO] [stderr] 46 |     fn strong_into_weak(&self, strong: Self::Strong) -> Self::Weak;
[INFO] [stderr]    |     ^^^^^^^^^^^^^^^^^^^^^^^^^^^^^^^^^^^^^^^^^^^^^^^^^^^^^^^^^^^^^^^
[INFO] [stderr] 
[INFO] [stderr] warning: missing documentation for a method
[INFO] [stderr]   --> src/lib.rs:47:2
[INFO] [stderr]    |
[INFO] [stderr] 47 |     fn try_weak_into_strong(&self, weak: Self::Weak) -> Result<Self::Strong, Self::Error>;
[INFO] [stderr]    |     ^^^^^^^^^^^^^^^^^^^^^^^^^^^^^^^^^^^^^^^^^^^^^^^^^^^^^^^^^^^^^^^^^^^^^^^^^^^^^^^^^^^^^^
[INFO] [stderr] 
[INFO] [stderr] warning: missing documentation for an associated function
[INFO] [stderr]   --> src/lib.rs:92:2
[INFO] [stderr]    |
[INFO] [stderr] 92 | /     fn from_insertion((slot, prev): (&mut T, Option<T>)) -> (&mut Self, Option<Self>)
[INFO] [stderr] 93 | |     where
[INFO] [stderr] 94 | |         Self: Sized,
[INFO] [stderr] 95 | |         T: Sized,
[INFO] [stderr]    | |_________________^
[INFO] [stderr] 
[INFO] [stderr] warning: missing documentation for a trait
[INFO] [stderr]    --> src/lib.rs:106:1
[INFO] [stderr]     |
[INFO] [stderr] 106 | pub trait FieldAccess<Strong: ?Sized, E, T: ?Sized, N> {
[INFO] [stderr]     | ^^^^^^^^^^^^^^^^^^^^^^^^^^^^^^^^^^^^^^^^^^^^^^^^^^^^^^
[INFO] [stderr] 
[INFO] [stderr] warning: missing documentation for a method
[INFO] [stderr]    --> src/lib.rs:107:2
[INFO] [stderr]     |
[INFO] [stderr] 107 |     fn get<'a>(&self, strong: &'a Strong, name: N) -> Result<&'a T, E>;
[INFO] [stderr]     |     ^^^^^^^^^^^^^^^^^^^^^^^^^^^^^^^^^^^^^^^^^^^^^^^^^^^^^^^^^^^^^^^^^^^
[INFO] [stderr] 
[INFO] [stderr] warning: missing documentation for a method
[INFO] [stderr]    --> src/lib.rs:108:2
[INFO] [stderr]     |
[INFO] [stderr] 108 |     fn get_mut<'a>(&self, strong: &'a mut Strong, name: N) -> Result<&'a mut T, E>;
[INFO] [stderr]     |     ^^^^^^^^^^^^^^^^^^^^^^^^^^^^^^^^^^^^^^^^^^^^^^^^^^^^^^^^^^^^^^^^^^^^^^^^^^^^^^^
[INFO] [stderr] 
[INFO] [stderr] warning: missing documentation for a method
[INFO] [stderr]    --> src/lib.rs:109:2
[INFO] [stderr]     |
[INFO] [stderr] 109 | /     fn set(&self, strong: &mut Strong, name: N, value: T) -> Result<(), E>
[INFO] [stderr] 110 | |     where
[INFO] [stderr] 111 | |         T: Sized;
[INFO] [stderr]     | |_________________^
[INFO] [stderr] 
[INFO] [stderr] warning: missing documentation for a method
[INFO] [stderr]    --> src/lib.rs:112:2
[INFO] [stderr]     |
[INFO] [stderr] 112 | /     fn insert<'a>(
[INFO] [stderr] 113 | |         &self,
[INFO] [stderr] 114 | |         strong: &'a mut Strong,
[INFO] [stderr] 115 | |         name: N,
[INFO] [stderr] ...   |
[INFO] [stderr] 118 | |     where
[INFO] [stderr] 119 | |         T: Sized;
[INFO] [stderr]     | |_________________^
[INFO] [stderr] 
[INFO] [stderr] warning: missing documentation for a trait
[INFO] [stderr]    --> src/lib.rs:153:1
[INFO] [stderr]     |
[INFO] [stderr] 153 | pub trait UnionFieldAccess<Strong: ?Sized, E, T: ?Sized, N> {
[INFO] [stderr]     | ^^^^^^^^^^^^^^^^^^^^^^^^^^^^^^^^^^^^^^^^^^^^^^^^^^^^^^^^^^^
[INFO] [stderr] 
[INFO] [stderr] warning: missing documentation for a method
[INFO] [stderr]    --> src/lib.rs:154:2
[INFO] [stderr]     |
[INFO] [stderr] 154 |     fn get<'a>(&self, strong: &'a Strong, name: N) -> Result<Option<&'a T>, E>;
[INFO] [stderr]     |     ^^^^^^^^^^^^^^^^^^^^^^^^^^^^^^^^^^^^^^^^^^^^^^^^^^^^^^^^^^^^^^^^^^^^^^^^^^^
[INFO] [stderr] 
[INFO] [stderr] warning: missing documentation for a method
[INFO] [stderr]    --> src/lib.rs:155:2
[INFO] [stderr]     |
[INFO] [stderr] 155 |     fn get_mut<'a>(&self, strong: &'a mut Strong, name: N) -> Result<Option<&'a mut T>, E>;
[INFO] [stderr]     |     ^^^^^^^^^^^^^^^^^^^^^^^^^^^^^^^^^^^^^^^^^^^^^^^^^^^^^^^^^^^^^^^^^^^^^^^^^^^^^^^^^^^^^^^
[INFO] [stderr] 
[INFO] [stderr] warning: missing documentation for a method
[INFO] [stderr]    --> src/lib.rs:156:2
[INFO] [stderr]     |
[INFO] [stderr] 156 | /     fn set(&self, strong: &mut Strong, name: N, value: T) -> Result<(), E>
[INFO] [stderr] 157 | |     where
[INFO] [stderr] 158 | |         T: Sized;
[INFO] [stderr]     | |_________________^
[INFO] [stderr] 
[INFO] [stderr] warning: missing documentation for a method
[INFO] [stderr]    --> src/lib.rs:159:2
[INFO] [stderr]     |
[INFO] [stderr] 159 | /     fn insert<'a>(
[INFO] [stderr] 160 | |         &self,
[INFO] [stderr] 161 | |         strong: &'a mut Strong,
[INFO] [stderr] 162 | |         name: N,
[INFO] [stderr] ...   |
[INFO] [stderr] 165 | |     where
[INFO] [stderr] 166 | |         T: Sized;
[INFO] [stderr]     | |_________________^
[INFO] [stderr] 
[INFO] [stderr] warning: missing documentation for a trait
[INFO] [stderr]    --> src/lib.rs:200:1
[INFO] [stderr]     |
[INFO] [stderr] 200 | pub trait VariantFilter<'a, Strong: ?Sized, E, N> {
[INFO] [stderr]     | ^^^^^^^^^^^^^^^^^^^^^^^^^^^^^^^^^^^^^^^^^^^^^^^^^
[INFO] [stderr] 
[INFO] [stderr] warning: missing documentation for an associated type
[INFO] [stderr]    --> src/lib.rs:201:2
[INFO] [stderr]     |
[INFO] [stderr] 201 |     type CommonRef: 'a;
[INFO] [stderr]     |     ^^^^^^^^^^^^^^^^^^
[INFO] [stderr] 
[INFO] [stderr] warning: missing documentation for an associated type
[INFO] [stderr]    --> src/lib.rs:202:2
[INFO] [stderr]     |
[INFO] [stderr] 202 |     type CommonMut: 'a;
[INFO] [stderr]     |     ^^^^^^^^^^^^^^^^^^
[INFO] [stderr] 
[INFO] [stderr] warning: missing documentation for a method
[INFO] [stderr]    --> src/lib.rs:204:2
[INFO] [stderr]     |
[INFO] [stderr] 204 |     fn common(&self, strong: &'a Strong, name: N) -> Result<Option<Self::CommonRef>, E>;
[INFO] [stderr]     |     ^^^^^^^^^^^^^^^^^^^^^^^^^^^^^^^^^^^^^^^^^^^^^^^^^^^^^^^^^^^^^^^^^^^^^^^^^^^^^^^^^^^^
[INFO] [stderr] 
[INFO] [stderr] warning: missing documentation for a method
[INFO] [stderr]    --> src/lib.rs:206:2
[INFO] [stderr]     |
[INFO] [stderr] 206 |     fn check_mut(&self, strong: &mut Strong, name: N) -> Result<bool, E>;
[INFO] [stderr]     |     ^^^^^^^^^^^^^^^^^^^^^^^^^^^^^^^^^^^^^^^^^^^^^^^^^^^^^^^^^^^^^^^^^^^^^
[INFO] [stderr] 
[INFO] [stderr] warning: missing documentation for a method
[INFO] [stderr]    --> src/lib.rs:207:2
[INFO] [stderr]     |
[INFO] [stderr] 207 |     fn common_mut(&self, strong: &'a mut Strong, name: N) -> Result<Self::CommonMut, E>;
[INFO] [stderr]     |     ^^^^^^^^^^^^^^^^^^^^^^^^^^^^^^^^^^^^^^^^^^^^^^^^^^^^^^^^^^^^^^^^^^^^^^^^^^^^^^^^^^^^
[INFO] [stderr] 
[INFO] [stderr] warning: missing documentation for a trait
[INFO] [stderr]    --> src/lib.rs:217:1
[INFO] [stderr]     |
[INFO] [stderr] 217 | pub trait VariantFieldAccessRef<'a, Common: ?Sized, E, T: ?Sized, N> {
[INFO] [stderr]     | ^^^^^^^^^^^^^^^^^^^^^^^^^^^^^^^^^^^^^^^^^^^^^^^^^^^^^^^^^^^^^^^^^^^^
[INFO] [stderr] 
[INFO] [stderr] warning: missing documentation for a method
[INFO] [stderr]    --> src/lib.rs:218:2
[INFO] [stderr]     |
[INFO] [stderr] 218 |     fn get(&self, common: &Common, name: N) -> Result<&'a T, E>;
[INFO] [stderr]     |     ^^^^^^^^^^^^^^^^^^^^^^^^^^^^^^^^^^^^^^^^^^^^^^^^^^^^^^^^^^^^
[INFO] [stderr] 
[INFO] [stderr] warning: missing documentation for a trait
[INFO] [stderr]    --> src/lib.rs:220:1
[INFO] [stderr]     |
[INFO] [stderr] 220 | pub trait VariantFieldAccessMut<'a, Common: ?Sized, E, T: ?Sized, N> {
[INFO] [stderr]     | ^^^^^^^^^^^^^^^^^^^^^^^^^^^^^^^^^^^^^^^^^^^^^^^^^^^^^^^^^^^^^^^^^^^^
[INFO] [stderr] 
[INFO] [stderr] warning: missing documentation for a method
[INFO] [stderr]    --> src/lib.rs:221:2
[INFO] [stderr]     |
[INFO] [stderr] 221 |     fn get_mut(&self, common: &mut Common, name: N) -> Result<&'a mut T, E>;
[INFO] [stderr]     |     ^^^^^^^^^^^^^^^^^^^^^^^^^^^^^^^^^^^^^^^^^^^^^^^^^^^^^^^^^^^^^^^^^^^^^^^^
[INFO] [stderr] 
[INFO] [stderr] warning: `faible` (lib) generated 33 warnings
[INFO] [stderr] warning: unused import: `convert::Infallible`
[INFO] [stderr]  --> tests/faible_union.rs:2:11
[INFO] [stderr]   |
[INFO] [stderr] 2 | use std::{convert::Infallible, marker::PhantomData, mem, ptr::NonNull};
[INFO] [stderr]   |           ^^^^^^^^^^^^^^^^^^^
[INFO] [stderr]   |
[INFO] [stderr]   = note: `#[warn(unused_imports)]` on by default
[INFO] [stderr] 
[INFO] [stderr] warning: unused variable: `strong`
[INFO] [stderr]   --> tests/faible_union.rs:43:20
[INFO] [stderr]    |
[INFO] [stderr] 43 |     fn get<'a>(&self, strong: &'a *mut T, name: N) -> Result<Option<&'a NonNull<T>>, E> {
[INFO] [stderr]    |                       ^^^^^^ help: if this is intentional, prefix it with an underscore: `_strong`
[INFO] [stderr]    |
[INFO] [stderr]    = note: `#[warn(unused_variables)]` on by default
[INFO] [stderr] 
[INFO] [stderr] warning: unused variable: `name`
[INFO] [stderr]   --> tests/faible_union.rs:43:40
[INFO] [stderr]    |
[INFO] [stderr] 43 |     fn get<'a>(&self, strong: &'a *mut T, name: N) -> Result<Option<&'a NonNull<T>>, E> {
[INFO] [stderr]    |                                           ^^^^ help: if this is intentional, prefix it with an underscore: `_name`
[INFO] [stderr] 
[INFO] [stderr] warning: unused variable: `strong`
[INFO] [stderr]   --> tests/faible_union.rs:49:3
[INFO] [stderr]    |
[INFO] [stderr] 49 |         strong: &'a mut *mut T,
[INFO] [stderr]    |         ^^^^^^ help: if this is intentional, prefix it with an underscore: `_strong`
[INFO] [stderr] 
[INFO] [stderr] warning: unused variable: `name`
[INFO] [stderr]   --> tests/faible_union.rs:50:3
[INFO] [stderr]    |
[INFO] [stderr] 50 |         name: N,
[INFO] [stderr]    |         ^^^^ help: if this is intentional, prefix it with an underscore: `_name`
[INFO] [stderr] 
[INFO] [stderr] warning: unused variable: `strong`
[INFO] [stderr]   --> tests/faible_union.rs:55:16
[INFO] [stderr]    |
[INFO] [stderr] 55 |     fn set(&self, strong: &mut *mut T, name: N, value: NonNull<T>) -> Result<(), E>
[INFO] [stderr]    |                   ^^^^^^ help: if this is intentional, prefix it with an underscore: `_strong`
[INFO] [stderr] 
[INFO] [stderr] warning: unused variable: `name`
[INFO] [stderr]   --> tests/faible_union.rs:55:37
[INFO] [stderr]    |
[INFO] [stderr] 55 |     fn set(&self, strong: &mut *mut T, name: N, value: NonNull<T>) -> Result<(), E>
[INFO] [stderr]    |                                        ^^^^ help: if this is intentional, prefix it with an underscore: `_name`
[INFO] [stderr] 
[INFO] [stderr] warning: unused variable: `value`
[INFO] [stderr]   --> tests/faible_union.rs:55:46
[INFO] [stderr]    |
[INFO] [stderr] 55 |     fn set(&self, strong: &mut *mut T, name: N, value: NonNull<T>) -> Result<(), E>
[INFO] [stderr]    |                                                 ^^^^^ help: if this is intentional, prefix it with an underscore: `_value`
[INFO] [stderr] 
[INFO] [stderr] warning: unused variable: `strong`
[INFO] [stderr]   --> tests/faible_union.rs:64:3
[INFO] [stderr]    |
[INFO] [stderr] 64 |         strong: &'a mut *mut T,
[INFO] [stderr]    |         ^^^^^^ help: if this is intentional, prefix it with an underscore: `_strong`
[INFO] [stderr] 
[INFO] [stderr] warning: unused variable: `name`
[INFO] [stderr]   --> tests/faible_union.rs:65:3
[INFO] [stderr]    |
[INFO] [stderr] 65 |         name: N,
[INFO] [stderr]    |         ^^^^ help: if this is intentional, prefix it with an underscore: `_name`
[INFO] [stderr] 
[INFO] [stderr] warning: unused variable: `value`
[INFO] [stderr]   --> tests/faible_union.rs:66:3
[INFO] [stderr]    |
[INFO] [stderr] 66 |         value: NonNull<T>,
[INFO] [stderr]    |         ^^^^^ help: if this is intentional, prefix it with an underscore: `_value`
[INFO] [stderr] 
[INFO] [stderr] warning: unused variable: `name`
[INFO] [stderr]   --> tests/faible_union.rs:76:40
[INFO] [stderr]    |
[INFO] [stderr] 76 |     fn get<'a>(&self, strong: &'a *mut T, name: N) -> Result<Option<&'a *mut T>, E> {
[INFO] [stderr]    |                                           ^^^^ help: if this is intentional, prefix it with an underscore: `_name`
[INFO] [stderr] 
[INFO] [stderr] warning: unused variable: `name`
[INFO] [stderr]   --> tests/faible_union.rs:80:48
[INFO] [stderr]    |
[INFO] [stderr] 80 |     fn get_mut<'a>(&self, strong: &'a mut *mut T, name: N) -> Result<Option<&'a mut *mut T>, E> {
[INFO] [stderr]    |                                                   ^^^^ help: if this is intentional, prefix it with an underscore: `_name`
[INFO] [stderr] 
[INFO] [stderr] warning: unused variable: `name`
[INFO] [stderr]   --> tests/faible_union.rs:84:37
[INFO] [stderr]    |
[INFO] [stderr] 84 |     fn set(&self, strong: &mut *mut T, name: N, value: *mut T) -> Result<(), E>
[INFO] [stderr]    |                                        ^^^^ help: if this is intentional, prefix it with an underscore: `_name`
[INFO] [stderr] 
[INFO] [stderr] warning: unused variable: `name`
[INFO] [stderr]   --> tests/faible_union.rs:95:3
[INFO] [stderr]    |
[INFO] [stderr] 95 |         name: N,
[INFO] [stderr]    |         ^^^^ help: if this is intentional, prefix it with an underscore: `_name`
[INFO] [stderr] 
[INFO] [stderr] warning: unused variable: `name`
[INFO] [stderr]   --> tests/faible_enum.rs:79:39
[INFO] [stderr]    |
[INFO] [stderr] 79 |     fn common(&self, strong: &'a Strong, name: N) -> Result<Option<Self::CommonRef>, E> {
[INFO] [stderr]    |                                          ^^^^ help: if this is intentional, prefix it with an underscore: `_name`
[INFO] [stderr]    |
[INFO] [stderr]    = note: `#[warn(unused_variables)]` on by default
[INFO] [stderr] 
[INFO] [stderr] warning: unused variable: `strong`
[INFO] [stderr]   --> tests/faible_enum.rs:83:22
[INFO] [stderr]    |
[INFO] [stderr] 83 |     fn check_mut(&self, strong: &mut Strong, name: N) -> Result<bool, E> {
[INFO] [stderr]    |                         ^^^^^^ help: if this is intentional, prefix it with an underscore: `_strong`
[INFO] [stderr] 
[INFO] [stderr] warning: unused variable: `name`
[INFO] [stderr]   --> tests/faible_enum.rs:83:43
[INFO] [stderr]    |
[INFO] [stderr] 83 |     fn check_mut(&self, strong: &mut Strong, name: N) -> Result<bool, E> {
[INFO] [stderr]    |                                              ^^^^ help: if this is intentional, prefix it with an underscore: `_name`
[INFO] [stderr] 
[INFO] [stderr] warning: unused variable: `strong`
[INFO] [stderr]   --> tests/faible_enum.rs:87:23
[INFO] [stderr]    |
[INFO] [stderr] 87 |     fn common_mut(&self, strong: &'a mut Strong, name: N) -> Result<Self::CommonMut, E> {
[INFO] [stderr]    |                          ^^^^^^ help: if this is intentional, prefix it with an underscore: `_strong`
[INFO] [stderr] 
[INFO] [stderr] warning: unused variable: `name`
[INFO] [stderr]   --> tests/faible_enum.rs:87:47
[INFO] [stderr]    |
[INFO] [stderr] 87 |     fn common_mut(&self, strong: &'a mut Strong, name: N) -> Result<Self::CommonMut, E> {
[INFO] [stderr]    |                                                  ^^^^ help: if this is intentional, prefix it with an underscore: `_name`
[INFO] [stderr] 
[INFO] [stderr] warning: unused variable: `common`
[INFO] [stderr]   --> tests/faible_enum.rs:95:16
[INFO] [stderr]    |
[INFO] [stderr] 95 |     fn get(&self, common: &Common, name: N) -> Result<&'a T, E> {
[INFO] [stderr]    |                   ^^^^^^ help: if this is intentional, prefix it with an underscore: `_common`
[INFO] [stderr] 
[INFO] [stderr] warning: unused variable: `name`
[INFO] [stderr]   --> tests/faible_enum.rs:95:33
[INFO] [stderr]    |
[INFO] [stderr] 95 |     fn get(&self, common: &Common, name: N) -> Result<&'a T, E> {
[INFO] [stderr]    |                                    ^^^^ help: if this is intentional, prefix it with an underscore: `_name`
[INFO] [stderr] 
[INFO] [stderr] warning: unused variable: `common`
[INFO] [stderr]    --> tests/faible_enum.rs:102:20
[INFO] [stderr]     |
[INFO] [stderr] 102 |     fn get_mut(&self, common: &mut Common, name: N) -> Result<&'a mut T, E> {
[INFO] [stderr]     |                       ^^^^^^ help: if this is intentional, prefix it with an underscore: `_common`
[INFO] [stderr] 
[INFO] [stderr] warning: unused variable: `name`
[INFO] [stderr]    --> tests/faible_enum.rs:102:41
[INFO] [stderr]     |
[INFO] [stderr] 102 |     fn get_mut(&self, common: &mut Common, name: N) -> Result<&'a mut T, E> {
[INFO] [stderr]     |                                            ^^^^ help: if this is intentional, prefix it with an underscore: `_name`
[INFO] [stderr] 
[INFO] [stderr] warning: `faible` (test "faible_union") generated 15 warnings (run `cargo fix --test "faible_union"` to apply 15 suggestions)
[INFO] [stderr] warning: `faible` (test "faible_enum") generated 9 warnings (run `cargo fix --test "faible_enum"` to apply 9 suggestions)
[INFO] [stderr]     Finished test [unoptimized + debuginfo] target(s) in 1.91s
[INFO] [stderr]      Running unittests src/lib.rs (/opt/rustwide/target/debug/deps/faible-f5db372d067cee92)
[INFO] [stdout] 
[INFO] [stdout] running 0 tests
[INFO] [stdout] 
[INFO] [stdout] test result: ok. 0 passed; 0 failed; 0 ignored; 0 measured; 0 filtered out; finished in 0.00s
[INFO] [stdout] 
[INFO] [stderr]      Running tests/faible_enum.rs (/opt/rustwide/target/debug/deps/faible_enum-83c8560229ad5b5d)
[INFO] [stdout] 
[INFO] [stdout] running 0 tests
[INFO] [stdout] 
[INFO] [stdout] test result: ok. 0 passed; 0 failed; 0 ignored; 0 measured; 0 filtered out; finished in 0.00s
[INFO] [stdout] 
[INFO] [stderr]      Running tests/faible_structs.rs (/opt/rustwide/target/debug/deps/faible_structs-45ed8bc2c6eaa89d)
[INFO] [stdout] 
[INFO] [stdout] running 0 tests
[INFO] [stdout] 
[INFO] [stdout] test result: ok. 0 passed; 0 failed; 0 ignored; 0 measured; 0 filtered out; finished in 0.00s
[INFO] [stdout] 
[INFO] [stderr]      Running tests/faible_union.rs (/opt/rustwide/target/debug/deps/faible_union-4da0afa4d16c66c4)
[INFO] [stdout] 
[INFO] [stdout] running 0 tests
[INFO] [stdout] 
[INFO] [stdout] test result: ok. 0 passed; 0 failed; 0 ignored; 0 measured; 0 filtered out; finished in 0.00s
[INFO] [stdout] 
[INFO] [stderr]      Running tests/meta_badges.rs (/opt/rustwide/target/debug/deps/meta_badges-85f24deb595e6a56)
[INFO] [stdout] 
[INFO] [stdout] running 12 tests
[INFO] [stdout] test docs ... ok
[INFO] [stdout] test crates ... ok
[INFO] [stdout] test build_status ... ok
[INFO] [stdout] test lib ... ok
[INFO] [stdout] test license ... ok
[INFO] [stdout] test issues ... ok
[INFO] [stdout] test crev ... ok
[INFO] [stdout] test git_hub ... ok
[INFO] [stdout] test rust_version ... ok
[INFO] [stdout] test pulls ... ok
[INFO] [stdout] test good_first_issues ... ok
[INFO] [stdout] test weak_assert_branch ... ok
[INFO] [stdout] 
[INFO] [stdout] test result: ok. 12 passed; 0 failed; 0 ignored; 0 measured; 0 filtered out; finished in 0.13s
[INFO] [stdout] 
[INFO] [stderr]      Running tests/meta_cargo_badges.rs (/opt/rustwide/target/debug/deps/meta_cargo_badges-b07a1c4692a15c0c)
[INFO] [stdout] 
[INFO] [stdout] running 3 tests
[INFO] [stdout] test maintenance ... FAILED
[INFO] [stdout] test is_it_maintained_issue_resolution ... FAILED
[INFO] [stdout] test is_it_maintained_open_issues ... FAILED
[INFO] [stdout] 
[INFO] [stdout] failures:
[INFO] [stdout] 
[INFO] [stdout] ---- maintenance stdout ----
[INFO] [stdout] Searching for "^maintenance = \{ status = "experimental" \}" in Cargo.toml...
[INFO] [stdout] thread 'maintenance' panicked at tests/meta_cargo_badges.rs:31:5:
[INFO] [stdout] could not find "^maintenance = \{ status = "experimental" \}" in Cargo.toml
[INFO] [stdout] stack backtrace:
[INFO] [stdout]    0:     0x5609e7bb5406 - std::backtrace_rs::backtrace::libunwind::trace::h261606ad26a499c1
[INFO] [stdout]                                at /rustc/0e09125c6c3c2fd70d7de961bcf0e51575235fad/library/std/src/../../backtrace/src/backtrace/libunwind.rs:104:5
[INFO] [stdout]    1:     0x5609e7bb5406 - std::backtrace_rs::backtrace::trace_unsynchronized::hd183f0625477fb28
[INFO] [stdout]                                at /rustc/0e09125c6c3c2fd70d7de961bcf0e51575235fad/library/std/src/../../backtrace/src/backtrace/mod.rs:66:5
[INFO] [stdout]    2:     0x5609e7bb5406 - std::sys_common::backtrace::_print_fmt::hd7f8fef21b4eda67
[INFO] [stdout]                                at /rustc/0e09125c6c3c2fd70d7de961bcf0e51575235fad/library/std/src/sys_common/backtrace.rs:68:5
[INFO] [stdout]    3:     0x5609e7bb5406 - <std::sys_common::backtrace::_print::DisplayBacktrace as core::fmt::Display>::fmt::h623d9b51f2f453f1
[INFO] [stdout]                                at /rustc/0e09125c6c3c2fd70d7de961bcf0e51575235fad/library/std/src/sys_common/backtrace.rs:44:22
[INFO] [stdout]    4:     0x5609e7bde270 - core::fmt::rt::Argument::fmt::h9f417ac76a86f368
[INFO] [stdout]                                at /rustc/0e09125c6c3c2fd70d7de961bcf0e51575235fad/library/core/src/fmt/rt.rs:142:9
[INFO] [stdout]    5:     0x5609e7bde270 - core::fmt::write::hc9b6faf4ac2aeff7
[INFO] [stdout]                                at /rustc/0e09125c6c3c2fd70d7de961bcf0e51575235fad/library/core/src/fmt/mod.rs:1120:17
[INFO] [stdout]    6:     0x5609e7bb2e6f - std::io::Write::write_fmt::he04625a3a989fec3
[INFO] [stdout]                                at /rustc/0e09125c6c3c2fd70d7de961bcf0e51575235fad/library/std/src/io/mod.rs:1810:15
[INFO] [stdout]    7:     0x5609e7bb51e4 - std::sys_common::backtrace::_print::hd5d66399c7df88a2
[INFO] [stdout]                                at /rustc/0e09125c6c3c2fd70d7de961bcf0e51575235fad/library/std/src/sys_common/backtrace.rs:47:5
[INFO] [stdout]    8:     0x5609e7bb51e4 - std::sys_common::backtrace::print::he81ed2da642d37e5
[INFO] [stdout]                                at /rustc/0e09125c6c3c2fd70d7de961bcf0e51575235fad/library/std/src/sys_common/backtrace.rs:34:9
[INFO] [stdout]    9:     0x5609e7bb6f57 - std::panicking::default_hook::{{closure}}::h85773f4fa117163d
[INFO] [stdout]   10:     0x5609e7bb6c3d - std::panicking::default_hook::h6a1694a91d09b278
[INFO] [stdout]                                at /rustc/0e09125c6c3c2fd70d7de961bcf0e51575235fad/library/std/src/panicking.rs:289:9
[INFO] [stdout]   11:     0x5609e7b86de7 - <alloc::boxed::Box<F,A> as core::ops::function::Fn<Args>>::call::h616ac37fa3cd6c8f
[INFO] [stdout]                                at /rustc/0e09125c6c3c2fd70d7de961bcf0e51575235fad/library/alloc/src/boxed.rs:2029:9
[INFO] [stdout]   12:     0x5609e7b86de7 - test::test_main::{{closure}}::h00d84697cefdcbb6
[INFO] [stdout]                                at /rustc/0e09125c6c3c2fd70d7de961bcf0e51575235fad/library/test/src/lib.rs:138:21
[INFO] [stdout]   13:     0x5609e7bb7576 - <alloc::boxed::Box<F,A> as core::ops::function::Fn<Args>>::call::hcb3fe3b9bb537ba8
[INFO] [stdout]                                at /rustc/0e09125c6c3c2fd70d7de961bcf0e51575235fad/library/alloc/src/boxed.rs:2029:9
[INFO] [stdout]   14:     0x5609e7bb7576 - std::panicking::rust_panic_with_hook::h0a7ad96e90f7145b
[INFO] [stdout]                                at /rustc/0e09125c6c3c2fd70d7de961bcf0e51575235fad/library/std/src/panicking.rs:783:13
[INFO] [stdout]   15:     0x5609e7bb72c2 - std::panicking::begin_panic_handler::{{closure}}::h7919090525c6485e
[INFO] [stdout]                                at /rustc/0e09125c6c3c2fd70d7de961bcf0e51575235fad/library/std/src/panicking.rs:657:13
[INFO] [stdout]   16:     0x5609e7bb5906 - std::sys_common::backtrace::__rust_end_short_backtrace::hf3289479464f7dfe
[INFO] [stdout]                                at /rustc/0e09125c6c3c2fd70d7de961bcf0e51575235fad/library/std/src/sys_common/backtrace.rs:171:18
[INFO] [stdout]   17:     0x5609e7bb7020 - rust_begin_unwind
[INFO] [stdout]                                at /rustc/0e09125c6c3c2fd70d7de961bcf0e51575235fad/library/std/src/panicking.rs:645:5
[INFO] [stdout]   18:     0x5609e7a94db5 - core::panicking::panic_fmt::hcc9f77c5c132af55
[INFO] [stdout]                                at /rustc/0e09125c6c3c2fd70d7de961bcf0e51575235fad/library/core/src/panicking.rs:72:14
[INFO] [stdout]   19:     0x5609e7a95adf - core::panicking::panic_display::h9d1c938a19a9a6ec
[INFO] [stdout]                                at /rustc/0e09125c6c3c2fd70d7de961bcf0e51575235fad/library/core/src/panicking.rs:196:5
[INFO] [stdout]   20:     0x5609e7a963b7 - meta_cargo_badges::maintenance::h4b65277f77ae84a7
[INFO] [stdout]                                at /opt/rustwide/workdir/tests/meta_cargo_badges.rs:31:2
[INFO] [stdout]   21:     0x5609e7a96257 - meta_cargo_badges::maintenance::{{closure}}::hed5c78fdcc7eeb83
[INFO] [stdout]                                at /opt/rustwide/workdir/tests/meta_cargo_badges.rs:30:17
[INFO] [stdout]   22:     0x5609e7a959a6 - core::ops::function::FnOnce::call_once::h69b770a3cfa2f08f
[INFO] [stdout]                                at /rustc/0e09125c6c3c2fd70d7de961bcf0e51575235fad/library/core/src/ops/function.rs:250:5
[INFO] [stdout]   23:     0x5609e7b8c6bf - core::ops::function::FnOnce::call_once::hd64d26f405258157
[INFO] [stdout]                                at /rustc/0e09125c6c3c2fd70d7de961bcf0e51575235fad/library/core/src/ops/function.rs:250:5
[INFO] [stdout]   24:     0x5609e7b8c6bf - test::__rust_begin_short_backtrace::he21b0b7a6d731bf9
[INFO] [stdout]                                at /rustc/0e09125c6c3c2fd70d7de961bcf0e51575235fad/library/test/src/lib.rs:627:18
[INFO] [stdout]   25:     0x5609e7b8b441 - test::run_test_in_process::{{closure}}::hf5c73986d7bdfde2
[INFO] [stdout]                                at /rustc/0e09125c6c3c2fd70d7de961bcf0e51575235fad/library/test/src/lib.rs:650:60
[INFO] [stdout]   26:     0x5609e7b8b441 - <core::panic::unwind_safe::AssertUnwindSafe<F> as core::ops::function::FnOnce<()>>::call_once::h330011ad032aadc0
[INFO] [stdout]                                at /rustc/0e09125c6c3c2fd70d7de961bcf0e51575235fad/library/core/src/panic/unwind_safe.rs:272:9
[INFO] [stdout]   27:     0x5609e7b8b441 - std::panicking::try::do_call::he61b0a958b795a41
[INFO] [stdout]                                at /rustc/0e09125c6c3c2fd70d7de961bcf0e51575235fad/library/std/src/panicking.rs:552:40
[INFO] [stdout]   28:     0x5609e7b8b441 - std::panicking::try::h7309da130f906eb7
[INFO] [stdout]                                at /rustc/0e09125c6c3c2fd70d7de961bcf0e51575235fad/library/std/src/panicking.rs:516:19
[INFO] [stdout]   29:     0x5609e7b8b441 - std::panic::catch_unwind::hc5c3a06fdaf0a92a
[INFO] [stdout]                                at /rustc/0e09125c6c3c2fd70d7de961bcf0e51575235fad/library/std/src/panic.rs:142:14
[INFO] [stdout]   30:     0x5609e7b8b441 - test::run_test_in_process::h7e7b7c71c3324e0f
[INFO] [stdout]                                at /rustc/0e09125c6c3c2fd70d7de961bcf0e51575235fad/library/test/src/lib.rs:650:27
[INFO] [stdout]   31:     0x5609e7b8b441 - test::run_test::{{closure}}::h1f509f28f5cf20b1
[INFO] [stdout]                                at /rustc/0e09125c6c3c2fd70d7de961bcf0e51575235fad/library/test/src/lib.rs:573:43
[INFO] [stdout]   32:     0x5609e7b52776 - test::run_test::{{closure}}::h1754218abf443f6d
[INFO] [stdout]                                at /rustc/0e09125c6c3c2fd70d7de961bcf0e51575235fad/library/test/src/lib.rs:601:41
[INFO] [stdout]   33:     0x5609e7b52776 - std::sys_common::backtrace::__rust_begin_short_backtrace::h2ee174b9d5954948
[INFO] [stdout]                                at /rustc/0e09125c6c3c2fd70d7de961bcf0e51575235fad/library/std/src/sys_common/backtrace.rs:155:18
[INFO] [stdout]   34:     0x5609e7b577d7 - std::thread::Builder::spawn_unchecked_::{{closure}}::{{closure}}::hf60bee9c1a17ef09
[INFO] [stdout]                                at /rustc/0e09125c6c3c2fd70d7de961bcf0e51575235fad/library/std/src/thread/mod.rs:529:17
[INFO] [stdout]   35:     0x5609e7b577d7 - <core::panic::unwind_safe::AssertUnwindSafe<F> as core::ops::function::FnOnce<()>>::call_once::h33d0dddec5216160
[INFO] [stdout]                                at /rustc/0e09125c6c3c2fd70d7de961bcf0e51575235fad/library/core/src/panic/unwind_safe.rs:272:9
[INFO] [stdout]   36:     0x5609e7b577d7 - std::panicking::try::do_call::h144b3048b546f835
[INFO] [stdout]                                at /rustc/0e09125c6c3c2fd70d7de961bcf0e51575235fad/library/std/src/panicking.rs:552:40
[INFO] [stdout]   37:     0x5609e7b577d7 - std::panicking::try::h978244d04646189f
[INFO] [stdout]                                at /rustc/0e09125c6c3c2fd70d7de961bcf0e51575235fad/library/std/src/panicking.rs:516:19
[INFO] [stdout]   38:     0x5609e7b577d7 - std::panic::catch_unwind::hdf436369d188fe86
[INFO] [stdout]                                at /rustc/0e09125c6c3c2fd70d7de961bcf0e51575235fad/library/std/src/panic.rs:142:14
[INFO] [stdout]   39:     0x5609e7b577d7 - std::thread::Builder::spawn_unchecked_::{{closure}}::h87329cbdd33c79ec
[INFO] [stdout]                                at /rustc/0e09125c6c3c2fd70d7de961bcf0e51575235fad/library/std/src/thread/mod.rs:528:30
[INFO] [stdout]   40:     0x5609e7b577d7 - core::ops::function::FnOnce::call_once{{vtable.shim}}::h401abbe67897d450
[INFO] [stdout]                                at /rustc/0e09125c6c3c2fd70d7de961bcf0e51575235fad/library/core/src/ops/function.rs:250:5
[INFO] [stdout]   41:     0x5609e7bbc025 - <alloc::boxed::Box<F,A> as core::ops::function::FnOnce<Args>>::call_once::h5d7c8f150ab9c84c
[INFO] [stdout]                                at /rustc/0e09125c6c3c2fd70d7de961bcf0e51575235fad/library/alloc/src/boxed.rs:2015:9
[INFO] [stdout]   42:     0x5609e7bbc025 - <alloc::boxed::Box<F,A> as core::ops::function::FnOnce<Args>>::call_once::h570d5b005c242c15
[INFO] [stdout]                                at /rustc/0e09125c6c3c2fd70d7de961bcf0e51575235fad/library/alloc/src/boxed.rs:2015:9
[INFO] [stdout]   43:     0x5609e7bbc025 - std::sys::unix::thread::Thread::new::thread_start::h36b0a20c0b2361ad
[INFO] [stdout]                                at /rustc/0e09125c6c3c2fd70d7de961bcf0e51575235fad/library/std/src/sys/unix/thread.rs:108:17
[INFO] [stdout]   44:     0x7ff2cccbcac3 - <unknown>
[INFO] [stdout]   45:     0x7ff2ccd4dbf4 - __clone
[INFO] [stdout]   46:                0x0 - <unknown>
[INFO] [stdout] 
[INFO] [stdout] ---- is_it_maintained_issue_resolution stdout ----
[INFO] [stdout] Searching for "^is-it-maintained-issue-resolution = \{ repository = "Tamschi/faible" \}" in Cargo.toml...
[INFO] [stdout] thread 'is_it_maintained_issue_resolution' panicked at tests/meta_cargo_badges.rs:9:5:
[INFO] [stdout] could not find "^is-it-maintained-issue-resolution = \{ repository = "Tamschi/faible" \}" in Cargo.toml
[INFO] [stdout] stack backtrace:
[INFO] [stdout]    0:     0x5609e7bb5406 - std::backtrace_rs::backtrace::libunwind::trace::h261606ad26a499c1
[INFO] [stdout]                                at /rustc/0e09125c6c3c2fd70d7de961bcf0e51575235fad/library/std/src/../../backtrace/src/backtrace/libunwind.rs:104:5
[INFO] [stdout]    1:     0x5609e7bb5406 - std::backtrace_rs::backtrace::trace_unsynchronized::hd183f0625477fb28
[INFO] [stdout]                                at /rustc/0e09125c6c3c2fd70d7de961bcf0e51575235fad/library/std/src/../../backtrace/src/backtrace/mod.rs:66:5
[INFO] [stdout]    2:     0x5609e7bb5406 - std::sys_common::backtrace::_print_fmt::hd7f8fef21b4eda67
[INFO] [stdout]                                at /rustc/0e09125c6c3c2fd70d7de961bcf0e51575235fad/library/std/src/sys_common/backtrace.rs:68:5
[INFO] [stdout]    3:     0x5609e7bb5406 - <std::sys_common::backtrace::_print::DisplayBacktrace as core::fmt::Display>::fmt::h623d9b51f2f453f1
[INFO] [stdout]                                at /rustc/0e09125c6c3c2fd70d7de961bcf0e51575235fad/library/std/src/sys_common/backtrace.rs:44:22
[INFO] [stdout]    4:     0x5609e7bde270 - core::fmt::rt::Argument::fmt::h9f417ac76a86f368
[INFO] [stdout]                                at /rustc/0e09125c6c3c2fd70d7de961bcf0e51575235fad/library/core/src/fmt/rt.rs:142:9
[INFO] [stdout]    5:     0x5609e7bde270 - core::fmt::write::hc9b6faf4ac2aeff7
[INFO] [stdout]                                at /rustc/0e09125c6c3c2fd70d7de961bcf0e51575235fad/library/core/src/fmt/mod.rs:1120:17
[INFO] [stdout]    6:     0x5609e7bb2e6f - std::io::Write::write_fmt::he04625a3a989fec3
[INFO] [stdout]                                at /rustc/0e09125c6c3c2fd70d7de961bcf0e51575235fad/library/std/src/io/mod.rs:1810:15
[INFO] [stdout]    7:     0x5609e7bb51e4 - std::sys_common::backtrace::_print::hd5d66399c7df88a2
[INFO] [stdout]                                at /rustc/0e09125c6c3c2fd70d7de961bcf0e51575235fad/library/std/src/sys_common/backtrace.rs:47:5
[INFO] [stdout]    8:     0x5609e7bb51e4 - std::sys_common::backtrace::print::he81ed2da642d37e5
[INFO] [stdout]                                at /rustc/0e09125c6c3c2fd70d7de961bcf0e51575235fad/library/std/src/sys_common/backtrace.rs:34:9
[INFO] [stdout]    9:     0x5609e7bb6f57 - std::panicking::default_hook::{{closure}}::h85773f4fa117163d
[INFO] [stdout]   10:     0x5609e7bb6c3d - std::panicking::default_hook::h6a1694a91d09b278
[INFO] [stdout]                                at /rustc/0e09125c6c3c2fd70d7de961bcf0e51575235fad/library/std/src/panicking.rs:289:9
[INFO] [stdout]   11:     0x5609e7b86de7 - <alloc::boxed::Box<F,A> as core::ops::function::Fn<Args>>::call::h616ac37fa3cd6c8f
[INFO] [stdout]                                at /rustc/0e09125c6c3c2fd70d7de961bcf0e51575235fad/library/alloc/src/boxed.rs:2029:9
[INFO] [stdout]   12:     0x5609e7b86de7 - test::test_main::{{closure}}::h00d84697cefdcbb6
[INFO] [stdout]                                at /rustc/0e09125c6c3c2fd70d7de961bcf0e51575235fad/library/test/src/lib.rs:138:21
[INFO] [stdout]   13:     0x5609e7bb7576 - <alloc::boxed::Box<F,A> as core::ops::function::Fn<Args>>::call::hcb3fe3b9bb537ba8
[INFO] [stdout]                                at /rustc/0e09125c6c3c2fd70d7de961bcf0e51575235fad/library/alloc/src/boxed.rs:2029:9
[INFO] [stdout]   14:     0x5609e7bb7576 - std::panicking::rust_panic_with_hook::h0a7ad96e90f7145b
[INFO] [stdout]                                at /rustc/0e09125c6c3c2fd70d7de961bcf0e51575235fad/library/std/src/panicking.rs:783:13
[INFO] [stdout]   15:     0x5609e7bb72c2 - std::panicking::begin_panic_handler::{{closure}}::h7919090525c6485e
[INFO] [stdout]                                at /rustc/0e09125c6c3c2fd70d7de961bcf0e51575235fad/library/std/src/panicking.rs:657:13
[INFO] [stdout]   16:     0x5609e7bb5906 - std::sys_common::backtrace::__rust_end_short_backtrace::hf3289479464f7dfe
[INFO] [stdout]                                at /rustc/0e09125c6c3c2fd70d7de961bcf0e51575235fad/library/std/src/sys_common/backtrace.rs:171:18
[INFO] [stdout]   17:     0x5609e7bb7020 - rust_begin_unwind
[INFO] [stdout]                                at /rustc/0e09125c6c3c2fd70d7de961bcf0e51575235fad/library/std/src/panicking.rs:645:5
[INFO] [stdout]   18:     0x5609e7a94db5 - core::panicking::panic_fmt::hcc9f77c5c132af55
[INFO] [stdout]                                at /rustc/0e09125c6c3c2fd70d7de961bcf0e51575235fad/library/core/src/panicking.rs:72:14
[INFO] [stdout]   19:     0x5609e7a95adf - core::panicking::panic_display::h9d1c938a19a9a6ec
[INFO] [stdout]                                at /rustc/0e09125c6c3c2fd70d7de961bcf0e51575235fad/library/core/src/panicking.rs:196:5
[INFO] [stdout]   20:     0x5609e7a95f81 - meta_cargo_badges::is_it_maintained_issue_resolution::h59dc3ef7bc418c4c
[INFO] [stdout]                                at /opt/rustwide/workdir/tests/meta_cargo_badges.rs:9:2
[INFO] [stdout]   21:     0x5609e7a95db7 - meta_cargo_badges::is_it_maintained_issue_resolution::{{closure}}::ha723fd2fb0d179a3
[INFO] [stdout]                                at /opt/rustwide/workdir/tests/meta_cargo_badges.rs:8:39
[INFO] [stdout]   22:     0x5609e7a959e6 - core::ops::function::FnOnce::call_once::h6b71403fbddb6259
[INFO] [stdout]                                at /rustc/0e09125c6c3c2fd70d7de961bcf0e51575235fad/library/core/src/ops/function.rs:250:5
[INFO] [stdout]   23:     0x5609e7b8c6bf - core::ops::function::FnOnce::call_once::hd64d26f405258157
[INFO] [stdout]                                at /rustc/0e09125c6c3c2fd70d7de961bcf0e51575235fad/library/core/src/ops/function.rs:250:5
[INFO] [stdout]   24:     0x5609e7b8c6bf - test::__rust_begin_short_backtrace::he21b0b7a6d731bf9
[INFO] [stdout]                                at /rustc/0e09125c6c3c2fd70d7de961bcf0e51575235fad/library/test/src/lib.rs:627:18
[INFO] [stdout]   25:     0x5609e7b8b441 - test::run_test_in_process::{{closure}}::hf5c73986d7bdfde2
[INFO] [stdout]                                at /rustc/0e09125c6c3c2fd70d7de961bcf0e51575235fad/library/test/src/lib.rs:650:60
[INFO] [stdout]   26:     0x5609e7b8b441 - <core::panic::unwind_safe::AssertUnwindSafe<F> as core::ops::function::FnOnce<()>>::call_once::h330011ad032aadc0
[INFO] [stdout]                                at /rustc/0e09125c6c3c2fd70d7de961bcf0e51575235fad/library/core/src/panic/unwind_safe.rs:272:9
[INFO] [stdout]   27:     0x5609e7b8b441 - std::panicking::try::do_call::he61b0a958b795a41
[INFO] [stdout]                                at /rustc/0e09125c6c3c2fd70d7de961bcf0e51575235fad/library/std/src/panicking.rs:552:40
[INFO] [stdout]   28:     0x5609e7b8b441 - std::panicking::try::h7309da130f906eb7
[INFO] [stdout]                                at /rustc/0e09125c6c3c2fd70d7de961bcf0e51575235fad/library/std/src/panicking.rs:516:19
[INFO] [stdout]   29:     0x5609e7b8b441 - std::panic::catch_unwind::hc5c3a06fdaf0a92a
[INFO] [stdout]                                at /rustc/0e09125c6c3c2fd70d7de961bcf0e51575235fad/library/std/src/panic.rs:142:14
[INFO] [stdout]   30:     0x5609e7b8b441 - test::run_test_in_process::h7e7b7c71c3324e0f
[INFO] [stdout]                                at /rustc/0e09125c6c3c2fd70d7de961bcf0e51575235fad/library/test/src/lib.rs:650:27
[INFO] [stdout]   31:     0x5609e7b8b441 - test::run_test::{{closure}}::h1f509f28f5cf20b1
[INFO] [stdout]                                at /rustc/0e09125c6c3c2fd70d7de961bcf0e51575235fad/library/test/src/lib.rs:573:43
[INFO] [stdout]   32:     0x5609e7b52776 - test::run_test::{{closure}}::h1754218abf443f6d
[INFO] [stdout]                                at /rustc/0e09125c6c3c2fd70d7de961bcf0e51575235fad/library/test/src/lib.rs:601:41
[INFO] [stdout]   33:     0x5609e7b52776 - std::sys_common::backtrace::__rust_begin_short_backtrace::h2ee174b9d5954948
[INFO] [stdout]                                at /rustc/0e09125c6c3c2fd70d7de961bcf0e51575235fad/library/std/src/sys_common/backtrace.rs:155:18
[INFO] [stdout]   34:     0x5609e7b577d7 - std::thread::Builder::spawn_unchecked_::{{closure}}::{{closure}}::hf60bee9c1a17ef09
[INFO] [stdout]                                at /rustc/0e09125c6c3c2fd70d7de961bcf0e51575235fad/library/std/src/thread/mod.rs:529:17
[INFO] [stdout]   35:     0x5609e7b577d7 - <core::panic::unwind_safe::AssertUnwindSafe<F> as core::ops::function::FnOnce<()>>::call_once::h33d0dddec5216160
[INFO] [stdout]                                at /rustc/0e09125c6c3c2fd70d7de961bcf0e51575235fad/library/core/src/panic/unwind_safe.rs:272:9
[INFO] [stdout]   36:     0x5609e7b577d7 - std::panicking::try::do_call::h144b3048b546f835
[INFO] [stdout]                                at /rustc/0e09125c6c3c2fd70d7de961bcf0e51575235fad/library/std/src/panicking.rs:552:40
[INFO] [stdout]   37:     0x5609e7b577d7 - std::panicking::try::h978244d04646189f
[INFO] [stdout]                                at /rustc/0e09125c6c3c2fd70d7de961bcf0e51575235fad/library/std/src/panicking.rs:516:19
[INFO] [stdout]   38:     0x5609e7b577d7 - std::panic::catch_unwind::hdf436369d188fe86
[INFO] [stdout]                                at /rustc/0e09125c6c3c2fd70d7de961bcf0e51575235fad/library/std/src/panic.rs:142:14
[INFO] [stdout]   39:     0x5609e7b577d7 - std::thread::Builder::spawn_unchecked_::{{closure}}::h87329cbdd33c79ec
[INFO] [stdout]                                at /rustc/0e09125c6c3c2fd70d7de961bcf0e51575235fad/library/std/src/thread/mod.rs:528:30
[INFO] [stdout]   40:     0x5609e7b577d7 - core::ops::function::FnOnce::call_once{{vtable.shim}}::h401abbe67897d450
[INFO] [stdout]                                at /rustc/0e09125c6c3c2fd70d7de961bcf0e51575235fad/library/core/src/ops/function.rs:250:5
[INFO] [stdout]   41:     0x5609e7bbc025 - <alloc::boxed::Box<F,A> as core::ops::function::FnOnce<Args>>::call_once::h5d7c8f150ab9c84c
[INFO] [stdout]                                at /rustc/0e09125c6c3c2fd70d7de961bcf0e51575235fad/library/alloc/src/boxed.rs:2015:9
[INFO] [stdout]   42:     0x5609e7bbc025 - <alloc::boxed::Box<F,A> as core::ops::function::FnOnce<Args>>::call_once::h570d5b005c242c15
[INFO] [stdout]                                at /rustc/0e09125c6c3c2fd70d7de961bcf0e51575235fad/library/alloc/src/boxed.rs:2015:9
[INFO] [stdout]   43:     0x5609e7bbc025 - std::sys::unix::thread::Thread::new::thread_start::h36b0a20c0b2361ad
[INFO] [stdout]                                at /rustc/0e09125c6c3c2fd70d7de961bcf0e51575235fad/library/std/src/sys/unix/thread.rs:108:17
[INFO] [stdout]   44:     0x7ff2cccbcac3 - <unknown>
[INFO] [stdout]   45:     0x7ff2ccd4dbf4 - __clone
[INFO] [stdout]   46:                0x0 - <unknown>
[INFO] [stdout] 
[INFO] [stdout] ---- is_it_maintained_open_issues stdout ----
[INFO] [stdout] Searching for "^is-it-maintained-open-issues = \{ repository = "Tamschi/faible" \}" in Cargo.toml...
[INFO] [stdout] thread 'is_it_maintained_open_issues' panicked at tests/meta_cargo_badges.rs:20:5:
[INFO] [stdout] could not find "^is-it-maintained-open-issues = \{ repository = "Tamschi/faible" \}" in Cargo.toml
[INFO] [stdout] stack backtrace:
[INFO] [stdout]    0:     0x5609e7bb5406 - std::backtrace_rs::backtrace::libunwind::trace::h261606ad26a499c1
[INFO] [stdout]                                at /rustc/0e09125c6c3c2fd70d7de961bcf0e51575235fad/library/std/src/../../backtrace/src/backtrace/libunwind.rs:104:5
[INFO] [stdout]    1:     0x5609e7bb5406 - std::backtrace_rs::backtrace::trace_unsynchronized::hd183f0625477fb28
[INFO] [stdout]                                at /rustc/0e09125c6c3c2fd70d7de961bcf0e51575235fad/library/std/src/../../backtrace/src/backtrace/mod.rs:66:5
[INFO] [stdout]    2:     0x5609e7bb5406 - std::sys_common::backtrace::_print_fmt::hd7f8fef21b4eda67
[INFO] [stdout]                                at /rustc/0e09125c6c3c2fd70d7de961bcf0e51575235fad/library/std/src/sys_common/backtrace.rs:68:5
[INFO] [stdout]    3:     0x5609e7bb5406 - <std::sys_common::backtrace::_print::DisplayBacktrace as core::fmt::Display>::fmt::h623d9b51f2f453f1
[INFO] [stdout]                                at /rustc/0e09125c6c3c2fd70d7de961bcf0e51575235fad/library/std/src/sys_common/backtrace.rs:44:22
[INFO] [stdout]    4:     0x5609e7bde270 - core::fmt::rt::Argument::fmt::h9f417ac76a86f368
[INFO] [stdout]                                at /rustc/0e09125c6c3c2fd70d7de961bcf0e51575235fad/library/core/src/fmt/rt.rs:142:9
[INFO] [stdout]    5:     0x5609e7bde270 - core::fmt::write::hc9b6faf4ac2aeff7
[INFO] [stdout]                                at /rustc/0e09125c6c3c2fd70d7de961bcf0e51575235fad/library/core/src/fmt/mod.rs:1120:17
[INFO] [stdout]    6:     0x5609e7bb2e6f - std::io::Write::write_fmt::he04625a3a989fec3
[INFO] [stdout]                                at /rustc/0e09125c6c3c2fd70d7de961bcf0e51575235fad/library/std/src/io/mod.rs:1810:15
[INFO] [stdout]    7:     0x5609e7bb51e4 - std::sys_common::backtrace::_print::hd5d66399c7df88a2
[INFO] [stdout]                                at /rustc/0e09125c6c3c2fd70d7de961bcf0e51575235fad/library/std/src/sys_common/backtrace.rs:47:5
[INFO] [stdout]    8:     0x5609e7bb51e4 - std::sys_common::backtrace::print::he81ed2da642d37e5
[INFO] [stdout]                                at /rustc/0e09125c6c3c2fd70d7de961bcf0e51575235fad/library/std/src/sys_common/backtrace.rs:34:9
[INFO] [stdout]    9:     0x5609e7bb6f57 - std::panicking::default_hook::{{closure}}::h85773f4fa117163d
[INFO] [stdout]   10:     0x5609e7bb6c3d - std::panicking::default_hook::h6a1694a91d09b278
[INFO] [stdout]                                at /rustc/0e09125c6c3c2fd70d7de961bcf0e51575235fad/library/std/src/panicking.rs:289:9
[INFO] [stdout]   11:     0x5609e7b86de7 - <alloc::boxed::Box<F,A> as core::ops::function::Fn<Args>>::call::h616ac37fa3cd6c8f
[INFO] [stdout]                                at /rustc/0e09125c6c3c2fd70d7de961bcf0e51575235fad/library/alloc/src/boxed.rs:2029:9
[INFO] [stdout]   12:     0x5609e7b86de7 - test::test_main::{{closure}}::h00d84697cefdcbb6
[INFO] [stdout]                                at /rustc/0e09125c6c3c2fd70d7de961bcf0e51575235fad/library/test/src/lib.rs:138:21
[INFO] [stdout]   13:     0x5609e7bb7576 - <alloc::boxed::Box<F,A> as core::ops::function::Fn<Args>>::call::hcb3fe3b9bb537ba8
[INFO] [stdout]                                at /rustc/0e09125c6c3c2fd70d7de961bcf0e51575235fad/library/alloc/src/boxed.rs:2029:9
[INFO] [stdout]   14:     0x5609e7bb7576 - std::panicking::rust_panic_with_hook::h0a7ad96e90f7145b
[INFO] [stdout]                                at /rustc/0e09125c6c3c2fd70d7de961bcf0e51575235fad/library/std/src/panicking.rs:783:13
[INFO] [stdout]   15:     0x5609e7bb72c2 - std::panicking::begin_panic_handler::{{closure}}::h7919090525c6485e
[INFO] [stdout]                                at /rustc/0e09125c6c3c2fd70d7de961bcf0e51575235fad/library/std/src/panicking.rs:657:13
[INFO] [stdout]   16:     0x5609e7bb5906 - std::sys_common::backtrace::__rust_end_short_backtrace::hf3289479464f7dfe
[INFO] [stdout]                                at /rustc/0e09125c6c3c2fd70d7de961bcf0e51575235fad/library/std/src/sys_common/backtrace.rs:171:18
[INFO] [stdout]   17:     0x5609e7bb7020 - rust_begin_unwind
[INFO] [stdout]                                at /rustc/0e09125c6c3c2fd70d7de961bcf0e51575235fad/library/std/src/panicking.rs:645:5
[INFO] [stdout]   18:     0x5609e7a94db5 - core::panicking::panic_fmt::hcc9f77c5c132af55
[INFO] [stdout]                                at /rustc/0e09125c6c3c2fd70d7de961bcf0e51575235fad/library/core/src/panicking.rs:72:14
[INFO] [stdout]   19:     0x5609e7a95adf - core::panicking::panic_display::h9d1c938a19a9a6ec
[INFO] [stdout]                                at /rustc/0e09125c6c3c2fd70d7de961bcf0e51575235fad/library/core/src/panicking.rs:196:5
[INFO] [stdout]   20:     0x5609e7a961d1 - meta_cargo_badges::is_it_maintained_open_issues::h1dfc7eea07b48fed
[INFO] [stdout]                                at /opt/rustwide/workdir/tests/meta_cargo_badges.rs:20:2
[INFO] [stdout]   21:     0x5609e7a96007 - meta_cargo_badges::is_it_maintained_open_issues::{{closure}}::hedadd296b26fb545
[INFO] [stdout]                                at /opt/rustwide/workdir/tests/meta_cargo_badges.rs:19:34
[INFO] [stdout]   22:     0x5609e7a95966 - core::ops::function::FnOnce::call_once::h603959d6c5d81be5
[INFO] [stdout]                                at /rustc/0e09125c6c3c2fd70d7de961bcf0e51575235fad/library/core/src/ops/function.rs:250:5
[INFO] [stdout]   23:     0x5609e7b8c6bf - core::ops::function::FnOnce::call_once::hd64d26f405258157
[INFO] [stdout]                                at /rustc/0e09125c6c3c2fd70d7de961bcf0e51575235fad/library/core/src/ops/function.rs:250:5
[INFO] [stdout]   24:     0x5609e7b8c6bf - test::__rust_begin_short_backtrace::he21b0b7a6d731bf9
[INFO] [stdout]                                at /rustc/0e09125c6c3c2fd70d7de961bcf0e51575235fad/library/test/src/lib.rs:627:18
[INFO] [stdout]   25:     0x5609e7b8b441 - test::run_test_in_process::{{closure}}::hf5c73986d7bdfde2
[INFO] [stdout]                                at /rustc/0e09125c6c3c2fd70d7de961bcf0e51575235fad/library/test/src/lib.rs:650:60
[INFO] [stdout]   26:     0x5609e7b8b441 - <core::panic::unwind_safe::AssertUnwindSafe<F> as core::ops::function::FnOnce<()>>::call_once::h330011ad032aadc0
[INFO] [stdout]                                at /rustc/0e09125c6c3c2fd70d7de961bcf0e51575235fad/library/core/src/panic/unwind_safe.rs:272:9
[INFO] [stdout]   27:     0x5609e7b8b441 - std::panicking::try::do_call::he61b0a958b795a41
[INFO] [stdout]                                at /rustc/0e09125c6c3c2fd70d7de961bcf0e51575235fad/library/std/src/panicking.rs:552:40
[INFO] [stdout]   28:     0x5609e7b8b441 - std::panicking::try::h7309da130f906eb7
[INFO] [stdout]                                at /rustc/0e09125c6c3c2fd70d7de961bcf0e51575235fad/library/std/src/panicking.rs:516:19
[INFO] [stdout]   29:     0x5609e7b8b441 - std::panic::catch_unwind::hc5c3a06fdaf0a92a
[INFO] [stdout]                                at /rustc/0e09125c6c3c2fd70d7de961bcf0e51575235fad/library/std/src/panic.rs:142:14
[INFO] [stdout]   30:     0x5609e7b8b441 - test::run_test_in_process::h7e7b7c71c3324e0f
[INFO] [stdout]                                at /rustc/0e09125c6c3c2fd70d7de961bcf0e51575235fad/library/test/src/lib.rs:650:27
[INFO] [stdout]   31:     0x5609e7b8b441 - test::run_test::{{closure}}::h1f509f28f5cf20b1
[INFO] [stdout]                                at /rustc/0e09125c6c3c2fd70d7de961bcf0e51575235fad/library/test/src/lib.rs:573:43
[INFO] [stdout]   32:     0x5609e7b52776 - test::run_test::{{closure}}::h1754218abf443f6d
[INFO] [stdout]                                at /rustc/0e09125c6c3c2fd70d7de961bcf0e51575235fad/library/test/src/lib.rs:601:41
[INFO] [stdout]   33:     0x5609e7b52776 - std::sys_common::backtrace::__rust_begin_short_backtrace::h2ee174b9d5954948
[INFO] [stdout]                                at /rustc/0e09125c6c3c2fd70d7de961bcf0e51575235fad/library/std/src/sys_common/backtrace.rs:155:18
[INFO] [stdout]   34:     0x5609e7b577d7 - std::thread::Builder::spawn_unchecked_::{{closure}}::{{closure}}::hf60bee9c1a17ef09
[INFO] [stdout]                                at /rustc/0e09125c6c3c2fd70d7de961bcf0e51575235fad/library/std/src/thread/mod.rs:529:17
[INFO] [stdout]   35:     0x5609e7b577d7 - <core::panic::unwind_safe::AssertUnwindSafe<F> as core::ops::function::FnOnce<()>>::call_once::h33d0dddec5216160
[INFO] [stdout]                                at /rustc/0e09125c6c3c2fd70d7de961bcf0e51575235fad/library/core/src/panic/unwind_safe.rs:272:9
[INFO] [stdout]   36:     0x5609e7b577d7 - std::panicking::try::do_call::h144b3048b546f835
[INFO] [stdout]                                at /rustc/0e09125c6c3c2fd70d7de961bcf0e51575235fad/library/std/src/panicking.rs:552:40
[INFO] [stdout]   37:     0x5609e7b577d7 - std::panicking::try::h978244d04646189f
[INFO] [stdout]                                at /rustc/0e09125c6c3c2fd70d7de961bcf0e51575235fad/library/std/src/panicking.rs:516:19
[INFO] [stdout]   38:     0x5609e7b577d7 - std::panic::catch_unwind::hdf436369d188fe86
[INFO] [stdout]                                at /rustc/0e09125c6c3c2fd70d7de961bcf0e51575235fad/library/std/src/panic.rs:142:14
[INFO] [stdout]   39:     0x5609e7b577d7 - std::thread::Builder::spawn_unchecked_::{{closure}}::h87329cbdd33c79ec
[INFO] [stdout]                                at /rustc/0e09125c6c3c2fd70d7de961bcf0e51575235fad/library/std/src/thread/mod.rs:528:30
[INFO] [stdout]   40:     0x5609e7b577d7 - core::ops::function::FnOnce::call_once{{vtable.shim}}::h401abbe67897d450
[INFO] [stdout]                                at /rustc/0e09125c6c3c2fd70d7de961bcf0e51575235fad/library/core/src/ops/function.rs:250:5
[INFO] [stdout]   41:     0x5609e7bbc025 - <alloc::boxed::Box<F,A> as core::ops::function::FnOnce<Args>>::call_once::h5d7c8f150ab9c84c
[INFO] [stdout]                                at /rustc/0e09125c6c3c2fd70d7de961bcf0e51575235fad/library/alloc/src/boxed.rs:2015:9
[INFO] [stdout]   42:     0x5609e7bbc025 - <alloc::boxed::Box<F,A> as core::ops::function::FnOnce<Args>>::call_once::h570d5b005c242c15
[INFO] [stdout]                                at /rustc/0e09125c6c3c2fd70d7de961bcf0e51575235fad/library/alloc/src/boxed.rs:2015:9
[INFO] [stdout]   43:     0x5609e7bbc025 - std::sys::unix::thread::Thread::new::thread_start::h36b0a20c0b2361ad
[INFO] [stdout]                                at /rustc/0e09125c6c3c2fd70d7de961bcf0e51575235fad/library/std/src/sys/unix/thread.rs:108:17
[INFO] [stdout]   44:     0x7ff2cccbcac3 - <unknown>
[INFO] [stdout]   45:     0x7ff2ccd4dbf4 - __clone
[INFO] [stdout]   46:                0x0 - <unknown>
[INFO] [stdout] 
[INFO] [stdout] 
[INFO] [stdout] failures:
[INFO] [stdout]     is_it_maintained_issue_resolution
[INFO] [stdout]     is_it_maintained_open_issues
[INFO] [stdout]     maintenance
[INFO] [stdout] 
[INFO] [stdout] test result: FAILED. 0 passed; 3 failed; 0 ignored; 0 measured; 0 filtered out; finished in 0.03s
[INFO] [stdout] 
[INFO] [stderr] error: test failed, to rerun pass `--test meta_cargo_badges`
[INFO] running `Command { std: "docker" "inspect" "7118cc8491106dc26ad305fa7438a2211968df963bd9ccb6cf6afbdcb325c342", kill_on_drop: false }`
[INFO] running `Command { std: "docker" "rm" "-f" "7118cc8491106dc26ad305fa7438a2211968df963bd9ccb6cf6afbdcb325c342", kill_on_drop: false }`
[INFO] [stdout] 7118cc8491106dc26ad305fa7438a2211968df963bd9ccb6cf6afbdcb325c342
