[INFO] cloning repository https://github.com/AntoniosBarotsis/qr-rs
[INFO] running `Command { std: "git" "-c" "credential.helper=" "-c" "credential.helper=/workspace/cargo-home/bin/git-credential-null" "clone" "--bare" "https://github.com/AntoniosBarotsis/qr-rs" "/workspace/cache/git-repos/https%3A%2F%2Fgithub.com%2FAntoniosBarotsis%2Fqr-rs", kill_on_drop: false }`
[INFO] [stderr] Cloning into bare repository '/workspace/cache/git-repos/https%3A%2F%2Fgithub.com%2FAntoniosBarotsis%2Fqr-rs'...
[INFO] running `Command { std: "git" "rev-parse" "HEAD", kill_on_drop: false }`
[INFO] [stdout] 695129d17090cb2d5b168cfd57200df346f814e0
[INFO] testing AntoniosBarotsis/qr-rs against 1.75.0 for beta-1.76-1
[INFO] running `Command { std: "git" "clone" "/workspace/cache/git-repos/https%3A%2F%2Fgithub.com%2FAntoniosBarotsis%2Fqr-rs" "/workspace/builds/worker-5-tc1/source", kill_on_drop: false }`
[INFO] [stderr] Cloning into '/workspace/builds/worker-5-tc1/source'...
[INFO] [stderr] done.
[INFO] validating manifest of git repo https://github.com/AntoniosBarotsis/qr-rs on toolchain 1.75.0
[INFO] running `Command { std: CARGO_HOME="/workspace/cargo-home" RUSTUP_HOME="/workspace/rustup-home" "/workspace/cargo-home/bin/cargo" "+1.75.0" "metadata" "--manifest-path" "Cargo.toml" "--no-deps", kill_on_drop: false }`
[INFO] removed /workspace/builds/worker-5-tc1/source/.cargo/config.toml
[INFO] started tweaking git repo https://github.com/AntoniosBarotsis/qr-rs
[INFO] finished tweaking git repo https://github.com/AntoniosBarotsis/qr-rs
[INFO] tweaked toml for git repo https://github.com/AntoniosBarotsis/qr-rs written to /workspace/builds/worker-5-tc1/source/Cargo.toml
[INFO] crate git repo https://github.com/AntoniosBarotsis/qr-rs already has a lockfile, it will not be regenerated
[INFO] running `Command { std: CARGO_HOME="/workspace/cargo-home" RUSTUP_HOME="/workspace/rustup-home" "/workspace/cargo-home/bin/cargo" "+1.75.0" "fetch" "--manifest-path" "Cargo.toml", kill_on_drop: false }`
[INFO] [stderr] warning: virtual workspace defaulting to `resolver = "1"` despite one or more workspace members being on edition 2021 which implies `resolver = "2"`
[INFO] [stderr] note: to keep the current resolver, specify `workspace.resolver = "1"` in the workspace root's manifest
[INFO] [stderr] note: to use the edition 2021 resolver, specify `workspace.resolver = "2"` in the workspace root's manifest
[INFO] [stderr] note: for more details see https://doc.rust-lang.org/cargo/reference/resolver.html#resolver-versions
[INFO] [stderr]     Updating crates.io index
[INFO] [stderr]  Downloading crates ...
[INFO] [stderr]   Downloaded actix-server v2.2.0
[INFO] [stderr]   Downloaded usvg-text-layout v0.28.0
[INFO] [stderr]   Downloaded usvg v0.28.0
[INFO] [stderr]   Downloaded actix-web-codegen v4.2.0
[INFO] [stderr]   Downloaded roxmltree v0.15.1
[INFO] [stderr]   Downloaded fontconfig-parser v0.5.2
[INFO] [stderr]   Downloaded actix-http v3.3.1
[INFO] [stderr]   Downloaded clap v4.1.11
[INFO] [stderr]   Downloaded actix-web v4.3.1
[INFO] [stderr]   Downloaded rustybuzz v0.6.0
[INFO] [stderr]   Downloaded resvg v0.28.0
[INFO] [stderr]   Downloaded zune-inflate v0.2.52
[INFO] [stderr]   Downloaded fontdb v0.10.0
[INFO] [stderr]   Downloaded zstd-safe v6.0.4+zstd.1.5.4
[INFO] [stderr]   Downloaded imagesize v0.10.1
[INFO] [stderr]   Downloaded fast_qr v0.8.5
[INFO] running `Command { std: "docker" "create" "-v" "/var/lib/crater-agent-workspace/builds/worker-5-tc1/target:/opt/rustwide/target:rw,Z" "-v" "/var/lib/crater-agent-workspace/builds/worker-5-tc1/source:/opt/rustwide/workdir:ro,Z" "-v" "/var/lib/crater-agent-workspace/cargo-home:/opt/rustwide/cargo-home:ro,Z" "-v" "/var/lib/crater-agent-workspace/rustup-home:/opt/rustwide/rustup-home:ro,Z" "-e" "SOURCE_DIR=/opt/rustwide/workdir" "-e" "CARGO_TARGET_DIR=/opt/rustwide/target" "-e" "CARGO_HOME=/opt/rustwide/cargo-home" "-e" "RUSTUP_HOME=/opt/rustwide/rustup-home" "-w" "/opt/rustwide/workdir" "-m" "1610612736" "--user" "0:0" "--network" "none" "ghcr.io/rust-lang/crates-build-env/linux@sha256:2788e3201cd34a07e3172128adcd8b3090168a8e3bcc40d7c032b9dda1df7d1c" "/opt/rustwide/cargo-home/bin/cargo" "+1.75.0" "metadata" "--no-deps" "--format-version=1", kill_on_drop: false }`
[INFO] [stdout] 82afc5ba9eef185ed05cf0d9334cac7c295eb3f481f4354b18c663e28a3205f7
[INFO] running `Command { std: "docker" "start" "-a" "82afc5ba9eef185ed05cf0d9334cac7c295eb3f481f4354b18c663e28a3205f7", kill_on_drop: false }`
[INFO] running `Command { std: "docker" "inspect" "82afc5ba9eef185ed05cf0d9334cac7c295eb3f481f4354b18c663e28a3205f7", kill_on_drop: false }`
[INFO] running `Command { std: "docker" "rm" "-f" "82afc5ba9eef185ed05cf0d9334cac7c295eb3f481f4354b18c663e28a3205f7", kill_on_drop: false }`
[INFO] [stdout] 82afc5ba9eef185ed05cf0d9334cac7c295eb3f481f4354b18c663e28a3205f7
[INFO] running `Command { std: "docker" "create" "-v" "/var/lib/crater-agent-workspace/builds/worker-5-tc1/target:/opt/rustwide/target:rw,Z" "-v" "/var/lib/crater-agent-workspace/builds/worker-5-tc1/source:/opt/rustwide/workdir:ro,Z" "-v" "/var/lib/crater-agent-workspace/cargo-home:/opt/rustwide/cargo-home:ro,Z" "-v" "/var/lib/crater-agent-workspace/rustup-home:/opt/rustwide/rustup-home:ro,Z" "-e" "SOURCE_DIR=/opt/rustwide/workdir" "-e" "CARGO_TARGET_DIR=/opt/rustwide/target" "-e" "CARGO_INCREMENTAL=0" "-e" "RUST_BACKTRACE=full" "-e" "RUSTFLAGS=--cap-lints=warn" "-e" "RUSTDOCFLAGS=--cap-lints=warn" "-e" "CARGO_HOME=/opt/rustwide/cargo-home" "-e" "RUSTUP_HOME=/opt/rustwide/rustup-home" "-w" "/opt/rustwide/workdir" "-m" "1610612736" "--user" "0:0" "--network" "none" "ghcr.io/rust-lang/crates-build-env/linux@sha256:2788e3201cd34a07e3172128adcd8b3090168a8e3bcc40d7c032b9dda1df7d1c" "/opt/rustwide/cargo-home/bin/cargo" "+1.75.0" "build" "--frozen" "--message-format=json", kill_on_drop: false }`
[INFO] [stdout] 1201e2e8371a5f338abffe564911d399d24a8be3b981bcec57ee87f77b3b1d4a
[INFO] running `Command { std: "docker" "start" "-a" "1201e2e8371a5f338abffe564911d399d24a8be3b981bcec57ee87f77b3b1d4a", kill_on_drop: false }`
[INFO] [stderr] warning: virtual workspace defaulting to `resolver = "1"` despite one or more workspace members being on edition 2021 which implies `resolver = "2"`
[INFO] [stderr] note: to keep the current resolver, specify `workspace.resolver = "1"` in the workspace root's manifest
[INFO] [stderr] note: to use the edition 2021 resolver, specify `workspace.resolver = "2"` in the workspace root's manifest
[INFO] [stderr] note: for more details see https://doc.rust-lang.org/cargo/reference/resolver.html#resolver-versions
[INFO] [stderr]    Compiling proc-macro2 v1.0.53
[INFO] [stderr]    Compiling log v0.4.17
[INFO] [stderr]    Compiling jobserver v0.1.26
[INFO] [stderr]    Compiling once_cell v1.17.1
[INFO] [stderr]    Compiling adler v1.0.2
[INFO] [stderr]    Compiling tokio v1.26.0
[INFO] [stderr]    Compiling memoffset v0.8.0
[INFO] [stderr]    Compiling getrandom v0.2.8
[INFO] [stderr]    Compiling miniz_oxide v0.6.2
[INFO] [stderr]    Compiling cc v1.0.79
[INFO] [stderr]    Compiling tracing-core v0.1.30
[INFO] [stderr]    Compiling crossbeam-epoch v0.9.14
[INFO] [stderr]    Compiling futures-util v0.3.27
[INFO] [stderr]    Compiling mio v0.8.6
[INFO] [stderr]    Compiling bytemuck v1.13.1
[INFO] [stderr]    Compiling rayon-core v1.11.0
[INFO] [stderr]    Compiling quote v1.0.26
[INFO] [stderr]    Compiling tracing v0.1.37
[INFO] [stderr]    Compiling syn v1.0.109
[INFO] [stderr]    Compiling syn v2.0.8
[INFO] [stderr]    Compiling flate2 v1.0.25
[INFO] [stderr]    Compiling crossbeam-channel v0.5.7
[INFO] [stderr]    Compiling xmlparser v0.13.5
[INFO] [stderr]    Compiling float-cmp v0.9.0
[INFO] [stderr]    Compiling serde_derive v1.0.158
[INFO] [stderr]    Compiling openssl-sys v0.9.83
[INFO] [stderr]    Compiling crossbeam-deque v0.8.3
[INFO] [stderr]    Compiling futures-io v0.3.27
[INFO] [stderr]    Compiling serde v1.0.158
[INFO] [stderr]    Compiling indexmap v1.9.2
[INFO] [stderr]    Compiling strict-num v0.1.0
[INFO] [stderr]    Compiling hashbrown v0.12.3
[INFO] [stderr]    Compiling either v1.8.1
[INFO] [stderr]    Compiling unicode-general-category v0.6.0
[INFO] [stderr]    Compiling roxmltree v0.18.0
[INFO] [stderr]    Compiling miniz_oxide v0.5.4
[INFO] [stderr]    Compiling rayon v1.7.0
[INFO] [stderr]    Compiling num-traits v0.2.15
[INFO] [stderr]    Compiling weezl v0.1.7
[INFO] [stderr]    Compiling openssl v0.10.48
[INFO] [stderr]    Compiling ttf-parser v0.17.1
[INFO] [stderr]    Compiling siphasher v0.3.10
[INFO] [stderr]    Compiling svgtypes v0.8.2
[INFO] [stderr]    Compiling png v0.17.6
[INFO] [stderr]    Compiling fontconfig-parser v0.5.2
[INFO] [stderr]    Compiling kurbo v0.8.3
[INFO] [stderr]    Compiling jpeg-decoder v0.3.0
[INFO] [stderr]    Compiling roxmltree v0.15.1
[INFO] [stderr]    Compiling zstd-sys v2.0.7+zstd.1.5.4
[INFO] [stderr]    Compiling simplecss v0.2.1
[INFO] [stderr]    Compiling memmap2 v0.5.10
[INFO] [stderr]    Compiling num-integer v0.1.45
[INFO] [stderr]    Compiling unicode-ccc v0.1.2
[INFO] [stderr]    Compiling imagesize v0.10.1
[INFO] [stderr]    Compiling rctree v0.5.0
[INFO] [stderr]    Compiling futures-channel v0.3.27
[INFO] [stderr]    Compiling data-url v0.2.0
[INFO] [stderr]    Compiling arrayref v0.3.7
[INFO] [stderr]    Compiling unicode-script v0.5.5
[INFO] [stderr]    Compiling unicode-bidi-mirroring v0.1.0
[INFO] [stderr]    Compiling usvg v0.28.0
[INFO] [stderr]    Compiling rustybuzz v0.6.0
[INFO] [stderr]    Compiling tiny-skia-path v0.8.3
[INFO] [stderr]    Compiling gif v0.11.4
[INFO] [stderr]    Compiling native-tls v0.2.11
[INFO] [stderr]    Compiling fontdb v0.10.0
[INFO] [stderr]    Compiling tokio-macros v1.8.2
[INFO] [stderr]    Compiling pin-project-internal v1.0.12
[INFO] [stderr]    Compiling openssl-macros v0.1.0
[INFO] [stderr]    Compiling rgb v0.8.36
[INFO] [stderr]    Compiling nanorand v0.7.0
[INFO] [stderr]    Compiling spin v0.9.8
[INFO] [stderr]    Compiling num-rational v0.4.1
[INFO] [stderr]    Compiling simd-adler32 v0.3.5
[INFO] [stderr]    Compiling unicode-vo v0.1.0
[INFO] [stderr]    Compiling want v0.3.0
[INFO] [stderr]    Compiling usvg-text-layout v0.28.0
[INFO] [stderr]    Compiling zune-inflate v0.2.52
[INFO] [stderr]    Compiling pin-project v1.0.12
[INFO] [stderr]    Compiling flume v0.10.14
[INFO] [stderr]    Compiling svgfilters v0.4.0
[INFO] [stderr]    Compiling tiny-skia v0.8.3
[INFO] [stderr]    Compiling half v2.2.1
[INFO] [stderr]    Compiling io-lifetimes v1.0.9
[INFO] [stderr]    Compiling mime v0.3.17
[INFO] [stderr]    Compiling lebe v0.5.2
[INFO] [stderr]    Compiling pico-args v0.5.0
[INFO] [stderr]    Compiling zstd-safe v6.0.4+zstd.1.5.4
[INFO] [stderr]    Compiling alloc-no-stdlib v2.0.4
[INFO] [stderr]    Compiling bit_field v0.10.2
[INFO] [stderr]    Compiling local-waker v0.1.3
[INFO] [stderr]    Compiling exr v1.6.3
[INFO] [stderr]    Compiling alloc-stdlib v0.2.2
[INFO] [stderr]    Compiling crypto-common v0.1.6
[INFO] [stderr]    Compiling tiff v0.8.1
[INFO] [stderr]    Compiling thiserror-impl v1.0.40
[INFO] [stderr]    Compiling serde_urlencoded v0.7.1
[INFO] [stderr]    Compiling resvg v0.28.0
[INFO] [stderr]    Compiling rand_core v0.6.4
[INFO] [stderr]    Compiling aho-corasick v0.7.20
[INFO] [stderr]    Compiling bytestring v1.3.0
[INFO] [stderr]    Compiling tokio-util v0.7.7
[INFO] [stderr]    Compiling tokio-native-tls v0.3.1
[INFO] [stderr]    Compiling ahash v0.8.3
[INFO] [stderr]    Compiling regex-syntax v0.6.29
[INFO] [stderr]    Compiling rustix v0.36.11
[INFO] [stderr]    Compiling rand_chacha v0.3.1
[INFO] [stderr]    Compiling h2 v0.3.17
[INFO] [stderr]    Compiling image v0.24.5
[INFO] [stderr]    Compiling time-macros v0.2.8
[INFO] [stderr]    Compiling actix-rt v2.8.0
[INFO] [stderr]    Compiling fast_qr v0.8.5
[INFO] [stderr]    Compiling regex v1.7.2
[INFO] [stderr]    Compiling thiserror v1.0.40
[INFO] [stderr]    Compiling digest v0.10.6
[INFO] [stderr]    Compiling actix-service v2.0.2
[INFO] [stderr]    Compiling brotli-decompressor v2.3.4
[INFO] [stderr]    Compiling proc-macro-error-attr v1.0.4
[INFO] [stderr]    Compiling actix-utils v3.0.1
[INFO] [stderr]    Compiling cookie v0.16.2
[INFO] [stderr]    Compiling serde_json v1.0.94
[INFO] [stderr]    Compiling convert_case v0.4.0
[INFO] [stderr]    Compiling ipnet v2.7.1
[INFO] [stderr]    Compiling brotli v3.3.4
[INFO] [stderr]    Compiling derive_more v0.99.17
[INFO] [stderr]    Compiling qr-rs-lib v0.1.0 (/opt/rustwide/workdir/lib)
[INFO] [stderr]    Compiling sha1 v0.10.5
[INFO] [stderr]    Compiling actix-router v0.5.1
[INFO] [stderr]    Compiling hyper v0.14.25
[INFO] [stderr]    Compiling proc-macro-error v1.0.4
[INFO] [stderr]    Compiling time v0.3.20
[INFO] [stderr]    Compiling rand v0.8.5
[INFO] [stderr]    Compiling actix-codec v0.5.0
[INFO] [stderr]    Compiling local-channel v0.1.3
[INFO] [stderr]    Compiling heck v0.4.1
[INFO] [stderr]    Compiling language-tags v0.3.2
[INFO] [stderr]    Compiling anyhow v1.0.70
[INFO] [stderr]    Compiling clap_lex v0.3.3
[INFO] [stderr]    Compiling clap_derive v4.1.9
[INFO] [stderr]    Compiling ahash v0.7.6
[INFO] [stderr]    Compiling actix-web-codegen v4.2.0
[INFO] [stderr]    Compiling is-terminal v0.4.5
[INFO] [stderr]    Compiling actix-server v2.2.0
[INFO] [stderr]    Compiling hyper-tls v0.5.0
[INFO] [stderr]    Compiling reqwest v0.11.15
[INFO] [stderr]    Compiling actix-macros v0.2.3
[INFO] [stderr]    Compiling strsim v0.10.0
[INFO] [stderr]    Compiling termcolor v1.2.0
[INFO] [stderr]    Compiling bitflags v2.0.2
[INFO] [stderr]    Compiling clap v4.1.11
[INFO] [stderr]    Compiling qr-rs-common v0.1.0 (/opt/rustwide/workdir/common)
[INFO] [stderr]    Compiling qrg v0.1.1 (/opt/rustwide/workdir/cli)
[INFO] [stderr]    Compiling zstd v0.12.3+zstd.1.5.2
[INFO] [stderr]    Compiling actix-http v3.3.1
[INFO] [stderr]    Compiling actix-web v4.3.1
[INFO] [stderr]    Compiling qr-rs v0.1.1 (/opt/rustwide/workdir/server)
[INFO] [stderr]     Finished dev [unoptimized + debuginfo] target(s) in 1m 07s
[INFO] running `Command { std: "docker" "inspect" "1201e2e8371a5f338abffe564911d399d24a8be3b981bcec57ee87f77b3b1d4a", kill_on_drop: false }`
[INFO] running `Command { std: "docker" "rm" "-f" "1201e2e8371a5f338abffe564911d399d24a8be3b981bcec57ee87f77b3b1d4a", kill_on_drop: false }`
[INFO] [stdout] 1201e2e8371a5f338abffe564911d399d24a8be3b981bcec57ee87f77b3b1d4a
[INFO] running `Command { std: "docker" "create" "-v" "/var/lib/crater-agent-workspace/builds/worker-5-tc1/target:/opt/rustwide/target:rw,Z" "-v" "/var/lib/crater-agent-workspace/builds/worker-5-tc1/source:/opt/rustwide/workdir:ro,Z" "-v" "/var/lib/crater-agent-workspace/cargo-home:/opt/rustwide/cargo-home:ro,Z" "-v" "/var/lib/crater-agent-workspace/rustup-home:/opt/rustwide/rustup-home:ro,Z" "-e" "SOURCE_DIR=/opt/rustwide/workdir" "-e" "CARGO_TARGET_DIR=/opt/rustwide/target" "-e" "CARGO_INCREMENTAL=0" "-e" "RUST_BACKTRACE=full" "-e" "RUSTFLAGS=--cap-lints=warn" "-e" "RUSTDOCFLAGS=--cap-lints=warn" "-e" "CARGO_HOME=/opt/rustwide/cargo-home" "-e" "RUSTUP_HOME=/opt/rustwide/rustup-home" "-w" "/opt/rustwide/workdir" "-m" "1610612736" "--user" "0:0" "--network" "none" "ghcr.io/rust-lang/crates-build-env/linux@sha256:2788e3201cd34a07e3172128adcd8b3090168a8e3bcc40d7c032b9dda1df7d1c" "/opt/rustwide/cargo-home/bin/cargo" "+1.75.0" "test" "--frozen" "--no-run" "--message-format=json", kill_on_drop: false }`
[INFO] [stdout] dce8f1c7043b395ce37db6358bcedfc2095d2c2cd88bbf08a41e390dcfb769b5
[INFO] running `Command { std: "docker" "start" "-a" "dce8f1c7043b395ce37db6358bcedfc2095d2c2cd88bbf08a41e390dcfb769b5", kill_on_drop: false }`
[INFO] [stderr] warning: virtual workspace defaulting to `resolver = "1"` despite one or more workspace members being on edition 2021 which implies `resolver = "2"`
[INFO] [stderr] note: to keep the current resolver, specify `workspace.resolver = "1"` in the workspace root's manifest
[INFO] [stderr] note: to use the edition 2021 resolver, specify `workspace.resolver = "2"` in the workspace root's manifest
[INFO] [stderr] note: for more details see https://doc.rust-lang.org/cargo/reference/resolver.html#resolver-versions
[INFO] [stderr]    Compiling ciborium-io v0.2.0
[INFO] [stderr]    Compiling half v1.8.2
[INFO] [stderr]    Compiling diff v0.1.13
[INFO] [stderr]    Compiling plotters-backend v0.3.4
[INFO] [stderr]    Compiling itertools v0.10.5
[INFO] [stderr]    Compiling cast v0.3.0
[INFO] [stderr]    Compiling walkdir v2.3.3
[INFO] [stderr]    Compiling clap v3.2.23
[INFO] [stderr]    Compiling tinytemplate v1.2.1
[INFO] [stderr]    Compiling pretty_assertions v1.3.0
[INFO] [stderr]    Compiling plotters-svg v0.3.3
[INFO] [stderr]    Compiling ciborium-ll v0.2.0
[INFO] [stderr]    Compiling anes v0.1.6
[INFO] [stderr]    Compiling plotters v0.3.4
[INFO] [stderr]    Compiling oorandom v11.1.3
[INFO] [stderr]    Compiling ciborium v0.2.0
[INFO] [stderr]    Compiling qr-rs v0.1.1 (/opt/rustwide/workdir/server)
[INFO] [stderr]    Compiling qrg v0.1.1 (/opt/rustwide/workdir/cli)
[INFO] [stderr]    Compiling qr-rs-common v0.1.0 (/opt/rustwide/workdir/common)
[INFO] [stderr]    Compiling criterion-plot v0.5.0
[INFO] [stderr]    Compiling criterion v0.4.0
[INFO] [stderr]    Compiling qr-rs-lib v0.1.0 (/opt/rustwide/workdir/lib)
[INFO] [stdout] error: linking with `cc` failed: exit status: 1
[INFO] [stdout]   |
[INFO] [stdout]   = note: LC_ALL="C" PATH="/opt/rustwide/rustup-home/toolchains/1.75.0-x86_64-unknown-linux-gnu/lib/rustlib/x86_64-unknown-linux-gnu/bin:/opt/rustwide/cargo-home/bin:/usr/local/sbin:/usr/local/bin:/usr/sbin:/usr/bin:/sbin:/bin" VSLANG="1033" "cc" "-m64" "/tmp/rustcxkq9Al/symbols.o" "/opt/rustwide/target/debug/deps/qr_rs-a425576f2d92f5a2.qr_rs.3513bef2d963b403-cgu.00.rcgu.o" "/opt/rustwide/target/debug/deps/qr_rs-a425576f2d92f5a2.qr_rs.3513bef2d963b403-cgu.01.rcgu.o" "/opt/rustwide/target/debug/deps/qr_rs-a425576f2d92f5a2.qr_rs.3513bef2d963b403-cgu.02.rcgu.o" "/opt/rustwide/target/debug/deps/qr_rs-a425576f2d92f5a2.qr_rs.3513bef2d963b403-cgu.03.rcgu.o" "/opt/rustwide/target/debug/deps/qr_rs-a425576f2d92f5a2.qr_rs.3513bef2d963b403-cgu.04.rcgu.o" "/opt/rustwide/target/debug/deps/qr_rs-a425576f2d92f5a2.qr_rs.3513bef2d963b403-cgu.05.rcgu.o" "/opt/rustwide/target/debug/deps/qr_rs-a425576f2d92f5a2.qr_rs.3513bef2d963b403-cgu.06.rcgu.o" "/opt/rustwide/target/debug/deps/qr_rs-a425576f2d92f5a2.qr_rs.3513bef2d963b403-cgu.07.rcgu.o" "/opt/rustwide/target/debug/deps/qr_rs-a425576f2d92f5a2.qr_rs.3513bef2d963b403-cgu.08.rcgu.o" "/opt/rustwide/target/debug/deps/qr_rs-a425576f2d92f5a2.qr_rs.3513bef2d963b403-cgu.09.rcgu.o" "/opt/rustwide/target/debug/deps/qr_rs-a425576f2d92f5a2.qr_rs.3513bef2d963b403-cgu.10.rcgu.o" "/opt/rustwide/target/debug/deps/qr_rs-a425576f2d92f5a2.qr_rs.3513bef2d963b403-cgu.11.rcgu.o" "/opt/rustwide/target/debug/deps/qr_rs-a425576f2d92f5a2.qr_rs.3513bef2d963b403-cgu.12.rcgu.o" "/opt/rustwide/target/debug/deps/qr_rs-a425576f2d92f5a2.qr_rs.3513bef2d963b403-cgu.13.rcgu.o" "/opt/rustwide/target/debug/deps/qr_rs-a425576f2d92f5a2.qr_rs.3513bef2d963b403-cgu.14.rcgu.o" "/opt/rustwide/target/debug/deps/qr_rs-a425576f2d92f5a2.qr_rs.3513bef2d963b403-cgu.15.rcgu.o" "/opt/rustwide/target/debug/deps/qr_rs-a425576f2d92f5a2.7o3s51uoj62l14x.rcgu.o" "-Wl,--as-needed" "-L" "/opt/rustwide/target/debug/deps" "-L" "/opt/rustwide/target/debug/build/zstd-sys-2b5d5d7cc4d143c9/out" "-L" "/opt/rustwide/rustup-home/toolchains/1.75.0-x86_64-unknown-linux-gnu/lib/rustlib/x86_64-unknown-linux-gnu/lib" "-Wl,-Bstatic" "/opt/rustwide/rustup-home/toolchains/1.75.0-x86_64-unknown-linux-gnu/lib/rustlib/x86_64-unknown-linux-gnu/lib/libtest-3df1bed8075ce1de.rlib" "/opt/rustwide/rustup-home/toolchains/1.75.0-x86_64-unknown-linux-gnu/lib/rustlib/x86_64-unknown-linux-gnu/lib/libgetopts-2076fd86b325cb5d.rlib" "/opt/rustwide/rustup-home/toolchains/1.75.0-x86_64-unknown-linux-gnu/lib/rustlib/x86_64-unknown-linux-gnu/lib/libunicode_width-caa7152ee70c190f.rlib" "/opt/rustwide/rustup-home/toolchains/1.75.0-x86_64-unknown-linux-gnu/lib/rustlib/x86_64-unknown-linux-gnu/lib/librustc_std_workspace_std-04e6425e07f02a3c.rlib" "/opt/rustwide/target/debug/deps/libpretty_assertions-c195ac61f7d18fcc.rlib" "/opt/rustwide/target/debug/deps/libdiff-9a7fed0f3ca624f7.rlib" "/opt/rustwide/target/debug/deps/libyansi-84e5ca0e07373032.rlib" "/opt/rustwide/target/debug/deps/libqr_rs_common-e573f4dfe3b50a69.rlib" "/opt/rustwide/target/debug/deps/libreqwest-9073c29216f50ad3.rlib" "/opt/rustwide/target/debug/deps/libhyper_tls-ba9da3a492e7d5a6.rlib" "/opt/rustwide/target/debug/deps/libipnet-e3bdafb8758a028b.rlib" "/opt/rustwide/target/debug/deps/libtokio_native_tls-e0f0cee0238ea19b.rlib" "/opt/rustwide/target/debug/deps/libnative_tls-dd5d75d384e64080.rlib" "/opt/rustwide/target/debug/deps/libopenssl_probe-d850575132083d7c.rlib" "/opt/rustwide/target/debug/deps/libopenssl-a28193fbbdac9720.rlib" "/opt/rustwide/target/debug/deps/libforeign_types-c05743815e5b8a9d.rlib" "/opt/rustwide/target/debug/deps/libforeign_types_shared-d149f5491fde2862.rlib" "/opt/rustwide/target/debug/deps/libopenssl_sys-488c6f09adcc9739.rlib" "/opt/rustwide/target/debug/deps/libhyper-0b5ba770c33ef9b4.rlib" "/opt/rustwide/target/debug/deps/libwant-29a2634b7bb60b0f.rlib" "/opt/rustwide/target/debug/deps/libtry_lock-51271589248cd7d9.rlib" "/opt/rustwide/target/debug/deps/libtower_service-104d6e83d5ce383d.rlib" "/opt/rustwide/target/debug/deps/libfutures_channel-e755fd462c5ce247.rlib" "/opt/rustwide/target/debug/deps/libhttp_body-7e22d86f2e012d16.rlib" "/opt/rustwide/target/debug/deps/libqr_rs_lib-50099b0c4f6aa1a2.rlib" "/opt/rustwide/target/debug/deps/libfast_qr-bd17716c56de161c.rlib" "/opt/rustwide/target/debug/deps/libresvg-40f95760d3ef4d4d.rlib" "/opt/rustwide/target/debug/deps/libsvgfilters-32cc83aa48da47f6.rlib" "/opt/rustwide/target/debug/deps/librgb-73cf9a7289f5b8a3.rlib" "/opt/rustwide/target/debug/deps/libusvg_text_layout-31cb636e7b98ed73.rlib" "/opt/rustwide/target/debug/deps/libunicode_vo-f1bcf0c35260ede2.rlib" "/opt/rustwide/target/debug/deps/librustybuzz-7753537694ad6722.rlib" "/opt/rustwide/target/debug/deps/libunicode_bidi_mirroring-c1d85defff25c859.rlib" "/opt/rustwide/target/debug/deps/libunicode_script-385bd56906c8849c.rlib" "/opt/rustwide/target/debug/deps/libunicode_ccc-2b8ca2cd74159242.rlib" "/opt/rustwide/target/debug/deps/libunicode_general_category-331089fa5929fe6a.rlib" "/opt/rustwide/target/debug/deps/libfontdb-19de8f305882fa8d.rlib" "/opt/rustwide/target/debug/deps/libfontconfig_parser-c9b3edfd2ac5d167.rlib" "/opt/rustwide/target/debug/deps/libroxmltree-3e28b2b6420a81f4.rlib" "/opt/rustwide/target/debug/deps/libmemmap2-eb61d3ed98c8fa31.rlib" "/opt/rustwide/target/debug/deps/libttf_parser-81f6e865c4806da4.rlib" "/opt/rustwide/target/debug/deps/libusvg-91bc7ad63de5d716.rlib" "/opt/rustwide/target/debug/deps/librctree-8c91f8543090ca5f.rlib" "/opt/rustwide/target/debug/deps/libsimplecss-b74fd6199d98f003.rlib" "/opt/rustwide/target/debug/deps/libdata_url-4b8e85b47b82c07a.rlib" "/opt/rustwide/target/debug/deps/libimagesize-8a9ef4c8c5aa019b.rlib" "/opt/rustwide/target/debug/deps/libroxmltree-a0af7a427512efc4.rlib" "/opt/rustwide/target/debug/deps/libxmlparser-27500b38191bc090.rlib" "/opt/rustwide/target/debug/deps/libkurbo-1235802d3f59a3ba.rlib" "/opt/rustwide/target/debug/deps/libsvgtypes-fb918b8b5d7b78a9.rlib" "/opt/rustwide/target/debug/deps/libsiphasher-70141c8539e8d7a5.rlib" "/opt/rustwide/target/debug/deps/libtiny_skia-a6bc40016bbd804f.rlib" "/opt/rustwide/target/debug/deps/libarrayvec-f19559cf4c7b17eb.rlib" "/opt/rustwide/target/debug/deps/libtiny_skia_path-0c9e4b99e62b678b.rlib" "/opt/rustwide/target/debug/deps/libstrict_num-41ecc80e94bacb8a.rlib" "/opt/rustwide/target/debug/deps/libfloat_cmp-b4e8ff4464fe0c91.rlib" "/opt/rustwide/target/debug/deps/libarrayref-50afdd1ea8722a59.rlib" "/opt/rustwide/target/debug/deps/libimage-1c0770da73fb1c46.rlib" "/opt/rustwide/target/debug/deps/libbytemuck-628cfc1d6277b052.rlib" "/opt/rustwide/target/debug/deps/libpng-1046b7b95bc81f8b.rlib" "/opt/rustwide/target/debug/deps/libminiz_oxide-849decf29324f283.rlib" "/opt/rustwide/target/debug/deps/libexr-a2892b4913e1cb97.rlib" "/opt/rustwide/target/debug/deps/libflume-130d5ecbe1a87294.rlib" "/opt/rustwide/target/debug/deps/libspin-fddc46506b62fa9d.rlib" "/opt/rustwide/target/debug/deps/libpin_project-1d3b5e08756881dc.rlib" "/opt/rustwide/target/debug/deps/libnanorand-98a2617b95831be8.rlib" "/opt/rustwide/target/debug/deps/libzune_inflate-9835b906445d92e0.rlib" "/opt/rustwide/target/debug/deps/libsimd_adler32-6740362e4c2ac4e8.rlib" "/opt/rustwide/target/debug/deps/libbit_field-0ca06e2010f1fc42.rlib" "/opt/rustwide/target/debug/deps/liblebe-4f2fc33efa19012f.rlib" "/opt/rustwide/target/debug/deps/libhalf-d29b4e2cf0861f1c.rlib" "/opt/rustwide/target/debug/deps/libscoped_threadpool-cf49c53216faf76b.rlib" "/opt/rustwide/target/debug/deps/libnum_rational-7f7d092ee6b173f0.rlib" "/opt/rustwide/target/debug/deps/libnum_integer-f0e39536e8d39c49.rlib" "/opt/rustwide/target/debug/deps/libgif-be6f3641dce8a1be.rlib" "/opt/rustwide/target/debug/deps/libcolor_quant-76e42fe6d44f3f56.rlib" "/opt/rustwide/target/debug/deps/libbyteorder-b7588b59c1d17615.rlib" "/opt/rustwide/target/debug/deps/libnum_traits-a6410cac0a25d3f1.rlib" "/opt/rustwide/target/debug/deps/libtiff-2276278c20926258.rlib" "/opt/rustwide/target/debug/deps/libweezl-a8534d2a4eb9698a.rlib" "/opt/rustwide/target/debug/deps/libjpeg_decoder-35972ee74bbbf665.rlib" "/opt/rustwide/target/debug/deps/librayon-c62500e7e6ef3dba.rlib" "/opt/rustwide/target/debug/deps/librayon_core-c905a68611dc798c.rlib" "/opt/rustwide/target/debug/deps/libcrossbeam_deque-6488539803fa9a4a.rlib" "/opt/rustwide/target/debug/deps/libcrossbeam_epoch-cd50bfc12a05d073.rlib" "/opt/rustwide/target/debug/deps/libmemoffset-a6b4d089601cb16a.rlib" "/opt/rustwide/target/debug/deps/libcrossbeam_channel-3774ca2d3b79ba4b.rlib" "/opt/rustwide/target/debug/deps/libcrossbeam_utils-b4e70512c7962382.rlib" "/opt/rustwide/target/debug/deps/libeither-e06209ef422c3674.rlib" "/opt/rustwide/target/debug/deps/libthiserror-d52a96933629834c.rlib" "/opt/rustwide/target/debug/deps/libactix_web-b78bf204e1e8f451.rlib" "/opt/rustwide/target/debug/deps/libcookie-1c5d2d0b02ad1a67.rlib" "/opt/rustwide/target/debug/deps/libtime-a8ed300f7841f7df.rlib" "/opt/rustwide/target/debug/deps/libtime_core-39c8f7012824603d.rlib" "/opt/rustwide/target/debug/deps/libahash-8bad527a9f5c9f8a.rlib" "/opt/rustwide/target/debug/deps/liburl-835209bb06fa4b66.rlib" "/opt/rustwide/target/debug/deps/libidna-b88b16256f94c1f5.rlib" "/opt/rustwide/target/debug/deps/libunicode_normalization-e1c1be84a555e587.rlib" "/opt/rustwide/target/debug/deps/libtinyvec-cf6c9f6b792a5507.rlib" "/opt/rustwide/target/debug/deps/libtinyvec_macros-b1cb7f53f58c9f87.rlib" "/opt/rustwide/target/debug/deps/libunicode_bidi-282ea4eeb343ff18.rlib" "/opt/rustwide/target/debug/deps/libserde_urlencoded-8effc22f14f15094.rlib" "/opt/rustwide/target/debug/deps/libform_urlencoded-e8c43e838ad28fa4.rlib" "/opt/rustwide/target/debug/deps/libserde_json-48c1ea1d00e98eb3.rlib" "/opt/rustwide/target/debug/deps/libryu-07c77bcabf6ee02b.rlib" "/opt/rustwide/target/debug/deps/libactix_server-73da3f474bf95bb3.rlib" "/opt/rustwide/target/debug/deps/libactix_router-c7c28bfc97e580c6.rlib" "/opt/rustwide/target/debug/deps/libregex-500d8c7220d62c8a.rlib" "/opt/rustwide/target/debug/deps/libaho_corasick-fec14e281eb19588.rlib" "/opt/rustwide/target/debug/deps/libregex_syntax-0dc2d12e01b76027.rlib" "/opt/rustwide/target/debug/deps/libserde-d3ed6ecd4606a07d.rlib" "/opt/rustwide/target/debug/deps/libactix_http-884a402245973320.rlib" "/opt/rustwide/target/debug/deps/librand-29fc78c51ef6fe4b.rlib" "/opt/rustwide/target/debug/deps/librand_chacha-fca76d1edc69a2cb.rlib" "/opt/rustwide/target/debug/deps/libppv_lite86-9f808eb911999ef2.rlib" "/opt/rustwide/target/debug/deps/librand_core-6339412b2b6ff026.rlib" "/opt/rustwide/target/debug/deps/libhttparse-64f1ffbeda450424.rlib" "/opt/rustwide/target/debug/deps/libbrotli-97f69ca66e57c943.rlib" "/opt/rustwide/target/debug/deps/libbrotli_decompressor-68203b6d591bf736.rlib" "/opt/rustwide/target/debug/deps/liballoc_stdlib-42567218896c8315.rlib" "/opt/rustwide/target/debug/deps/liballoc_no_stdlib-bb643994833d65b7.rlib" "/opt/rustwide/target/debug/deps/libhttpdate-07ccb2bff48c32b9.rlib" "/opt/rustwide/target/debug/deps/libsha1-ee8bd1fad168a312.rlib" "/opt/rustwide/target/debug/deps/libcpufeatures-68ff2c2a83d8484f.rlib" "/opt/rustwide/target/debug/deps/libdigest-0b65d8e6c08061fe.rlib" "/opt/rustwide/target/debug/deps/libblock_buffer-a6633cc5ea776bfa.rlib" "/opt/rustwide/target/debug/deps/libcrypto_common-e036c303a98e509c.rlib" "/opt/rustwide/target/debug/deps/libgeneric_array-b737503772575288.rlib" "/opt/rustwide/target/debug/deps/libtypenum-10066d62666e55cd.rlib" "/opt/rustwide/target/debug/deps/libbase64-01d5e7f2237ad80c.rlib" "/opt/rustwide/target/debug/deps/liblocal_channel-01de3ec188339af2.rlib" "/opt/rustwide/target/debug/deps/libbytestring-b153b3d7d64bccf0.rlib" "/opt/rustwide/target/debug/deps/libencoding_rs-7cc5730ecb0d79b3.rlib" "/opt/rustwide/target/debug/deps/liblanguage_tags-c55a9d92ef9338ba.rlib" "/opt/rustwide/target/debug/deps/libahash-7bd5ac17c7eee407.rlib" "/opt/rustwide/target/debug/deps/libgetrandom-3f5f5b0babf4b839.rlib" "/opt/rustwide/target/debug/deps/libmime-7e306270d8ceb372.rlib" "/opt/rustwide/target/debug/deps/libpercent_encoding-c39f6500503dd269.rlib" "/opt/rustwide/target/debug/deps/libh2-8248ebb42f9c280d.rlib" "/opt/rustwide/target/debug/deps/libindexmap-6a53f35a9491509c.rlib" "/opt/rustwide/target/debug/deps/libhashbrown-567986452cb9bc94.rlib" "/opt/rustwide/target/debug/deps/libfutures_util-ef2af439878254a9.rlib" "/opt/rustwide/target/debug/deps/libfutures_io-4cabff407c7d57f0.rlib" "/opt/rustwide/target/debug/deps/libslab-7742106a97732125.rlib" "/opt/rustwide/target/debug/deps/libfutures_task-21d3588a3e4f3690.rlib" "/opt/rustwide/target/debug/deps/libpin_utils-741f7d9d160e4a16.rlib" "/opt/rustwide/target/debug/deps/libzstd-30ab90530de5a422.rlib" "/opt/rustwide/target/debug/deps/libzstd_safe-dbb4c38420684e35.rlib" "/opt/rustwide/target/debug/deps/libzstd_sys-dfc499742d02fe9a.rlib" "/opt/rustwide/target/debug/deps/libflate2-654cef94ab3e3324.rlib" "/opt/rustwide/target/debug/deps/libminiz_oxide-ed183406a720c894.rlib" "/opt/rustwide/target/debug/deps/libadler-c8f2240c56a0abca.rlib" "/opt/rustwide/target/debug/deps/libcrc32fast-664446237529ebff.rlib" "/opt/rustwide/target/debug/deps/libactix_service-61e9030c3bda6492.rlib" "/opt/rustwide/target/debug/deps/libactix_codec-7c65b4c9e9520795.rlib" "/opt/rustwide/target/debug/deps/libtokio_util-ecb5a93818cd5779.rlib" "/opt/rustwide/target/debug/deps/libtracing-e39ecd4140ea86d8.rlib" "/opt/rustwide/target/debug/deps/libtracing_core-877ff42907a5f417.rlib" "/opt/rustwide/target/debug/deps/libonce_cell-28d3a46f3024a9c3.rlib" "/opt/rustwide/target/debug/deps/libfutures_sink-c60f72ffa2ae1ebd.rlib" "/opt/rustwide/target/debug/deps/libbitflags-b7cee2ca4fb438d0.rlib" "/opt/rustwide/target/debug/deps/libactix_utils-11e8f6b968f2a892.rlib" "/opt/rustwide/target/debug/deps/liblocal_waker-3663154e8c545ec7.rlib" "/opt/rustwide/target/debug/deps/libactix_rt-c65c13fa9511e4e4.rlib" "/opt/rustwide/target/debug/deps/libtokio-7913b841e49a9465.rlib" "/opt/rustwide/target/debug/deps/libsignal_hook_registry-d48f970913b738fa.rlib" "/opt/rustwide/target/debug/deps/libnum_cpus-3cd21a9b811531d0.rlib" "/opt/rustwide/target/debug/deps/libsocket2-04829802a54dac95.rlib" "/opt/rustwide/target/debug/deps/libmemchr-4fdcfd9ddfba30cb.rlib" "/opt/rustwide/target/debug/deps/libmio-4a5e39fd62116cc6.rlib" "/opt/rustwide/target/debug/deps/liblog-3ad322dff60a4fea.rlib" "/opt/rustwide/target/debug/deps/libparking_lot-bed965268c9208de.rlib" "/opt/rustwide/target/debug/deps/libparking_lot_core-55a9f7936c9da25d.rlib" "/opt/rustwide/target/debug/deps/liblibc-3483b41aeea88ed2.rlib" "/opt/rustwide/target/debug/deps/libcfg_if-61dc7a6799e72b18.rlib" "/opt/rustwide/target/debug/deps/libsmallvec-75a5879a2c4c0c6c.rlib" "/opt/rustwide/target/debug/deps/liblock_api-400daf411a1c055a.rlib" "/opt/rustwide/target/debug/deps/libscopeguard-b35f5c652940acc2.rlib" "/opt/rustwide/target/debug/deps/libpin_project_lite-cead9f5d94689600.rlib" "/opt/rustwide/target/debug/deps/libfutures_core-7f8e4b6a50ac9a4f.rlib" "/opt/rustwide/target/debug/deps/libhttp-1bfd600a9633f538.rlib" "/opt/rustwide/target/debug/deps/libitoa-807e41d963466eb2.rlib" "/opt/rustwide/target/debug/deps/libbytes-3fc98b508f6e4a28.rlib" "/opt/rustwide/target/debug/deps/libfnv-18bf5144d055e772.rlib" "/opt/rustwide/rustup-home/toolchains/1.75.0-x86_64-unknown-linux-gnu/lib/rustlib/x86_64-unknown-linux-gnu/lib/libstd-90f6ddbf82de36ec.rlib" "/opt/rustwide/rustup-home/toolchains/1.75.0-x86_64-unknown-linux-gnu/lib/rustlib/x86_64-unknown-linux-gnu/lib/libpanic_unwind-480c41e9d4e1f677.rlib" "/opt/rustwide/rustup-home/toolchains/1.75.0-x86_64-unknown-linux-gnu/lib/rustlib/x86_64-unknown-linux-gnu/lib/libobject-db744c0ca03eed1d.rlib" "/opt/rustwide/rustup-home/toolchains/1.75.0-x86_64-unknown-linux-gnu/lib/rustlib/x86_64-unknown-linux-gnu/lib/libmemchr-8ba652dc7d4b285a.rlib" "/opt/rustwide/rustup-home/toolchains/1.75.0-x86_64-unknown-linux-gnu/lib/rustlib/x86_64-unknown-linux-gnu/lib/libaddr2line-d5f4520a9ebc0d58.rlib" "/opt/rustwide/rustup-home/toolchains/1.75.0-x86_64-unknown-linux-gnu/lib/rustlib/x86_64-unknown-linux-gnu/lib/libgimli-4ad84de58f0cb463.rlib" "/opt/rustwide/rustup-home/toolchains/1.75.0-x86_64-unknown-linux-gnu/lib/rustlib/x86_64-unknown-linux-gnu/lib/librustc_demangle-0d10aae2e0f38735.rlib" "/opt/rustwide/rustup-home/toolchains/1.75.0-x86_64-unknown-linux-gnu/lib/rustlib/x86_64-unknown-linux-gnu/lib/libstd_detect-0c17cff739e6745b.rlib" "/opt/rustwide/rustup-home/toolchains/1.75.0-x86_64-unknown-linux-gnu/lib/rustlib/x86_64-unknown-linux-gnu/lib/libhashbrown-b29e17139dde1aa8.rlib" "/opt/rustwide/rustup-home/toolchains/1.75.0-x86_64-unknown-linux-gnu/lib/rustlib/x86_64-unknown-linux-gnu/lib/librustc_std_workspace_alloc-1f975299829cc7bd.rlib" "/opt/rustwide/rustup-home/toolchains/1.75.0-x86_64-unknown-linux-gnu/lib/rustlib/x86_64-unknown-linux-gnu/lib/libminiz_oxide-86bae3bc3079f89b.rlib" "/opt/rustwide/rustup-home/toolchains/1.75.0-x86_64-unknown-linux-gnu/lib/rustlib/x86_64-unknown-linux-gnu/lib/libadler-321b82c30dffdf5f.rlib" "/opt/rustwide/rustup-home/toolchains/1.75.0-x86_64-unknown-linux-gnu/lib/rustlib/x86_64-unknown-linux-gnu/lib/libunwind-3dd8a6810a0bdfef.rlib" "/opt/rustwide/rustup-home/toolchains/1.75.0-x86_64-unknown-linux-gnu/lib/rustlib/x86_64-unknown-linux-gnu/lib/libcfg_if-eb39a61c0c879984.rlib" "/opt/rustwide/rustup-home/toolchains/1.75.0-x86_64-unknown-linux-gnu/lib/rustlib/x86_64-unknown-linux-gnu/lib/liblibc-aa769569f91c3548.rlib" "/opt/rustwide/rustup-home/toolchains/1.75.0-x86_64-unknown-linux-gnu/lib/rustlib/x86_64-unknown-linux-gnu/lib/liballoc-510a192a50a983ed.rlib" "/opt/rustwide/rustup-home/toolchains/1.75.0-x86_64-unknown-linux-gnu/lib/rustlib/x86_64-unknown-linux-gnu/lib/librustc_std_workspace_core-0577018320f99037.rlib" "/opt/rustwide/rustup-home/toolchains/1.75.0-x86_64-unknown-linux-gnu/lib/rustlib/x86_64-unknown-linux-gnu/lib/libcore-193cf992125ccd4c.rlib" "/opt/rustwide/rustup-home/toolchains/1.75.0-x86_64-unknown-linux-gnu/lib/rustlib/x86_64-unknown-linux-gnu/lib/libcompiler_builtins-8e138eaf26ebb4a8.rlib" "-Wl,-Bdynamic" "-lssl" "-lcrypto" "-lgcc_s" "-lutil" "-lrt" "-lpthread" "-lm" "-ldl" "-lc" "-Wl,--eh-frame-hdr" "-Wl,-z,noexecstack" "-L" "/opt/rustwide/rustup-home/toolchains/1.75.0-x86_64-unknown-linux-gnu/lib/rustlib/x86_64-unknown-linux-gnu/lib" "-o" "/opt/rustwide/target/debug/deps/qr_rs-a425576f2d92f5a2" "-Wl,--gc-sections" "-pie" "-Wl,-z,relro,-z,now" "-nodefaultlibs"
[INFO] [stdout]   = note: collect2: fatal error: ld terminated with signal 9 [Killed]
[INFO] [stdout]           compilation terminated.
[INFO] [stdout]           
[INFO] [stdout] 
[INFO] [stdout] 
[INFO] [stdout] error: aborting due to previous error
[INFO] [stdout] 
[INFO] [stdout] 
[INFO] [stderr] error: could not compile `qr-rs` (bin "qr-rs" test) due to 2 previous errors
[INFO] [stderr] warning: build failed, waiting for other jobs to finish...
[INFO] running `Command { std: "docker" "inspect" "dce8f1c7043b395ce37db6358bcedfc2095d2c2cd88bbf08a41e390dcfb769b5", kill_on_drop: false }`
[INFO] running `Command { std: "docker" "rm" "-f" "dce8f1c7043b395ce37db6358bcedfc2095d2c2cd88bbf08a41e390dcfb769b5", kill_on_drop: false }`
[INFO] [stdout] dce8f1c7043b395ce37db6358bcedfc2095d2c2cd88bbf08a41e390dcfb769b5
[INFO] testing AntoniosBarotsis/qr-rs against beta-2023-12-22 for beta-1.76-1
[INFO] running `Command { std: "git" "clone" "/workspace/cache/git-repos/https%3A%2F%2Fgithub.com%2FAntoniosBarotsis%2Fqr-rs" "/workspace/builds/worker-5-tc2/source", kill_on_drop: false }`
[INFO] [stderr] Cloning into '/workspace/builds/worker-5-tc2/source'...
[INFO] [stderr] done.
[INFO] validating manifest of git repo https://github.com/AntoniosBarotsis/qr-rs on toolchain beta-2023-12-22
[INFO] running `Command { std: CARGO_HOME="/workspace/cargo-home" RUSTUP_HOME="/workspace/rustup-home" "/workspace/cargo-home/bin/cargo" "+beta-2023-12-22" "metadata" "--manifest-path" "Cargo.toml" "--no-deps", kill_on_drop: false }`
[INFO] removed /workspace/builds/worker-5-tc2/source/.cargo/config.toml
[INFO] started tweaking git repo https://github.com/AntoniosBarotsis/qr-rs
[INFO] finished tweaking git repo https://github.com/AntoniosBarotsis/qr-rs
[INFO] tweaked toml for git repo https://github.com/AntoniosBarotsis/qr-rs written to /workspace/builds/worker-5-tc2/source/Cargo.toml
[INFO] crate git repo https://github.com/AntoniosBarotsis/qr-rs already has a lockfile, it will not be regenerated
[INFO] running `Command { std: CARGO_HOME="/workspace/cargo-home" RUSTUP_HOME="/workspace/rustup-home" "/workspace/cargo-home/bin/cargo" "+beta-2023-12-22" "fetch" "--manifest-path" "Cargo.toml", kill_on_drop: false }`
[INFO] [stderr] warning: virtual workspace defaulting to `resolver = "1"` despite one or more workspace members being on edition 2021 which implies `resolver = "2"`
[INFO] [stderr] note: to keep the current resolver, specify `workspace.resolver = "1"` in the workspace root's manifest
[INFO] [stderr] note: to use the edition 2021 resolver, specify `workspace.resolver = "2"` in the workspace root's manifest
[INFO] [stderr] note: for more details see https://doc.rust-lang.org/cargo/reference/resolver.html#resolver-versions
[INFO] running `Command { std: "docker" "create" "-v" "/var/lib/crater-agent-workspace/builds/worker-5-tc2/target:/opt/rustwide/target:rw,Z" "-v" "/var/lib/crater-agent-workspace/builds/worker-5-tc2/source:/opt/rustwide/workdir:ro,Z" "-v" "/var/lib/crater-agent-workspace/cargo-home:/opt/rustwide/cargo-home:ro,Z" "-v" "/var/lib/crater-agent-workspace/rustup-home:/opt/rustwide/rustup-home:ro,Z" "-e" "SOURCE_DIR=/opt/rustwide/workdir" "-e" "CARGO_TARGET_DIR=/opt/rustwide/target" "-e" "CARGO_HOME=/opt/rustwide/cargo-home" "-e" "RUSTUP_HOME=/opt/rustwide/rustup-home" "-w" "/opt/rustwide/workdir" "-m" "1610612736" "--user" "0:0" "--network" "none" "ghcr.io/rust-lang/crates-build-env/linux@sha256:2788e3201cd34a07e3172128adcd8b3090168a8e3bcc40d7c032b9dda1df7d1c" "/opt/rustwide/cargo-home/bin/cargo" "+beta-2023-12-22" "metadata" "--no-deps" "--format-version=1", kill_on_drop: false }`
[INFO] [stdout] 74ba7a9bc7dd9875ecc0855ef756e45a0276d0567b43e4dfaefce2ad0926b12f
[INFO] running `Command { std: "docker" "start" "-a" "74ba7a9bc7dd9875ecc0855ef756e45a0276d0567b43e4dfaefce2ad0926b12f", kill_on_drop: false }`
[INFO] running `Command { std: "docker" "inspect" "74ba7a9bc7dd9875ecc0855ef756e45a0276d0567b43e4dfaefce2ad0926b12f", kill_on_drop: false }`
[INFO] running `Command { std: "docker" "rm" "-f" "74ba7a9bc7dd9875ecc0855ef756e45a0276d0567b43e4dfaefce2ad0926b12f", kill_on_drop: false }`
[INFO] [stdout] 74ba7a9bc7dd9875ecc0855ef756e45a0276d0567b43e4dfaefce2ad0926b12f
[INFO] running `Command { std: "docker" "create" "-v" "/var/lib/crater-agent-workspace/builds/worker-5-tc2/target:/opt/rustwide/target:rw,Z" "-v" "/var/lib/crater-agent-workspace/builds/worker-5-tc2/source:/opt/rustwide/workdir:ro,Z" "-v" "/var/lib/crater-agent-workspace/cargo-home:/opt/rustwide/cargo-home:ro,Z" "-v" "/var/lib/crater-agent-workspace/rustup-home:/opt/rustwide/rustup-home:ro,Z" "-e" "SOURCE_DIR=/opt/rustwide/workdir" "-e" "CARGO_TARGET_DIR=/opt/rustwide/target" "-e" "CARGO_INCREMENTAL=0" "-e" "RUST_BACKTRACE=full" "-e" "RUSTFLAGS=--cap-lints=warn" "-e" "RUSTDOCFLAGS=--cap-lints=warn" "-e" "CARGO_HOME=/opt/rustwide/cargo-home" "-e" "RUSTUP_HOME=/opt/rustwide/rustup-home" "-w" "/opt/rustwide/workdir" "-m" "1610612736" "--user" "0:0" "--network" "none" "ghcr.io/rust-lang/crates-build-env/linux@sha256:2788e3201cd34a07e3172128adcd8b3090168a8e3bcc40d7c032b9dda1df7d1c" "/opt/rustwide/cargo-home/bin/cargo" "+beta-2023-12-22" "build" "--frozen" "--message-format=json", kill_on_drop: false }`
[INFO] [stdout] 24ff0a7d9658680d4f54a6f6ec6781db6a15e1285f9146acc29302b759e960e2
[INFO] running `Command { std: "docker" "start" "-a" "24ff0a7d9658680d4f54a6f6ec6781db6a15e1285f9146acc29302b759e960e2", kill_on_drop: false }`
[INFO] [stderr] warning: virtual workspace defaulting to `resolver = "1"` despite one or more workspace members being on edition 2021 which implies `resolver = "2"`
[INFO] [stderr] note: to keep the current resolver, specify `workspace.resolver = "1"` in the workspace root's manifest
[INFO] [stderr] note: to use the edition 2021 resolver, specify `workspace.resolver = "2"` in the workspace root's manifest
[INFO] [stderr] note: for more details see https://doc.rust-lang.org/cargo/reference/resolver.html#resolver-versions
[INFO] [stderr]    Compiling proc-macro2 v1.0.53
[INFO] [stderr]    Compiling log v0.4.17
[INFO] [stderr]    Compiling jobserver v0.1.26
[INFO] [stderr]    Compiling once_cell v1.17.1
[INFO] [stderr]    Compiling adler v1.0.2
[INFO] [stderr]    Compiling tokio v1.26.0
[INFO] [stderr]    Compiling memoffset v0.8.0
[INFO] [stderr]    Compiling getrandom v0.2.8
[INFO] [stderr]    Compiling miniz_oxide v0.6.2
[INFO] [stderr]    Compiling cc v1.0.79
[INFO] [stderr]    Compiling tracing-core v0.1.30
[INFO] [stderr]    Compiling crossbeam-epoch v0.9.14
[INFO] [stderr]    Compiling mio v0.8.6
[INFO] [stderr]    Compiling futures-util v0.3.27
[INFO] [stderr]    Compiling bytemuck v1.13.1
[INFO] [stderr]    Compiling rayon-core v1.11.0
[INFO] [stderr]    Compiling tracing v0.1.37
[INFO] [stderr]    Compiling flate2 v1.0.25
[INFO] [stderr]    Compiling quote v1.0.26
[INFO] [stderr]    Compiling syn v1.0.109
[INFO] [stderr]    Compiling syn v2.0.8
[INFO] [stderr]    Compiling crossbeam-channel v0.5.7
[INFO] [stderr]    Compiling crossbeam-deque v0.8.3
[INFO] [stderr]    Compiling serde_derive v1.0.158
[INFO] [stderr]    Compiling futures-io v0.3.27
[INFO] [stderr]    Compiling float-cmp v0.9.0
[INFO] [stderr]    Compiling xmlparser v0.13.5
[INFO] [stderr]    Compiling serde v1.0.158
[INFO] [stderr]    Compiling indexmap v1.9.2
[INFO] [stderr]    Compiling strict-num v0.1.0
[INFO] [stderr]    Compiling openssl-sys v0.9.83
[INFO] [stderr]    Compiling unicode-general-category v0.6.0
[INFO] [stderr]    Compiling either v1.8.1
[INFO] [stderr]    Compiling hashbrown v0.12.3
[INFO] [stderr]    Compiling roxmltree v0.18.0
[INFO] [stderr]    Compiling rayon v1.7.0
[INFO] [stderr]    Compiling miniz_oxide v0.5.4
[INFO] [stderr]    Compiling num-traits v0.2.15
[INFO] [stderr]    Compiling openssl v0.10.48
[INFO] [stderr]    Compiling weezl v0.1.7
[INFO] [stderr]    Compiling siphasher v0.3.10
[INFO] [stderr]    Compiling ttf-parser v0.17.1
[INFO] [stderr]    Compiling svgtypes v0.8.2
[INFO] [stderr]    Compiling png v0.17.6
[INFO] [stderr]    Compiling fontconfig-parser v0.5.2
[INFO] [stderr]    Compiling jpeg-decoder v0.3.0
[INFO] [stderr]    Compiling kurbo v0.8.3
[INFO] [stderr]    Compiling roxmltree v0.15.1
[INFO] [stderr]    Compiling zstd-sys v2.0.7+zstd.1.5.4
[INFO] [stderr]    Compiling simplecss v0.2.1
[INFO] [stderr]    Compiling memmap2 v0.5.10
[INFO] [stderr]    Compiling num-integer v0.1.45
[INFO] [stderr]    Compiling futures-channel v0.3.27
[INFO] [stderr]    Compiling arrayref v0.3.7
[INFO] [stderr]    Compiling rctree v0.5.0
[INFO] [stderr]    Compiling data-url v0.2.0
[INFO] [stderr]    Compiling unicode-bidi-mirroring v0.1.0
[INFO] [stderr]    Compiling unicode-script v0.5.5
[INFO] [stderr]    Compiling imagesize v0.10.1
[INFO] [stderr]    Compiling unicode-ccc v0.1.2
[INFO] [stderr]    Compiling usvg v0.28.0
[INFO] [stderr]    Compiling rustybuzz v0.6.0
[INFO] [stderr]    Compiling native-tls v0.2.11
[INFO] [stderr]    Compiling tiny-skia-path v0.8.3
[INFO] [stderr]    Compiling gif v0.11.4
[INFO] [stderr]    Compiling fontdb v0.10.0
[INFO] [stderr]    Compiling rgb v0.8.36
[INFO] [stderr]    Compiling nanorand v0.7.0
[INFO] [stderr]    Compiling tokio-macros v1.8.2
[INFO] [stderr]    Compiling pin-project-internal v1.0.12
[INFO] [stderr]    Compiling openssl-macros v0.1.0
[INFO] [stderr]    Compiling spin v0.9.8
[INFO] [stderr]    Compiling num-rational v0.4.1
[INFO] [stderr]    Compiling simd-adler32 v0.3.5
[INFO] [stderr]    Compiling unicode-vo v0.1.0
[INFO] [stderr]    Compiling zune-inflate v0.2.52
[INFO] [stderr]    Compiling usvg-text-layout v0.28.0
[INFO] [stderr]    Compiling want v0.3.0
[INFO] [stderr]    Compiling svgfilters v0.4.0
[INFO] [stderr]    Compiling pin-project v1.0.12
[INFO] [stderr]    Compiling flume v0.10.14
[INFO] [stderr]    Compiling tiny-skia v0.8.3
[INFO] [stderr]    Compiling zstd-safe v6.0.4+zstd.1.5.4
[INFO] [stderr]    Compiling mime v0.3.17
[INFO] [stderr]    Compiling lebe v0.5.2
[INFO] [stderr]    Compiling alloc-no-stdlib v2.0.4
[INFO] [stderr]    Compiling local-waker v0.1.3
[INFO] [stderr]    Compiling half v2.2.1
[INFO] [stderr]    Compiling pico-args v0.5.0
[INFO] [stderr]    Compiling bit_field v0.10.2
[INFO] [stderr]    Compiling io-lifetimes v1.0.9
[INFO] [stderr]    Compiling exr v1.6.3
[INFO] [stderr]    Compiling alloc-stdlib v0.2.2
[INFO] [stderr]    Compiling crypto-common v0.1.6
[INFO] [stderr]    Compiling tiff v0.8.1
[INFO] [stderr]    Compiling serde_urlencoded v0.7.1
[INFO] [stderr]    Compiling resvg v0.28.0
[INFO] [stderr]    Compiling thiserror-impl v1.0.40
[INFO] [stderr]    Compiling rand_core v0.6.4
[INFO] [stderr]    Compiling bytestring v1.3.0
[INFO] [stderr]    Compiling aho-corasick v0.7.20
[INFO] [stderr]    Compiling ahash v0.8.3
[INFO] [stderr]    Compiling regex-syntax v0.6.29
[INFO] [stderr]    Compiling rustix v0.36.11
[INFO] [stderr]    Compiling fast_qr v0.8.5
[INFO] [stderr]    Compiling tokio-util v0.7.7
[INFO] [stderr]    Compiling tokio-native-tls v0.3.1
[INFO] [stderr]    Compiling image v0.24.5
[INFO] [stderr]    Compiling thiserror v1.0.40
[INFO] [stderr]    Compiling actix-rt v2.8.0
[INFO] [stderr]    Compiling h2 v0.3.17
[INFO] [stderr]    Compiling time-macros v0.2.8
[INFO] [stderr]    Compiling regex v1.7.2
[INFO] [stderr]    Compiling rand_chacha v0.3.1
[INFO] [stderr]    Compiling digest v0.10.6
[INFO] [stderr]    Compiling actix-service v2.0.2
[INFO] [stderr]    Compiling brotli-decompressor v2.3.4
[INFO] [stderr]    Compiling proc-macro-error-attr v1.0.4
[INFO] [stderr]    Compiling actix-utils v3.0.1
[INFO] [stderr]    Compiling cookie v0.16.2
[INFO] [stderr]    Compiling serde_json v1.0.94
[INFO] [stderr]    Compiling ipnet v2.7.1
[INFO] [stderr]    Compiling convert_case v0.4.0
[INFO] [stderr]    Compiling qr-rs-lib v0.1.0 (/opt/rustwide/workdir/lib)
[INFO] [stderr]    Compiling derive_more v0.99.17
[INFO] [stderr]    Compiling brotli v3.3.4
[INFO] [stderr]    Compiling proc-macro-error v1.0.4
[INFO] [stderr]    Compiling hyper v0.14.25
[INFO] [stderr]    Compiling sha1 v0.10.5
[INFO] [stderr]    Compiling actix-router v0.5.1
[INFO] [stderr]    Compiling time v0.3.20
[INFO] [stderr]    Compiling rand v0.8.5
[INFO] [stderr]    Compiling actix-codec v0.5.0
[INFO] [stderr]    Compiling local-channel v0.1.3
[INFO] [stderr]    Compiling anyhow v1.0.70
[INFO] [stderr]    Compiling language-tags v0.3.2
[INFO] [stderr]    Compiling heck v0.4.1
[INFO] [stderr]    Compiling clap_derive v4.1.9
[INFO] [stderr]    Compiling clap_lex v0.3.3
[INFO] [stderr]    Compiling hyper-tls v0.5.0
[INFO] [stderr]    Compiling reqwest v0.11.15
[INFO] [stderr]    Compiling actix-web-codegen v4.2.0
[INFO] [stderr]    Compiling ahash v0.7.6
[INFO] [stderr]    Compiling is-terminal v0.4.5
[INFO] [stderr]    Compiling actix-server v2.2.0
[INFO] [stderr]    Compiling qr-rs-common v0.1.0 (/opt/rustwide/workdir/common)
[INFO] [stderr]    Compiling actix-macros v0.2.3
[INFO] [stderr]    Compiling strsim v0.10.0
[INFO] [stderr]    Compiling bitflags v2.0.2
[INFO] [stderr]    Compiling termcolor v1.2.0
[INFO] [stderr]    Compiling clap v4.1.11
[INFO] [stderr]    Compiling qrg v0.1.1 (/opt/rustwide/workdir/cli)
[INFO] [stderr]    Compiling zstd v0.12.3+zstd.1.5.2
[INFO] [stderr]    Compiling actix-http v3.3.1
[INFO] [stderr]    Compiling actix-web v4.3.1
[INFO] [stderr]    Compiling qr-rs v0.1.1 (/opt/rustwide/workdir/server)
[INFO] [stderr]     Finished dev [unoptimized + debuginfo] target(s) in 1m 07s
[INFO] running `Command { std: "docker" "inspect" "24ff0a7d9658680d4f54a6f6ec6781db6a15e1285f9146acc29302b759e960e2", kill_on_drop: false }`
[INFO] running `Command { std: "docker" "rm" "-f" "24ff0a7d9658680d4f54a6f6ec6781db6a15e1285f9146acc29302b759e960e2", kill_on_drop: false }`
[INFO] [stdout] 24ff0a7d9658680d4f54a6f6ec6781db6a15e1285f9146acc29302b759e960e2
[INFO] running `Command { std: "docker" "create" "-v" "/var/lib/crater-agent-workspace/builds/worker-5-tc2/target:/opt/rustwide/target:rw,Z" "-v" "/var/lib/crater-agent-workspace/builds/worker-5-tc2/source:/opt/rustwide/workdir:ro,Z" "-v" "/var/lib/crater-agent-workspace/cargo-home:/opt/rustwide/cargo-home:ro,Z" "-v" "/var/lib/crater-agent-workspace/rustup-home:/opt/rustwide/rustup-home:ro,Z" "-e" "SOURCE_DIR=/opt/rustwide/workdir" "-e" "CARGO_TARGET_DIR=/opt/rustwide/target" "-e" "CARGO_INCREMENTAL=0" "-e" "RUST_BACKTRACE=full" "-e" "RUSTFLAGS=--cap-lints=warn" "-e" "RUSTDOCFLAGS=--cap-lints=warn" "-e" "CARGO_HOME=/opt/rustwide/cargo-home" "-e" "RUSTUP_HOME=/opt/rustwide/rustup-home" "-w" "/opt/rustwide/workdir" "-m" "1610612736" "--user" "0:0" "--network" "none" "ghcr.io/rust-lang/crates-build-env/linux@sha256:2788e3201cd34a07e3172128adcd8b3090168a8e3bcc40d7c032b9dda1df7d1c" "/opt/rustwide/cargo-home/bin/cargo" "+beta-2023-12-22" "test" "--frozen" "--no-run" "--message-format=json", kill_on_drop: false }`
[INFO] [stdout] b9f4ad75cf615350000818e9d9222c7a04dc8d354565eef52e477c36736f3156
[INFO] running `Command { std: "docker" "start" "-a" "b9f4ad75cf615350000818e9d9222c7a04dc8d354565eef52e477c36736f3156", kill_on_drop: false }`
[INFO] [stderr] warning: virtual workspace defaulting to `resolver = "1"` despite one or more workspace members being on edition 2021 which implies `resolver = "2"`
[INFO] [stderr] note: to keep the current resolver, specify `workspace.resolver = "1"` in the workspace root's manifest
[INFO] [stderr] note: to use the edition 2021 resolver, specify `workspace.resolver = "2"` in the workspace root's manifest
[INFO] [stderr] note: for more details see https://doc.rust-lang.org/cargo/reference/resolver.html#resolver-versions
[INFO] [stderr]    Compiling diff v0.1.13
[INFO] [stderr]    Compiling half v1.8.2
[INFO] [stderr]    Compiling ciborium-io v0.2.0
[INFO] [stderr]    Compiling plotters-backend v0.3.4
[INFO] [stderr]    Compiling itertools v0.10.5
[INFO] [stderr]    Compiling cast v0.3.0
[INFO] [stderr]    Compiling walkdir v2.3.3
[INFO] [stderr]    Compiling clap v3.2.23
[INFO] [stderr]    Compiling tinytemplate v1.2.1
[INFO] [stderr]    Compiling plotters-svg v0.3.3
[INFO] [stderr]    Compiling ciborium-ll v0.2.0
[INFO] [stderr]    Compiling pretty_assertions v1.3.0
[INFO] [stderr]    Compiling plotters v0.3.4
[INFO] [stderr]    Compiling ciborium v0.2.0
[INFO] [stderr]    Compiling oorandom v11.1.3
[INFO] [stderr]    Compiling anes v0.1.6
[INFO] [stderr]    Compiling qrg v0.1.1 (/opt/rustwide/workdir/cli)
[INFO] [stderr]    Compiling qr-rs v0.1.1 (/opt/rustwide/workdir/server)
[INFO] [stderr]    Compiling qr-rs-common v0.1.0 (/opt/rustwide/workdir/common)
[INFO] [stderr]    Compiling criterion-plot v0.5.0
[INFO] [stderr]    Compiling criterion v0.4.0
[INFO] [stderr]    Compiling qr-rs-lib v0.1.0 (/opt/rustwide/workdir/lib)
[INFO] [stderr]     Finished test [unoptimized + debuginfo] target(s) in 23.14s
[INFO] running `Command { std: "docker" "inspect" "b9f4ad75cf615350000818e9d9222c7a04dc8d354565eef52e477c36736f3156", kill_on_drop: false }`
[INFO] running `Command { std: "docker" "rm" "-f" "b9f4ad75cf615350000818e9d9222c7a04dc8d354565eef52e477c36736f3156", kill_on_drop: false }`
[INFO] [stdout] b9f4ad75cf615350000818e9d9222c7a04dc8d354565eef52e477c36736f3156
[INFO] running `Command { std: "docker" "create" "-v" "/var/lib/crater-agent-workspace/builds/worker-5-tc2/target:/opt/rustwide/target:rw,Z" "-v" "/var/lib/crater-agent-workspace/builds/worker-5-tc2/source:/opt/rustwide/workdir:ro,Z" "-v" "/var/lib/crater-agent-workspace/cargo-home:/opt/rustwide/cargo-home:ro,Z" "-v" "/var/lib/crater-agent-workspace/rustup-home:/opt/rustwide/rustup-home:ro,Z" "-e" "SOURCE_DIR=/opt/rustwide/workdir" "-e" "CARGO_TARGET_DIR=/opt/rustwide/target" "-e" "CARGO_INCREMENTAL=0" "-e" "RUST_BACKTRACE=full" "-e" "RUSTFLAGS=--cap-lints=warn" "-e" "RUSTDOCFLAGS=--cap-lints=warn" "-e" "CARGO_HOME=/opt/rustwide/cargo-home" "-e" "RUSTUP_HOME=/opt/rustwide/rustup-home" "-w" "/opt/rustwide/workdir" "-m" "1610612736" "--user" "0:0" "--network" "none" "ghcr.io/rust-lang/crates-build-env/linux@sha256:2788e3201cd34a07e3172128adcd8b3090168a8e3bcc40d7c032b9dda1df7d1c" "/opt/rustwide/cargo-home/bin/cargo" "+beta-2023-12-22" "test" "--frozen", kill_on_drop: false }`
[INFO] [stdout] 43767ca1829f5aed5ab27d6738525dbcc7012be262658b9b480df5281d3dcc15
[INFO] running `Command { std: "docker" "start" "-a" "43767ca1829f5aed5ab27d6738525dbcc7012be262658b9b480df5281d3dcc15", kill_on_drop: false }`
[INFO] [stderr] warning: virtual workspace defaulting to `resolver = "1"` despite one or more workspace members being on edition 2021 which implies `resolver = "2"`
[INFO] [stderr] note: to keep the current resolver, specify `workspace.resolver = "1"` in the workspace root's manifest
[INFO] [stderr] note: to use the edition 2021 resolver, specify `workspace.resolver = "2"` in the workspace root's manifest
[INFO] [stderr] note: for more details see https://doc.rust-lang.org/cargo/reference/resolver.html#resolver-versions
[INFO] [stderr]     Finished test [unoptimized + debuginfo] target(s) in 0.60s
[INFO] [stderr]      Running unittests src/main.rs (/opt/rustwide/target/debug/deps/qr_rs-93b556cd55e7cb7d)
[INFO] [stdout] 
[INFO] [stdout] running 16 tests
[INFO] [stdout] test tests::test_get_qr_with_big_size ... ok
[INFO] [stdout] test tests::test_get_qr_empty_content ... ok
[INFO] [stdout] test tests::test_get_index ... ok
[INFO] [stdout] test tests::test_get_help ... ok
[INFO] [stdout] test tests::test_get_qr_no_content ... ok
[INFO] [stdout] test tests::test_get_qr_with_invalid_color_length ... ok
[INFO] [stdout] test tests::test_get_qr_with_invalid_logo ... ok
[INFO] [stdout] test tests::test_get_qr_with_invalid_color ... ok
[INFO] [stdout] test tests::test_get_qr_with_small_size ... ok
[INFO] [stdout] test tests::test_get_qr_with_invalid_logo_web_source_image ... ok
[INFO] [stdout] test tests::test_get_qr_with_invalid_logo_web_source_url ... ok
[INFO] [stdout] test tests::test_get_qr_with_logo_web_source ... FAILED
[INFO] [stdout] test tests::test_get_qr_with_google_logo ... ok
[INFO] [stdout] test tests::test_get_qr_with_ok_size ... ok
[INFO] [stdout] test tests::test_get_qr_with_content ... ok
[INFO] [stdout] test tests::test_get_qr_with_size_color ... ok
[INFO] [stdout] 
[INFO] [stdout] failures:
[INFO] [stdout] 
[INFO] [stdout] ---- tests::test_get_qr_with_logo_web_source stdout ----
[INFO] [stdout] thread 'tests::test_get_qr_with_logo_web_source' panicked at server/src/main.rs:204:5:
[INFO] [stdout] assertion failed: `(left == right)`
[INFO] [stdout] 
[INFO] [stdout] [1mDiff[0m [31m< left[0m / [32mright >[0m :
[INFO] [stdout] [31m<[0m[1;48;5;52;31m4[0m[31m00[0m
[INFO] [stdout] [32m>[0m[1;48;5;22;32m2[0m[32m00[0m
[INFO] [stdout] 
[INFO] [stdout] 
[INFO] [stdout] stack backtrace:
[INFO] [stdout]    0:     0x5646b0dd47f6 - std::backtrace_rs::backtrace::libunwind::trace::h261606ad26a499c1
[INFO] [stdout]                                at /rustc/0e09125c6c3c2fd70d7de961bcf0e51575235fad/library/std/src/../../backtrace/src/backtrace/libunwind.rs:104:5
[INFO] [stdout]    1:     0x5646b0dd47f6 - std::backtrace_rs::backtrace::trace_unsynchronized::hd183f0625477fb28
[INFO] [stdout]                                at /rustc/0e09125c6c3c2fd70d7de961bcf0e51575235fad/library/std/src/../../backtrace/src/backtrace/mod.rs:66:5
[INFO] [stdout]    2:     0x5646b0dd47f6 - std::sys_common::backtrace::_print_fmt::hd7f8fef21b4eda67
[INFO] [stdout]                                at /rustc/0e09125c6c3c2fd70d7de961bcf0e51575235fad/library/std/src/sys_common/backtrace.rs:68:5
[INFO] [stdout]    3:     0x5646b0dd47f6 - <std::sys_common::backtrace::_print::DisplayBacktrace as core::fmt::Display>::fmt::h623d9b51f2f453f1
[INFO] [stdout]                                at /rustc/0e09125c6c3c2fd70d7de961bcf0e51575235fad/library/std/src/sys_common/backtrace.rs:44:22
[INFO] [stdout]    4:     0x5646b0e035e0 - core::fmt::rt::Argument::fmt::h9f417ac76a86f368
[INFO] [stdout]                                at /rustc/0e09125c6c3c2fd70d7de961bcf0e51575235fad/library/core/src/fmt/rt.rs:142:9
[INFO] [stdout]    5:     0x5646b0e035e0 - core::fmt::write::hc9b6faf4ac2aeff7
[INFO] [stdout]                                at /rustc/0e09125c6c3c2fd70d7de961bcf0e51575235fad/library/core/src/fmt/mod.rs:1120:17
[INFO] [stdout]    6:     0x5646b0dd17ff - std::io::Write::write_fmt::he04625a3a989fec3
[INFO] [stdout]                                at /rustc/0e09125c6c3c2fd70d7de961bcf0e51575235fad/library/std/src/io/mod.rs:1810:15
[INFO] [stdout]    7:     0x5646b0dd45d4 - std::sys_common::backtrace::_print::hd5d66399c7df88a2
[INFO] [stdout]                                at /rustc/0e09125c6c3c2fd70d7de961bcf0e51575235fad/library/std/src/sys_common/backtrace.rs:47:5
[INFO] [stdout]    8:     0x5646b0dd45d4 - std::sys_common::backtrace::print::he81ed2da642d37e5
[INFO] [stdout]                                at /rustc/0e09125c6c3c2fd70d7de961bcf0e51575235fad/library/std/src/sys_common/backtrace.rs:34:9
[INFO] [stdout]    9:     0x5646b0dd6347 - std::panicking::default_hook::{{closure}}::h85773f4fa117163d
[INFO] [stdout]   10:     0x5646b0dd602d - std::panicking::default_hook::h6a1694a91d09b278
[INFO] [stdout]                                at /rustc/0e09125c6c3c2fd70d7de961bcf0e51575235fad/library/std/src/panicking.rs:289:9
[INFO] [stdout]   11:     0x5646afe4b707 - <alloc::boxed::Box<F,A> as core::ops::function::Fn<Args>>::call::h616ac37fa3cd6c8f
[INFO] [stdout]                                at /rustc/0e09125c6c3c2fd70d7de961bcf0e51575235fad/library/alloc/src/boxed.rs:2029:9
[INFO] [stdout]   12:     0x5646afe4b707 - test::test_main::{{closure}}::h00d84697cefdcbb6
[INFO] [stdout]                                at /rustc/0e09125c6c3c2fd70d7de961bcf0e51575235fad/library/test/src/lib.rs:138:21
[INFO] [stdout]   13:     0x5646b0dd6966 - <alloc::boxed::Box<F,A> as core::ops::function::Fn<Args>>::call::hcb3fe3b9bb537ba8
[INFO] [stdout]                                at /rustc/0e09125c6c3c2fd70d7de961bcf0e51575235fad/library/alloc/src/boxed.rs:2029:9
[INFO] [stdout]   14:     0x5646b0dd6966 - std::panicking::rust_panic_with_hook::h0a7ad96e90f7145b
[INFO] [stdout]                                at /rustc/0e09125c6c3c2fd70d7de961bcf0e51575235fad/library/std/src/panicking.rs:783:13
[INFO] [stdout]   15:     0x5646b0dd66b2 - std::panicking::begin_panic_handler::{{closure}}::h7919090525c6485e
[INFO] [stdout]                                at /rustc/0e09125c6c3c2fd70d7de961bcf0e51575235fad/library/std/src/panicking.rs:657:13
[INFO] [stdout]   16:     0x5646b0dd4cf6 - std::sys_common::backtrace::__rust_end_short_backtrace::hf3289479464f7dfe
[INFO] [stdout]                                at /rustc/0e09125c6c3c2fd70d7de961bcf0e51575235fad/library/std/src/sys_common/backtrace.rs:171:18
[INFO] [stdout]   17:     0x5646b0dd6410 - rust_begin_unwind
[INFO] [stdout]                                at /rustc/0e09125c6c3c2fd70d7de961bcf0e51575235fad/library/std/src/panicking.rs:645:5
[INFO] [stdout]   18:     0x5646afd83665 - core::panicking::panic_fmt::hcc9f77c5c132af55
[INFO] [stdout]                                at /rustc/0e09125c6c3c2fd70d7de961bcf0e51575235fad/library/core/src/panicking.rs:72:14
[INFO] [stdout]   19:     0x5646afdda07c - qr_rs::tests::test_get_qr_with_logo_web_source::{{closure}}::h566ba90c39c8be83
[INFO] [stdout]                                at /opt/rustwide/workdir/server/src/main.rs:204:5
[INFO] [stdout]   20:     0x5646afdeec57 - <tokio::task::local::RunUntil<T> as core::future::future::Future>::poll::{{closure}}::h67c56b4ca22a3938
[INFO] [stdout]                                at /opt/rustwide/cargo-home/registry/src/index.crates.io-6f17d22bba15001f/tokio-1.26.0/src/task/local.rs:923:42
[INFO] [stdout]   21:     0x5646afde9331 - tokio::task::local::LocalSet::with::{{closure}}::h18b518393e9a3b83
[INFO] [stdout]                                at /opt/rustwide/cargo-home/registry/src/index.crates.io-6f17d22bba15001f/tokio-1.26.0/src/task/local.rs:684:13
[INFO] [stdout]   22:     0x5646afdaabe4 - std::thread::local::LocalKey<T>::try_with::h947eb7044b48bd60
[INFO] [stdout]                                at /rustc/0e09125c6c3c2fd70d7de961bcf0e51575235fad/library/std/src/thread/local.rs:270:16
[INFO] [stdout]   23:     0x5646afda489a - std::thread::local::LocalKey<T>::with::h995e4ab9e329772a
[INFO] [stdout]                                at /rustc/0e09125c6c3c2fd70d7de961bcf0e51575235fad/library/std/src/thread/local.rs:246:9
[INFO] [stdout]   24:     0x5646afde8f0b - tokio::task::local::LocalSet::with::h57c835cb25d08a64
[INFO] [stdout]                                at /opt/rustwide/cargo-home/registry/src/index.crates.io-6f17d22bba15001f/tokio-1.26.0/src/task/local.rs:667:9
[INFO] [stdout]   25:     0x5646afdedd9a - <tokio::task::local::RunUntil<T> as core::future::future::Future>::poll::h326c461fcc8ddc00
[INFO] [stdout]                                at /opt/rustwide/cargo-home/registry/src/index.crates.io-6f17d22bba15001f/tokio-1.26.0/src/task/local.rs:913:9
[INFO] [stdout]   26:     0x5646afdec9ff - tokio::task::local::LocalSet::run_until::{{closure}}::hc31434ed49691be4
[INFO] [stdout]                                at /opt/rustwide/cargo-home/registry/src/index.crates.io-6f17d22bba15001f/tokio-1.26.0/src/task/local.rs:573:19
[INFO] [stdout]   27:     0x5646afdf22bb - <core::pin::Pin<P> as core::future::future::Future>::poll::h9b5e6cf19c0d99f3
[INFO] [stdout]                                at /rustc/0e09125c6c3c2fd70d7de961bcf0e51575235fad/library/core/src/future/future.rs:124:9
[INFO] [stdout]   28:     0x5646afda3e44 - tokio::runtime::scheduler::current_thread::CoreGuard::block_on::{{closure}}::{{closure}}::{{closure}}::ha84a2ede97cfeee4
[INFO] [stdout]                                at /opt/rustwide/cargo-home/registry/src/index.crates.io-6f17d22bba15001f/tokio-1.26.0/src/runtime/scheduler/current_thread.rs:541:57
[INFO] [stdout]   29:     0x5646afda392a - tokio::runtime::coop::with_budget::ha6e318e8501fb7c1
[INFO] [stdout]                                at /opt/rustwide/cargo-home/registry/src/index.crates.io-6f17d22bba15001f/tokio-1.26.0/src/runtime/coop.rs:107:5
[INFO] [stdout]   30:     0x5646afda392a - tokio::runtime::coop::budget::hece074d40ea59800
[INFO] [stdout]                                at /opt/rustwide/cargo-home/registry/src/index.crates.io-6f17d22bba15001f/tokio-1.26.0/src/runtime/coop.rs:73:5
[INFO] [stdout]   31:     0x5646afda392a - tokio::runtime::scheduler::current_thread::CoreGuard::block_on::{{closure}}::{{closure}}::hea4efe2caeba56b4
[INFO] [stdout]                                at /opt/rustwide/cargo-home/registry/src/index.crates.io-6f17d22bba15001f/tokio-1.26.0/src/runtime/scheduler/current_thread.rs:541:25
[INFO] [stdout]   32:     0x5646afd8a70c - tokio::runtime::scheduler::current_thread::Context::enter::h1a25731fd64ec788
[INFO] [stdout]                                at /opt/rustwide/cargo-home/registry/src/index.crates.io-6f17d22bba15001f/tokio-1.26.0/src/runtime/scheduler/current_thread.rs:350:19
[INFO] [stdout]   33:     0x5646afd98ab2 - tokio::runtime::scheduler::current_thread::CoreGuard::block_on::{{closure}}::h3a020da83a5191b1
[INFO] [stdout]                                at /opt/rustwide/cargo-home/registry/src/index.crates.io-6f17d22bba15001f/tokio-1.26.0/src/runtime/scheduler/current_thread.rs:540:36
[INFO] [stdout]   34:     0x5646afd95f3b - tokio::runtime::scheduler::current_thread::CoreGuard::enter::{{closure}}::h36525ebc8e6f04e4
[INFO] [stdout]                                at /opt/rustwide/cargo-home/registry/src/index.crates.io-6f17d22bba15001f/tokio-1.26.0/src/runtime/scheduler/current_thread.rs:615:57
[INFO] [stdout]   35:     0x5646afe077ed - tokio::macros::scoped_tls::ScopedKey<T>::set::h2e9308ca2f7ebefe
[INFO] [stdout]                                at /opt/rustwide/cargo-home/registry/src/index.crates.io-6f17d22bba15001f/tokio-1.26.0/src/macros/scoped_tls.rs:61:9
[INFO] [stdout]   36:     0x5646afd924af - tokio::runtime::scheduler::current_thread::CoreGuard::enter::h10c2b5742c1990e0
[INFO] [stdout]                                at /opt/rustwide/cargo-home/registry/src/index.crates.io-6f17d22bba15001f/tokio-1.26.0/src/runtime/scheduler/current_thread.rs:615:27
[INFO] [stdout]   37:     0x5646afd9631c - tokio::runtime::scheduler::current_thread::CoreGuard::block_on::h20bb1790d481dc9e
[INFO] [stdout]                                at /opt/rustwide/cargo-home/registry/src/index.crates.io-6f17d22bba15001f/tokio-1.26.0/src/runtime/scheduler/current_thread.rs:530:19
[INFO] [stdout]   38:     0x5646afd8818b - tokio::runtime::scheduler::current_thread::CurrentThread::block_on::hc7b3bf0743174545
[INFO] [stdout]                                at /opt/rustwide/cargo-home/registry/src/index.crates.io-6f17d22bba15001f/tokio-1.26.0/src/runtime/scheduler/current_thread.rs:154:24
[INFO] [stdout]   39:     0x5646afe15678 - tokio::runtime::runtime::Runtime::block_on::hc09e94e3b90f63dd
[INFO] [stdout]                                at /opt/rustwide/cargo-home/registry/src/index.crates.io-6f17d22bba15001f/tokio-1.26.0/src/runtime/runtime.rs:302:47
[INFO] [stdout]   40:     0x5646afdea4d3 - tokio::task::local::LocalSet::block_on::h4db61c28edd54020
[INFO] [stdout]                                at /opt/rustwide/cargo-home/registry/src/index.crates.io-6f17d22bba15001f/tokio-1.26.0/src/task/local.rs:534:9
[INFO] [stdout]   41:     0x5646afe1647a - actix_rt::runtime::Runtime::block_on::h42960953e09e6345
[INFO] [stdout]                                at /opt/rustwide/cargo-home/registry/src/index.crates.io-6f17d22bba15001f/actix-rt-2.8.0/src/runtime.rs:82:9
[INFO] [stdout]   42:     0x5646afdf2f7a - actix_rt::system::SystemRunner::block_on::h09381bbd052b64b1
[INFO] [stdout]                                at /opt/rustwide/cargo-home/registry/src/index.crates.io-6f17d22bba15001f/actix-rt-2.8.0/src/system.rs:210:9
[INFO] [stdout]   43:     0x5646afdd9936 - qr_rs::tests::test_get_qr_with_logo_web_source::h9efce7f539cbb7a2
[INFO] [stdout]                                at /opt/rustwide/workdir/server/src/main.rs:196:3
[INFO] [stdout]   44:     0x5646afdd98e7 - qr_rs::tests::test_get_qr_with_logo_web_source::{{closure}}::h3f5083808c3b54c2
[INFO] [stdout]                                at /opt/rustwide/workdir/server/src/main.rs:197:46
[INFO] [stdout]   45:     0x5646afdb4166 - core::ops::function::FnOnce::call_once::hd70f781d9959bee0
[INFO] [stdout]                                at /rustc/0e09125c6c3c2fd70d7de961bcf0e51575235fad/library/core/src/ops/function.rs:250:5
[INFO] [stdout]   46:     0x5646afe50fdf - core::ops::function::FnOnce::call_once::hd64d26f405258157
[INFO] [stdout]                                at /rustc/0e09125c6c3c2fd70d7de961bcf0e51575235fad/library/core/src/ops/function.rs:250:5
[INFO] [stdout]   47:     0x5646afe50fdf - test::__rust_begin_short_backtrace::he21b0b7a6d731bf9
[INFO] [stdout]                                at /rustc/0e09125c6c3c2fd70d7de961bcf0e51575235fad/library/test/src/lib.rs:627:18
[INFO] [stdout]   48:     0x5646afe4fd61 - test::run_test_in_process::{{closure}}::hf5c73986d7bdfde2
[INFO] [stdout]                                at /rustc/0e09125c6c3c2fd70d7de961bcf0e51575235fad/library/test/src/lib.rs:650:60
[INFO] [stdout]   49:     0x5646afe4fd61 - <core::panic::unwind_safe::AssertUnwindSafe<F> as core::ops::function::FnOnce<()>>::call_once::h330011ad032aadc0
[INFO] [stdout]                                at /rustc/0e09125c6c3c2fd70d7de961bcf0e51575235fad/library/core/src/panic/unwind_safe.rs:272:9
[INFO] [stdout]   50:     0x5646afe4fd61 - std::panicking::try::do_call::he61b0a958b795a41
[INFO] [stdout]                                at /rustc/0e09125c6c3c2fd70d7de961bcf0e51575235fad/library/std/src/panicking.rs:552:40
[INFO] [stdout]   51:     0x5646afe4fd61 - std::panicking::try::h7309da130f906eb7
[INFO] [stdout]                                at /rustc/0e09125c6c3c2fd70d7de961bcf0e51575235fad/library/std/src/panicking.rs:516:19
[INFO] [stdout]   52:     0x5646afe4fd61 - std::panic::catch_unwind::hc5c3a06fdaf0a92a
[INFO] [stdout]                                at /rustc/0e09125c6c3c2fd70d7de961bcf0e51575235fad/library/std/src/panic.rs:142:14
[INFO] [stdout]   53:     0x5646afe4fd61 - test::run_test_in_process::h7e7b7c71c3324e0f
[INFO] [stdout]                                at /rustc/0e09125c6c3c2fd70d7de961bcf0e51575235fad/library/test/src/lib.rs:650:27
[INFO] [stdout]   54:     0x5646afe4fd61 - test::run_test::{{closure}}::h1f509f28f5cf20b1
[INFO] [stdout]                                at /rustc/0e09125c6c3c2fd70d7de961bcf0e51575235fad/library/test/src/lib.rs:573:43
[INFO] [stdout]   55:     0x5646afe17096 - test::run_test::{{closure}}::h1754218abf443f6d
[INFO] [stdout]                                at /rustc/0e09125c6c3c2fd70d7de961bcf0e51575235fad/library/test/src/lib.rs:601:41
[INFO] [stdout]   56:     0x5646afe17096 - std::sys_common::backtrace::__rust_begin_short_backtrace::h2ee174b9d5954948
[INFO] [stdout]                                at /rustc/0e09125c6c3c2fd70d7de961bcf0e51575235fad/library/std/src/sys_common/backtrace.rs:155:18
[INFO] [stdout]   57:     0x5646afe1c0f7 - std::thread::Builder::spawn_unchecked_::{{closure}}::{{closure}}::hf60bee9c1a17ef09
[INFO] [stdout]                                at /rustc/0e09125c6c3c2fd70d7de961bcf0e51575235fad/library/std/src/thread/mod.rs:529:17
[INFO] [stdout]   58:     0x5646afe1c0f7 - <core::panic::unwind_safe::AssertUnwindSafe<F> as core::ops::function::FnOnce<()>>::call_once::h33d0dddec5216160
[INFO] [stdout]                                at /rustc/0e09125c6c3c2fd70d7de961bcf0e51575235fad/library/core/src/panic/unwind_safe.rs:272:9
[INFO] [stdout]   59:     0x5646afe1c0f7 - std::panicking::try::do_call::h144b3048b546f835
[INFO] [stdout]                                at /rustc/0e09125c6c3c2fd70d7de961bcf0e51575235fad/library/std/src/panicking.rs:552:40
[INFO] [stdout]   60:     0x5646afe1c0f7 - std::panicking::try::h978244d04646189f
[INFO] [stdout]                                at /rustc/0e09125c6c3c2fd70d7de961bcf0e51575235fad/library/std/src/panicking.rs:516:19
[INFO] [stdout]   61:     0x5646afe1c0f7 - std::panic::catch_unwind::hdf436369d188fe86
[INFO] [stdout]                                at /rustc/0e09125c6c3c2fd70d7de961bcf0e51575235fad/library/std/src/panic.rs:142:14
[INFO] [stdout]   62:     0x5646afe1c0f7 - std::thread::Builder::spawn_unchecked_::{{closure}}::h87329cbdd33c79ec
[INFO] [stdout]                                at /rustc/0e09125c6c3c2fd70d7de961bcf0e51575235fad/library/std/src/thread/mod.rs:528:30
[INFO] [stdout]   63:     0x5646afe1c0f7 - core::ops::function::FnOnce::call_once{{vtable.shim}}::h401abbe67897d450
[INFO] [stdout]                                at /rustc/0e09125c6c3c2fd70d7de961bcf0e51575235fad/library/core/src/ops/function.rs:250:5
[INFO] [stdout]   64:     0x5646b0ddb6a5 - <alloc::boxed::Box<F,A> as core::ops::function::FnOnce<Args>>::call_once::h5d7c8f150ab9c84c
[INFO] [stdout]                                at /rustc/0e09125c6c3c2fd70d7de961bcf0e51575235fad/library/alloc/src/boxed.rs:2015:9
[INFO] [stdout]   65:     0x5646b0ddb6a5 - <alloc::boxed::Box<F,A> as core::ops::function::FnOnce<Args>>::call_once::h570d5b005c242c15
[INFO] [stdout]                                at /rustc/0e09125c6c3c2fd70d7de961bcf0e51575235fad/library/alloc/src/boxed.rs:2015:9
[INFO] [stdout]   66:     0x5646b0ddb6a5 - std::sys::unix::thread::Thread::new::thread_start::h36b0a20c0b2361ad
[INFO] [stdout]                                at /rustc/0e09125c6c3c2fd70d7de961bcf0e51575235fad/library/std/src/sys/unix/thread.rs:108:17
[INFO] [stdout]   67:     0x7fb3d4ffeac3 - <unknown>
[INFO] [stdout]   68:     0x7fb3d508fbf4 - __clone
[INFO] [stdout]   69:                0x0 - <unknown>
[INFO] [stdout] 
[INFO] [stdout] 
[INFO] [stdout] failures:
[INFO] [stdout]     tests::test_get_qr_with_logo_web_source
[INFO] [stdout] 
[INFO] [stdout] test result: FAILED. 15 passed; 1 failed; 0 ignored; 0 measured; 0 filtered out; finished in 3.27s
[INFO] [stdout] 
[INFO] [stderr] error: test failed, to rerun pass `-p qr-rs --bin qr-rs`
[INFO] running `Command { std: "docker" "inspect" "43767ca1829f5aed5ab27d6738525dbcc7012be262658b9b480df5281d3dcc15", kill_on_drop: false }`
[INFO] running `Command { std: "docker" "rm" "-f" "43767ca1829f5aed5ab27d6738525dbcc7012be262658b9b480df5281d3dcc15", kill_on_drop: false }`
[INFO] [stdout] 43767ca1829f5aed5ab27d6738525dbcc7012be262658b9b480df5281d3dcc15
