[INFO] fetching crate xmpp-parsers 0.20.0...
[INFO] testing xmpp-parsers-0.20.0 against 1.75.0 for beta-1.76-1
[INFO] extracting crate xmpp-parsers 0.20.0 into /workspace/builds/worker-5-tc1/source
[INFO] validating manifest of crates.io crate xmpp-parsers 0.20.0 on toolchain 1.75.0
[INFO] running `Command { std: CARGO_HOME="/workspace/cargo-home" RUSTUP_HOME="/workspace/rustup-home" "/workspace/cargo-home/bin/cargo" "+1.75.0" "metadata" "--manifest-path" "Cargo.toml" "--no-deps", kill_on_drop: false }`
[INFO] started tweaking crates.io crate xmpp-parsers 0.20.0
[INFO] finished tweaking crates.io crate xmpp-parsers 0.20.0
[INFO] tweaked toml for crates.io crate xmpp-parsers 0.20.0 written to /workspace/builds/worker-5-tc1/source/Cargo.toml
[INFO] crate crates.io crate xmpp-parsers 0.20.0 already has a lockfile, it will not be regenerated
[INFO] running `Command { std: CARGO_HOME="/workspace/cargo-home" RUSTUP_HOME="/workspace/rustup-home" "/workspace/cargo-home/bin/cargo" "+1.75.0" "fetch" "--manifest-path" "Cargo.toml", kill_on_drop: false }`
[INFO] [stderr]     Updating crates.io index
[INFO] [stderr]  Downloading crates ...
[INFO] [stderr]   Downloaded stringprep v0.1.3
[INFO] [stderr]   Downloaded rxml v0.9.1
[INFO] [stderr]   Downloaded minidom v0.15.2
[INFO] [stderr]   Downloaded rxml_validation v0.9.1
[INFO] [stderr]   Downloaded jid v0.10.0
[INFO] running `Command { std: "docker" "create" "-v" "/var/lib/crater-agent-workspace/builds/worker-5-tc1/target:/opt/rustwide/target:rw,Z" "-v" "/var/lib/crater-agent-workspace/builds/worker-5-tc1/source:/opt/rustwide/workdir:ro,Z" "-v" "/var/lib/crater-agent-workspace/cargo-home:/opt/rustwide/cargo-home:ro,Z" "-v" "/var/lib/crater-agent-workspace/rustup-home:/opt/rustwide/rustup-home:ro,Z" "-e" "SOURCE_DIR=/opt/rustwide/workdir" "-e" "CARGO_TARGET_DIR=/opt/rustwide/target" "-e" "CARGO_HOME=/opt/rustwide/cargo-home" "-e" "RUSTUP_HOME=/opt/rustwide/rustup-home" "-w" "/opt/rustwide/workdir" "-m" "1610612736" "--user" "0:0" "--network" "none" "ghcr.io/rust-lang/crates-build-env/linux@sha256:2788e3201cd34a07e3172128adcd8b3090168a8e3bcc40d7c032b9dda1df7d1c" "/opt/rustwide/cargo-home/bin/cargo" "+1.75.0" "metadata" "--no-deps" "--format-version=1", kill_on_drop: false }`
[INFO] [stdout] 115f9e4626403ab5bf5ba671bfa15407b07080e20131acfd6ff00bc71078de81
[INFO] running `Command { std: "docker" "start" "-a" "115f9e4626403ab5bf5ba671bfa15407b07080e20131acfd6ff00bc71078de81", kill_on_drop: false }`
[INFO] running `Command { std: "docker" "inspect" "115f9e4626403ab5bf5ba671bfa15407b07080e20131acfd6ff00bc71078de81", kill_on_drop: false }`
[INFO] running `Command { std: "docker" "rm" "-f" "115f9e4626403ab5bf5ba671bfa15407b07080e20131acfd6ff00bc71078de81", kill_on_drop: false }`
[INFO] [stdout] 115f9e4626403ab5bf5ba671bfa15407b07080e20131acfd6ff00bc71078de81
[INFO] running `Command { std: "docker" "create" "-v" "/var/lib/crater-agent-workspace/builds/worker-5-tc1/target:/opt/rustwide/target:rw,Z" "-v" "/var/lib/crater-agent-workspace/builds/worker-5-tc1/source:/opt/rustwide/workdir:ro,Z" "-v" "/var/lib/crater-agent-workspace/cargo-home:/opt/rustwide/cargo-home:ro,Z" "-v" "/var/lib/crater-agent-workspace/rustup-home:/opt/rustwide/rustup-home:ro,Z" "-e" "SOURCE_DIR=/opt/rustwide/workdir" "-e" "CARGO_TARGET_DIR=/opt/rustwide/target" "-e" "CARGO_INCREMENTAL=0" "-e" "RUST_BACKTRACE=full" "-e" "RUSTFLAGS=--cap-lints=warn" "-e" "RUSTDOCFLAGS=--cap-lints=warn" "-e" "CARGO_HOME=/opt/rustwide/cargo-home" "-e" "RUSTUP_HOME=/opt/rustwide/rustup-home" "-w" "/opt/rustwide/workdir" "-m" "1610612736" "--user" "0:0" "--network" "none" "ghcr.io/rust-lang/crates-build-env/linux@sha256:2788e3201cd34a07e3172128adcd8b3090168a8e3bcc40d7c032b9dda1df7d1c" "/opt/rustwide/cargo-home/bin/cargo" "+1.75.0" "build" "--frozen" "--message-format=json", kill_on_drop: false }`
[INFO] [stdout] a8c310e429656096eb3c3814614c49becff61915dfe95d1ff6dffade361f510a
[INFO] running `Command { std: "docker" "start" "-a" "a8c310e429656096eb3c3814614c49becff61915dfe95d1ff6dffade361f510a", kill_on_drop: false }`
[INFO] [stderr]    Compiling typenum v1.16.0
[INFO] [stderr]    Compiling generic-array v0.14.7
[INFO] [stderr]    Compiling smartstring v1.0.1
[INFO] [stderr]    Compiling subtle v2.5.0
[INFO] [stderr]    Compiling semver v1.0.18
[INFO] [stderr]    Compiling static_assertions v1.1.0
[INFO] [stderr]    Compiling num-traits v0.2.16
[INFO] [stderr]    Compiling rxml_validation v0.9.1
[INFO] [stderr]    Compiling cpufeatures v0.2.9
[INFO] [stderr]    Compiling unicode-bidi v0.3.13
[INFO] [stderr]    Compiling stringprep v0.1.3
[INFO] [stderr]    Compiling rustc_version v0.4.0
[INFO] [stderr]    Compiling rxml v0.9.1
[INFO] [stderr]    Compiling xmpp-parsers v0.20.0 (/opt/rustwide/workdir)
[INFO] [stderr]    Compiling minidom v0.15.2
[INFO] [stderr]    Compiling chrono v0.4.26
[INFO] [stderr]    Compiling jid v0.10.0
[INFO] [stderr]    Compiling crypto-common v0.1.6
[INFO] [stderr]    Compiling block-buffer v0.10.4
[INFO] [stderr]    Compiling digest v0.10.7
[INFO] [stderr]    Compiling sha2 v0.10.7
[INFO] [stderr]    Compiling blake2 v0.10.6
[INFO] [stderr]    Compiling sha3 v0.10.8
[INFO] [stderr]    Compiling sha1 v0.10.5
[INFO] [stderr]     Finished dev [unoptimized + debuginfo] target(s) in 4.09s
[INFO] running `Command { std: "docker" "inspect" "a8c310e429656096eb3c3814614c49becff61915dfe95d1ff6dffade361f510a", kill_on_drop: false }`
[INFO] running `Command { std: "docker" "rm" "-f" "a8c310e429656096eb3c3814614c49becff61915dfe95d1ff6dffade361f510a", kill_on_drop: false }`
[INFO] [stdout] a8c310e429656096eb3c3814614c49becff61915dfe95d1ff6dffade361f510a
[INFO] running `Command { std: "docker" "create" "-v" "/var/lib/crater-agent-workspace/builds/worker-5-tc1/target:/opt/rustwide/target:rw,Z" "-v" "/var/lib/crater-agent-workspace/builds/worker-5-tc1/source:/opt/rustwide/workdir:ro,Z" "-v" "/var/lib/crater-agent-workspace/cargo-home:/opt/rustwide/cargo-home:ro,Z" "-v" "/var/lib/crater-agent-workspace/rustup-home:/opt/rustwide/rustup-home:ro,Z" "-e" "SOURCE_DIR=/opt/rustwide/workdir" "-e" "CARGO_TARGET_DIR=/opt/rustwide/target" "-e" "CARGO_INCREMENTAL=0" "-e" "RUST_BACKTRACE=full" "-e" "RUSTFLAGS=--cap-lints=warn" "-e" "RUSTDOCFLAGS=--cap-lints=warn" "-e" "CARGO_HOME=/opt/rustwide/cargo-home" "-e" "RUSTUP_HOME=/opt/rustwide/rustup-home" "-w" "/opt/rustwide/workdir" "-m" "1610612736" "--user" "0:0" "--network" "none" "ghcr.io/rust-lang/crates-build-env/linux@sha256:2788e3201cd34a07e3172128adcd8b3090168a8e3bcc40d7c032b9dda1df7d1c" "/opt/rustwide/cargo-home/bin/cargo" "+1.75.0" "test" "--frozen" "--no-run" "--message-format=json", kill_on_drop: false }`
[INFO] [stdout] 8e28307170df2c8bcf63d5d5501a21bcf869be1cf5a1813649868ed72236f436
[INFO] running `Command { std: "docker" "start" "-a" "8e28307170df2c8bcf63d5d5501a21bcf869be1cf5a1813649868ed72236f436", kill_on_drop: false }`
[INFO] [stderr]    Compiling xmpp-parsers v0.20.0 (/opt/rustwide/workdir)
[INFO] [stderr]     Finished test [unoptimized + debuginfo] target(s) in 3.88s
[INFO] running `Command { std: "docker" "inspect" "8e28307170df2c8bcf63d5d5501a21bcf869be1cf5a1813649868ed72236f436", kill_on_drop: false }`
[INFO] running `Command { std: "docker" "rm" "-f" "8e28307170df2c8bcf63d5d5501a21bcf869be1cf5a1813649868ed72236f436", kill_on_drop: false }`
[INFO] [stdout] 8e28307170df2c8bcf63d5d5501a21bcf869be1cf5a1813649868ed72236f436
[INFO] running `Command { std: "docker" "create" "-v" "/var/lib/crater-agent-workspace/builds/worker-5-tc1/target:/opt/rustwide/target:rw,Z" "-v" "/var/lib/crater-agent-workspace/builds/worker-5-tc1/source:/opt/rustwide/workdir:ro,Z" "-v" "/var/lib/crater-agent-workspace/cargo-home:/opt/rustwide/cargo-home:ro,Z" "-v" "/var/lib/crater-agent-workspace/rustup-home:/opt/rustwide/rustup-home:ro,Z" "-e" "SOURCE_DIR=/opt/rustwide/workdir" "-e" "CARGO_TARGET_DIR=/opt/rustwide/target" "-e" "CARGO_INCREMENTAL=0" "-e" "RUST_BACKTRACE=full" "-e" "RUSTFLAGS=--cap-lints=warn" "-e" "RUSTDOCFLAGS=--cap-lints=warn" "-e" "CARGO_HOME=/opt/rustwide/cargo-home" "-e" "RUSTUP_HOME=/opt/rustwide/rustup-home" "-w" "/opt/rustwide/workdir" "-m" "1610612736" "--user" "0:0" "--network" "none" "ghcr.io/rust-lang/crates-build-env/linux@sha256:2788e3201cd34a07e3172128adcd8b3090168a8e3bcc40d7c032b9dda1df7d1c" "/opt/rustwide/cargo-home/bin/cargo" "+1.75.0" "test" "--frozen", kill_on_drop: false }`
[INFO] [stdout] 98d05d07704ae10ff7e111ce8685d94207e004d378372254104d5055bb7e209b
[INFO] running `Command { std: "docker" "start" "-a" "98d05d07704ae10ff7e111ce8685d94207e004d378372254104d5055bb7e209b", kill_on_drop: false }`
[INFO] [stderr]     Finished test [unoptimized + debuginfo] target(s) in 0.02s
[INFO] [stderr]      Running unittests src/lib.rs (/opt/rustwide/target/debug/deps/xmpp_parsers-3a94dd0ab0c8fb8b)
[INFO] [stdout] 
[INFO] [stdout] running 409 tests
[INFO] [stdout] test attention::tests::test_invalid_child ... ok
[INFO] [stdout] test attention::tests::test_size ... ok
[INFO] [stdout] test attention::tests::test_simple ... ok
[INFO] [stdout] test attention::tests::test_invalid_attribute ... ok
[INFO] [stdout] test attention::tests::test_serialise ... ok
[INFO] [stdout] test avatar::tests::test_invalid ... ok
[INFO] [stdout] test avatar::tests::test_size ... ok
[INFO] [stdout] test bind::tests::test_invalid_resource ... ok
[INFO] [stdout] test blocking::tests::test_non_empty_blocklist_request ... ok
[INFO] [stdout] test blocking::tests::test_invalid ... ok
[INFO] [stdout] test avatar::tests::test_simple ... ok
[INFO] [stdout] test bind::tests::test_simple ... ok
[INFO] [stdout] test blocking::tests::test_size ... ok
[INFO] [stdout] test bind::tests::test_size ... ok
[INFO] [stdout] test blocking::tests::test_items ... ok
[INFO] [stdout] test bob::tests::invalid_cid ... ok
[INFO] [stdout] test bob::tests::test_size ... ok
[INFO] [stdout] test blocking::tests::test_simple ... ok
[INFO] [stdout] test bookmarks2::tests::test_size ... ok
[INFO] [stdout] test bookmarks2::tests::simple ... ok
[INFO] [stdout] test bookmarks2::tests::complete ... ok
[INFO] [stdout] test bob::tests::test_simple ... ok
[INFO] [stdout] test bookmarks::tests::empty ... ok
[INFO] [stdout] test bob::tests::unknown_child ... ok
[INFO] [stdout] test bookmarks::tests::complete ... ok
[INFO] [stdout] test bookmarks::tests::test_size ... ok
[INFO] [stdout] test caps::tests::test_size ... ok
[INFO] [stdout] test caps::tests::test_invalid_child ... ok
[INFO] [stdout] test carbons::tests::empty_elements ... ok
[INFO] [stdout] test caps::tests::test_parse ... ok
[INFO] [stdout] test carbons::tests::forwarded_elements ... ok
[INFO] [stdout] test caps::tests::test_simple ... ok
[INFO] [stdout] test bookmarks2::tests::wrapped ... ok
[INFO] [stdout] test carbons::tests::test_size ... ok
[INFO] [stdout] test caps::tests::test_xep_5_2 ... ok
[INFO] [stdout] test carbons::tests::test_serialize_received ... ok
[INFO] [stdout] test carbons::tests::test_serialize_sent ... ok
[INFO] [stdout] test caps::tests::test_xep_5_3 ... ok
[INFO] [stdout] test cert_management::tests::test_serialise ... ok
[INFO] [stdout] test cert_management::tests::simple ... ok
[INFO] [stdout] test cert_management::tests::list ... ok
[INFO] [stdout] test cert_management::tests::test_serialize_disable ... ok
[INFO] [stdout] test cert_management::tests::test_size ... ok
[INFO] [stdout] test chatstates::tests::test_invalid ... ok
[INFO] [stdout] test chatstates::tests::test_invalid_child ... ok
[INFO] [stdout] test cert_management::tests::test_serialize_append ... ok
[INFO] [stdout] test chatstates::tests::test_invalid_attribute ... ok
[INFO] [stdout] test cert_management::tests::test_serialize_revoke ... ok
[INFO] [stdout] test chatstates::tests::test_size ... ok
[INFO] [stdout] test cert_management::tests::test_serialize_item ... ok
[INFO] [stdout] test chatstates::tests::test_serialise ... ok
[INFO] [stdout] test component::tests::test_constructors ... ok
[INFO] [stdout] test chatstates::tests::test_simple ... ok
[INFO] [stdout] test component::tests::test_size ... ok
[INFO] [stdout] test csi::tests::parsing ... ok
[INFO] [stdout] test csi::tests::serialising ... ok
[INFO] [stdout] test csi::tests::test_size ... ok
[INFO] [stdout] test component::tests::test_simple ... ok
[INFO] [stdout] test data_forms::tests::option ... ok
[INFO] [stdout] test data_forms::tests::test_invalid ... ok
[INFO] [stdout] test data_forms::tests::test_size ... ok
[INFO] [stdout] test data_forms::tests::test_simple ... ok
[INFO] [stdout] test data_forms::tests::test_wrong_child ... ok
[INFO] [stdout] test date::tests::test_size ... ok
[INFO] [stdout] test delay::tests::test_invalid_child ... ok
[INFO] [stdout] test date::tests::test_simple ... ok
[INFO] [stdout] test delay::tests::test_serialise ... ok
[INFO] [stdout] test date::tests::test_invalid_date ... ok
[INFO] [stdout] test delay::tests::test_serialise_data ... ok
[INFO] [stdout] test date::tests::test_serialise ... ok
[INFO] [stdout] test delay::tests::test_size ... ok
[INFO] [stdout] test delay::tests::test_simple ... ok
[INFO] [stdout] test disco::tests::test_identity_after_feature ... ok
[INFO] [stdout] test disco::tests::test_extension ... ok
[INFO] [stdout] test disco::tests::test_feature_after_dataform ... ok
[INFO] [stdout] test delay::tests::test_unknown ... ok
[INFO] [stdout] test disco::tests::test_answers_items_result ... ok
[INFO] [stdout] test disco::tests::test_invalid ... ok
[INFO] [stdout] test disco::tests::test_size ... ok
[INFO] [stdout] test disco::tests::test_simple ... ok
[INFO] [stdout] test disco::tests::test_invalid_feature ... ok
[INFO] [stdout] test disco::tests::test_simple_items ... ok
[INFO] [stdout] test disco::tests::test_invalid_identity ... ok
[INFO] [stdout] test disco::tests::test_invalid_result ... ok
[INFO] [stdout] test disco::tests::test_simple_items_result ... ok
[INFO] [stdout] test ecaps2::tests::test_blake2b_512 ... ok
[INFO] [stdout] test ecaps2::tests::test_parse ... ok
[INFO] [stdout] test ecaps2::tests::test_invalid_child ... ok
[INFO] [stdout] test ecaps2::tests::test_size ... ok
[INFO] [stdout] test eme::tests::test_invalid_child ... ok
[INFO] [stdout] test ecaps2::tests::test_simple ... ok
[INFO] [stdout] test eme::tests::test_serialise ... ok
[INFO] [stdout] test eme::tests::test_size ... ok
[INFO] [stdout] test extdisco::tests::test_service_query ... ok
[INFO] [stdout] test eme::tests::test_unknown ... ok
[INFO] [stdout] test eme::tests::test_simple ... ok
[INFO] [stdout] test extdisco::tests::test_simple ... ok
[INFO] [stdout] test extdisco::tests::test_service_result ... ok
[INFO] [stdout] test ecaps2::tests::test_xep_ex1 ... ok
[INFO] [stdout] test extdisco::tests::test_size ... ok
[INFO] [stdout] test forwarding::tests::test_invalid_child ... ok
[INFO] [stdout] test forwarding::tests::test_serialise ... ok
[INFO] [stdout] test forwarding::tests::test_serialize_with_delay_and_stanza ... ok
[INFO] [stdout] test hashes::tests::test_invalid_child ... ok
[INFO] [stdout] test forwarding::tests::test_size ... ok
[INFO] [stdout] test forwarding::tests::test_simple ... ok
[INFO] [stdout] test hashes::tests::value_serialisation ... ok
[INFO] [stdout] test hashes::tests::test_size ... ok
[INFO] [stdout] test hashes::tests::test_unknown ... ok
[INFO] [stdout] test hashes::tests::test_simple ... ok
[INFO] [stdout] test ecaps2::tests::test_xep_ex2 ... ok
[INFO] [stdout] test http_upload::tests::test_result_bad_header ... ok
[INFO] [stdout] test http_upload::tests::test_slot_request ... ok
[INFO] [stdout] test http_upload::tests::test_result_no_header ... ok
[INFO] [stdout] test ibb::tests::test_invalid ... ok
[INFO] [stdout] test ibb::tests::test_size ... ok
[INFO] [stdout] test http_upload::tests::test_slot_result ... ok
[INFO] [stdout] test ibr::tests::test_ex2 ... ok
[INFO] [stdout] test ibb::tests::test_simple ... ok
[INFO] [stdout] test ibr::tests::test_size ... ok
[INFO] [stdout] test ibb::tests::test_invalid_stanza ... ok
[INFO] [stdout] test ibr::tests::test_simple ... ok
[INFO] [stdout] test idle::tests::test_invalid_child ... ok
[INFO] [stdout] test idle::tests::test_serialise ... ok
[INFO] [stdout] test idle::tests::test_simple ... ok
[INFO] [stdout] test idle::tests::test_invalid_date ... ok
[INFO] [stdout] test ibr::tests::test_ex10 ... ok
[INFO] [stdout] test ibr::tests::test_ex9 ... ok
[INFO] [stdout] test idle::tests::test_invalid_id ... ok
[INFO] [stdout] test iq::tests::test_get ... ok
[INFO] [stdout] test iq::tests::test_error ... ok
[INFO] [stdout] test iq::tests::test_result ... ok
[INFO] [stdout] test iq::tests::test_result_empty ... ok
[INFO] [stdout] test idle::tests::test_size ... ok
[INFO] [stdout] test iq::tests::test_require_type ... ok
[INFO] [stdout] test iq::tests::test_children_invalid ... ok
[INFO] [stdout] test iq::tests::test_disco ... ok
[INFO] [stdout] test iq::tests::test_serialise ... ok
[INFO] [stdout] test iq::tests::test_set ... ok
[INFO] [stdout] test iq::tests::test_size ... ok
[INFO] [stdout] test jid_prep::tests::simple ... ok
[INFO] [stdout] test jid_prep::tests::test_size ... ok
[INFO] [stdout] test jingle::tests::test_simple ... ok
[INFO] [stdout] test jingle::tests::test_invalid_content ... ok
[INFO] [stdout] test jingle::tests::test_size ... ok
[INFO] [stdout] test jingle::tests::test_serialize_jingle ... ok
[INFO] [stdout] test jingle::tests::test_invalid_jingle ... ok
[INFO] [stdout] test jingle::tests::test_content ... ok
[INFO] [stdout] test jingle_dtls_srtp::tests::test_size ... ok
[INFO] [stdout] test jingle_dtls_srtp::tests::test_ex1 ... ok
[INFO] [stdout] test jingle::tests::test_reason ... ok
[INFO] [stdout] test jingle_ft::tests::test_description ... ok
[INFO] [stdout] test jingle::tests::test_invalid_reason ... ok
[INFO] [stdout] test jingle_ft::tests::test_invalid_range ... ok
[INFO] [stdout] test jingle_ft::tests::test_checksum ... ok
[INFO] [stdout] test jingle_ft::tests::test_descs ... ok
[INFO] [stdout] test jingle_ft::tests::test_invalid_checksum ... ok
[INFO] [stdout] test jingle_grouping::tests::test_size ... ok
[INFO] [stdout] test jingle_ft::tests::test_invalid_received ... ok
[INFO] [stdout] test jingle_ft::tests::test_range ... ok
[INFO] [stdout] test jingle_ft::tests::test_size ... ok
[INFO] [stdout] test jingle_ft::tests::test_received ... ok
[INFO] [stdout] test jingle_ft::tests::test_request ... ok
[INFO] [stdout] test jingle_grouping::tests::parse_group ... ok
[INFO] [stdout] test jingle_ibb::tests::test_invalid_stanza ... ok
[INFO] [stdout] test jingle_ibb::tests::test_size ... ok
[INFO] [stdout] test jingle_ibb::tests::test_invalid ... ok
[INFO] [stdout] test jingle_ice_udp::tests::test_size ... ok
[INFO] [stdout] test jingle_ibb::tests::test_simple ... ok
[INFO] [stdout] test jingle_message::tests::test_invalid_child ... ok
[INFO] [stdout] test jingle_ice_udp::tests::test_serialize_transport ... ok
[INFO] [stdout] test jingle_raw_udp::tests::test_size ... ok
[INFO] [stdout] test jingle_raw_udp::tests::example_1 ... ok
[INFO] [stdout] test jingle_rtcp_fb::tests::test_size ... ok
[INFO] [stdout] test jingle_rtcp_fb::tests::parse_simple ... ok
[INFO] [stdout] test jingle_message::tests::test_size ... ok
[INFO] [stdout] test jingle_message::tests::test_simple ... ok
[INFO] [stdout] test jingle_rtp::tests::test_size ... ok
[INFO] [stdout] test jingle_rtp_hdrext::tests::test_size ... ok
[INFO] [stdout] test jingle_ice_udp::tests::test_jitsi_meet ... ok
[INFO] [stdout] test jingle_rtp_hdrext::tests::parse_exthdr ... ok
[INFO] [stdout] test jingle_s5b::tests::test_serialise_activated ... ok
[INFO] [stdout] test jingle_s5b::tests::test_serialise_candidate ... ok
[INFO] [stdout] test jingle_s5b::tests::test_simple ... ok
[INFO] [stdout] test jingle_ssma::tests::test_size ... ok
[INFO] [stdout] test jingle_ssma::tests::parse_source ... ok
[INFO] [stdout] test jingle_rtp::tests::test_simple ... ok
[INFO] [stdout] test jingle_ice_udp::tests::test_gajim ... ok
[INFO] [stdout] test jingle_s5b::tests::test_size ... ok
[INFO] [stdout] test mam::tests::test_query ... ok
[INFO] [stdout] test legacy_omemo::tests::parse_bundle ... ok
[INFO] [stdout] test jingle_ssma::tests::parse_source_group ... ok
[INFO] [stdout] test legacy_omemo::tests::parse_device_list ... ok
[INFO] [stdout] test mam::tests::test_invalid_child ... ok
[INFO] [stdout] test legacy_omemo::tests::parse_encrypted ... ok
[INFO] [stdout] test mam::tests::test_fin ... ok
[INFO] [stdout] test mam::tests::test_serialise_empty ... ok
[INFO] [stdout] test mam::tests::test_serialize_fin ... ok
[INFO] [stdout] test mam::tests::test_query_x_set ... ok
[INFO] [stdout] test mam::tests::test_result ... ok
[INFO] [stdout] test mam::tests::test_query_x ... ok
[INFO] [stdout] test mam::tests::test_size ... ok
[INFO] [stdout] test mam_prefs::tests::test_size ... ok
[INFO] [stdout] test mam_prefs::tests::test_prefs_result ... ok
[INFO] [stdout] test mam_prefs::tests::test_prefs_get ... ok
[INFO] [stdout] test media_element::tests::test_invalid_width_height ... ok
[INFO] [stdout] test media_element::tests::test_bad_uri ... ok
[INFO] [stdout] test mam::tests::test_serialize_query_with_form ... ok
[INFO] [stdout] test media_element::tests::test_size ... ok
[INFO] [stdout] test media_element::tests::test_simple ... ok
[INFO] [stdout] test mam::tests::test_serialize_result ... ok
[INFO] [stdout] test media_element::tests::test_width_height ... ok
[INFO] [stdout] test media_element::tests::test_uri ... ok
[INFO] [stdout] test media_element::tests::test_unknown_child ... ok
[INFO] [stdout] test message::tests::test_body ... ok
[INFO] [stdout] test media_element::tests::test_xep_ex1 ... ok
[INFO] [stdout] test message::tests::test_attention ... ok
[INFO] [stdout] test message::tests::test_serialise_body ... ok
[INFO] [stdout] test media_element::tests::test_xep_ex2 ... ok
[INFO] [stdout] test message::tests::test_serialise ... ok
[INFO] [stdout] test message::tests::test_size ... ok
[INFO] [stdout] test message::tests::test_subject ... ok
[INFO] [stdout] test message::tests::test_simple ... ok
[INFO] [stdout] test message_correct::tests::test_invalid_attribute ... ok
[INFO] [stdout] test message::tests::get_best_body ... ok
[INFO] [stdout] test message_correct::tests::test_invalid_child ... ok
[INFO] [stdout] test message_correct::tests::test_invalid_id ... ok
[INFO] [stdout] test message_correct::tests::test_simple ... ok
[INFO] [stdout] test message_correct::tests::test_size ... ok
[INFO] [stdout] test message_correct::tests::test_serialise ... ok
[INFO] [stdout] test mix::tests::leave ... ok
[INFO] [stdout] test mix::tests::create ... ok
[INFO] [stdout] test mix::tests::destroy ... ok
[INFO] [stdout] test mix::tests::join ... ok
[INFO] [stdout] test mix::tests::message_mix ... ok
[INFO] [stdout] test mix::tests::setnick ... ok
[INFO] [stdout] test mix::tests::participant ... ok
[INFO] [stdout] test mood::tests::test_size ... ok
[INFO] [stdout] test mix::tests::serialise ... ok
[INFO] [stdout] test mix::tests::update_subscription ... ok
[INFO] [stdout] test mood::tests::test_simple ... ok
[INFO] [stdout] test muc::muc::tests::test_muc_simple ... ok
[INFO] [stdout] test muc::muc::tests::test_muc_invalid_attribute ... ok
[INFO] [stdout] test mood::tests::test_text ... ok
[INFO] [stdout] test muc::muc::tests::test_muc_serialise ... ok
[INFO] [stdout] test muc::muc::tests::history ... ok
[INFO] [stdout] test muc::muc::tests::test_muc_simple_password ... ok
[INFO] [stdout] test muc::muc::tests::test_muc_invalid_child ... ok
[INFO] [stdout] test muc::user::tests::test_actor_jid ... ok
[INFO] [stdout] test muc::user::tests::statuses_and_items ... ok
[INFO] [stdout] test muc::user::tests::presence_payload ... ok
[INFO] [stdout] test muc::user::tests::test_actor_nick ... ok
[INFO] [stdout] test muc::user::tests::test_actor_required_attributes2 ... ok
[INFO] [stdout] test muc::user::tests::test_continue_simple ... ok
[INFO] [stdout] test muc::user::tests::test_continue_invalid ... ok
[INFO] [stdout] test muc::user::tests::message_payload ... ok
[INFO] [stdout] test muc::user::tests::test_actor_required_attributes ... ok
[INFO] [stdout] test muc::user::tests::test_continue_thread_attribute ... ok
[INFO] [stdout] test muc::user::tests::test_invalid_attribute ... ok
[INFO] [stdout] test muc::user::tests::test_invalid_child ... ok
[INFO] [stdout] test muc::user::tests::test_item_affiliation_role_attr ... ok
[INFO] [stdout] test muc::user::tests::test_item_invalid_attr ... ok
[INFO] [stdout] test muc::user::tests::test_item_affiliation_role_invalid_attr ... ok
[INFO] [stdout] test muc::user::tests::test_item_affiliation_role_invalid_attr2 ... ok
[INFO] [stdout] test muc::user::tests::test_item_nick_attr ... ok
[INFO] [stdout] test muc::user::tests::test_item_role_reason_child ... ok
[INFO] [stdout] test muc::user::tests::test_reason_invalid_attribute ... ok
[INFO] [stdout] test muc::user::tests::test_serialise ... ok
[INFO] [stdout] test muc::user::tests::test_serialize_item ... ok
[INFO] [stdout] test muc::user::tests::test_item_role_actor_child ... ok
[INFO] [stdout] test muc::user::tests::test_reason_simple ... ok
[INFO] [stdout] test muc::user::tests::test_simple ... ok
[INFO] [stdout] test muc::user::tests::test_reason_invalid ... ok
[INFO] [stdout] test muc::user::tests::test_item_role_continue_child ... ok
[INFO] [stdout] test muc::user::tests::test_status_invalid ... ok
[INFO] [stdout] test muc::user::tests::test_status_invalid_child ... ok
[INFO] [stdout] test muc::user::tests::test_status_simple_code ... ok
[INFO] [stdout] test muc::user::tests::test_status_simple ... ok
[INFO] [stdout] test muc::user::tests::test_status_invalid_code2 ... ok
[INFO] [stdout] test muc::user::tests::test_status_invalid_code ... ok
[INFO] [stdout] test nick::tests::test_serialise ... ok
[INFO] [stdout] test nick::tests::test_invalid_attribute ... ok
[INFO] [stdout] test nick::tests::test_invalid ... ok
[INFO] [stdout] test nick::tests::test_simple ... ok
[INFO] [stdout] test occupant_id::tests::test_invalid_child ... ok
[INFO] [stdout] test openpgp::tests::pubsub_publish_pubkey_data ... ok
[INFO] [stdout] test occupant_id::tests::test_size ... ok
[INFO] [stdout] test nick::tests::test_size ... ok
[INFO] [stdout] test occupant_id::tests::test_invalid_id ... ok
[INFO] [stdout] test occupant_id::tests::test_simple ... ok
[INFO] [stdout] test openpgp::tests::pubsub_publish_pubkey_meta ... ok
[INFO] [stdout] test occupant_id::tests::test_serialise ... ok
[INFO] [stdout] test ping::tests::test_serialise ... ok
[INFO] [stdout] test presence::tests::presence_with_to ... ok
[INFO] [stdout] test ping::tests::test_invalid_attribute ... ok
[INFO] [stdout] test openpgp::tests::test_serialize_pubkey ... ok
[INFO] [stdout] test ping::tests::test_size ... ok
[INFO] [stdout] test ping::tests::test_simple ... ok
[INFO] [stdout] test ping::tests::test_invalid ... ok
[INFO] [stdout] test presence::tests::test_empty_show_value ... ok
[INFO] [stdout] test presence::tests::test_invalid_priority ... ok
[INFO] [stdout] test presence::tests::test_invalid_attribute ... ok
[INFO] [stdout] test presence::tests::test_invalid_multiple_statuses ... ok
[INFO] [stdout] test presence::tests::test_empty_status ... ok
[INFO] [stdout] test presence::tests::test_invalid_status_child ... ok
[INFO] [stdout] test presence::tests::test_invalid_show ... ok
[INFO] [stdout] test presence::tests::test_missing_show_value ... ok
[INFO] [stdout] test presence::tests::test_multiple_statuses ... ok
[INFO] [stdout] test presence::tests::test_serialise_priority ... ok
[INFO] [stdout] test presence::tests::test_priority ... ok
[INFO] [stdout] test presence::tests::test_serialise_status ... ok
[INFO] [stdout] test presence::tests::test_show ... ok
[INFO] [stdout] test presence::tests::test_serialise ... ok
[INFO] [stdout] test presence::tests::test_size ... ok
[INFO] [stdout] test presence::tests::test_simple ... ok
[INFO] [stdout] test presence::tests::test_unknown_child ... ok
[INFO] [stdout] test pubsub::event::tests::test_ex221_subscription ... ok
[INFO] [stdout] test presence::tests::test_status ... ok
[INFO] [stdout] test pubsub::event::tests::test_invalid_attribute ... ok
[INFO] [stdout] test pubsub::event::tests::test_simple_items ... ok
[INFO] [stdout] test pubsub::event::tests::test_invalid ... ok
[INFO] [stdout] test pubsub::event::tests::missing_items ... ok
[INFO] [stdout] test pubsub::event::tests::test_simple_delete ... ok
[INFO] [stdout] test pubsub::event::tests::test_simple_configure ... ok
[INFO] [stdout] test pubsub::event::tests::test_simple_pep ... ok
[INFO] [stdout] test pubsub::event::tests::test_simple_retract ... ok
[INFO] [stdout] test pubsub::owner::tests::affiliations ... ok
[INFO] [stdout] test pubsub::owner::tests::configure ... ok
[INFO] [stdout] test pubsub::event::tests::test_simple_purge ... ok
[INFO] [stdout] test pubsub::owner::tests::test_serialize_configure ... ok
[INFO] [stdout] test pubsub::owner::tests::delete ... ok
[INFO] [stdout] test pubsub::owner::tests::purge ... ok
[INFO] [stdout] test pubsub::owner::tests::default ... ok
[INFO] [stdout] test pubsub::owner::tests::subscriptions ... ok
[INFO] [stdout] test pubsub::pubsub::tests::create_and_configure_empty ... ok
[INFO] [stdout] test pubsub::pubsub::tests::create ... ok
[INFO] [stdout] test pubsub::pubsub::tests::publish_option ... ok
[INFO] [stdout] test pubsub::pubsub::tests::invalid_empty_pubsub ... ok
[INFO] [stdout] test pubsub::pubsub::tests::publish ... ok
[INFO] [stdout] test pubsub::pubsub::tests::create_and_configure_simple ... ok
[INFO] [stdout] test pubsub::pubsub::tests::subscribe_options ... ok
[INFO] [stdout] test pubsub::pubsub::tests::test_serialize_publish_options ... ok
[INFO] [stdout] test reactions::tests::test_multi ... ok
[INFO] [stdout] test reactions::tests::test_empty ... ok
[INFO] [stdout] test pubsub::pubsub::tests::publish_with_publish_options ... ok
[INFO] [stdout] test reactions::tests::test_size ... ok
[INFO] [stdout] test pubsub::pubsub::tests::test_serialize_options ... ok
[INFO] [stdout] test receipts::tests::test_serialise ... ok
[INFO] [stdout] test pubsub::pubsub::tests::test_options_without_subscribe ... ok
[INFO] [stdout] test receipts::tests::test_size ... ok
[INFO] [stdout] test receipts::tests::test_missing_id ... ok
[INFO] [stdout] test receipts::tests::test_simple ... ok
[INFO] [stdout] test roster::tests::test_get ... ok
[INFO] [stdout] test roster::tests::test_invalid ... ok
[INFO] [stdout] test reactions::tests::test_zwj_emoji ... ok
[INFO] [stdout] test roster::tests::test_invalid_item ... ok
[INFO] [stdout] test roster::tests::test_multiple_groups ... ok
[INFO] [stdout] test roster::tests::test_size ... ok
[INFO] [stdout] test roster::tests::test_set ... ok
[INFO] [stdout] test rsm::tests::test_unknown ... ok
[INFO] [stdout] test rsm::tests::test_first_index ... ok
[INFO] [stdout] test rsm::tests::test_simple ... ok
[INFO] [stdout] test rsm::tests::test_invalid_child ... ok
[INFO] [stdout] test rsm::tests::test_size ... ok
[INFO] [stdout] test roster::tests::test_result ... ok
[INFO] [stdout] test rsm::tests::test_serialise ... ok
[INFO] [stdout] test rtt::tests::sequence ... ok
[INFO] [stdout] test sasl::tests::section_6_5_1 ... ok
[INFO] [stdout] test rtt::tests::test_size ... ok
[INFO] [stdout] test sasl::tests::test_size ... ok
[INFO] [stdout] test rtt::tests::simple ... ok
[INFO] [stdout] test server_info::tests::test_size ... ok
[INFO] [stdout] test sasl::tests::section_6_5_2 ... ok
[INFO] [stdout] test server_info::tests::test_simple ... ok
[INFO] [stdout] test sm::tests::a ... ok
[INFO] [stdout] test sm::tests::resume ... ok
[INFO] [stdout] test sm::tests::test_size ... ok
[INFO] [stdout] test stanza_error::tests::test_size ... ok
[INFO] [stdout] test sm::tests::stream_feature ... ok
[INFO] [stdout] test stanza_error::tests::test_invalid_condition ... ok
[INFO] [stdout] test stanza_error::tests::test_simple ... ok
[INFO] [stdout] test sasl::tests::test_simple ... ok
[INFO] [stdout] test sm::tests::test_serialize_failed ... ok
[INFO] [stdout] test stanza_id::tests::test_invalid_by ... ok
[INFO] [stdout] test stanza_error::tests::test_invalid_type ... ok
[INFO] [stdout] test stanza_id::tests::test_invalid_child ... ok
[INFO] [stdout] test stanza_id::tests::test_size ... ok
[INFO] [stdout] test stanza_id::tests::test_serialise ... ok
[INFO] [stdout] test stream::tests::test_size ... ok
[INFO] [stdout] test stanza_id::tests::test_invalid_id ... ok
[INFO] [stdout] test stanza_id::tests::test_simple ... ok
[INFO] [stdout] test tune::tests::test_size ... ok
[INFO] [stdout] test time::tests::test_size ... ok
[INFO] [stdout] test stream::tests::test_simple ... ok
[INFO] [stdout] test tune::tests::full ... ok
[INFO] [stdout] test tune::tests::empty ... ok
[INFO] [stdout] test time::tests::parse_response ... ok
[INFO] [stdout] test version::tests::serialisation ... ok
[INFO] [stdout] test websocket::tests::test_simple ... ok
[INFO] [stdout] test version::tests::simple ... ok
[INFO] [stdout] test version::tests::test_size ... ok
[INFO] [stdout] test websocket::tests::test_size ... ok
[INFO] [stdout] test xhtml::tests::generate_tree ... ok
[INFO] [stdout] test xhtml::tests::test_size ... ok
[INFO] [stdout] test xhtml::tests::invalid_two_same_langs ... ok
[INFO] [stdout] test xhtml::tests::test_empty ... ok
[INFO] [stdout] test xhtml::tests::test_tag ... ok
[INFO] [stdout] test xhtml::tests::test_unknown_element ... ok
[INFO] [stdout] test xhtml::tests::test_generate_html ... ok
[INFO] [stdout] 
[INFO] [stdout] test result: ok. 409 passed; 0 failed; 0 ignored; 0 measured; 0 filtered out; finished in 0.05s
[INFO] [stdout] 
[INFO] [stderr]    Doc-tests xmpp-parsers
[INFO] [stdout] 
[INFO] [stdout] running 0 tests
[INFO] [stdout] 
[INFO] [stdout] test result: ok. 0 passed; 0 failed; 0 ignored; 0 measured; 0 filtered out; finished in 0.00s
[INFO] [stdout] 
[INFO] running `Command { std: "docker" "inspect" "98d05d07704ae10ff7e111ce8685d94207e004d378372254104d5055bb7e209b", kill_on_drop: false }`
[INFO] running `Command { std: "docker" "rm" "-f" "98d05d07704ae10ff7e111ce8685d94207e004d378372254104d5055bb7e209b", kill_on_drop: false }`
[INFO] [stdout] 98d05d07704ae10ff7e111ce8685d94207e004d378372254104d5055bb7e209b
[INFO] testing xmpp-parsers-0.20.0 against beta-2023-12-22 for beta-1.76-1
[INFO] extracting crate xmpp-parsers 0.20.0 into /workspace/builds/worker-5-tc2/source
[INFO] validating manifest of crates.io crate xmpp-parsers 0.20.0 on toolchain beta-2023-12-22
[INFO] running `Command { std: CARGO_HOME="/workspace/cargo-home" RUSTUP_HOME="/workspace/rustup-home" "/workspace/cargo-home/bin/cargo" "+beta-2023-12-22" "metadata" "--manifest-path" "Cargo.toml" "--no-deps", kill_on_drop: false }`
[INFO] started tweaking crates.io crate xmpp-parsers 0.20.0
[INFO] finished tweaking crates.io crate xmpp-parsers 0.20.0
[INFO] tweaked toml for crates.io crate xmpp-parsers 0.20.0 written to /workspace/builds/worker-5-tc2/source/Cargo.toml
[INFO] crate crates.io crate xmpp-parsers 0.20.0 already has a lockfile, it will not be regenerated
[INFO] running `Command { std: CARGO_HOME="/workspace/cargo-home" RUSTUP_HOME="/workspace/rustup-home" "/workspace/cargo-home/bin/cargo" "+beta-2023-12-22" "fetch" "--manifest-path" "Cargo.toml", kill_on_drop: false }`
[INFO] running `Command { std: "docker" "create" "-v" "/var/lib/crater-agent-workspace/builds/worker-5-tc2/target:/opt/rustwide/target:rw,Z" "-v" "/var/lib/crater-agent-workspace/builds/worker-5-tc2/source:/opt/rustwide/workdir:ro,Z" "-v" "/var/lib/crater-agent-workspace/cargo-home:/opt/rustwide/cargo-home:ro,Z" "-v" "/var/lib/crater-agent-workspace/rustup-home:/opt/rustwide/rustup-home:ro,Z" "-e" "SOURCE_DIR=/opt/rustwide/workdir" "-e" "CARGO_TARGET_DIR=/opt/rustwide/target" "-e" "CARGO_HOME=/opt/rustwide/cargo-home" "-e" "RUSTUP_HOME=/opt/rustwide/rustup-home" "-w" "/opt/rustwide/workdir" "-m" "1610612736" "--user" "0:0" "--network" "none" "ghcr.io/rust-lang/crates-build-env/linux@sha256:2788e3201cd34a07e3172128adcd8b3090168a8e3bcc40d7c032b9dda1df7d1c" "/opt/rustwide/cargo-home/bin/cargo" "+beta-2023-12-22" "metadata" "--no-deps" "--format-version=1", kill_on_drop: false }`
[INFO] [stdout] b2dccabae744b3c63028b0b4a48f3ad998ddb45f39f1f46abcf0ebe3e6e7a00b
[INFO] running `Command { std: "docker" "start" "-a" "b2dccabae744b3c63028b0b4a48f3ad998ddb45f39f1f46abcf0ebe3e6e7a00b", kill_on_drop: false }`
[INFO] running `Command { std: "docker" "inspect" "b2dccabae744b3c63028b0b4a48f3ad998ddb45f39f1f46abcf0ebe3e6e7a00b", kill_on_drop: false }`
[INFO] running `Command { std: "docker" "rm" "-f" "b2dccabae744b3c63028b0b4a48f3ad998ddb45f39f1f46abcf0ebe3e6e7a00b", kill_on_drop: false }`
[INFO] [stdout] b2dccabae744b3c63028b0b4a48f3ad998ddb45f39f1f46abcf0ebe3e6e7a00b
[INFO] running `Command { std: "docker" "create" "-v" "/var/lib/crater-agent-workspace/builds/worker-5-tc2/target:/opt/rustwide/target:rw,Z" "-v" "/var/lib/crater-agent-workspace/builds/worker-5-tc2/source:/opt/rustwide/workdir:ro,Z" "-v" "/var/lib/crater-agent-workspace/cargo-home:/opt/rustwide/cargo-home:ro,Z" "-v" "/var/lib/crater-agent-workspace/rustup-home:/opt/rustwide/rustup-home:ro,Z" "-e" "SOURCE_DIR=/opt/rustwide/workdir" "-e" "CARGO_TARGET_DIR=/opt/rustwide/target" "-e" "CARGO_INCREMENTAL=0" "-e" "RUST_BACKTRACE=full" "-e" "RUSTFLAGS=--cap-lints=warn" "-e" "RUSTDOCFLAGS=--cap-lints=warn" "-e" "CARGO_HOME=/opt/rustwide/cargo-home" "-e" "RUSTUP_HOME=/opt/rustwide/rustup-home" "-w" "/opt/rustwide/workdir" "-m" "1610612736" "--user" "0:0" "--network" "none" "ghcr.io/rust-lang/crates-build-env/linux@sha256:2788e3201cd34a07e3172128adcd8b3090168a8e3bcc40d7c032b9dda1df7d1c" "/opt/rustwide/cargo-home/bin/cargo" "+beta-2023-12-22" "build" "--frozen" "--message-format=json", kill_on_drop: false }`
[INFO] [stdout] 62a89397415b625160cbe6273a085117d3209aaf550d62a8f5d59c5cd235c1a5
[INFO] running `Command { std: "docker" "start" "-a" "62a89397415b625160cbe6273a085117d3209aaf550d62a8f5d59c5cd235c1a5", kill_on_drop: false }`
[INFO] [stderr]    Compiling typenum v1.16.0
[INFO] [stderr]    Compiling generic-array v0.14.7
[INFO] [stderr]    Compiling subtle v2.5.0
[INFO] [stderr]    Compiling semver v1.0.18
[INFO] [stderr]    Compiling static_assertions v1.1.0
[INFO] [stderr]    Compiling rxml_validation v0.9.1
[INFO] [stderr]    Compiling smartstring v1.0.1
[INFO] [stderr]    Compiling num-traits v0.2.16
[INFO] [stderr]    Compiling unicode-bidi v0.3.13
[INFO] [stderr]    Compiling cpufeatures v0.2.9
[INFO] [stderr]    Compiling stringprep v0.1.3
[INFO] [stderr]    Compiling rustc_version v0.4.0
[INFO] [stderr]    Compiling rxml v0.9.1
[INFO] [stderr]    Compiling xmpp-parsers v0.20.0 (/opt/rustwide/workdir)
[INFO] [stderr]    Compiling minidom v0.15.2
[INFO] [stderr]    Compiling chrono v0.4.26
[INFO] [stderr]    Compiling jid v0.10.0
[INFO] [stderr]    Compiling block-buffer v0.10.4
[INFO] [stderr]    Compiling crypto-common v0.1.6
[INFO] [stderr]    Compiling digest v0.10.7
[INFO] [stderr]    Compiling blake2 v0.10.6
[INFO] [stderr]    Compiling sha2 v0.10.7
[INFO] [stderr]    Compiling sha3 v0.10.8
[INFO] [stderr]    Compiling sha1 v0.10.5
[INFO] [stderr]     Finished dev [unoptimized + debuginfo] target(s) in 4.22s
[INFO] running `Command { std: "docker" "inspect" "62a89397415b625160cbe6273a085117d3209aaf550d62a8f5d59c5cd235c1a5", kill_on_drop: false }`
[INFO] running `Command { std: "docker" "rm" "-f" "62a89397415b625160cbe6273a085117d3209aaf550d62a8f5d59c5cd235c1a5", kill_on_drop: false }`
[INFO] [stdout] 62a89397415b625160cbe6273a085117d3209aaf550d62a8f5d59c5cd235c1a5
[INFO] running `Command { std: "docker" "create" "-v" "/var/lib/crater-agent-workspace/builds/worker-5-tc2/target:/opt/rustwide/target:rw,Z" "-v" "/var/lib/crater-agent-workspace/builds/worker-5-tc2/source:/opt/rustwide/workdir:ro,Z" "-v" "/var/lib/crater-agent-workspace/cargo-home:/opt/rustwide/cargo-home:ro,Z" "-v" "/var/lib/crater-agent-workspace/rustup-home:/opt/rustwide/rustup-home:ro,Z" "-e" "SOURCE_DIR=/opt/rustwide/workdir" "-e" "CARGO_TARGET_DIR=/opt/rustwide/target" "-e" "CARGO_INCREMENTAL=0" "-e" "RUST_BACKTRACE=full" "-e" "RUSTFLAGS=--cap-lints=warn" "-e" "RUSTDOCFLAGS=--cap-lints=warn" "-e" "CARGO_HOME=/opt/rustwide/cargo-home" "-e" "RUSTUP_HOME=/opt/rustwide/rustup-home" "-w" "/opt/rustwide/workdir" "-m" "1610612736" "--user" "0:0" "--network" "none" "ghcr.io/rust-lang/crates-build-env/linux@sha256:2788e3201cd34a07e3172128adcd8b3090168a8e3bcc40d7c032b9dda1df7d1c" "/opt/rustwide/cargo-home/bin/cargo" "+beta-2023-12-22" "test" "--frozen" "--no-run" "--message-format=json", kill_on_drop: false }`
[INFO] [stdout] b6e6f721b21133d845fdb8d1ae0f1b708fb36ce1485ee6d0a29e50002d9fbf7c
[INFO] running `Command { std: "docker" "start" "-a" "b6e6f721b21133d845fdb8d1ae0f1b708fb36ce1485ee6d0a29e50002d9fbf7c", kill_on_drop: false }`
[INFO] [stderr]    Compiling xmpp-parsers v0.20.0 (/opt/rustwide/workdir)
[INFO] [stderr]     Finished test [unoptimized + debuginfo] target(s) in 3.90s
[INFO] running `Command { std: "docker" "inspect" "b6e6f721b21133d845fdb8d1ae0f1b708fb36ce1485ee6d0a29e50002d9fbf7c", kill_on_drop: false }`
[INFO] running `Command { std: "docker" "rm" "-f" "b6e6f721b21133d845fdb8d1ae0f1b708fb36ce1485ee6d0a29e50002d9fbf7c", kill_on_drop: false }`
[INFO] [stdout] b6e6f721b21133d845fdb8d1ae0f1b708fb36ce1485ee6d0a29e50002d9fbf7c
[INFO] running `Command { std: "docker" "create" "-v" "/var/lib/crater-agent-workspace/builds/worker-5-tc2/target:/opt/rustwide/target:rw,Z" "-v" "/var/lib/crater-agent-workspace/builds/worker-5-tc2/source:/opt/rustwide/workdir:ro,Z" "-v" "/var/lib/crater-agent-workspace/cargo-home:/opt/rustwide/cargo-home:ro,Z" "-v" "/var/lib/crater-agent-workspace/rustup-home:/opt/rustwide/rustup-home:ro,Z" "-e" "SOURCE_DIR=/opt/rustwide/workdir" "-e" "CARGO_TARGET_DIR=/opt/rustwide/target" "-e" "CARGO_INCREMENTAL=0" "-e" "RUST_BACKTRACE=full" "-e" "RUSTFLAGS=--cap-lints=warn" "-e" "RUSTDOCFLAGS=--cap-lints=warn" "-e" "CARGO_HOME=/opt/rustwide/cargo-home" "-e" "RUSTUP_HOME=/opt/rustwide/rustup-home" "-w" "/opt/rustwide/workdir" "-m" "1610612736" "--user" "0:0" "--network" "none" "ghcr.io/rust-lang/crates-build-env/linux@sha256:2788e3201cd34a07e3172128adcd8b3090168a8e3bcc40d7c032b9dda1df7d1c" "/opt/rustwide/cargo-home/bin/cargo" "+beta-2023-12-22" "test" "--frozen", kill_on_drop: false }`
[INFO] [stdout] 0ff22014b45ff14ebdd96a4386cb4288dad94596441632bcf7e67500f844144b
[INFO] running `Command { std: "docker" "start" "-a" "0ff22014b45ff14ebdd96a4386cb4288dad94596441632bcf7e67500f844144b", kill_on_drop: false }`
[INFO] [stderr]     Finished test [unoptimized + debuginfo] target(s) in 0.02s
[INFO] [stderr]      Running unittests src/lib.rs (/opt/rustwide/target/debug/deps/xmpp_parsers-0ff1dd253a0d950e)
[INFO] [stdout] 
[INFO] [stdout] running 409 tests
[INFO] [stdout] test attention::tests::test_simple ... ok
[INFO] [stdout] test attention::tests::test_serialise ... ok
[INFO] [stdout] test attention::tests::test_invalid_child ... ok
[INFO] [stdout] test attention::tests::test_invalid_attribute ... ok
[INFO] [stdout] test attention::tests::test_size ... ok
[INFO] [stdout] test avatar::tests::test_invalid ... ok
[INFO] [stdout] test bind::tests::test_size ... ok
[INFO] [stdout] test avatar::tests::test_simple ... ok
[INFO] [stdout] test blocking::tests::test_simple ... ok
[INFO] [stdout] test blocking::tests::test_invalid ... ok
[INFO] [stdout] test bind::tests::test_invalid_resource ... ok
[INFO] [stdout] test blocking::tests::test_non_empty_blocklist_request ... ok
[INFO] [stdout] test blocking::tests::test_size ... ok
[INFO] [stdout] test bob::tests::invalid_cid ... ok
[INFO] [stdout] test bind::tests::test_simple ... ok
[INFO] [stdout] test bob::tests::unknown_child ... ok
[INFO] [stdout] test blocking::tests::test_items ... ok
[INFO] [stdout] test bob::tests::test_simple ... ok
[INFO] [stdout] test bookmarks2::tests::complete ... ok
[INFO] [stdout] test bookmarks2::tests::test_size ... ok
[INFO] [stdout] test bookmarks::tests::empty ... ok
[INFO] [stdout] test bookmarks2::tests::simple ... ok
[INFO] [stdout] test bookmarks::tests::test_size ... ok
[INFO] [stdout] test bookmarks::tests::complete ... ok
[INFO] [stdout] test bookmarks2::tests::wrapped ... ok
[INFO] [stdout] test caps::tests::test_invalid_child ... ok
[INFO] [stdout] test caps::tests::test_parse ... ok
[INFO] [stdout] test caps::tests::test_simple ... ok
[INFO] [stdout] test caps::tests::test_xep_5_2 ... ok
[INFO] [stdout] test carbons::tests::empty_elements ... ok
[INFO] [stdout] test carbons::tests::test_size ... ok
[INFO] [stdout] test caps::tests::test_xep_5_3 ... ok
[INFO] [stdout] test carbons::tests::test_serialize_received ... ok
[INFO] [stdout] test carbons::tests::forwarded_elements ... ok
[INFO] [stdout] test carbons::tests::test_serialize_sent ... ok
[INFO] [stdout] test cert_management::tests::simple ... ok
[INFO] [stdout] test cert_management::tests::test_serialise ... ok
[INFO] [stdout] test cert_management::tests::list ... ok
[INFO] [stdout] test cert_management::tests::test_serialize_append ... ok
[INFO] [stdout] test cert_management::tests::test_serialize_item ... ok
[INFO] [stdout] test cert_management::tests::test_serialize_disable ... ok
[INFO] [stdout] test cert_management::tests::test_serialize_revoke ... ok
[INFO] [stdout] test chatstates::tests::test_invalid_attribute ... ok
[INFO] [stdout] test cert_management::tests::test_size ... ok
[INFO] [stdout] test chatstates::tests::test_invalid_child ... ok
[INFO] [stdout] test chatstates::tests::test_serialise ... ok
[INFO] [stdout] test component::tests::test_constructors ... ok
[INFO] [stdout] test chatstates::tests::test_simple ... ok
[INFO] [stdout] test chatstates::tests::test_invalid ... ok
[INFO] [stdout] test chatstates::tests::test_size ... ok
[INFO] [stdout] test component::tests::test_size ... ok
[INFO] [stdout] test csi::tests::test_size ... ok
[INFO] [stdout] test csi::tests::parsing ... ok
[INFO] [stdout] test csi::tests::serialising ... ok
[INFO] [stdout] test component::tests::test_simple ... ok
[INFO] [stdout] test data_forms::tests::option ... ok
[INFO] [stdout] test data_forms::tests::test_size ... ok
[INFO] [stdout] test data_forms::tests::test_simple ... ok
[INFO] [stdout] test date::tests::test_invalid_date ... ok
[INFO] [stdout] test data_forms::tests::test_invalid ... ok
[INFO] [stdout] test data_forms::tests::test_wrong_child ... ok
[INFO] [stdout] test date::tests::test_serialise ... ok
[INFO] [stdout] test date::tests::test_size ... ok
[INFO] [stdout] test delay::tests::test_invalid_child ... ok
[INFO] [stdout] test date::tests::test_simple ... ok
[INFO] [stdout] test delay::tests::test_serialise ... ok
[INFO] [stdout] test delay::tests::test_size ... ok
[INFO] [stdout] test delay::tests::test_simple ... ok
[INFO] [stdout] test delay::tests::test_serialise_data ... ok
[INFO] [stdout] test delay::tests::test_unknown ... ok
[INFO] [stdout] test disco::tests::test_answers_items_result ... ok
[INFO] [stdout] test disco::tests::test_feature_after_dataform ... ok
[INFO] [stdout] test disco::tests::test_extension ... ok
[INFO] [stdout] test disco::tests::test_invalid ... ok
[INFO] [stdout] test disco::tests::test_identity_after_feature ... ok
[INFO] [stdout] test disco::tests::test_invalid_feature ... ok
[INFO] [stdout] test disco::tests::test_invalid_identity ... ok
[INFO] [stdout] test disco::tests::test_invalid_result ... ok
[INFO] [stdout] test disco::tests::test_simple_items ... ok
[INFO] [stdout] test disco::tests::test_simple ... ok
[INFO] [stdout] test disco::tests::test_size ... ok
[INFO] [stdout] test ecaps2::tests::test_blake2b_512 ... ok
[INFO] [stdout] test ecaps2::tests::test_invalid_child ... ok
[INFO] [stdout] test disco::tests::test_simple_items_result ... ok
[INFO] [stdout] test ecaps2::tests::test_size ... ok
[INFO] [stdout] test ecaps2::tests::test_parse ... ok
[INFO] [stdout] test ecaps2::tests::test_simple ... ok
[INFO] [stdout] test eme::tests::test_invalid_child ... ok
[INFO] [stdout] test eme::tests::test_serialise ... ok
[INFO] [stdout] test ecaps2::tests::test_xep_ex1 ... ok
[INFO] [stdout] test eme::tests::test_size ... ok
[INFO] [stdout] test eme::tests::test_simple ... ok
[INFO] [stdout] test eme::tests::test_unknown ... ok
[INFO] [stdout] test extdisco::tests::test_service_query ... ok
[INFO] [stdout] test extdisco::tests::test_simple ... ok
[INFO] [stdout] test extdisco::tests::test_size ... ok
[INFO] [stdout] test forwarding::tests::test_invalid_child ... ok
[INFO] [stdout] test extdisco::tests::test_service_result ... ok
[INFO] [stdout] test forwarding::tests::test_simple ... ok
[INFO] [stdout] test forwarding::tests::test_serialise ... ok
[INFO] [stdout] test forwarding::tests::test_size ... ok
[INFO] [stdout] test hashes::tests::test_simple ... ok
[INFO] [stdout] test forwarding::tests::test_serialize_with_delay_and_stanza ... ok
[INFO] [stdout] test hashes::tests::test_invalid_child ... ok
[INFO] [stdout] test hashes::tests::test_unknown ... ok
[INFO] [stdout] test hashes::tests::value_serialisation ... ok
[INFO] [stdout] test ecaps2::tests::test_xep_ex2 ... ok
[INFO] [stdout] test http_upload::tests::test_result_bad_header ... ok
[INFO] [stdout] test http_upload::tests::test_slot_request ... ok
[INFO] [stdout] test http_upload::tests::test_result_no_header ... ok
[INFO] [stdout] test ibb::tests::test_invalid ... ok
[INFO] [stdout] test http_upload::tests::test_slot_result ... ok
[INFO] [stdout] test ibb::tests::test_size ... ok
[INFO] [stdout] test ibb::tests::test_simple ... ok
[INFO] [stdout] test ibb::tests::test_invalid_stanza ... ok
[INFO] [stdout] test ibr::tests::test_simple ... ok
[INFO] [stdout] test ibr::tests::test_ex2 ... ok
[INFO] [stdout] test ibr::tests::test_size ... ok
[INFO] [stdout] test ibr::tests::test_ex10 ... ok
[INFO] [stdout] test idle::tests::test_invalid_child ... ok
[INFO] [stdout] test ibr::tests::test_ex9 ... ok
[INFO] [stdout] test idle::tests::test_invalid_id ... ok
[INFO] [stdout] test idle::tests::test_serialise ... ok
[INFO] [stdout] test idle::tests::test_invalid_date ... ok
[INFO] [stdout] test idle::tests::test_size ... ok
[INFO] [stdout] test iq::tests::test_children_invalid ... ok
[INFO] [stdout] test idle::tests::test_simple ... ok
[INFO] [stdout] test iq::tests::test_disco ... ok
[INFO] [stdout] test iq::tests::test_error ... ok
[INFO] [stdout] test iq::tests::test_get ... ok
[INFO] [stdout] test iq::tests::test_result ... ok
[INFO] [stdout] test iq::tests::test_require_type ... ok
[INFO] [stdout] test iq::tests::test_result_empty ... ok
[INFO] [stdout] test iq::tests::test_serialise ... ok
[INFO] [stdout] test iq::tests::test_size ... ok
[INFO] [stdout] test jid_prep::tests::test_size ... ok
[INFO] [stdout] test jid_prep::tests::simple ... ok
[INFO] [stdout] test jingle::tests::test_content ... ok
[INFO] [stdout] test jingle::tests::test_invalid_jingle ... ok
[INFO] [stdout] test jingle::tests::test_invalid_content ... ok
[INFO] [stdout] test jingle::tests::test_reason ... ok
[INFO] [stdout] test iq::tests::test_set ... ok
[INFO] [stdout] test jingle::tests::test_invalid_reason ... ok
[INFO] [stdout] test jingle::tests::test_simple ... ok
[INFO] [stdout] test jingle::tests::test_size ... ok
[INFO] [stdout] test jingle::tests::test_serialize_jingle ... ok
[INFO] [stdout] test jingle_dtls_srtp::tests::test_ex1 ... ok
[INFO] [stdout] test jingle_ft::tests::test_description ... ok
[INFO] [stdout] test jingle_ft::tests::test_checksum ... ok
[INFO] [stdout] test jingle_ft::tests::test_invalid_checksum ... ok
[INFO] [stdout] test jingle_ft::tests::test_invalid_range ... ok
[INFO] [stdout] test jingle_ft::tests::test_invalid_received ... ok
[INFO] [stdout] test jingle_ft::tests::test_descs ... ok
[INFO] [stdout] test jingle_ft::tests::test_range ... ok
[INFO] [stdout] test jingle_ft::tests::test_size ... ok
[INFO] [stdout] test jingle_ft::tests::test_request ... ok
[INFO] [stdout] test jingle_ft::tests::test_received ... ok
[INFO] [stdout] test jingle_grouping::tests::parse_group ... ok
[INFO] [stdout] test jingle_grouping::tests::test_size ... ok
[INFO] [stdout] test jingle_ibb::tests::test_invalid ... ok
[INFO] [stdout] test jingle_ibb::tests::test_simple ... ok
[INFO] [stdout] test jingle_ibb::tests::test_size ... ok
[INFO] [stdout] test jingle_ibb::tests::test_invalid_stanza ... ok
[INFO] [stdout] test jingle_ice_udp::tests::test_serialize_transport ... ok
[INFO] [stdout] test jingle_ice_udp::tests::test_jitsi_meet ... ok
[INFO] [stdout] test jingle_message::tests::test_invalid_child ... ok
[INFO] [stdout] test jingle_message::tests::test_simple ... ok
[INFO] [stdout] test jingle_ice_udp::tests::test_gajim ... ok
[INFO] [stdout] test jingle_raw_udp::tests::example_1 ... ok
[INFO] [stdout] test jingle_raw_udp::tests::test_size ... ok
[INFO] [stdout] test jingle_rtcp_fb::tests::parse_simple ... ok
[INFO] [stdout] test jingle_rtcp_fb::tests::test_size ... ok
[INFO] [stdout] test jingle_rtp::tests::test_simple ... ok
[INFO] [stdout] test jingle_rtp::tests::test_size ... ok
[INFO] [stdout] test jingle_rtp_hdrext::tests::parse_exthdr ... ok
[INFO] [stdout] test jingle_rtp_hdrext::tests::test_size ... ok
[INFO] [stdout] test jingle_s5b::tests::test_serialise_activated ... ok
[INFO] [stdout] test jingle_s5b::tests::test_serialise_candidate ... ok
[INFO] [stdout] test jingle_s5b::tests::test_simple ... ok
[INFO] [stdout] test jingle_s5b::tests::test_size ... ok
[INFO] [stdout] test jingle_ssma::tests::parse_source ... ok
[INFO] [stdout] test jingle_ssma::tests::parse_source_group ... ok
[INFO] [stdout] test jingle_ssma::tests::test_size ... ok
[INFO] [stdout] test legacy_omemo::tests::parse_bundle ... ok
[INFO] [stdout] test legacy_omemo::tests::parse_device_list ... ok
[INFO] [stdout] test legacy_omemo::tests::parse_encrypted ... ok
[INFO] [stdout] test mam::tests::test_fin ... ok
[INFO] [stdout] test mam::tests::test_invalid_child ... ok
[INFO] [stdout] test mam::tests::test_query ... ok
[INFO] [stdout] test mam::tests::test_query_x ... ok
[INFO] [stdout] test mam::tests::test_query_x_set ... ok
[INFO] [stdout] test mam::tests::test_result ... ok
[INFO] [stdout] test mam::tests::test_serialise_empty ... ok
[INFO] [stdout] test mam::tests::test_serialize_fin ... ok
[INFO] [stdout] test mam::tests::test_serialize_query_with_form ... ok
[INFO] [stdout] test mam::tests::test_serialize_result ... ok
[INFO] [stdout] test avatar::tests::test_size ... FAILED
[INFO] [stdout] test mam::tests::test_size ... ok
[INFO] [stdout] test mam_prefs::tests::test_prefs_get ... ok
[INFO] [stdout] test mam_prefs::tests::test_prefs_result ... ok
[INFO] [stdout] test mam_prefs::tests::test_size ... ok
[INFO] [stdout] test media_element::tests::test_bad_uri ... ok
[INFO] [stdout] test media_element::tests::test_invalid_width_height ... ok
[INFO] [stdout] test media_element::tests::test_size ... ok
[INFO] [stdout] test media_element::tests::test_simple ... ok
[INFO] [stdout] test media_element::tests::test_unknown_child ... ok
[INFO] [stdout] test media_element::tests::test_uri ... ok
[INFO] [stdout] test media_element::tests::test_xep_ex1 ... ok
[INFO] [stdout] test media_element::tests::test_width_height ... ok
[INFO] [stdout] test message::tests::get_best_body ... ok
[INFO] [stdout] test bob::tests::test_size ... FAILED
[INFO] [stdout] test media_element::tests::test_xep_ex2 ... ok
[INFO] [stdout] test caps::tests::test_size ... FAILED
[INFO] [stdout] test message::tests::test_attention ... ok
[INFO] [stdout] test message::tests::test_body ... ok
[INFO] [stdout] test message::tests::test_simple ... ok
[INFO] [stdout] test message::tests::test_serialise_body ... ok
[INFO] [stdout] test message::tests::test_size ... ok
[INFO] [stdout] test message::tests::test_serialise ... ok
[INFO] [stdout] test message_correct::tests::test_invalid_attribute ... ok
[INFO] [stdout] test message::tests::test_subject ... ok
[INFO] [stdout] test message_correct::tests::test_invalid_child ... ok
[INFO] [stdout] test message_correct::tests::test_invalid_id ... ok
[INFO] [stdout] test message_correct::tests::test_serialise ... ok
[INFO] [stdout] test message_correct::tests::test_simple ... ok
[INFO] [stdout] test message_correct::tests::test_size ... ok
[INFO] [stdout] test mix::tests::create ... ok
[INFO] [stdout] test mix::tests::destroy ... ok
[INFO] [stdout] test hashes::tests::test_size ... FAILED
[INFO] [stdout] test mix::tests::join ... ok
[INFO] [stdout] test mix::tests::message_mix ... ok
[INFO] [stdout] test mix::tests::leave ... ok
[INFO] [stdout] test mix::tests::participant ... ok
[INFO] [stdout] test mix::tests::setnick ... ok
[INFO] [stdout] test mix::tests::update_subscription ... ok
[INFO] [stdout] test mood::tests::test_simple ... ok
[INFO] [stdout] test mix::tests::serialise ... ok
[INFO] [stdout] test mood::tests::test_text ... ok
[INFO] [stdout] test mood::tests::test_size ... ok
[INFO] [stdout] test muc::muc::tests::test_muc_invalid_attribute ... ok
[INFO] [stdout] test muc::muc::tests::history ... ok
[INFO] [stdout] test muc::muc::tests::test_muc_invalid_child ... ok
[INFO] [stdout] test muc::muc::tests::test_muc_simple ... ok
[INFO] [stdout] test muc::muc::tests::test_muc_serialise ... ok
[INFO] [stdout] test jingle_dtls_srtp::tests::test_size ... FAILED
[INFO] [stdout] test muc::muc::tests::test_muc_simple_password ... ok
[INFO] [stdout] test muc::user::tests::presence_payload ... ok
[INFO] [stdout] test muc::user::tests::message_payload ... ok
[INFO] [stdout] test muc::user::tests::test_actor_jid ... ok
[INFO] [stdout] test muc::user::tests::test_actor_nick ... ok
[INFO] [stdout] test muc::user::tests::statuses_and_items ... ok
[INFO] [stdout] test muc::user::tests::test_actor_required_attributes ... ok
[INFO] [stdout] test muc::user::tests::test_actor_required_attributes2 ... ok
[INFO] [stdout] test muc::user::tests::test_continue_simple ... ok
[INFO] [stdout] test muc::user::tests::test_continue_invalid ... ok
[INFO] [stdout] test muc::user::tests::test_continue_thread_attribute ... ok
[INFO] [stdout] test muc::user::tests::test_invalid_attribute ... ok
[INFO] [stdout] test muc::user::tests::test_invalid_child ... ok
[INFO] [stdout] test muc::user::tests::test_item_invalid_attr ... ok
[INFO] [stdout] test muc::user::tests::test_item_affiliation_role_invalid_attr ... ok
[INFO] [stdout] test muc::user::tests::test_item_affiliation_role_invalid_attr2 ... ok
[INFO] [stdout] test muc::user::tests::test_item_affiliation_role_attr ... ok
[INFO] [stdout] test muc::user::tests::test_item_nick_attr ... ok
[INFO] [stdout] test muc::user::tests::test_item_role_reason_child ... ok
[INFO] [stdout] test muc::user::tests::test_item_role_actor_child ... ok
[INFO] [stdout] test muc::user::tests::test_item_role_continue_child ... ok
[INFO] [stdout] test muc::user::tests::test_reason_invalid ... ok
[INFO] [stdout] test muc::user::tests::test_reason_invalid_attribute ... ok
[INFO] [stdout] test muc::user::tests::test_serialise ... ok
[INFO] [stdout] test muc::user::tests::test_simple ... ok
[INFO] [stdout] test muc::user::tests::test_reason_simple ... ok
[INFO] [stdout] test muc::user::tests::test_serialize_item ... ok
[INFO] [stdout] test muc::user::tests::test_status_invalid ... ok
[INFO] [stdout] test muc::user::tests::test_status_invalid_code ... ok
[INFO] [stdout] test muc::user::tests::test_status_invalid_child ... ok
[INFO] [stdout] test nick::tests::test_invalid ... ok
[INFO] [stdout] test muc::user::tests::test_status_simple_code ... ok
[INFO] [stdout] test muc::user::tests::test_status_simple ... ok
[INFO] [stdout] test nick::tests::test_invalid_attribute ... ok
[INFO] [stdout] test muc::user::tests::test_status_invalid_code2 ... ok
[INFO] [stdout] test nick::tests::test_serialise ... ok
[INFO] [stdout] test nick::tests::test_size ... ok
[INFO] [stdout] test jingle_ice_udp::tests::test_size ... FAILED
[INFO] [stdout] test occupant_id::tests::test_invalid_id ... ok
[INFO] [stdout] test jingle_message::tests::test_size ... FAILED
[INFO] [stdout] test occupant_id::tests::test_invalid_child ... ok
[INFO] [stdout] test occupant_id::tests::test_size ... ok
[INFO] [stdout] test nick::tests::test_simple ... ok
[INFO] [stdout] test occupant_id::tests::test_serialise ... ok
[INFO] [stdout] test openpgp::tests::pubsub_publish_pubkey_data ... ok
[INFO] [stdout] test openpgp::tests::pubsub_publish_pubkey_meta ... ok
[INFO] [stdout] test openpgp::tests::test_serialize_pubkey ... ok
[INFO] [stdout] test ping::tests::test_invalid ... ok
[INFO] [stdout] test ping::tests::test_simple ... ok
[INFO] [stdout] test ping::tests::test_serialise ... ok
[INFO] [stdout] test ping::tests::test_invalid_attribute ... ok
[INFO] [stdout] test occupant_id::tests::test_simple ... ok
[INFO] [stdout] test ping::tests::test_size ... ok
[INFO] [stdout] test presence::tests::test_empty_status ... ok
[INFO] [stdout] test presence::tests::presence_with_to ... ok
[INFO] [stdout] test presence::tests::test_empty_show_value ... ok
[INFO] [stdout] test presence::tests::test_invalid_attribute ... ok
[INFO] [stdout] test presence::tests::test_invalid_multiple_statuses ... ok
[INFO] [stdout] test presence::tests::test_invalid_show ... ok
[INFO] [stdout] test presence::tests::test_missing_show_value ... ok
[INFO] [stdout] test presence::tests::test_invalid_status_child ... ok
[INFO] [stdout] test presence::tests::test_invalid_priority ... ok
[INFO] [stdout] test presence::tests::test_priority ... ok
[INFO] [stdout] test presence::tests::test_multiple_statuses ... ok
[INFO] [stdout] test presence::tests::test_serialise_status ... ok
[INFO] [stdout] test presence::tests::test_serialise ... ok
[INFO] [stdout] test presence::tests::test_serialise_priority ... ok
[INFO] [stdout] test presence::tests::test_show ... ok
[INFO] [stdout] test presence::tests::test_simple ... ok
[INFO] [stdout] test presence::tests::test_unknown_child ... ok
[INFO] [stdout] test presence::tests::test_size ... ok
[INFO] [stdout] test pubsub::event::tests::missing_items ... ok
[INFO] [stdout] test pubsub::event::tests::test_invalid ... ok
[INFO] [stdout] test presence::tests::test_status ... ok
[INFO] [stdout] test pubsub::event::tests::test_ex221_subscription ... ok
[INFO] [stdout] test pubsub::event::tests::test_invalid_attribute ... ok
[INFO] [stdout] test pubsub::event::tests::test_simple_items ... ok
[INFO] [stdout] test pubsub::event::tests::test_simple_pep ... ok
[INFO] [stdout] test pubsub::event::tests::test_simple_delete ... ok
[INFO] [stdout] test pubsub::event::tests::test_simple_retract ... ok
[INFO] [stdout] test pubsub::event::tests::test_simple_configure ... ok
[INFO] [stdout] test pubsub::owner::tests::affiliations ... ok
[INFO] [stdout] test pubsub::owner::tests::configure ... ok
[INFO] [stdout] test pubsub::owner::tests::purge ... ok
[INFO] [stdout] test pubsub::owner::tests::delete ... ok
[INFO] [stdout] test pubsub::event::tests::test_simple_purge ... ok
[INFO] [stdout] test pubsub::owner::tests::default ... ok
[INFO] [stdout] test pubsub::pubsub::tests::create_and_configure_empty ... ok
[INFO] [stdout] test pubsub::owner::tests::subscriptions ... ok
[INFO] [stdout] test pubsub::pubsub::tests::create ... ok
[INFO] [stdout] test pubsub::owner::tests::test_serialize_configure ... ok
[INFO] [stdout] test pubsub::pubsub::tests::publish_with_publish_options ... ok
[INFO] [stdout] test pubsub::pubsub::tests::create_and_configure_simple ... ok
[INFO] [stdout] test pubsub::pubsub::tests::invalid_empty_pubsub ... ok
[INFO] [stdout] test pubsub::pubsub::tests::publish ... ok
[INFO] [stdout] test pubsub::pubsub::tests::publish_option ... ok
[INFO] [stdout] test pubsub::pubsub::tests::subscribe_options ... ok
[INFO] [stdout] test reactions::tests::test_size ... ok
[INFO] [stdout] test reactions::tests::test_empty ... ok
[INFO] [stdout] test pubsub::pubsub::tests::test_serialize_publish_options ... ok
[INFO] [stdout] test pubsub::pubsub::tests::test_serialize_options ... ok
[INFO] [stdout] test reactions::tests::test_multi ... ok
[INFO] [stdout] test receipts::tests::test_serialise ... ok
[INFO] [stdout] test reactions::tests::test_zwj_emoji ... ok
[INFO] [stdout] test receipts::tests::test_missing_id ... ok
[INFO] [stdout] test pubsub::pubsub::tests::test_options_without_subscribe ... ok
[INFO] [stdout] test receipts::tests::test_size ... ok
[INFO] [stdout] test roster::tests::test_get ... ok
[INFO] [stdout] test receipts::tests::test_simple ... ok
[INFO] [stdout] test roster::tests::test_invalid ... ok
[INFO] [stdout] test roster::tests::test_multiple_groups ... ok
[INFO] [stdout] test roster::tests::test_size ... ok
[INFO] [stdout] test roster::tests::test_set ... ok
[INFO] [stdout] test roster::tests::test_invalid_item ... ok
[INFO] [stdout] test rsm::tests::test_first_index ... ok
[INFO] [stdout] test roster::tests::test_result ... ok
[INFO] [stdout] test rsm::tests::test_size ... ok
[INFO] [stdout] test rsm::tests::test_serialise ... ok
[INFO] [stdout] test rsm::tests::test_simple ... ok
[INFO] [stdout] test rsm::tests::test_invalid_child ... ok
[INFO] [stdout] test rtt::tests::sequence ... ok
[INFO] [stdout] test rsm::tests::test_unknown ... ok
[INFO] [stdout] test rtt::tests::test_size ... ok
[INFO] [stdout] test rtt::tests::simple ... ok
[INFO] [stdout] test sasl::tests::test_simple ... ok
[INFO] [stdout] test sasl::tests::test_size ... ok
[INFO] [stdout] test sasl::tests::section_6_5_1 ... ok
[INFO] [stdout] test sasl::tests::section_6_5_2 ... ok
[INFO] [stdout] test server_info::tests::test_simple ... ok
[INFO] [stdout] test server_info::tests::test_size ... ok
[INFO] [stdout] test sm::tests::a ... ok
[INFO] [stdout] test sm::tests::stream_feature ... ok
[INFO] [stdout] test stanza_error::tests::test_invalid_condition ... ok
[INFO] [stdout] test sm::tests::test_size ... ok
[INFO] [stdout] test sm::tests::test_serialize_failed ... ok
[INFO] [stdout] test stanza_error::tests::test_size ... ok
[INFO] [stdout] test stanza_error::tests::test_simple ... ok
[INFO] [stdout] test stanza_id::tests::test_invalid_child ... ok
[INFO] [stdout] test stanza_error::tests::test_invalid_type ... ok
[INFO] [stdout] test stanza_id::tests::test_invalid_id ... ok
[INFO] [stdout] test stanza_id::tests::test_serialise ... ok
[INFO] [stdout] test stanza_id::tests::test_invalid_by ... ok
[INFO] [stdout] test stanza_id::tests::test_size ... ok
[INFO] [stdout] test stream::tests::test_size ... ok
[INFO] [stdout] test stream::tests::test_simple ... ok
[INFO] [stdout] test stanza_id::tests::test_simple ... ok
[INFO] [stdout] test time::tests::test_size ... ok
[INFO] [stdout] test time::tests::parse_response ... ok
[INFO] [stdout] test tune::tests::empty ... ok
[INFO] [stdout] test tune::tests::full ... ok
[INFO] [stdout] test xhtml::tests::generate_tree ... ok
[INFO] [stdout] test sm::tests::resume ... ok
[INFO] [stdout] test version::tests::test_size ... ok
[INFO] [stdout] test tune::tests::test_size ... ok
[INFO] [stdout] test websocket::tests::test_simple ... ok
[INFO] [stdout] test version::tests::simple ... ok
[INFO] [stdout] test websocket::tests::test_size ... ok
[INFO] [stdout] test version::tests::serialisation ... ok
[INFO] [stdout] test xhtml::tests::test_generate_html ... ok
[INFO] [stdout] test xhtml::tests::invalid_two_same_langs ... ok
[INFO] [stdout] test xhtml::tests::test_tag ... ok
[INFO] [stdout] test xhtml::tests::test_unknown_element ... ok
[INFO] [stdout] test xhtml::tests::test_empty ... ok
[INFO] [stdout] test xhtml::tests::test_size ... FAILED
[INFO] [stdout] 
[INFO] [stdout] failures:
[INFO] [stdout] 
[INFO] [stdout] ---- avatar::tests::test_size stdout ----
[INFO] [stdout] thread 'avatar::tests::test_size' panicked at src/avatar.rs:78:9:
[INFO] [stdout] assertion `left == right` failed
[INFO] [stdout]   left: 112
[INFO] [stdout]  right: 120
[INFO] [stdout] stack backtrace:
[INFO] [stdout]    0:     0x55a2fe938806 - std::backtrace_rs::backtrace::libunwind::trace::h261606ad26a499c1
[INFO] [stdout]                                at /rustc/0e09125c6c3c2fd70d7de961bcf0e51575235fad/library/std/src/../../backtrace/src/backtrace/libunwind.rs:104:5
[INFO] [stdout]    1:     0x55a2fe938806 - std::backtrace_rs::backtrace::trace_unsynchronized::hd183f0625477fb28
[INFO] [stdout]                                at /rustc/0e09125c6c3c2fd70d7de961bcf0e51575235fad/library/std/src/../../backtrace/src/backtrace/mod.rs:66:5
[INFO] [stdout]    2:     0x55a2fe938806 - std::sys_common::backtrace::_print_fmt::hd7f8fef21b4eda67
[INFO] [stdout]                                at /rustc/0e09125c6c3c2fd70d7de961bcf0e51575235fad/library/std/src/sys_common/backtrace.rs:68:5
[INFO] [stdout]    3:     0x55a2fe938806 - <std::sys_common::backtrace::_print::DisplayBacktrace as core::fmt::Display>::fmt::h623d9b51f2f453f1
[INFO] [stdout]                                at /rustc/0e09125c6c3c2fd70d7de961bcf0e51575235fad/library/std/src/sys_common/backtrace.rs:44:22
[INFO] [stdout]    4:     0x55a2fe964430 - core::fmt::rt::Argument::fmt::h9f417ac76a86f368
[INFO] [stdout]                                at /rustc/0e09125c6c3c2fd70d7de961bcf0e51575235fad/library/core/src/fmt/rt.rs:142:9
[INFO] [stdout]    5:     0x55a2fe964430 - core::fmt::write::hc9b6faf4ac2aeff7
[INFO] [stdout]                                at /rustc/0e09125c6c3c2fd70d7de961bcf0e51575235fad/library/core/src/fmt/mod.rs:1120:17
[INFO] [stdout]    6:     0x55a2fe93626f - std::io::Write::write_fmt::he04625a3a989fec3
[INFO] [stdout]                                at /rustc/0e09125c6c3c2fd70d7de961bcf0e51575235fad/library/std/src/io/mod.rs:1810:15
[INFO] [stdout]    7:     0x55a2fe9385e4 - std::sys_common::backtrace::_print::hd5d66399c7df88a2
[INFO] [stdout]                                at /rustc/0e09125c6c3c2fd70d7de961bcf0e51575235fad/library/std/src/sys_common/backtrace.rs:47:5
[INFO] [stdout]    8:     0x55a2fe9385e4 - std::sys_common::backtrace::print::he81ed2da642d37e5
[INFO] [stdout]                                at /rustc/0e09125c6c3c2fd70d7de961bcf0e51575235fad/library/std/src/sys_common/backtrace.rs:34:9
[INFO] [stdout]    9:     0x55a2fe93a357 - std::panicking::default_hook::{{closure}}::h85773f4fa117163d
[INFO] [stdout]   10:     0x55a2fe93a03d - std::panicking::default_hook::h6a1694a91d09b278
[INFO] [stdout]                                at /rustc/0e09125c6c3c2fd70d7de961bcf0e51575235fad/library/std/src/panicking.rs:289:9
[INFO] [stdout]   11:     0x55a2fe7f11d7 - <alloc::boxed::Box<F,A> as core::ops::function::Fn<Args>>::call::h616ac37fa3cd6c8f
[INFO] [stdout]                                at /rustc/0e09125c6c3c2fd70d7de961bcf0e51575235fad/library/alloc/src/boxed.rs:2029:9
[INFO] [stdout]   12:     0x55a2fe7f11d7 - test::test_main::{{closure}}::h00d84697cefdcbb6
[INFO] [stdout]                                at /rustc/0e09125c6c3c2fd70d7de961bcf0e51575235fad/library/test/src/lib.rs:138:21
[INFO] [stdout]   13:     0x55a2fe93a976 - <alloc::boxed::Box<F,A> as core::ops::function::Fn<Args>>::call::hcb3fe3b9bb537ba8
[INFO] [stdout]                                at /rustc/0e09125c6c3c2fd70d7de961bcf0e51575235fad/library/alloc/src/boxed.rs:2029:9
[INFO] [stdout]   14:     0x55a2fe93a976 - std::panicking::rust_panic_with_hook::h0a7ad96e90f7145b
[INFO] [stdout]                                at /rustc/0e09125c6c3c2fd70d7de961bcf0e51575235fad/library/std/src/panicking.rs:783:13
[INFO] [stdout]   15:     0x55a2fe93a6c2 - std::panicking::begin_panic_handler::{{closure}}::h7919090525c6485e
[INFO] [stdout]                                at /rustc/0e09125c6c3c2fd70d7de961bcf0e51575235fad/library/std/src/panicking.rs:657:13
[INFO] [stdout]   16:     0x55a2fe938d06 - std::sys_common::backtrace::__rust_end_short_backtrace::hf3289479464f7dfe
[INFO] [stdout]                                at /rustc/0e09125c6c3c2fd70d7de961bcf0e51575235fad/library/std/src/sys_common/backtrace.rs:171:18
[INFO] [stdout]   17:     0x55a2fe93a420 - rust_begin_unwind
[INFO] [stdout]                                at /rustc/0e09125c6c3c2fd70d7de961bcf0e51575235fad/library/std/src/panicking.rs:645:5
[INFO] [stdout]   18:     0x55a2fe5ac125 - core::panicking::panic_fmt::hcc9f77c5c132af55
[INFO] [stdout]                                at /rustc/0e09125c6c3c2fd70d7de961bcf0e51575235fad/library/core/src/panicking.rs:72:14
[INFO] [stdout]   19:     0x55a2fe5ac59b - core::panicking::assert_failed_inner::h9f13e27dd63c3a08
[INFO] [stdout]                                at /rustc/0e09125c6c3c2fd70d7de961bcf0e51575235fad/library/core/src/panicking.rs:342:17
[INFO] [stdout]   20:     0x55a2fe90f16e - core::panicking::assert_failed::h68636d2d14ab9111
[INFO] [stdout]                                at /rustc/0e09125c6c3c2fd70d7de961bcf0e51575235fad/library/core/src/panicking.rs:297:5
[INFO] [stdout]   21:     0x55a2fe66d6d5 - xmpp_parsers::avatar::tests::test_size::hbef2553e690cc0a4
[INFO] [stdout]                                at /opt/rustwide/workdir/src/avatar.rs:78:9
[INFO] [stdout]   22:     0x55a2fe66d5b7 - xmpp_parsers::avatar::tests::test_size::{{closure}}::hb042e2a9ebb1bbeb
[INFO] [stdout]                                at /opt/rustwide/workdir/src/avatar.rs:76:19
[INFO] [stdout]   23:     0x55a2fe6bbf96 - core::ops::function::FnOnce::call_once::h5fef400d80a0fb2d
[INFO] [stdout]                                at /rustc/0e09125c6c3c2fd70d7de961bcf0e51575235fad/library/core/src/ops/function.rs:250:5
[INFO] [stdout]   24:     0x55a2fe7f6aaf - core::ops::function::FnOnce::call_once::hd64d26f405258157
[INFO] [stdout]                                at /rustc/0e09125c6c3c2fd70d7de961bcf0e51575235fad/library/core/src/ops/function.rs:250:5
[INFO] [stdout]   25:     0x55a2fe7f6aaf - test::__rust_begin_short_backtrace::he21b0b7a6d731bf9
[INFO] [stdout]                                at /rustc/0e09125c6c3c2fd70d7de961bcf0e51575235fad/library/test/src/lib.rs:627:18
[INFO] [stdout]   26:     0x55a2fe7f5831 - test::run_test_in_process::{{closure}}::hf5c73986d7bdfde2
[INFO] [stdout]                                at /rustc/0e09125c6c3c2fd70d7de961bcf0e51575235fad/library/test/src/lib.rs:650:60
[INFO] [stdout]   27:     0x55a2fe7f5831 - <core::panic::unwind_safe::AssertUnwindSafe<F> as core::ops::function::FnOnce<()>>::call_once::h330011ad032aadc0
[INFO] [stdout]                                at /rustc/0e09125c6c3c2fd70d7de961bcf0e51575235fad/library/core/src/panic/unwind_safe.rs:272:9
[INFO] [stdout]   28:     0x55a2fe7f5831 - std::panicking::try::do_call::he61b0a958b795a41
[INFO] [stdout]                                at /rustc/0e09125c6c3c2fd70d7de961bcf0e51575235fad/library/std/src/panicking.rs:552:40
[INFO] [stdout]   29:     0x55a2fe7f5831 - std::panicking::try::h7309da130f906eb7
[INFO] [stdout]                                at /rustc/0e09125c6c3c2fd70d7de961bcf0e51575235fad/library/std/src/panicking.rs:516:19
[INFO] [stdout]   30:     0x55a2fe7f5831 - std::panic::catch_unwind::hc5c3a06fdaf0a92a
[INFO] [stdout]                                at /rustc/0e09125c6c3c2fd70d7de961bcf0e51575235fad/library/std/src/panic.rs:142:14
[INFO] [stdout]   31:     0x55a2fe7f5831 - test::run_test_in_process::h7e7b7c71c3324e0f
[INFO] [stdout]                                at /rustc/0e09125c6c3c2fd70d7de961bcf0e51575235fad/library/test/src/lib.rs:650:27
[INFO] [stdout]   32:     0x55a2fe7f5831 - test::run_test::{{closure}}::h1f509f28f5cf20b1
[INFO] [stdout]                                at /rustc/0e09125c6c3c2fd70d7de961bcf0e51575235fad/library/test/src/lib.rs:573:43
[INFO] [stdout]   33:     0x55a2fe7bcb66 - test::run_test::{{closure}}::h1754218abf443f6d
[INFO] [stdout]                                at /rustc/0e09125c6c3c2fd70d7de961bcf0e51575235fad/library/test/src/lib.rs:601:41
[INFO] [stdout]   34:     0x55a2fe7bcb66 - std::sys_common::backtrace::__rust_begin_short_backtrace::h2ee174b9d5954948
[INFO] [stdout]                                at /rustc/0e09125c6c3c2fd70d7de961bcf0e51575235fad/library/std/src/sys_common/backtrace.rs:155:18
[INFO] [stdout]   35:     0x55a2fe7c1bc7 - std::thread::Builder::spawn_unchecked_::{{closure}}::{{closure}}::hf60bee9c1a17ef09
[INFO] [stdout]                                at /rustc/0e09125c6c3c2fd70d7de961bcf0e51575235fad/library/std/src/thread/mod.rs:529:17
[INFO] [stdout]   36:     0x55a2fe7c1bc7 - <core::panic::unwind_safe::AssertUnwindSafe<F> as core::ops::function::FnOnce<()>>::call_once::h33d0dddec5216160
[INFO] [stdout]                                at /rustc/0e09125c6c3c2fd70d7de961bcf0e51575235fad/library/core/src/panic/unwind_safe.rs:272:9
[INFO] [stdout]   37:     0x55a2fe7c1bc7 - std::panicking::try::do_call::h144b3048b546f835
[INFO] [stdout]                                at /rustc/0e09125c6c3c2fd70d7de961bcf0e51575235fad/library/std/src/panicking.rs:552:40
[INFO] [stdout]   38:     0x55a2fe7c1bc7 - std::panicking::try::h978244d04646189f
[INFO] [stdout]                                at /rustc/0e09125c6c3c2fd70d7de961bcf0e51575235fad/library/std/src/panicking.rs:516:19
[INFO] [stdout]   39:     0x55a2fe7c1bc7 - std::panic::catch_unwind::hdf436369d188fe86
[INFO] [stdout]                                at /rustc/0e09125c6c3c2fd70d7de961bcf0e51575235fad/library/std/src/panic.rs:142:14
[INFO] [stdout]   40:     0x55a2fe7c1bc7 - std::thread::Builder::spawn_unchecked_::{{closure}}::h87329cbdd33c79ec
[INFO] [stdout]                                at /rustc/0e09125c6c3c2fd70d7de961bcf0e51575235fad/library/std/src/thread/mod.rs:528:30
[INFO] [stdout]   41:     0x55a2fe7c1bc7 - core::ops::function::FnOnce::call_once{{vtable.shim}}::h401abbe67897d450
[INFO] [stdout]                                at /rustc/0e09125c6c3c2fd70d7de961bcf0e51575235fad/library/core/src/ops/function.rs:250:5
[INFO] [stdout]   42:     0x55a2fe93f425 - <alloc::boxed::Box<F,A> as core::ops::function::FnOnce<Args>>::call_once::h5d7c8f150ab9c84c
[INFO] [stdout]                                at /rustc/0e09125c6c3c2fd70d7de961bcf0e51575235fad/library/alloc/src/boxed.rs:2015:9
[INFO] [stdout]   43:     0x55a2fe93f425 - <alloc::boxed::Box<F,A> as core::ops::function::FnOnce<Args>>::call_once::h570d5b005c242c15
[INFO] [stdout]                                at /rustc/0e09125c6c3c2fd70d7de961bcf0e51575235fad/library/alloc/src/boxed.rs:2015:9
[INFO] [stdout]   44:     0x55a2fe93f425 - std::sys::unix::thread::Thread::new::thread_start::h36b0a20c0b2361ad
[INFO] [stdout]                                at /rustc/0e09125c6c3c2fd70d7de961bcf0e51575235fad/library/std/src/sys/unix/thread.rs:108:17
[INFO] [stdout]   45:     0x7fea8740fac3 - <unknown>
[INFO] [stdout]   46:     0x7fea874a0bf4 - __clone
[INFO] [stdout]   47:                0x0 - <unknown>
[INFO] [stdout] 
[INFO] [stdout] ---- bob::tests::test_size stdout ----
[INFO] [stdout] thread 'bob::tests::test_size' panicked at src/bob.rs:104:9:
[INFO] [stdout] assertion `left == right` failed
[INFO] [stdout]   left: 48
[INFO] [stdout]  right: 56
[INFO] [stdout] stack backtrace:
[INFO] [stdout]    0:     0x55a2fe938806 - std::backtrace_rs::backtrace::libunwind::trace::h261606ad26a499c1
[INFO] [stdout]                                at /rustc/0e09125c6c3c2fd70d7de961bcf0e51575235fad/library/std/src/../../backtrace/src/backtrace/libunwind.rs:104:5
[INFO] [stdout]    1:     0x55a2fe938806 - std::backtrace_rs::backtrace::trace_unsynchronized::hd183f0625477fb28
[INFO] [stdout]                                at /rustc/0e09125c6c3c2fd70d7de961bcf0e51575235fad/library/std/src/../../backtrace/src/backtrace/mod.rs:66:5
[INFO] [stdout]    2:     0x55a2fe938806 - std::sys_common::backtrace::_print_fmt::hd7f8fef21b4eda67
[INFO] [stdout]                                at /rustc/0e09125c6c3c2fd70d7de961bcf0e51575235fad/library/std/src/sys_common/backtrace.rs:68:5
[INFO] [stdout]    3:     0x55a2fe938806 - <std::sys_common::backtrace::_print::DisplayBacktrace as core::fmt::Display>::fmt::h623d9b51f2f453f1
[INFO] [stdout]                                at /rustc/0e09125c6c3c2fd70d7de961bcf0e51575235fad/library/std/src/sys_common/backtrace.rs:44:22
[INFO] [stdout]    4:     0x55a2fe964430 - core::fmt::rt::Argument::fmt::h9f417ac76a86f368
[INFO] [stdout]                                at /rustc/0e09125c6c3c2fd70d7de961bcf0e51575235fad/library/core/src/fmt/rt.rs:142:9
[INFO] [stdout]    5:     0x55a2fe964430 - core::fmt::write::hc9b6faf4ac2aeff7
[INFO] [stdout]                                at /rustc/0e09125c6c3c2fd70d7de961bcf0e51575235fad/library/core/src/fmt/mod.rs:1120:17
[INFO] [stdout]    6:     0x55a2fe93626f - std::io::Write::write_fmt::he04625a3a989fec3
[INFO] [stdout]                                at /rustc/0e09125c6c3c2fd70d7de961bcf0e51575235fad/library/std/src/io/mod.rs:1810:15
[INFO] [stdout]    7:     0x55a2fe9385e4 - std::sys_common::backtrace::_print::hd5d66399c7df88a2
[INFO] [stdout]                                at /rustc/0e09125c6c3c2fd70d7de961bcf0e51575235fad/library/std/src/sys_common/backtrace.rs:47:5
[INFO] [stdout]    8:     0x55a2fe9385e4 - std::sys_common::backtrace::print::he81ed2da642d37e5
[INFO] [stdout]                                at /rustc/0e09125c6c3c2fd70d7de961bcf0e51575235fad/library/std/src/sys_common/backtrace.rs:34:9
[INFO] [stdout]    9:     0x55a2fe93a357 - std::panicking::default_hook::{{closure}}::h85773f4fa117163d
[INFO] [stdout]   10:     0x55a2fe93a03d - std::panicking::default_hook::h6a1694a91d09b278
[INFO] [stdout]                                at /rustc/0e09125c6c3c2fd70d7de961bcf0e51575235fad/library/std/src/panicking.rs:289:9
[INFO] [stdout]   11:     0x55a2fe7f11d7 - <alloc::boxed::Box<F,A> as core::ops::function::Fn<Args>>::call::h616ac37fa3cd6c8f
[INFO] [stdout]                                at /rustc/0e09125c6c3c2fd70d7de961bcf0e51575235fad/library/alloc/src/boxed.rs:2029:9
[INFO] [stdout]   12:     0x55a2fe7f11d7 - test::test_main::{{closure}}::h00d84697cefdcbb6
[INFO] [stdout]                                at /rustc/0e09125c6c3c2fd70d7de961bcf0e51575235fad/library/test/src/lib.rs:138:21
[INFO] [stdout]   13:     0x55a2fe93a976 - <alloc::boxed::Box<F,A> as core::ops::function::Fn<Args>>::call::hcb3fe3b9bb537ba8
[INFO] [stdout]                                at /rustc/0e09125c6c3c2fd70d7de961bcf0e51575235fad/library/alloc/src/boxed.rs:2029:9
[INFO] [stdout]   14:     0x55a2fe93a976 - std::panicking::rust_panic_with_hook::h0a7ad96e90f7145b
[INFO] [stdout]                                at /rustc/0e09125c6c3c2fd70d7de961bcf0e51575235fad/library/std/src/panicking.rs:783:13
[INFO] [stdout]   15:     0x55a2fe93a6c2 - std::panicking::begin_panic_handler::{{closure}}::h7919090525c6485e
[INFO] [stdout]                                at /rustc/0e09125c6c3c2fd70d7de961bcf0e51575235fad/library/std/src/panicking.rs:657:13
[INFO] [stdout]   16:     0x55a2fe938d06 - std::sys_common::backtrace::__rust_end_short_backtrace::hf3289479464f7dfe
[INFO] [stdout]                                at /rustc/0e09125c6c3c2fd70d7de961bcf0e51575235fad/library/std/src/sys_common/backtrace.rs:171:18
[INFO] [stdout]   17:     0x55a2fe93a420 - rust_begin_unwind
[INFO] [stdout]                                at /rustc/0e09125c6c3c2fd70d7de961bcf0e51575235fad/library/std/src/panicking.rs:645:5
[INFO] [stdout]   18:     0x55a2fe5ac125 - core::panicking::panic_fmt::hcc9f77c5c132af55
[INFO] [stdout]                                at /rustc/0e09125c6c3c2fd70d7de961bcf0e51575235fad/library/core/src/panicking.rs:72:14
[INFO] [stdout]   19:     0x55a2fe5ac59b - core::panicking::assert_failed_inner::h9f13e27dd63c3a08
[INFO] [stdout]                                at /rustc/0e09125c6c3c2fd70d7de961bcf0e51575235fad/library/core/src/panicking.rs:342:17
[INFO] [stdout]   20:     0x55a2fe90f16e - core::panicking::assert_failed::h68636d2d14ab9111
[INFO] [stdout]                                at /rustc/0e09125c6c3c2fd70d7de961bcf0e51575235fad/library/core/src/panicking.rs:297:5
[INFO] [stdout]   21:     0x55a2fe77742d - xmpp_parsers::bob::tests::test_size::hf5ef76013b3abc9e
[INFO] [stdout]                                at /opt/rustwide/workdir/src/bob.rs:104:9
[INFO] [stdout]   22:     0x55a2fe777397 - xmpp_parsers::bob::tests::test_size::{{closure}}::hf1ca9a728df3dd4c
[INFO] [stdout]                                at /opt/rustwide/workdir/src/bob.rs:103:19
[INFO] [stdout]   23:     0x55a2fe6be8f6 - core::ops::function::FnOnce::call_once::hc35eb46125e758d2
[INFO] [stdout]                                at /rustc/0e09125c6c3c2fd70d7de961bcf0e51575235fad/library/core/src/ops/function.rs:250:5
[INFO] [stdout]   24:     0x55a2fe7f6aaf - core::ops::function::FnOnce::call_once::hd64d26f405258157
[INFO] [stdout]                                at /rustc/0e09125c6c3c2fd70d7de961bcf0e51575235fad/library/core/src/ops/function.rs:250:5
[INFO] [stdout]   25:     0x55a2fe7f6aaf - test::__rust_begin_short_backtrace::he21b0b7a6d731bf9
[INFO] [stdout]                                at /rustc/0e09125c6c3c2fd70d7de961bcf0e51575235fad/library/test/src/lib.rs:627:18
[INFO] [stdout]   26:     0x55a2fe7f5831 - test::run_test_in_process::{{closure}}::hf5c73986d7bdfde2
[INFO] [stdout]                                at /rustc/0e09125c6c3c2fd70d7de961bcf0e51575235fad/library/test/src/lib.rs:650:60
[INFO] [stdout]   27:     0x55a2fe7f5831 - <core::panic::unwind_safe::AssertUnwindSafe<F> as core::ops::function::FnOnce<()>>::call_once::h330011ad032aadc0
[INFO] [stdout]                                at /rustc/0e09125c6c3c2fd70d7de961bcf0e51575235fad/library/core/src/panic/unwind_safe.rs:272:9
[INFO] [stdout]   28:     0x55a2fe7f5831 - std::panicking::try::do_call::he61b0a958b795a41
[INFO] [stdout]                                at /rustc/0e09125c6c3c2fd70d7de961bcf0e51575235fad/library/std/src/panicking.rs:552:40
[INFO] [stdout]   29:     0x55a2fe7f5831 - std::panicking::try::h7309da130f906eb7
[INFO] [stdout]                                at /rustc/0e09125c6c3c2fd70d7de961bcf0e51575235fad/library/std/src/panicking.rs:516:19
[INFO] [stdout]   30:     0x55a2fe7f5831 - std::panic::catch_unwind::hc5c3a06fdaf0a92a
[INFO] [stdout]                                at /rustc/0e09125c6c3c2fd70d7de961bcf0e51575235fad/library/std/src/panic.rs:142:14
[INFO] [stdout]   31:     0x55a2fe7f5831 - test::run_test_in_process::h7e7b7c71c3324e0f
[INFO] [stdout]                                at /rustc/0e09125c6c3c2fd70d7de961bcf0e51575235fad/library/test/src/lib.rs:650:27
[INFO] [stdout]   32:     0x55a2fe7f5831 - test::run_test::{{closure}}::h1f509f28f5cf20b1
[INFO] [stdout]                                at /rustc/0e09125c6c3c2fd70d7de961bcf0e51575235fad/library/test/src/lib.rs:573:43
[INFO] [stdout]   33:     0x55a2fe7bcb66 - test::run_test::{{closure}}::h1754218abf443f6d
[INFO] [stdout]                                at /rustc/0e09125c6c3c2fd70d7de961bcf0e51575235fad/library/test/src/lib.rs:601:41
[INFO] [stdout]   34:     0x55a2fe7bcb66 - std::sys_common::backtrace::__rust_begin_short_backtrace::h2ee174b9d5954948
[INFO] [stdout]                                at /rustc/0e09125c6c3c2fd70d7de961bcf0e51575235fad/library/std/src/sys_common/backtrace.rs:155:18
[INFO] [stdout]   35:     0x55a2fe7c1bc7 - std::thread::Builder::spawn_unchecked_::{{closure}}::{{closure}}::hf60bee9c1a17ef09
[INFO] [stdout]                                at /rustc/0e09125c6c3c2fd70d7de961bcf0e51575235fad/library/std/src/thread/mod.rs:529:17
[INFO] [stdout]   36:     0x55a2fe7c1bc7 - <core::panic::unwind_safe::AssertUnwindSafe<F> as core::ops::function::FnOnce<()>>::call_once::h33d0dddec5216160
[INFO] [stdout]                                at /rustc/0e09125c6c3c2fd70d7de961bcf0e51575235fad/library/core/src/panic/unwind_safe.rs:272:9
[INFO] [stdout]   37:     0x55a2fe7c1bc7 - std::panicking::try::do_call::h144b3048b546f835
[INFO] [stdout]                                at /rustc/0e09125c6c3c2fd70d7de961bcf0e51575235fad/library/std/src/panicking.rs:552:40
[INFO] [stdout]   38:     0x55a2fe7c1bc7 - std::panicking::try::h978244d04646189f
[INFO] [stdout]                                at /rustc/0e09125c6c3c2fd70d7de961bcf0e51575235fad/library/std/src/panicking.rs:516:19
[INFO] [stdout]   39:     0x55a2fe7c1bc7 - std::panic::catch_unwind::hdf436369d188fe86
[INFO] [stdout]                                at /rustc/0e09125c6c3c2fd70d7de961bcf0e51575235fad/library/std/src/panic.rs:142:14
[INFO] [stdout]   40:     0x55a2fe7c1bc7 - std::thread::Builder::spawn_unchecked_::{{closure}}::h87329cbdd33c79ec
[INFO] [stdout]                                at /rustc/0e09125c6c3c2fd70d7de961bcf0e51575235fad/library/std/src/thread/mod.rs:528:30
[INFO] [stdout]   41:     0x55a2fe7c1bc7 - core::ops::function::FnOnce::call_once{{vtable.shim}}::h401abbe67897d450
[INFO] [stdout]                                at /rustc/0e09125c6c3c2fd70d7de961bcf0e51575235fad/library/core/src/ops/function.rs:250:5
[INFO] [stdout]   42:     0x55a2fe93f425 - <alloc::boxed::Box<F,A> as core::ops::function::FnOnce<Args>>::call_once::h5d7c8f150ab9c84c
[INFO] [stdout]                                at /rustc/0e09125c6c3c2fd70d7de961bcf0e51575235fad/library/alloc/src/boxed.rs:2015:9
[INFO] [stdout]   43:     0x55a2fe93f425 - <alloc::boxed::Box<F,A> as core::ops::function::FnOnce<Args>>::call_once::h570d5b005c242c15
[INFO] [stdout]                                at /rustc/0e09125c6c3c2fd70d7de961bcf0e51575235fad/library/alloc/src/boxed.rs:2015:9
[INFO] [stdout]   44:     0x55a2fe93f425 - std::sys::unix::thread::Thread::new::thread_start::h36b0a20c0b2361ad
[INFO] [stdout]                                at /rustc/0e09125c6c3c2fd70d7de961bcf0e51575235fad/library/std/src/sys/unix/thread.rs:108:17
[INFO] [stdout]   45:     0x7fea8740fac3 - <unknown>
[INFO] [stdout]   46:     0x7fea874a0bf4 - __clone
[INFO] [stdout]   47:                0x0 - <unknown>
[INFO] [stdout] 
[INFO] [stdout] ---- caps::tests::test_size stdout ----
[INFO] [stdout] thread 'caps::tests::test_size' panicked at src/caps.rs:232:9:
[INFO] [stdout] assertion `left == right` failed
[INFO] [stdout]   left: 96
[INFO] [stdout]  right: 104
[INFO] [stdout] stack backtrace:
[INFO] [stdout]    0:     0x55a2fe938806 - std::backtrace_rs::backtrace::libunwind::trace::h261606ad26a499c1
[INFO] [stdout]                                at /rustc/0e09125c6c3c2fd70d7de961bcf0e51575235fad/library/std/src/../../backtrace/src/backtrace/libunwind.rs:104:5
[INFO] [stdout]    1:     0x55a2fe938806 - std::backtrace_rs::backtrace::trace_unsynchronized::hd183f0625477fb28
[INFO] [stdout]                                at /rustc/0e09125c6c3c2fd70d7de961bcf0e51575235fad/library/std/src/../../backtrace/src/backtrace/mod.rs:66:5
[INFO] [stdout]    2:     0x55a2fe938806 - std::sys_common::backtrace::_print_fmt::hd7f8fef21b4eda67
[INFO] [stdout]                                at /rustc/0e09125c6c3c2fd70d7de961bcf0e51575235fad/library/std/src/sys_common/backtrace.rs:68:5
[INFO] [stdout]    3:     0x55a2fe938806 - <std::sys_common::backtrace::_print::DisplayBacktrace as core::fmt::Display>::fmt::h623d9b51f2f453f1
[INFO] [stdout]                                at /rustc/0e09125c6c3c2fd70d7de961bcf0e51575235fad/library/std/src/sys_common/backtrace.rs:44:22
[INFO] [stdout]    4:     0x55a2fe964430 - core::fmt::rt::Argument::fmt::h9f417ac76a86f368
[INFO] [stdout]                                at /rustc/0e09125c6c3c2fd70d7de961bcf0e51575235fad/library/core/src/fmt/rt.rs:142:9
[INFO] [stdout]    5:     0x55a2fe964430 - core::fmt::write::hc9b6faf4ac2aeff7
[INFO] [stdout]                                at /rustc/0e09125c6c3c2fd70d7de961bcf0e51575235fad/library/core/src/fmt/mod.rs:1120:17
[INFO] [stdout]    6:     0x55a2fe93626f - std::io::Write::write_fmt::he04625a3a989fec3
[INFO] [stdout]                                at /rustc/0e09125c6c3c2fd70d7de961bcf0e51575235fad/library/std/src/io/mod.rs:1810:15
[INFO] [stdout]    7:     0x55a2fe9385e4 - std::sys_common::backtrace::_print::hd5d66399c7df88a2
[INFO] [stdout]                                at /rustc/0e09125c6c3c2fd70d7de961bcf0e51575235fad/library/std/src/sys_common/backtrace.rs:47:5
[INFO] [stdout]    8:     0x55a2fe9385e4 - std::sys_common::backtrace::print::he81ed2da642d37e5
[INFO] [stdout]                                at /rustc/0e09125c6c3c2fd70d7de961bcf0e51575235fad/library/std/src/sys_common/backtrace.rs:34:9
[INFO] [stdout]    9:     0x55a2fe93a357 - std::panicking::default_hook::{{closure}}::h85773f4fa117163d
[INFO] [stdout]   10:     0x55a2fe93a03d - std::panicking::default_hook::h6a1694a91d09b278
[INFO] [stdout]                                at /rustc/0e09125c6c3c2fd70d7de961bcf0e51575235fad/library/std/src/panicking.rs:289:9
[INFO] [stdout]   11:     0x55a2fe7f11d7 - <alloc::boxed::Box<F,A> as core::ops::function::Fn<Args>>::call::h616ac37fa3cd6c8f
[INFO] [stdout]                                at /rustc/0e09125c6c3c2fd70d7de961bcf0e51575235fad/library/alloc/src/boxed.rs:2029:9
[INFO] [stdout]   12:     0x55a2fe7f11d7 - test::test_main::{{closure}}::h00d84697cefdcbb6
[INFO] [stdout]                                at /rustc/0e09125c6c3c2fd70d7de961bcf0e51575235fad/library/test/src/lib.rs:138:21
[INFO] [stdout]   13:     0x55a2fe93a976 - <alloc::boxed::Box<F,A> as core::ops::function::Fn<Args>>::call::hcb3fe3b9bb537ba8
[INFO] [stdout]                                at /rustc/0e09125c6c3c2fd70d7de961bcf0e51575235fad/library/alloc/src/boxed.rs:2029:9
[INFO] [stdout]   14:     0x55a2fe93a976 - std::panicking::rust_panic_with_hook::h0a7ad96e90f7145b
[INFO] [stdout]                                at /rustc/0e09125c6c3c2fd70d7de961bcf0e51575235fad/library/std/src/panicking.rs:783:13
[INFO] [stdout]   15:     0x55a2fe93a6c2 - std::panicking::begin_panic_handler::{{closure}}::h7919090525c6485e
[INFO] [stdout]                                at /rustc/0e09125c6c3c2fd70d7de961bcf0e51575235fad/library/std/src/panicking.rs:657:13
[INFO] [stdout]   16:     0x55a2fe938d06 - std::sys_common::backtrace::__rust_end_short_backtrace::hf3289479464f7dfe
[INFO] [stdout]                                at /rustc/0e09125c6c3c2fd70d7de961bcf0e51575235fad/library/std/src/sys_common/backtrace.rs:171:18
[INFO] [stdout]   17:     0x55a2fe93a420 - rust_begin_unwind
[INFO] [stdout]                                at /rustc/0e09125c6c3c2fd70d7de961bcf0e51575235fad/library/std/src/panicking.rs:645:5
[INFO] [stdout]   18:     0x55a2fe5ac125 - core::panicking::panic_fmt::hcc9f77c5c132af55
[INFO] [stdout]                                at /rustc/0e09125c6c3c2fd70d7de961bcf0e51575235fad/library/core/src/panicking.rs:72:14
[INFO] [stdout]   19:     0x55a2fe5ac59b - core::panicking::assert_failed_inner::h9f13e27dd63c3a08
[INFO] [stdout]                                at /rustc/0e09125c6c3c2fd70d7de961bcf0e51575235fad/library/core/src/panicking.rs:342:17
[INFO] [stdout]   20:     0x55a2fe90f16e - core::panicking::assert_failed::h68636d2d14ab9111
[INFO] [stdout]                                at /rustc/0e09125c6c3c2fd70d7de961bcf0e51575235fad/library/core/src/panicking.rs:297:5
[INFO] [stdout]   21:     0x55a2fe6d4e22 - xmpp_parsers::caps::tests::test_size::hfbdff2514204db88
[INFO] [stdout]                                at /opt/rustwide/workdir/src/caps.rs:232:9
[INFO] [stdout]   22:     0x55a2fe6d4d97 - xmpp_parsers::caps::tests::test_size::{{closure}}::hfe76b48c2aa38def
[INFO] [stdout]                                at /opt/rustwide/workdir/src/caps.rs:231:19
[INFO] [stdout]   23:     0x55a2fe6bed06 - core::ops::function::FnOnce::call_once::hcb6a821bb0794fe3
[INFO] [stdout]                                at /rustc/0e09125c6c3c2fd70d7de961bcf0e51575235fad/library/core/src/ops/function.rs:250:5
[INFO] [stdout]   24:     0x55a2fe7f6aaf - core::ops::function::FnOnce::call_once::hd64d26f405258157
[INFO] [stdout]                                at /rustc/0e09125c6c3c2fd70d7de961bcf0e51575235fad/library/core/src/ops/function.rs:250:5
[INFO] [stdout]   25:     0x55a2fe7f6aaf - test::__rust_begin_short_backtrace::he21b0b7a6d731bf9
[INFO] [stdout]                                at /rustc/0e09125c6c3c2fd70d7de961bcf0e51575235fad/library/test/src/lib.rs:627:18
[INFO] [stdout]   26:     0x55a2fe7f5831 - test::run_test_in_process::{{closure}}::hf5c73986d7bdfde2
[INFO] [stdout]                                at /rustc/0e09125c6c3c2fd70d7de961bcf0e51575235fad/library/test/src/lib.rs:650:60
[INFO] [stdout]   27:     0x55a2fe7f5831 - <core::panic::unwind_safe::AssertUnwindSafe<F> as core::ops::function::FnOnce<()>>::call_once::h330011ad032aadc0
[INFO] [stdout]                                at /rustc/0e09125c6c3c2fd70d7de961bcf0e51575235fad/library/core/src/panic/unwind_safe.rs:272:9
[INFO] [stdout]   28:     0x55a2fe7f5831 - std::panicking::try::do_call::he61b0a958b795a41
[INFO] [stdout]                                at /rustc/0e09125c6c3c2fd70d7de961bcf0e51575235fad/library/std/src/panicking.rs:552:40
[INFO] [stdout]   29:     0x55a2fe7f5831 - std::panicking::try::h7309da130f906eb7
[INFO] [stdout]                                at /rustc/0e09125c6c3c2fd70d7de961bcf0e51575235fad/library/std/src/panicking.rs:516:19
[INFO] [stdout]   30:     0x55a2fe7f5831 - std::panic::catch_unwind::hc5c3a06fdaf0a92a
[INFO] [stdout]                                at /rustc/0e09125c6c3c2fd70d7de961bcf0e51575235fad/library/std/src/panic.rs:142:14
[INFO] [stdout]   31:     0x55a2fe7f5831 - test::run_test_in_process::h7e7b7c71c3324e0f
[INFO] [stdout]                                at /rustc/0e09125c6c3c2fd70d7de961bcf0e51575235fad/library/test/src/lib.rs:650:27
[INFO] [stdout]   32:     0x55a2fe7f5831 - test::run_test::{{closure}}::h1f509f28f5cf20b1
[INFO] [stdout]                                at /rustc/0e09125c6c3c2fd70d7de961bcf0e51575235fad/library/test/src/lib.rs:573:43
[INFO] [stdout]   33:     0x55a2fe7bcb66 - test::run_test::{{closure}}::h1754218abf443f6d
[INFO] [stdout]                                at /rustc/0e09125c6c3c2fd70d7de961bcf0e51575235fad/library/test/src/lib.rs:601:41
[INFO] [stdout]   34:     0x55a2fe7bcb66 - std::sys_common::backtrace::__rust_begin_short_backtrace::h2ee174b9d5954948
[INFO] [stdout]                                at /rustc/0e09125c6c3c2fd70d7de961bcf0e51575235fad/library/std/src/sys_common/backtrace.rs:155:18
[INFO] [stdout]   35:     0x55a2fe7c1bc7 - std::thread::Builder::spawn_unchecked_::{{closure}}::{{closure}}::hf60bee9c1a17ef09
[INFO] [stdout]                                at /rustc/0e09125c6c3c2fd70d7de961bcf0e51575235fad/library/std/src/thread/mod.rs:529:17
[INFO] [stdout]   36:     0x55a2fe7c1bc7 - <core::panic::unwind_safe::AssertUnwindSafe<F> as core::ops::function::FnOnce<()>>::call_once::h33d0dddec5216160
[INFO] [stdout]                                at /rustc/0e09125c6c3c2fd70d7de961bcf0e51575235fad/library/core/src/panic/unwind_safe.rs:272:9
[INFO] [stdout]   37:     0x55a2fe7c1bc7 - std::panicking::try::do_call::h144b3048b546f835
[INFO] [stdout]                                at /rustc/0e09125c6c3c2fd70d7de961bcf0e51575235fad/library/std/src/panicking.rs:552:40
[INFO] [stdout]   38:     0x55a2fe7c1bc7 - std::panicking::try::h978244d04646189f
[INFO] [stdout]                                at /rustc/0e09125c6c3c2fd70d7de961bcf0e51575235fad/library/std/src/panicking.rs:516:19
[INFO] [stdout]   39:     0x55a2fe7c1bc7 - std::panic::catch_unwind::hdf436369d188fe86
[INFO] [stdout]                                at /rustc/0e09125c6c3c2fd70d7de961bcf0e51575235fad/library/std/src/panic.rs:142:14
[INFO] [stdout]   40:     0x55a2fe7c1bc7 - std::thread::Builder::spawn_unchecked_::{{closure}}::h87329cbdd33c79ec
[INFO] [stdout]                                at /rustc/0e09125c6c3c2fd70d7de961bcf0e51575235fad/library/std/src/thread/mod.rs:528:30
[INFO] [stdout]   41:     0x55a2fe7c1bc7 - core::ops::function::FnOnce::call_once{{vtable.shim}}::h401abbe67897d450
[INFO] [stdout]                                at /rustc/0e09125c6c3c2fd70d7de961bcf0e51575235fad/library/core/src/ops/function.rs:250:5
[INFO] [stdout]   42:     0x55a2fe93f425 - <alloc::boxed::Box<F,A> as core::ops::function::FnOnce<Args>>::call_once::h5d7c8f150ab9c84c
[INFO] [stdout]                                at /rustc/0e09125c6c3c2fd70d7de961bcf0e51575235fad/library/alloc/src/boxed.rs:2015:9
[INFO] [stdout]   43:     0x55a2fe93f425 - <alloc::boxed::Box<F,A> as core::ops::function::FnOnce<Args>>::call_once::h570d5b005c242c15
[INFO] [stdout]                                at /rustc/0e09125c6c3c2fd70d7de961bcf0e51575235fad/library/alloc/src/boxed.rs:2015:9
[INFO] [stdout]   44:     0x55a2fe93f425 - std::sys::unix::thread::Thread::new::thread_start::h36b0a20c0b2361ad
[INFO] [stdout]                                at /rustc/0e09125c6c3c2fd70d7de961bcf0e51575235fad/library/std/src/sys/unix/thread.rs:108:17
[INFO] [stdout]   45:     0x7fea8740fac3 - <unknown>
[INFO] [stdout]   46:     0x7fea874a0bf4 - __clone
[INFO] [stdout]   47:                0x0 - <unknown>
[INFO] [stdout] 
[INFO] [stdout] ---- hashes::tests::test_size stdout ----
[INFO] [stdout] thread 'hashes::tests::test_size' panicked at src/hashes.rs:220:9:
[INFO] [stdout] assertion `left == right` failed
[INFO] [stdout]   left: 24
[INFO] [stdout]  right: 32
[INFO] [stdout] stack backtrace:
[INFO] [stdout]    0:     0x55a2fe938806 - std::backtrace_rs::backtrace::libunwind::trace::h261606ad26a499c1
[INFO] [stdout]                                at /rustc/0e09125c6c3c2fd70d7de961bcf0e51575235fad/library/std/src/../../backtrace/src/backtrace/libunwind.rs:104:5
[INFO] [stdout]    1:     0x55a2fe938806 - std::backtrace_rs::backtrace::trace_unsynchronized::hd183f0625477fb28
[INFO] [stdout]                                at /rustc/0e09125c6c3c2fd70d7de961bcf0e51575235fad/library/std/src/../../backtrace/src/backtrace/mod.rs:66:5
[INFO] [stdout]    2:     0x55a2fe938806 - std::sys_common::backtrace::_print_fmt::hd7f8fef21b4eda67
[INFO] [stdout]                                at /rustc/0e09125c6c3c2fd70d7de961bcf0e51575235fad/library/std/src/sys_common/backtrace.rs:68:5
[INFO] [stdout]    3:     0x55a2fe938806 - <std::sys_common::backtrace::_print::DisplayBacktrace as core::fmt::Display>::fmt::h623d9b51f2f453f1
[INFO] [stdout]                                at /rustc/0e09125c6c3c2fd70d7de961bcf0e51575235fad/library/std/src/sys_common/backtrace.rs:44:22
[INFO] [stdout]    4:     0x55a2fe964430 - core::fmt::rt::Argument::fmt::h9f417ac76a86f368
[INFO] [stdout]                                at /rustc/0e09125c6c3c2fd70d7de961bcf0e51575235fad/library/core/src/fmt/rt.rs:142:9
[INFO] [stdout]    5:     0x55a2fe964430 - core::fmt::write::hc9b6faf4ac2aeff7
[INFO] [stdout]                                at /rustc/0e09125c6c3c2fd70d7de961bcf0e51575235fad/library/core/src/fmt/mod.rs:1120:17
[INFO] [stdout]    6:     0x55a2fe93626f - std::io::Write::write_fmt::he04625a3a989fec3
[INFO] [stdout]                                at /rustc/0e09125c6c3c2fd70d7de961bcf0e51575235fad/library/std/src/io/mod.rs:1810:15
[INFO] [stdout]    7:     0x55a2fe9385e4 - std::sys_common::backtrace::_print::hd5d66399c7df88a2
[INFO] [stdout]                                at /rustc/0e09125c6c3c2fd70d7de961bcf0e51575235fad/library/std/src/sys_common/backtrace.rs:47:5
[INFO] [stdout]    8:     0x55a2fe9385e4 - std::sys_common::backtrace::print::he81ed2da642d37e5
[INFO] [stdout]                                at /rustc/0e09125c6c3c2fd70d7de961bcf0e51575235fad/library/std/src/sys_common/backtrace.rs:34:9
[INFO] [stdout]    9:     0x55a2fe93a357 - std::panicking::default_hook::{{closure}}::h85773f4fa117163d
[INFO] [stdout]   10:     0x55a2fe93a03d - std::panicking::default_hook::h6a1694a91d09b278
[INFO] [stdout]                                at /rustc/0e09125c6c3c2fd70d7de961bcf0e51575235fad/library/std/src/panicking.rs:289:9
[INFO] [stdout]   11:     0x55a2fe7f11d7 - <alloc::boxed::Box<F,A> as core::ops::function::Fn<Args>>::call::h616ac37fa3cd6c8f
[INFO] [stdout]                                at /rustc/0e09125c6c3c2fd70d7de961bcf0e51575235fad/library/alloc/src/boxed.rs:2029:9
[INFO] [stdout]   12:     0x55a2fe7f11d7 - test::test_main::{{closure}}::h00d84697cefdcbb6
[INFO] [stdout]                                at /rustc/0e09125c6c3c2fd70d7de961bcf0e51575235fad/library/test/src/lib.rs:138:21
[INFO] [stdout]   13:     0x55a2fe93a976 - <alloc::boxed::Box<F,A> as core::ops::function::Fn<Args>>::call::hcb3fe3b9bb537ba8
[INFO] [stdout]                                at /rustc/0e09125c6c3c2fd70d7de961bcf0e51575235fad/library/alloc/src/boxed.rs:2029:9
[INFO] [stdout]   14:     0x55a2fe93a976 - std::panicking::rust_panic_with_hook::h0a7ad96e90f7145b
[INFO] [stdout]                                at /rustc/0e09125c6c3c2fd70d7de961bcf0e51575235fad/library/std/src/panicking.rs:783:13
[INFO] [stdout]   15:     0x55a2fe93a6c2 - std::panicking::begin_panic_handler::{{closure}}::h7919090525c6485e
[INFO] [stdout]                                at /rustc/0e09125c6c3c2fd70d7de961bcf0e51575235fad/library/std/src/panicking.rs:657:13
[INFO] [stdout]   16:     0x55a2fe938d06 - std::sys_common::backtrace::__rust_end_short_backtrace::hf3289479464f7dfe
[INFO] [stdout]                                at /rustc/0e09125c6c3c2fd70d7de961bcf0e51575235fad/library/std/src/sys_common/backtrace.rs:171:18
[INFO] [stdout]   17:     0x55a2fe93a420 - rust_begin_unwind
[INFO] [stdout]                                at /rustc/0e09125c6c3c2fd70d7de961bcf0e51575235fad/library/std/src/panicking.rs:645:5
[INFO] [stdout]   18:     0x55a2fe5ac125 - core::panicking::panic_fmt::hcc9f77c5c132af55
[INFO] [stdout]                                at /rustc/0e09125c6c3c2fd70d7de961bcf0e51575235fad/library/core/src/panicking.rs:72:14
[INFO] [stdout]   19:     0x55a2fe5ac59b - core::panicking::assert_failed_inner::h9f13e27dd63c3a08
[INFO] [stdout]                                at /rustc/0e09125c6c3c2fd70d7de961bcf0e51575235fad/library/core/src/panicking.rs:342:17
[INFO] [stdout]   20:     0x55a2fe90f16e - core::panicking::assert_failed::h68636d2d14ab9111
[INFO] [stdout]                                at /rustc/0e09125c6c3c2fd70d7de961bcf0e51575235fad/library/core/src/panicking.rs:297:5
[INFO] [stdout]   21:     0x55a2fe79d96d - xmpp_parsers::hashes::tests::test_size::h466c7cc1ee91ade4
[INFO] [stdout]                                at /opt/rustwide/workdir/src/hashes.rs:220:9
[INFO] [stdout]   22:     0x55a2fe79d8d7 - xmpp_parsers::hashes::tests::test_size::{{closure}}::h86b4ff94f26dc957
[INFO] [stdout]                                at /opt/rustwide/workdir/src/hashes.rs:219:19
[INFO] [stdout]   23:     0x55a2fe6bbbb6 - core::ops::function::FnOnce::call_once::h5a885a668b5b53f9
[INFO] [stdout]                                at /rustc/0e09125c6c3c2fd70d7de961bcf0e51575235fad/library/core/src/ops/function.rs:250:5
[INFO] [stdout]   24:     0x55a2fe7f6aaf - core::ops::function::FnOnce::call_once::hd64d26f405258157
[INFO] [stdout]                                at /rustc/0e09125c6c3c2fd70d7de961bcf0e51575235fad/library/core/src/ops/function.rs:250:5
[INFO] [stdout]   25:     0x55a2fe7f6aaf - test::__rust_begin_short_backtrace::he21b0b7a6d731bf9
[INFO] [stdout]                                at /rustc/0e09125c6c3c2fd70d7de961bcf0e51575235fad/library/test/src/lib.rs:627:18
[INFO] [stdout]   26:     0x55a2fe7f5831 - test::run_test_in_process::{{closure}}::hf5c73986d7bdfde2
[INFO] [stdout]                                at /rustc/0e09125c6c3c2fd70d7de961bcf0e51575235fad/library/test/src/lib.rs:650:60
[INFO] [stdout]   27:     0x55a2fe7f5831 - <core::panic::unwind_safe::AssertUnwindSafe<F> as core::ops::function::FnOnce<()>>::call_once::h330011ad032aadc0
[INFO] [stdout]                                at /rustc/0e09125c6c3c2fd70d7de961bcf0e51575235fad/library/core/src/panic/unwind_safe.rs:272:9
[INFO] [stdout]   28:     0x55a2fe7f5831 - std::panicking::try::do_call::he61b0a958b795a41
[INFO] [stdout]                                at /rustc/0e09125c6c3c2fd70d7de961bcf0e51575235fad/library/std/src/panicking.rs:552:40
[INFO] [stdout]   29:     0x55a2fe7f5831 - std::panicking::try::h7309da130f906eb7
[INFO] [stdout]                                at /rustc/0e09125c6c3c2fd70d7de961bcf0e51575235fad/library/std/src/panicking.rs:516:19
[INFO] [stdout]   30:     0x55a2fe7f5831 - std::panic::catch_unwind::hc5c3a06fdaf0a92a
[INFO] [stdout]                                at /rustc/0e09125c6c3c2fd70d7de961bcf0e51575235fad/library/std/src/panic.rs:142:14
[INFO] [stdout]   31:     0x55a2fe7f5831 - test::run_test_in_process::h7e7b7c71c3324e0f
[INFO] [stdout]                                at /rustc/0e09125c6c3c2fd70d7de961bcf0e51575235fad/library/test/src/lib.rs:650:27
[INFO] [stdout]   32:     0x55a2fe7f5831 - test::run_test::{{closure}}::h1f509f28f5cf20b1
[INFO] [stdout]                                at /rustc/0e09125c6c3c2fd70d7de961bcf0e51575235fad/library/test/src/lib.rs:573:43
[INFO] [stdout]   33:     0x55a2fe7bcb66 - test::run_test::{{closure}}::h1754218abf443f6d
[INFO] [stdout]                                at /rustc/0e09125c6c3c2fd70d7de961bcf0e51575235fad/library/test/src/lib.rs:601:41
[INFO] [stdout]   34:     0x55a2fe7bcb66 - std::sys_common::backtrace::__rust_begin_short_backtrace::h2ee174b9d5954948
[INFO] [stdout]                                at /rustc/0e09125c6c3c2fd70d7de961bcf0e51575235fad/library/std/src/sys_common/backtrace.rs:155:18
[INFO] [stdout]   35:     0x55a2fe7c1bc7 - std::thread::Builder::spawn_unchecked_::{{closure}}::{{closure}}::hf60bee9c1a17ef09
[INFO] [stdout]                                at /rustc/0e09125c6c3c2fd70d7de961bcf0e51575235fad/library/std/src/thread/mod.rs:529:17
[INFO] [stdout]   36:     0x55a2fe7c1bc7 - <core::panic::unwind_safe::AssertUnwindSafe<F> as core::ops::function::FnOnce<()>>::call_once::h33d0dddec5216160
[INFO] [stdout]                                at /rustc/0e09125c6c3c2fd70d7de961bcf0e51575235fad/library/core/src/panic/unwind_safe.rs:272:9
[INFO] [stdout]   37:     0x55a2fe7c1bc7 - std::panicking::try::do_call::h144b3048b546f835
[INFO] [stdout]                                at /rustc/0e09125c6c3c2fd70d7de961bcf0e51575235fad/library/std/src/panicking.rs:552:40
[INFO] [stdout]   38:     0x55a2fe7c1bc7 - std::panicking::try::h978244d04646189f
[INFO] [stdout]                                at /rustc/0e09125c6c3c2fd70d7de961bcf0e51575235fad/library/std/src/panicking.rs:516:19
[INFO] [stdout]   39:     0x55a2fe7c1bc7 - std::panic::catch_unwind::hdf436369d188fe86
[INFO] [stdout]                                at /rustc/0e09125c6c3c2fd70d7de961bcf0e51575235fad/library/std/src/panic.rs:142:14
[INFO] [stdout]   40:     0x55a2fe7c1bc7 - std::thread::Builder::spawn_unchecked_::{{closure}}::h87329cbdd33c79ec
[INFO] [stdout]                                at /rustc/0e09125c6c3c2fd70d7de961bcf0e51575235fad/library/std/src/thread/mod.rs:528:30
[INFO] [stdout]   41:     0x55a2fe7c1bc7 - core::ops::function::FnOnce::call_once{{vtable.shim}}::h401abbe67897d450
[INFO] [stdout]                                at /rustc/0e09125c6c3c2fd70d7de961bcf0e51575235fad/library/core/src/ops/function.rs:250:5
[INFO] [stdout]   42:     0x55a2fe93f425 - <alloc::boxed::Box<F,A> as core::ops::function::FnOnce<Args>>::call_once::h5d7c8f150ab9c84c
[INFO] [stdout]                                at /rustc/0e09125c6c3c2fd70d7de961bcf0e51575235fad/library/alloc/src/boxed.rs:2015:9
[INFO] [stdout]   43:     0x55a2fe93f425 - <alloc::boxed::Box<F,A> as core::ops::function::FnOnce<Args>>::call_once::h570d5b005c242c15
[INFO] [stdout]                                at /rustc/0e09125c6c3c2fd70d7de961bcf0e51575235fad/library/alloc/src/boxed.rs:2015:9
[INFO] [stdout]   44:     0x55a2fe93f425 - std::sys::unix::thread::Thread::new::thread_start::h36b0a20c0b2361ad
[INFO] [stdout]                                at /rustc/0e09125c6c3c2fd70d7de961bcf0e51575235fad/library/std/src/sys/unix/thread.rs:108:17
[INFO] [stdout]   45:     0x7fea8740fac3 - <unknown>
[INFO] [stdout]   46:     0x7fea874a0bf4 - __clone
[INFO] [stdout]   47:                0x0 - <unknown>
[INFO] [stdout] 
[INFO] [stdout] ---- jingle_dtls_srtp::tests::test_size stdout ----
[INFO] [stdout] thread 'jingle_dtls_srtp::tests::test_size' panicked at src/jingle_dtls_srtp.rs:89:9:
[INFO] [stdout] assertion `left == right` failed
[INFO] [stdout]   left: 56
[INFO] [stdout]  right: 64
[INFO] [stdout] stack backtrace:
[INFO] [stdout]    0:     0x55a2fe938806 - std::backtrace_rs::backtrace::libunwind::trace::h261606ad26a499c1
[INFO] [stdout]                                at /rustc/0e09125c6c3c2fd70d7de961bcf0e51575235fad/library/std/src/../../backtrace/src/backtrace/libunwind.rs:104:5
[INFO] [stdout]    1:     0x55a2fe938806 - std::backtrace_rs::backtrace::trace_unsynchronized::hd183f0625477fb28
[INFO] [stdout]                                at /rustc/0e09125c6c3c2fd70d7de961bcf0e51575235fad/library/std/src/../../backtrace/src/backtrace/mod.rs:66:5
[INFO] [stdout]    2:     0x55a2fe938806 - std::sys_common::backtrace::_print_fmt::hd7f8fef21b4eda67
[INFO] [stdout]                                at /rustc/0e09125c6c3c2fd70d7de961bcf0e51575235fad/library/std/src/sys_common/backtrace.rs:68:5
[INFO] [stdout]    3:     0x55a2fe938806 - <std::sys_common::backtrace::_print::DisplayBacktrace as core::fmt::Display>::fmt::h623d9b51f2f453f1
[INFO] [stdout]                                at /rustc/0e09125c6c3c2fd70d7de961bcf0e51575235fad/library/std/src/sys_common/backtrace.rs:44:22
[INFO] [stdout]    4:     0x55a2fe964430 - core::fmt::rt::Argument::fmt::h9f417ac76a86f368
[INFO] [stdout]                                at /rustc/0e09125c6c3c2fd70d7de961bcf0e51575235fad/library/core/src/fmt/rt.rs:142:9
[INFO] [stdout]    5:     0x55a2fe964430 - core::fmt::write::hc9b6faf4ac2aeff7
[INFO] [stdout]                                at /rustc/0e09125c6c3c2fd70d7de961bcf0e51575235fad/library/core/src/fmt/mod.rs:1120:17
[INFO] [stdout]    6:     0x55a2fe93626f - std::io::Write::write_fmt::he04625a3a989fec3
[INFO] [stdout]                                at /rustc/0e09125c6c3c2fd70d7de961bcf0e51575235fad/library/std/src/io/mod.rs:1810:15
[INFO] [stdout]    7:     0x55a2fe9385e4 - std::sys_common::backtrace::_print::hd5d66399c7df88a2
[INFO] [stdout]                                at /rustc/0e09125c6c3c2fd70d7de961bcf0e51575235fad/library/std/src/sys_common/backtrace.rs:47:5
[INFO] [stdout]    8:     0x55a2fe9385e4 - std::sys_common::backtrace::print::he81ed2da642d37e5
[INFO] [stdout]                                at /rustc/0e09125c6c3c2fd70d7de961bcf0e51575235fad/library/std/src/sys_common/backtrace.rs:34:9
[INFO] [stdout]    9:     0x55a2fe93a357 - std::panicking::default_hook::{{closure}}::h85773f4fa117163d
[INFO] [stdout]   10:     0x55a2fe93a03d - std::panicking::default_hook::h6a1694a91d09b278
[INFO] [stdout]                                at /rustc/0e09125c6c3c2fd70d7de961bcf0e51575235fad/library/std/src/panicking.rs:289:9
[INFO] [stdout]   11:     0x55a2fe7f11d7 - <alloc::boxed::Box<F,A> as core::ops::function::Fn<Args>>::call::h616ac37fa3cd6c8f
[INFO] [stdout]                                at /rustc/0e09125c6c3c2fd70d7de961bcf0e51575235fad/library/alloc/src/boxed.rs:2029:9
[INFO] [stdout]   12:     0x55a2fe7f11d7 - test::test_main::{{closure}}::h00d84697cefdcbb6
[INFO] [stdout]                                at /rustc/0e09125c6c3c2fd70d7de961bcf0e51575235fad/library/test/src/lib.rs:138:21
[INFO] [stdout]   13:     0x55a2fe93a976 - <alloc::boxed::Box<F,A> as core::ops::function::Fn<Args>>::call::hcb3fe3b9bb537ba8
[INFO] [stdout]                                at /rustc/0e09125c6c3c2fd70d7de961bcf0e51575235fad/library/alloc/src/boxed.rs:2029:9
[INFO] [stdout]   14:     0x55a2fe93a976 - std::panicking::rust_panic_with_hook::h0a7ad96e90f7145b
[INFO] [stdout]                                at /rustc/0e09125c6c3c2fd70d7de961bcf0e51575235fad/library/std/src/panicking.rs:783:13
[INFO] [stdout]   15:     0x55a2fe93a6c2 - std::panicking::begin_panic_handler::{{closure}}::h7919090525c6485e
[INFO] [stdout]                                at /rustc/0e09125c6c3c2fd70d7de961bcf0e51575235fad/library/std/src/panicking.rs:657:13
[INFO] [stdout]   16:     0x55a2fe938d06 - std::sys_common::backtrace::__rust_end_short_backtrace::hf3289479464f7dfe
[INFO] [stdout]                                at /rustc/0e09125c6c3c2fd70d7de961bcf0e51575235fad/library/std/src/sys_common/backtrace.rs:171:18
[INFO] [stdout]   17:     0x55a2fe93a420 - rust_begin_unwind
[INFO] [stdout]                                at /rustc/0e09125c6c3c2fd70d7de961bcf0e51575235fad/library/std/src/panicking.rs:645:5
[INFO] [stdout]   18:     0x55a2fe5ac125 - core::panicking::panic_fmt::hcc9f77c5c132af55
[INFO] [stdout]                                at /rustc/0e09125c6c3c2fd70d7de961bcf0e51575235fad/library/core/src/panicking.rs:72:14
[INFO] [stdout]   19:     0x55a2fe5ac59b - core::panicking::assert_failed_inner::h9f13e27dd63c3a08
[INFO] [stdout]                                at /rustc/0e09125c6c3c2fd70d7de961bcf0e51575235fad/library/core/src/panicking.rs:342:17
[INFO] [stdout]   20:     0x55a2fe90f16e - core::panicking::assert_failed::h68636d2d14ab9111
[INFO] [stdout]                                at /rustc/0e09125c6c3c2fd70d7de961bcf0e51575235fad/library/core/src/panicking.rs:297:5
[INFO] [stdout]   21:     0x55a2fe729cbf - xmpp_parsers::jingle_dtls_srtp::tests::test_size::h8c22a3b269b2a16e
[INFO] [stdout]                                at /opt/rustwide/workdir/src/jingle_dtls_srtp.rs:89:9
[INFO] [stdout]   22:     0x55a2fe729ba7 - xmpp_parsers::jingle_dtls_srtp::tests::test_size::{{closure}}::hc13b045c2255ee30
[INFO] [stdout]                                at /opt/rustwide/workdir/src/jingle_dtls_srtp.rs:87:19
[INFO] [stdout]   23:     0x55a2fe6be0b6 - core::ops::function::FnOnce::call_once::hb40a70b69fd530f9
[INFO] [stdout]                                at /rustc/0e09125c6c3c2fd70d7de961bcf0e51575235fad/library/core/src/ops/function.rs:250:5
[INFO] [stdout]   24:     0x55a2fe7f6aaf - core::ops::function::FnOnce::call_once::hd64d26f405258157
[INFO] [stdout]                                at /rustc/0e09125c6c3c2fd70d7de961bcf0e51575235fad/library/core/src/ops/function.rs:250:5
[INFO] [stdout]   25:     0x55a2fe7f6aaf - test::__rust_begin_short_backtrace::he21b0b7a6d731bf9
[INFO] [stdout]                                at /rustc/0e09125c6c3c2fd70d7de961bcf0e51575235fad/library/test/src/lib.rs:627:18
[INFO] [stdout]   26:     0x55a2fe7f5831 - test::run_test_in_process::{{closure}}::hf5c73986d7bdfde2
[INFO] [stdout]                                at /rustc/0e09125c6c3c2fd70d7de961bcf0e51575235fad/library/test/src/lib.rs:650:60
[INFO] [stdout]   27:     0x55a2fe7f5831 - <core::panic::unwind_safe::AssertUnwindSafe<F> as core::ops::function::FnOnce<()>>::call_once::h330011ad032aadc0
[INFO] [stdout]                                at /rustc/0e09125c6c3c2fd70d7de961bcf0e51575235fad/library/core/src/panic/unwind_safe.rs:272:9
[INFO] [stdout]   28:     0x55a2fe7f5831 - std::panicking::try::do_call::he61b0a958b795a41
[INFO] [stdout]                                at /rustc/0e09125c6c3c2fd70d7de961bcf0e51575235fad/library/std/src/panicking.rs:552:40
[INFO] [stdout]   29:     0x55a2fe7f5831 - std::panicking::try::h7309da130f906eb7
[INFO] [stdout]                                at /rustc/0e09125c6c3c2fd70d7de961bcf0e51575235fad/library/std/src/panicking.rs:516:19
[INFO] [stdout]   30:     0x55a2fe7f5831 - std::panic::catch_unwind::hc5c3a06fdaf0a92a
[INFO] [stdout]                                at /rustc/0e09125c6c3c2fd70d7de961bcf0e51575235fad/library/std/src/panic.rs:142:14
[INFO] [stdout]   31:     0x55a2fe7f5831 - test::run_test_in_process::h7e7b7c71c3324e0f
[INFO] [stdout]                                at /rustc/0e09125c6c3c2fd70d7de961bcf0e51575235fad/library/test/src/lib.rs:650:27
[INFO] [stdout]   32:     0x55a2fe7f5831 - test::run_test::{{closure}}::h1f509f28f5cf20b1
[INFO] [stdout]                                at /rustc/0e09125c6c3c2fd70d7de961bcf0e51575235fad/library/test/src/lib.rs:573:43
[INFO] [stdout]   33:     0x55a2fe7bcb66 - test::run_test::{{closure}}::h1754218abf443f6d
[INFO] [stdout]                                at /rustc/0e09125c6c3c2fd70d7de961bcf0e51575235fad/library/test/src/lib.rs:601:41
[INFO] [stdout]   34:     0x55a2fe7bcb66 - std::sys_common::backtrace::__rust_begin_short_backtrace::h2ee174b9d5954948
[INFO] [stdout]                                at /rustc/0e09125c6c3c2fd70d7de961bcf0e51575235fad/library/std/src/sys_common/backtrace.rs:155:18
[INFO] [stdout]   35:     0x55a2fe7c1bc7 - std::thread::Builder::spawn_unchecked_::{{closure}}::{{closure}}::hf60bee9c1a17ef09
[INFO] [stdout]                                at /rustc/0e09125c6c3c2fd70d7de961bcf0e51575235fad/library/std/src/thread/mod.rs:529:17
[INFO] [stdout]   36:     0x55a2fe7c1bc7 - <core::panic::unwind_safe::AssertUnwindSafe<F> as core::ops::function::FnOnce<()>>::call_once::h33d0dddec5216160
[INFO] [stdout]                                at /rustc/0e09125c6c3c2fd70d7de961bcf0e51575235fad/library/core/src/panic/unwind_safe.rs:272:9
[INFO] [stdout]   37:     0x55a2fe7c1bc7 - std::panicking::try::do_call::h144b3048b546f835
[INFO] [stdout]                                at /rustc/0e09125c6c3c2fd70d7de961bcf0e51575235fad/library/std/src/panicking.rs:552:40
[INFO] [stdout]   38:     0x55a2fe7c1bc7 - std::panicking::try::h978244d04646189f
[INFO] [stdout]                                at /rustc/0e09125c6c3c2fd70d7de961bcf0e51575235fad/library/std/src/panicking.rs:516:19
[INFO] [stdout]   39:     0x55a2fe7c1bc7 - std::panic::catch_unwind::hdf436369d188fe86
[INFO] [stdout]                                at /rustc/0e09125c6c3c2fd70d7de961bcf0e51575235fad/library/std/src/panic.rs:142:14
[INFO] [stdout]   40:     0x55a2fe7c1bc7 - std::thread::Builder::spawn_unchecked_::{{closure}}::h87329cbdd33c79ec
[INFO] [stdout]                                at /rustc/0e09125c6c3c2fd70d7de961bcf0e51575235fad/library/std/src/thread/mod.rs:528:30
[INFO] [stdout]   41:     0x55a2fe7c1bc7 - core::ops::function::FnOnce::call_once{{vtable.shim}}::h401abbe67897d450
[INFO] [stdout]                                at /rustc/0e09125c6c3c2fd70d7de961bcf0e51575235fad/library/core/src/ops/function.rs:250:5
[INFO] [stdout]   42:     0x55a2fe93f425 - <alloc::boxed::Box<F,A> as core::ops::function::FnOnce<Args>>::call_once::h5d7c8f150ab9c84c
[INFO] [stdout]                                at /rustc/0e09125c6c3c2fd70d7de961bcf0e51575235fad/library/alloc/src/boxed.rs:2015:9
[INFO] [stdout]   43:     0x55a2fe93f425 - <alloc::boxed::Box<F,A> as core::ops::function::FnOnce<Args>>::call_once::h570d5b005c242c15
[INFO] [stdout]                                at /rustc/0e09125c6c3c2fd70d7de961bcf0e51575235fad/library/alloc/src/boxed.rs:2015:9
[INFO] [stdout]   44:     0x55a2fe93f425 - std::sys::unix::thread::Thread::new::thread_start::h36b0a20c0b2361ad
[INFO] [stdout]                                at /rustc/0e09125c6c3c2fd70d7de961bcf0e51575235fad/library/std/src/sys/unix/thread.rs:108:17
[INFO] [stdout]   45:     0x7fea8740fac3 - <unknown>
[INFO] [stdout]   46:     0x7fea874a0bf4 - __clone
[INFO] [stdout]   47:                0x0 - <unknown>
[INFO] [stdout] 
[INFO] [stdout] ---- jingle_ice_udp::tests::test_size stdout ----
[INFO] [stdout] thread 'jingle_ice_udp::tests::test_size' panicked at src/jingle_ice_udp.rs:130:9:
[INFO] [stdout] assertion `left == right` failed
[INFO] [stdout]   left: 128
[INFO] [stdout]  right: 136
[INFO] [stdout] stack backtrace:
[INFO] [stdout]    0:     0x55a2fe938806 - std::backtrace_rs::backtrace::libunwind::trace::h261606ad26a499c1
[INFO] [stdout]                                at /rustc/0e09125c6c3c2fd70d7de961bcf0e51575235fad/library/std/src/../../backtrace/src/backtrace/libunwind.rs:104:5
[INFO] [stdout]    1:     0x55a2fe938806 - std::backtrace_rs::backtrace::trace_unsynchronized::hd183f0625477fb28
[INFO] [stdout]                                at /rustc/0e09125c6c3c2fd70d7de961bcf0e51575235fad/library/std/src/../../backtrace/src/backtrace/mod.rs:66:5
[INFO] [stdout]    2:     0x55a2fe938806 - std::sys_common::backtrace::_print_fmt::hd7f8fef21b4eda67
[INFO] [stdout]                                at /rustc/0e09125c6c3c2fd70d7de961bcf0e51575235fad/library/std/src/sys_common/backtrace.rs:68:5
[INFO] [stdout]    3:     0x55a2fe938806 - <std::sys_common::backtrace::_print::DisplayBacktrace as core::fmt::Display>::fmt::h623d9b51f2f453f1
[INFO] [stdout]                                at /rustc/0e09125c6c3c2fd70d7de961bcf0e51575235fad/library/std/src/sys_common/backtrace.rs:44:22
[INFO] [stdout]    4:     0x55a2fe964430 - core::fmt::rt::Argument::fmt::h9f417ac76a86f368
[INFO] [stdout]                                at /rustc/0e09125c6c3c2fd70d7de961bcf0e51575235fad/library/core/src/fmt/rt.rs:142:9
[INFO] [stdout]    5:     0x55a2fe964430 - core::fmt::write::hc9b6faf4ac2aeff7
[INFO] [stdout]                                at /rustc/0e09125c6c3c2fd70d7de961bcf0e51575235fad/library/core/src/fmt/mod.rs:1120:17
[INFO] [stdout]    6:     0x55a2fe93626f - std::io::Write::write_fmt::he04625a3a989fec3
[INFO] [stdout]                                at /rustc/0e09125c6c3c2fd70d7de961bcf0e51575235fad/library/std/src/io/mod.rs:1810:15
[INFO] [stdout]    7:     0x55a2fe9385e4 - std::sys_common::backtrace::_print::hd5d66399c7df88a2
[INFO] [stdout]                                at /rustc/0e09125c6c3c2fd70d7de961bcf0e51575235fad/library/std/src/sys_common/backtrace.rs:47:5
[INFO] [stdout]    8:     0x55a2fe9385e4 - std::sys_common::backtrace::print::he81ed2da642d37e5
[INFO] [stdout]                                at /rustc/0e09125c6c3c2fd70d7de961bcf0e51575235fad/library/std/src/sys_common/backtrace.rs:34:9
[INFO] [stdout]    9:     0x55a2fe93a357 - std::panicking::default_hook::{{closure}}::h85773f4fa117163d
[INFO] [stdout]   10:     0x55a2fe93a03d - std::panicking::default_hook::h6a1694a91d09b278
[INFO] [stdout]                                at /rustc/0e09125c6c3c2fd70d7de961bcf0e51575235fad/library/std/src/panicking.rs:289:9
[INFO] [stdout]   11:     0x55a2fe7f11d7 - <alloc::boxed::Box<F,A> as core::ops::function::Fn<Args>>::call::h616ac37fa3cd6c8f
[INFO] [stdout]                                at /rustc/0e09125c6c3c2fd70d7de961bcf0e51575235fad/library/alloc/src/boxed.rs:2029:9
[INFO] [stdout]   12:     0x55a2fe7f11d7 - test::test_main::{{closure}}::h00d84697cefdcbb6
[INFO] [stdout]                                at /rustc/0e09125c6c3c2fd70d7de961bcf0e51575235fad/library/test/src/lib.rs:138:21
[INFO] [stdout]   13:     0x55a2fe93a976 - <alloc::boxed::Box<F,A> as core::ops::function::Fn<Args>>::call::hcb3fe3b9bb537ba8
[INFO] [stdout]                                at /rustc/0e09125c6c3c2fd70d7de961bcf0e51575235fad/library/alloc/src/boxed.rs:2029:9
[INFO] [stdout]   14:     0x55a2fe93a976 - std::panicking::rust_panic_with_hook::h0a7ad96e90f7145b
[INFO] [stdout]                                at /rustc/0e09125c6c3c2fd70d7de961bcf0e51575235fad/library/std/src/panicking.rs:783:13
[INFO] [stdout]   15:     0x55a2fe93a6c2 - std::panicking::begin_panic_handler::{{closure}}::h7919090525c6485e
[INFO] [stdout]                                at /rustc/0e09125c6c3c2fd70d7de961bcf0e51575235fad/library/std/src/panicking.rs:657:13
[INFO] [stdout]   16:     0x55a2fe938d06 - std::sys_common::backtrace::__rust_end_short_backtrace::hf3289479464f7dfe
[INFO] [stdout]                                at /rustc/0e09125c6c3c2fd70d7de961bcf0e51575235fad/library/std/src/sys_common/backtrace.rs:171:18
[INFO] [stdout]   17:     0x55a2fe93a420 - rust_begin_unwind
[INFO] [stdout]                                at /rustc/0e09125c6c3c2fd70d7de961bcf0e51575235fad/library/std/src/panicking.rs:645:5
[INFO] [stdout]   18:     0x55a2fe5ac125 - core::panicking::panic_fmt::hcc9f77c5c132af55
[INFO] [stdout]                                at /rustc/0e09125c6c3c2fd70d7de961bcf0e51575235fad/library/core/src/panicking.rs:72:14
[INFO] [stdout]   19:     0x55a2fe5ac59b - core::panicking::assert_failed_inner::h9f13e27dd63c3a08
[INFO] [stdout]                                at /rustc/0e09125c6c3c2fd70d7de961bcf0e51575235fad/library/core/src/panicking.rs:342:17
[INFO] [stdout]   20:     0x55a2fe90f16e - core::panicking::assert_failed::h68636d2d14ab9111
[INFO] [stdout]                                at /rustc/0e09125c6c3c2fd70d7de961bcf0e51575235fad/library/core/src/panicking.rs:297:5
[INFO] [stdout]   21:     0x55a2fe6faecd - xmpp_parsers::jingle_ice_udp::tests::test_size::h15be0e2958361ff6
[INFO] [stdout]                                at /opt/rustwide/workdir/src/jingle_ice_udp.rs:130:9
[INFO] [stdout]   22:     0x55a2fe6fae37 - xmpp_parsers::jingle_ice_udp::tests::test_size::{{closure}}::hce4c4acf2f74f0d1
[INFO] [stdout]                                at /opt/rustwide/workdir/src/jingle_ice_udp.rs:129:19
[INFO] [stdout]   23:     0x55a2fe6bd786 - core::ops::function::FnOnce::call_once::h9eb8393e7dbc1dc3
[INFO] [stdout]                                at /rustc/0e09125c6c3c2fd70d7de961bcf0e51575235fad/library/core/src/ops/function.rs:250:5
[INFO] [stdout]   24:     0x55a2fe7f6aaf - core::ops::function::FnOnce::call_once::hd64d26f405258157
[INFO] [stdout]                                at /rustc/0e09125c6c3c2fd70d7de961bcf0e51575235fad/library/core/src/ops/function.rs:250:5
[INFO] [stdout]   25:     0x55a2fe7f6aaf - test::__rust_begin_short_backtrace::he21b0b7a6d731bf9
[INFO] [stdout]                                at /rustc/0e09125c6c3c2fd70d7de961bcf0e51575235fad/library/test/src/lib.rs:627:18
[INFO] [stdout]   26:     0x55a2fe7f5831 - test::run_test_in_process::{{closure}}::hf5c73986d7bdfde2
[INFO] [stdout]                                at /rustc/0e09125c6c3c2fd70d7de961bcf0e51575235fad/library/test/src/lib.rs:650:60
[INFO] [stdout]   27:     0x55a2fe7f5831 - <core::panic::unwind_safe::AssertUnwindSafe<F> as core::ops::function::FnOnce<()>>::call_once::h330011ad032aadc0
[INFO] [stdout]                                at /rustc/0e09125c6c3c2fd70d7de961bcf0e51575235fad/library/core/src/panic/unwind_safe.rs:272:9
[INFO] [stdout]   28:     0x55a2fe7f5831 - std::panicking::try::do_call::he61b0a958b795a41
[INFO] [stdout]                                at /rustc/0e09125c6c3c2fd70d7de961bcf0e51575235fad/library/std/src/panicking.rs:552:40
[INFO] [stdout]   29:     0x55a2fe7f5831 - std::panicking::try::h7309da130f906eb7
[INFO] [stdout]                                at /rustc/0e09125c6c3c2fd70d7de961bcf0e51575235fad/library/std/src/panicking.rs:516:19
[INFO] [stdout]   30:     0x55a2fe7f5831 - std::panic::catch_unwind::hc5c3a06fdaf0a92a
[INFO] [stdout]                                at /rustc/0e09125c6c3c2fd70d7de961bcf0e51575235fad/library/std/src/panic.rs:142:14
[INFO] [stdout]   31:     0x55a2fe7f5831 - test::run_test_in_process::h7e7b7c71c3324e0f
[INFO] [stdout]                                at /rustc/0e09125c6c3c2fd70d7de961bcf0e51575235fad/library/test/src/lib.rs:650:27
[INFO] [stdout]   32:     0x55a2fe7f5831 - test::run_test::{{closure}}::h1f509f28f5cf20b1
[INFO] [stdout]                                at /rustc/0e09125c6c3c2fd70d7de961bcf0e51575235fad/library/test/src/lib.rs:573:43
[INFO] [stdout]   33:     0x55a2fe7bcb66 - test::run_test::{{closure}}::h1754218abf443f6d
[INFO] [stdout]                                at /rustc/0e09125c6c3c2fd70d7de961bcf0e51575235fad/library/test/src/lib.rs:601:41
[INFO] [stdout]   34:     0x55a2fe7bcb66 - std::sys_common::backtrace::__rust_begin_short_backtrace::h2ee174b9d5954948
[INFO] [stdout]                                at /rustc/0e09125c6c3c2fd70d7de961bcf0e51575235fad/library/std/src/sys_common/backtrace.rs:155:18
[INFO] [stdout]   35:     0x55a2fe7c1bc7 - std::thread::Builder::spawn_unchecked_::{{closure}}::{{closure}}::hf60bee9c1a17ef09
[INFO] [stdout]                                at /rustc/0e09125c6c3c2fd70d7de961bcf0e51575235fad/library/std/src/thread/mod.rs:529:17
[INFO] [stdout]   36:     0x55a2fe7c1bc7 - <core::panic::unwind_safe::AssertUnwindSafe<F> as core::ops::function::FnOnce<()>>::call_once::h33d0dddec5216160
[INFO] [stdout]                                at /rustc/0e09125c6c3c2fd70d7de961bcf0e51575235fad/library/core/src/panic/unwind_safe.rs:272:9
[INFO] [stdout]   37:     0x55a2fe7c1bc7 - std::panicking::try::do_call::h144b3048b546f835
[INFO] [stdout]                                at /rustc/0e09125c6c3c2fd70d7de961bcf0e51575235fad/library/std/src/panicking.rs:552:40
[INFO] [stdout]   38:     0x55a2fe7c1bc7 - std::panicking::try::h978244d04646189f
[INFO] [stdout]                                at /rustc/0e09125c6c3c2fd70d7de961bcf0e51575235fad/library/std/src/panicking.rs:516:19
[INFO] [stdout]   39:     0x55a2fe7c1bc7 - std::panic::catch_unwind::hdf436369d188fe86
[INFO] [stdout]                                at /rustc/0e09125c6c3c2fd70d7de961bcf0e51575235fad/library/std/src/panic.rs:142:14
[INFO] [stdout]   40:     0x55a2fe7c1bc7 - std::thread::Builder::spawn_unchecked_::{{closure}}::h87329cbdd33c79ec
[INFO] [stdout]                                at /rustc/0e09125c6c3c2fd70d7de961bcf0e51575235fad/library/std/src/thread/mod.rs:528:30
[INFO] [stdout]   41:     0x55a2fe7c1bc7 - core::ops::function::FnOnce::call_once{{vtable.shim}}::h401abbe67897d450
[INFO] [stdout]                                at /rustc/0e09125c6c3c2fd70d7de961bcf0e51575235fad/library/core/src/ops/function.rs:250:5
[INFO] [stdout]   42:     0x55a2fe93f425 - <alloc::boxed::Box<F,A> as core::ops::function::FnOnce<Args>>::call_once::h5d7c8f150ab9c84c
[INFO] [stdout]                                at /rustc/0e09125c6c3c2fd70d7de961bcf0e51575235fad/library/alloc/src/boxed.rs:2015:9
[INFO] [stdout]   43:     0x55a2fe93f425 - <alloc::boxed::Box<F,A> as core::ops::function::FnOnce<Args>>::call_once::h570d5b005c242c15
[INFO] [stdout]                                at /rustc/0e09125c6c3c2fd70d7de961bcf0e51575235fad/library/alloc/src/boxed.rs:2015:9
[INFO] [stdout]   44:     0x55a2fe93f425 - std::sys::unix::thread::Thread::new::thread_start::h36b0a20c0b2361ad
[INFO] [stdout]                                at /rustc/0e09125c6c3c2fd70d7de961bcf0e51575235fad/library/std/src/sys/unix/thread.rs:108:17
[INFO] [stdout]   45:     0x7fea8740fac3 - <unknown>
[INFO] [stdout]   46:     0x7fea874a0bf4 - __clone
[INFO] [stdout]   47:                0x0 - <unknown>
[INFO] [stdout] 
[INFO] [stdout] ---- jingle_message::tests::test_size stdout ----
[INFO] [stdout] thread 'jingle_message::tests::test_size' panicked at src/jingle_message.rs:119:9:
[INFO] [stdout] assertion `left == right` failed
[INFO] [stdout]   left: 144
[INFO] [stdout]  right: 152
[INFO] [stdout] stack backtrace:
[INFO] [stdout]    0:     0x55a2fe938806 - std::backtrace_rs::backtrace::libunwind::trace::h261606ad26a499c1
[INFO] [stdout]                                at /rustc/0e09125c6c3c2fd70d7de961bcf0e51575235fad/library/std/src/../../backtrace/src/backtrace/libunwind.rs:104:5
[INFO] [stdout]    1:     0x55a2fe938806 - std::backtrace_rs::backtrace::trace_unsynchronized::hd183f0625477fb28
[INFO] [stdout]                                at /rustc/0e09125c6c3c2fd70d7de961bcf0e51575235fad/library/std/src/../../backtrace/src/backtrace/mod.rs:66:5
[INFO] [stdout]    2:     0x55a2fe938806 - std::sys_common::backtrace::_print_fmt::hd7f8fef21b4eda67
[INFO] [stdout]                                at /rustc/0e09125c6c3c2fd70d7de961bcf0e51575235fad/library/std/src/sys_common/backtrace.rs:68:5
[INFO] [stdout]    3:     0x55a2fe938806 - <std::sys_common::backtrace::_print::DisplayBacktrace as core::fmt::Display>::fmt::h623d9b51f2f453f1
[INFO] [stdout]                                at /rustc/0e09125c6c3c2fd70d7de961bcf0e51575235fad/library/std/src/sys_common/backtrace.rs:44:22
[INFO] [stdout]    4:     0x55a2fe964430 - core::fmt::rt::Argument::fmt::h9f417ac76a86f368
[INFO] [stdout]                                at /rustc/0e09125c6c3c2fd70d7de961bcf0e51575235fad/library/core/src/fmt/rt.rs:142:9
[INFO] [stdout]    5:     0x55a2fe964430 - core::fmt::write::hc9b6faf4ac2aeff7
[INFO] [stdout]                                at /rustc/0e09125c6c3c2fd70d7de961bcf0e51575235fad/library/core/src/fmt/mod.rs:1120:17
[INFO] [stdout]    6:     0x55a2fe93626f - std::io::Write::write_fmt::he04625a3a989fec3
[INFO] [stdout]                                at /rustc/0e09125c6c3c2fd70d7de961bcf0e51575235fad/library/std/src/io/mod.rs:1810:15
[INFO] [stdout]    7:     0x55a2fe9385e4 - std::sys_common::backtrace::_print::hd5d66399c7df88a2
[INFO] [stdout]                                at /rustc/0e09125c6c3c2fd70d7de961bcf0e51575235fad/library/std/src/sys_common/backtrace.rs:47:5
[INFO] [stdout]    8:     0x55a2fe9385e4 - std::sys_common::backtrace::print::he81ed2da642d37e5
[INFO] [stdout]                                at /rustc/0e09125c6c3c2fd70d7de961bcf0e51575235fad/library/std/src/sys_common/backtrace.rs:34:9
[INFO] [stdout]    9:     0x55a2fe93a357 - std::panicking::default_hook::{{closure}}::h85773f4fa117163d
[INFO] [stdout]   10:     0x55a2fe93a03d - std::panicking::default_hook::h6a1694a91d09b278
[INFO] [stdout]                                at /rustc/0e09125c6c3c2fd70d7de961bcf0e51575235fad/library/std/src/panicking.rs:289:9
[INFO] [stdout]   11:     0x55a2fe7f11d7 - <alloc::boxed::Box<F,A> as core::ops::function::Fn<Args>>::call::h616ac37fa3cd6c8f
[INFO] [stdout]                                at /rustc/0e09125c6c3c2fd70d7de961bcf0e51575235fad/library/alloc/src/boxed.rs:2029:9
[INFO] [stdout]   12:     0x55a2fe7f11d7 - test::test_main::{{closure}}::h00d84697cefdcbb6
[INFO] [stdout]                                at /rustc/0e09125c6c3c2fd70d7de961bcf0e51575235fad/library/test/src/lib.rs:138:21
[INFO] [stdout]   13:     0x55a2fe93a976 - <alloc::boxed::Box<F,A> as core::ops::function::Fn<Args>>::call::hcb3fe3b9bb537ba8
[INFO] [stdout]                                at /rustc/0e09125c6c3c2fd70d7de961bcf0e51575235fad/library/alloc/src/boxed.rs:2029:9
[INFO] [stdout]   14:     0x55a2fe93a976 - std::panicking::rust_panic_with_hook::h0a7ad96e90f7145b
[INFO] [stdout]                                at /rustc/0e09125c6c3c2fd70d7de961bcf0e51575235fad/library/std/src/panicking.rs:783:13
[INFO] [stdout]   15:     0x55a2fe93a6c2 - std::panicking::begin_panic_handler::{{closure}}::h7919090525c6485e
[INFO] [stdout]                                at /rustc/0e09125c6c3c2fd70d7de961bcf0e51575235fad/library/std/src/panicking.rs:657:13
[INFO] [stdout]   16:     0x55a2fe938d06 - std::sys_common::backtrace::__rust_end_short_backtrace::hf3289479464f7dfe
[INFO] [stdout]                                at /rustc/0e09125c6c3c2fd70d7de961bcf0e51575235fad/library/std/src/sys_common/backtrace.rs:171:18
[INFO] [stdout]   17:     0x55a2fe93a420 - rust_begin_unwind
[INFO] [stdout]                                at /rustc/0e09125c6c3c2fd70d7de961bcf0e51575235fad/library/std/src/panicking.rs:645:5
[INFO] [stdout]   18:     0x55a2fe5ac125 - core::panicking::panic_fmt::hcc9f77c5c132af55
[INFO] [stdout]                                at /rustc/0e09125c6c3c2fd70d7de961bcf0e51575235fad/library/core/src/panicking.rs:72:14
[INFO] [stdout]   19:     0x55a2fe5ac59b - core::panicking::assert_failed_inner::h9f13e27dd63c3a08
[INFO] [stdout]                                at /rustc/0e09125c6c3c2fd70d7de961bcf0e51575235fad/library/core/src/panicking.rs:342:17
[INFO] [stdout]   20:     0x55a2fe90f16e - core::panicking::assert_failed::h68636d2d14ab9111
[INFO] [stdout]                                at /rustc/0e09125c6c3c2fd70d7de961bcf0e51575235fad/library/core/src/panicking.rs:297:5
[INFO] [stdout]   21:     0x55a2fe77abf2 - xmpp_parsers::jingle_message::tests::test_size::hfac3fd61bfc52e3c
[INFO] [stdout]                                at /opt/rustwide/workdir/src/jingle_message.rs:119:9
[INFO] [stdout]   22:     0x55a2fe77ab67 - xmpp_parsers::jingle_message::tests::test_size::{{closure}}::he2f7e3d876b389ce
[INFO] [stdout]                                at /opt/rustwide/workdir/src/jingle_message.rs:118:19
[INFO] [stdout]   23:     0x55a2fe6bf336 - core::ops::function::FnOnce::call_once::hdc0b8ba817698676
[INFO] [stdout]                                at /rustc/0e09125c6c3c2fd70d7de961bcf0e51575235fad/library/core/src/ops/function.rs:250:5
[INFO] [stdout]   24:     0x55a2fe7f6aaf - core::ops::function::FnOnce::call_once::hd64d26f405258157
[INFO] [stdout]                                at /rustc/0e09125c6c3c2fd70d7de961bcf0e51575235fad/library/core/src/ops/function.rs:250:5
[INFO] [stdout]   25:     0x55a2fe7f6aaf - test::__rust_begin_short_backtrace::he21b0b7a6d731bf9
[INFO] [stdout]                                at /rustc/0e09125c6c3c2fd70d7de961bcf0e51575235fad/library/test/src/lib.rs:627:18
[INFO] [stdout]   26:     0x55a2fe7f5831 - test::run_test_in_process::{{closure}}::hf5c73986d7bdfde2
[INFO] [stdout]                                at /rustc/0e09125c6c3c2fd70d7de961bcf0e51575235fad/library/test/src/lib.rs:650:60
[INFO] [stdout]   27:     0x55a2fe7f5831 - <core::panic::unwind_safe::AssertUnwindSafe<F> as core::ops::function::FnOnce<()>>::call_once::h330011ad032aadc0
[INFO] [stdout]                                at /rustc/0e09125c6c3c2fd70d7de961bcf0e51575235fad/library/core/src/panic/unwind_safe.rs:272:9
[INFO] [stdout]   28:     0x55a2fe7f5831 - std::panicking::try::do_call::he61b0a958b795a41
[INFO] [stdout]                                at /rustc/0e09125c6c3c2fd70d7de961bcf0e51575235fad/library/std/src/panicking.rs:552:40
[INFO] [stdout]   29:     0x55a2fe7f5831 - std::panicking::try::h7309da130f906eb7
[INFO] [stdout]                                at /rustc/0e09125c6c3c2fd70d7de961bcf0e51575235fad/library/std/src/panicking.rs:516:19
[INFO] [stdout]   30:     0x55a2fe7f5831 - std::panic::catch_unwind::hc5c3a06fdaf0a92a
[INFO] [stdout]                                at /rustc/0e09125c6c3c2fd70d7de961bcf0e51575235fad/library/std/src/panic.rs:142:14
[INFO] [stdout]   31:     0x55a2fe7f5831 - test::run_test_in_process::h7e7b7c71c3324e0f
[INFO] [stdout]                                at /rustc/0e09125c6c3c2fd70d7de961bcf0e51575235fad/library/test/src/lib.rs:650:27
[INFO] [stdout]   32:     0x55a2fe7f5831 - test::run_test::{{closure}}::h1f509f28f5cf20b1
[INFO] [stdout]                                at /rustc/0e09125c6c3c2fd70d7de961bcf0e51575235fad/library/test/src/lib.rs:573:43
[INFO] [stdout]   33:     0x55a2fe7bcb66 - test::run_test::{{closure}}::h1754218abf443f6d
[INFO] [stdout]                                at /rustc/0e09125c6c3c2fd70d7de961bcf0e51575235fad/library/test/src/lib.rs:601:41
[INFO] [stdout]   34:     0x55a2fe7bcb66 - std::sys_common::backtrace::__rust_begin_short_backtrace::h2ee174b9d5954948
[INFO] [stdout]                                at /rustc/0e09125c6c3c2fd70d7de961bcf0e51575235fad/library/std/src/sys_common/backtrace.rs:155:18
[INFO] [stdout]   35:     0x55a2fe7c1bc7 - std::thread::Builder::spawn_unchecked_::{{closure}}::{{closure}}::hf60bee9c1a17ef09
[INFO] [stdout]                                at /rustc/0e09125c6c3c2fd70d7de961bcf0e51575235fad/library/std/src/thread/mod.rs:529:17
[INFO] [stdout]   36:     0x55a2fe7c1bc7 - <core::panic::unwind_safe::AssertUnwindSafe<F> as core::ops::function::FnOnce<()>>::call_once::h33d0dddec5216160
[INFO] [stdout]                                at /rustc/0e09125c6c3c2fd70d7de961bcf0e51575235fad/library/core/src/panic/unwind_safe.rs:272:9
[INFO] [stdout]   37:     0x55a2fe7c1bc7 - std::panicking::try::do_call::h144b3048b546f835
[INFO] [stdout]                                at /rustc/0e09125c6c3c2fd70d7de961bcf0e51575235fad/library/std/src/panicking.rs:552:40
[INFO] [stdout]   38:     0x55a2fe7c1bc7 - std::panicking::try::h978244d04646189f
[INFO] [stdout]                                at /rustc/0e09125c6c3c2fd70d7de961bcf0e51575235fad/library/std/src/panicking.rs:516:19
[INFO] [stdout]   39:     0x55a2fe7c1bc7 - std::panic::catch_unwind::hdf436369d188fe86
[INFO] [stdout]                                at /rustc/0e09125c6c3c2fd70d7de961bcf0e51575235fad/library/std/src/panic.rs:142:14
[INFO] [stdout]   40:     0x55a2fe7c1bc7 - std::thread::Builder::spawn_unchecked_::{{closure}}::h87329cbdd33c79ec
[INFO] [stdout]                                at /rustc/0e09125c6c3c2fd70d7de961bcf0e51575235fad/library/std/src/thread/mod.rs:528:30
[INFO] [stdout]   41:     0x55a2fe7c1bc7 - core::ops::function::FnOnce::call_once{{vtable.shim}}::h401abbe67897d450
[INFO] [stdout]                                at /rustc/0e09125c6c3c2fd70d7de961bcf0e51575235fad/library/core/src/ops/function.rs:250:5
[INFO] [stdout]   42:     0x55a2fe93f425 - <alloc::boxed::Box<F,A> as core::ops::function::FnOnce<Args>>::call_once::h5d7c8f150ab9c84c
[INFO] [stdout]                                at /rustc/0e09125c6c3c2fd70d7de961bcf0e51575235fad/library/alloc/src/boxed.rs:2015:9
[INFO] [stdout]   43:     0x55a2fe93f425 - <alloc::boxed::Box<F,A> as core::ops::function::FnOnce<Args>>::call_once::h570d5b005c242c15
[INFO] [stdout]                                at /rustc/0e09125c6c3c2fd70d7de961bcf0e51575235fad/library/alloc/src/boxed.rs:2015:9
[INFO] [stdout]   44:     0x55a2fe93f425 - std::sys::unix::thread::Thread::new::thread_start::h36b0a20c0b2361ad
[INFO] [stdout]                                at /rustc/0e09125c6c3c2fd70d7de961bcf0e51575235fad/library/std/src/sys/unix/thread.rs:108:17
[INFO] [stdout]   45:     0x7fea8740fac3 - <unknown>
[INFO] [stdout]   46:     0x7fea874a0bf4 - __clone
[INFO] [stdout]   47:                0x0 - <unknown>
[INFO] [stdout] 
[INFO] [stdout] ---- xhtml::tests::test_size stdout ----
[INFO] [stdout] thread 'xhtml::tests::test_size' panicked at src/xhtml.rs:516:9:
[INFO] [stdout] assertion `left == right` failed
[INFO] [stdout]   left: 96
[INFO] [stdout]  right: 104
[INFO] [stdout] stack backtrace:
[INFO] [stdout]    0:     0x55a2fe938806 - std::backtrace_rs::backtrace::libunwind::trace::h261606ad26a499c1
[INFO] [stdout]                                at /rustc/0e09125c6c3c2fd70d7de961bcf0e51575235fad/library/std/src/../../backtrace/src/backtrace/libunwind.rs:104:5
[INFO] [stdout]    1:     0x55a2fe938806 - std::backtrace_rs::backtrace::trace_unsynchronized::hd183f0625477fb28
[INFO] [stdout]                                at /rustc/0e09125c6c3c2fd70d7de961bcf0e51575235fad/library/std/src/../../backtrace/src/backtrace/mod.rs:66:5
[INFO] [stdout]    2:     0x55a2fe938806 - std::sys_common::backtrace::_print_fmt::hd7f8fef21b4eda67
[INFO] [stdout]                                at /rustc/0e09125c6c3c2fd70d7de961bcf0e51575235fad/library/std/src/sys_common/backtrace.rs:68:5
[INFO] [stdout]    3:     0x55a2fe938806 - <std::sys_common::backtrace::_print::DisplayBacktrace as core::fmt::Display>::fmt::h623d9b51f2f453f1
[INFO] [stdout]                                at /rustc/0e09125c6c3c2fd70d7de961bcf0e51575235fad/library/std/src/sys_common/backtrace.rs:44:22
[INFO] [stdout]    4:     0x55a2fe964430 - core::fmt::rt::Argument::fmt::h9f417ac76a86f368
[INFO] [stdout]                                at /rustc/0e09125c6c3c2fd70d7de961bcf0e51575235fad/library/core/src/fmt/rt.rs:142:9
[INFO] [stdout]    5:     0x55a2fe964430 - core::fmt::write::hc9b6faf4ac2aeff7
[INFO] [stdout]                                at /rustc/0e09125c6c3c2fd70d7de961bcf0e51575235fad/library/core/src/fmt/mod.rs:1120:17
[INFO] [stdout]    6:     0x55a2fe93626f - std::io::Write::write_fmt::he04625a3a989fec3
[INFO] [stdout]                                at /rustc/0e09125c6c3c2fd70d7de961bcf0e51575235fad/library/std/src/io/mod.rs:1810:15
[INFO] [stdout]    7:     0x55a2fe9385e4 - std::sys_common::backtrace::_print::hd5d66399c7df88a2
[INFO] [stdout]                                at /rustc/0e09125c6c3c2fd70d7de961bcf0e51575235fad/library/std/src/sys_common/backtrace.rs:47:5
[INFO] [stdout]    8:     0x55a2fe9385e4 - std::sys_common::backtrace::print::he81ed2da642d37e5
[INFO] [stdout]                                at /rustc/0e09125c6c3c2fd70d7de961bcf0e51575235fad/library/std/src/sys_common/backtrace.rs:34:9
[INFO] [stdout]    9:     0x55a2fe93a357 - std::panicking::default_hook::{{closure}}::h85773f4fa117163d
[INFO] [stdout]   10:     0x55a2fe93a03d - std::panicking::default_hook::h6a1694a91d09b278
[INFO] [stdout]                                at /rustc/0e09125c6c3c2fd70d7de961bcf0e51575235fad/library/std/src/panicking.rs:289:9
[INFO] [stdout]   11:     0x55a2fe7f11d7 - <alloc::boxed::Box<F,A> as core::ops::function::Fn<Args>>::call::h616ac37fa3cd6c8f
[INFO] [stdout]                                at /rustc/0e09125c6c3c2fd70d7de961bcf0e51575235fad/library/alloc/src/boxed.rs:2029:9
[INFO] [stdout]   12:     0x55a2fe7f11d7 - test::test_main::{{closure}}::h00d84697cefdcbb6
[INFO] [stdout]                                at /rustc/0e09125c6c3c2fd70d7de961bcf0e51575235fad/library/test/src/lib.rs:138:21
[INFO] [stdout]   13:     0x55a2fe93a976 - <alloc::boxed::Box<F,A> as core::ops::function::Fn<Args>>::call::hcb3fe3b9bb537ba8
[INFO] [stdout]                                at /rustc/0e09125c6c3c2fd70d7de961bcf0e51575235fad/library/alloc/src/boxed.rs:2029:9
[INFO] [stdout]   14:     0x55a2fe93a976 - std::panicking::rust_panic_with_hook::h0a7ad96e90f7145b
[INFO] [stdout]                                at /rustc/0e09125c6c3c2fd70d7de961bcf0e51575235fad/library/std/src/panicking.rs:783:13
[INFO] [stdout]   15:     0x55a2fe93a6c2 - std::panicking::begin_panic_handler::{{closure}}::h7919090525c6485e
[INFO] [stdout]                                at /rustc/0e09125c6c3c2fd70d7de961bcf0e51575235fad/library/std/src/panicking.rs:657:13
[INFO] [stdout]   16:     0x55a2fe938d06 - std::sys_common::backtrace::__rust_end_short_backtrace::hf3289479464f7dfe
[INFO] [stdout]                                at /rustc/0e09125c6c3c2fd70d7de961bcf0e51575235fad/library/std/src/sys_common/backtrace.rs:171:18
[INFO] [stdout]   17:     0x55a2fe93a420 - rust_begin_unwind
[INFO] [stdout]                                at /rustc/0e09125c6c3c2fd70d7de961bcf0e51575235fad/library/std/src/panicking.rs:645:5
[INFO] [stdout]   18:     0x55a2fe5ac125 - core::panicking::panic_fmt::hcc9f77c5c132af55
[INFO] [stdout]                                at /rustc/0e09125c6c3c2fd70d7de961bcf0e51575235fad/library/core/src/panicking.rs:72:14
[INFO] [stdout]   19:     0x55a2fe5ac59b - core::panicking::assert_failed_inner::h9f13e27dd63c3a08
[INFO] [stdout]                                at /rustc/0e09125c6c3c2fd70d7de961bcf0e51575235fad/library/core/src/panicking.rs:342:17
[INFO] [stdout]   20:     0x55a2fe90f16e - core::panicking::assert_failed::h68636d2d14ab9111
[INFO] [stdout]                                at /rustc/0e09125c6c3c2fd70d7de961bcf0e51575235fad/library/core/src/panicking.rs:297:5
[INFO] [stdout]   21:     0x55a2fe7b3fc5 - xmpp_parsers::xhtml::tests::test_size::hd57ef37d7cf590ec
[INFO] [stdout]                                at /opt/rustwide/workdir/src/xhtml.rs:516:9
[INFO] [stdout]   22:     0x55a2fe7b3ea7 - xmpp_parsers::xhtml::tests::test_size::{{closure}}::h7979cdfac65ab2f5
[INFO] [stdout]                                at /opt/rustwide/workdir/src/xhtml.rs:514:19
[INFO] [stdout]   23:     0x55a2fe6b9aa6 - core::ops::function::FnOnce::call_once::h0cb63494587dee65
[INFO] [stdout]                                at /rustc/0e09125c6c3c2fd70d7de961bcf0e51575235fad/library/core/src/ops/function.rs:250:5
[INFO] [stdout]   24:     0x55a2fe7f6aaf - core::ops::function::FnOnce::call_once::hd64d26f405258157
[INFO] [stdout]                                at /rustc/0e09125c6c3c2fd70d7de961bcf0e51575235fad/library/core/src/ops/function.rs:250:5
[INFO] [stdout]   25:     0x55a2fe7f6aaf - test::__rust_begin_short_backtrace::he21b0b7a6d731bf9
[INFO] [stdout]                                at /rustc/0e09125c6c3c2fd70d7de961bcf0e51575235fad/library/test/src/lib.rs:627:18
[INFO] [stdout]   26:     0x55a2fe7f5831 - test::run_test_in_process::{{closure}}::hf5c73986d7bdfde2
[INFO] [stdout]                                at /rustc/0e09125c6c3c2fd70d7de961bcf0e51575235fad/library/test/src/lib.rs:650:60
[INFO] [stdout]   27:     0x55a2fe7f5831 - <core::panic::unwind_safe::AssertUnwindSafe<F> as core::ops::function::FnOnce<()>>::call_once::h330011ad032aadc0
[INFO] [stdout]                                at /rustc/0e09125c6c3c2fd70d7de961bcf0e51575235fad/library/core/src/panic/unwind_safe.rs:272:9
[INFO] [stdout]   28:     0x55a2fe7f5831 - std::panicking::try::do_call::he61b0a958b795a41
[INFO] [stdout]                                at /rustc/0e09125c6c3c2fd70d7de961bcf0e51575235fad/library/std/src/panicking.rs:552:40
[INFO] [stdout]   29:     0x55a2fe7f5831 - std::panicking::try::h7309da130f906eb7
[INFO] [stdout]                                at /rustc/0e09125c6c3c2fd70d7de961bcf0e51575235fad/library/std/src/panicking.rs:516:19
[INFO] [stdout]   30:     0x55a2fe7f5831 - std::panic::catch_unwind::hc5c3a06fdaf0a92a
[INFO] [stdout]                                at /rustc/0e09125c6c3c2fd70d7de961bcf0e51575235fad/library/std/src/panic.rs:142:14
[INFO] [stdout]   31:     0x55a2fe7f5831 - test::run_test_in_process::h7e7b7c71c3324e0f
[INFO] [stdout]                                at /rustc/0e09125c6c3c2fd70d7de961bcf0e51575235fad/library/test/src/lib.rs:650:27
[INFO] [stdout]   32:     0x55a2fe7f5831 - test::run_test::{{closure}}::h1f509f28f5cf20b1
[INFO] [stdout]                                at /rustc/0e09125c6c3c2fd70d7de961bcf0e51575235fad/library/test/src/lib.rs:573:43
[INFO] [stdout]   33:     0x55a2fe7bcb66 - test::run_test::{{closure}}::h1754218abf443f6d
[INFO] [stdout]                                at /rustc/0e09125c6c3c2fd70d7de961bcf0e51575235fad/library/test/src/lib.rs:601:41
[INFO] [stdout]   34:     0x55a2fe7bcb66 - std::sys_common::backtrace::__rust_begin_short_backtrace::h2ee174b9d5954948
[INFO] [stdout]                                at /rustc/0e09125c6c3c2fd70d7de961bcf0e51575235fad/library/std/src/sys_common/backtrace.rs:155:18
[INFO] [stdout]   35:     0x55a2fe7c1bc7 - std::thread::Builder::spawn_unchecked_::{{closure}}::{{closure}}::hf60bee9c1a17ef09
[INFO] [stdout]                                at /rustc/0e09125c6c3c2fd70d7de961bcf0e51575235fad/library/std/src/thread/mod.rs:529:17
[INFO] [stdout]   36:     0x55a2fe7c1bc7 - <core::panic::unwind_safe::AssertUnwindSafe<F> as core::ops::function::FnOnce<()>>::call_once::h33d0dddec5216160
[INFO] [stdout]                                at /rustc/0e09125c6c3c2fd70d7de961bcf0e51575235fad/library/core/src/panic/unwind_safe.rs:272:9
[INFO] [stdout]   37:     0x55a2fe7c1bc7 - std::panicking::try::do_call::h144b3048b546f835
[INFO] [stdout]                                at /rustc/0e09125c6c3c2fd70d7de961bcf0e51575235fad/library/std/src/panicking.rs:552:40
[INFO] [stdout]   38:     0x55a2fe7c1bc7 - std::panicking::try::h978244d04646189f
[INFO] [stdout]                                at /rustc/0e09125c6c3c2fd70d7de961bcf0e51575235fad/library/std/src/panicking.rs:516:19
[INFO] [stdout]   39:     0x55a2fe7c1bc7 - std::panic::catch_unwind::hdf436369d188fe86
[INFO] [stdout]                                at /rustc/0e09125c6c3c2fd70d7de961bcf0e51575235fad/library/std/src/panic.rs:142:14
[INFO] [stdout]   40:     0x55a2fe7c1bc7 - std::thread::Builder::spawn_unchecked_::{{closure}}::h87329cbdd33c79ec
[INFO] [stdout]                                at /rustc/0e09125c6c3c2fd70d7de961bcf0e51575235fad/library/std/src/thread/mod.rs:528:30
[INFO] [stdout]   41:     0x55a2fe7c1bc7 - core::ops::function::FnOnce::call_once{{vtable.shim}}::h401abbe67897d450
[INFO] [stdout]                                at /rustc/0e09125c6c3c2fd70d7de961bcf0e51575235fad/library/core/src/ops/function.rs:250:5
[INFO] [stdout]   42:     0x55a2fe93f425 - <alloc::boxed::Box<F,A> as core::ops::function::FnOnce<Args>>::call_once::h5d7c8f150ab9c84c
[INFO] [stdout]                                at /rustc/0e09125c6c3c2fd70d7de961bcf0e51575235fad/library/alloc/src/boxed.rs:2015:9
[INFO] [stdout]   43:     0x55a2fe93f425 - <alloc::boxed::Box<F,A> as core::ops::function::FnOnce<Args>>::call_once::h570d5b005c242c15
[INFO] [stdout]                                at /rustc/0e09125c6c3c2fd70d7de961bcf0e51575235fad/library/alloc/src/boxed.rs:2015:9
[INFO] [stdout]   44:     0x55a2fe93f425 - std::sys::unix::thread::Thread::new::thread_start::h36b0a20c0b2361ad
[INFO] [stdout]                                at /rustc/0e09125c6c3c2fd70d7de961bcf0e51575235fad/library/std/src/sys/unix/thread.rs:108:17
[INFO] [stdout]   45:     0x7fea8740fac3 - <unknown>
[INFO] [stdout]   46:     0x7fea874a0bf4 - __clone
[INFO] [stdout]   47:                0x0 - <unknown>
[INFO] [stdout] 
[INFO] [stdout] 
[INFO] [stdout] failures:
[INFO] [stdout]     avatar::tests::test_size
[INFO] [stdout]     bob::tests::test_size
[INFO] [stdout]     caps::tests::test_size
[INFO] [stdout]     hashes::tests::test_size
[INFO] [stdout]     jingle_dtls_srtp::tests::test_size
[INFO] [stdout]     jingle_ice_udp::tests::test_size
[INFO] [stdout]     jingle_message::tests::test_size
[INFO] [stdout]     xhtml::tests::test_size
[INFO] [stdout] 
[INFO] [stdout] test result: FAILED. 401 passed; 8 failed; 0 ignored; 0 measured; 0 filtered out; finished in 0.07s
[INFO] [stdout] 
[INFO] [stderr] error: test failed, to rerun pass `--lib`
[INFO] running `Command { std: "docker" "inspect" "0ff22014b45ff14ebdd96a4386cb4288dad94596441632bcf7e67500f844144b", kill_on_drop: false }`
[INFO] running `Command { std: "docker" "rm" "-f" "0ff22014b45ff14ebdd96a4386cb4288dad94596441632bcf7e67500f844144b", kill_on_drop: false }`
[INFO] [stdout] 0ff22014b45ff14ebdd96a4386cb4288dad94596441632bcf7e67500f844144b
