[INFO] fetching crate timetrack 0.3.2...
[INFO] testing timetrack-0.3.2 against 1.75.0 for beta-1.76-1
[INFO] extracting crate timetrack 0.3.2 into /workspace/builds/worker-5-tc1/source
[INFO] validating manifest of crates.io crate timetrack 0.3.2 on toolchain 1.75.0
[INFO] running `Command { std: CARGO_HOME="/workspace/cargo-home" RUSTUP_HOME="/workspace/rustup-home" "/workspace/cargo-home/bin/cargo" "+1.75.0" "metadata" "--manifest-path" "Cargo.toml" "--no-deps", kill_on_drop: false }`
[INFO] started tweaking crates.io crate timetrack 0.3.2
[INFO] finished tweaking crates.io crate timetrack 0.3.2
[INFO] tweaked toml for crates.io crate timetrack 0.3.2 written to /workspace/builds/worker-5-tc1/source/Cargo.toml
[INFO] crate crates.io crate timetrack 0.3.2 already has a lockfile, it will not be regenerated
[INFO] running `Command { std: CARGO_HOME="/workspace/cargo-home" RUSTUP_HOME="/workspace/rustup-home" "/workspace/cargo-home/bin/cargo" "+1.75.0" "fetch" "--manifest-path" "Cargo.toml", kill_on_drop: false }`
[INFO] [stderr]  Downloading crates ...
[INFO] [stderr]   Downloaded time v0.1.40
[INFO] [stderr]   Downloaded fsevent v0.2.17
[INFO] [stderr]   Downloaded version_check v0.1.4
[INFO] [stderr]   Downloaded inotify v0.3.0
[INFO] [stderr]   Downloaded encode_unicode v0.3.2
[INFO] [stderr]   Downloaded memchr v2.0.2
[INFO] [stderr]   Downloaded humantime v1.1.1
[INFO] [stderr]   Downloaded cfg-if v0.1.5
[INFO] [stderr]   Downloaded same-file v1.0.2
[INFO] [stderr]   Downloaded toml v0.4.6
[INFO] [stderr]   Downloaded winapi-util v0.1.1
[INFO] [stderr]   Downloaded fsevent-sys v0.1.6
[INFO] [stderr]   Downloaded utf8-ranges v1.0.1
[INFO] [stderr]   Downloaded filetime v0.1.15
[INFO] [stderr]   Downloaded log v0.4.3
[INFO] [stderr]   Downloaded textwrap v0.10.0
[INFO] [stderr]   Downloaded aho-corasick v0.6.8
[INFO] [stderr]   Downloaded byteorder v1.2.6
[INFO] [stderr]   Downloaded prettytable-rs v0.7.0
[INFO] [stderr]   Downloaded term v0.5.1
[INFO] [stderr]   Downloaded lazy_static v1.1.0
[INFO] [stderr]   Downloaded csv v0.15.0
[INFO] [stderr]   Downloaded winapi v0.3.5
[INFO] [stderr]   Downloaded libc v0.2.43
[INFO] [stderr]   Downloaded clap v2.32.0
[INFO] [stderr]   Downloaded regex-syntax v0.6.2
[INFO] [stderr]   Downloaded bitflags v1.0.3
[INFO] [stderr]   Downloaded redox_syscall v0.1.40
[INFO] [stderr]   Downloaded ucd-util v0.1.1
[INFO] [stderr]   Downloaded quote v0.6.6
[INFO] [stderr]   Downloaded directories v1.0.1
[INFO] [stderr]   Downloaded termcolor v1.0.3
[INFO] [stderr]   Downloaded notify v4.0.4
[INFO] [stderr]   Downloaded serde_derive v1.0.72
[INFO] [stderr]   Downloaded termion v1.5.1
[INFO] [stderr]   Downloaded walkdir v2.2.0
[INFO] [stderr]   Downloaded proc-macro2 v0.4.13
[INFO] [stderr]   Downloaded syn v0.14.8
[INFO] [stderr]   Downloaded serde v1.0.72
[INFO] [stderr]   Downloaded regex v1.0.4
[INFO] running `Command { std: "docker" "create" "-v" "/var/lib/crater-agent-workspace/builds/worker-5-tc1/target:/opt/rustwide/target:rw,Z" "-v" "/var/lib/crater-agent-workspace/builds/worker-5-tc1/source:/opt/rustwide/workdir:ro,Z" "-v" "/var/lib/crater-agent-workspace/cargo-home:/opt/rustwide/cargo-home:ro,Z" "-v" "/var/lib/crater-agent-workspace/rustup-home:/opt/rustwide/rustup-home:ro,Z" "-e" "SOURCE_DIR=/opt/rustwide/workdir" "-e" "CARGO_TARGET_DIR=/opt/rustwide/target" "-e" "CARGO_HOME=/opt/rustwide/cargo-home" "-e" "RUSTUP_HOME=/opt/rustwide/rustup-home" "-w" "/opt/rustwide/workdir" "-m" "1610612736" "--user" "0:0" "--network" "none" "ghcr.io/rust-lang/crates-build-env/linux@sha256:2788e3201cd34a07e3172128adcd8b3090168a8e3bcc40d7c032b9dda1df7d1c" "/opt/rustwide/cargo-home/bin/cargo" "+1.75.0" "metadata" "--no-deps" "--format-version=1", kill_on_drop: false }`
[INFO] [stdout] ab0d25c5323cf55de4d2b1118177aa254be1839ab2b26f05865e1b2f8f993f87
[INFO] running `Command { std: "docker" "start" "-a" "ab0d25c5323cf55de4d2b1118177aa254be1839ab2b26f05865e1b2f8f993f87", kill_on_drop: false }`
[INFO] running `Command { std: "docker" "inspect" "ab0d25c5323cf55de4d2b1118177aa254be1839ab2b26f05865e1b2f8f993f87", kill_on_drop: false }`
[INFO] running `Command { std: "docker" "rm" "-f" "ab0d25c5323cf55de4d2b1118177aa254be1839ab2b26f05865e1b2f8f993f87", kill_on_drop: false }`
[INFO] [stdout] ab0d25c5323cf55de4d2b1118177aa254be1839ab2b26f05865e1b2f8f993f87
[INFO] running `Command { std: "docker" "create" "-v" "/var/lib/crater-agent-workspace/builds/worker-5-tc1/target:/opt/rustwide/target:rw,Z" "-v" "/var/lib/crater-agent-workspace/builds/worker-5-tc1/source:/opt/rustwide/workdir:ro,Z" "-v" "/var/lib/crater-agent-workspace/cargo-home:/opt/rustwide/cargo-home:ro,Z" "-v" "/var/lib/crater-agent-workspace/rustup-home:/opt/rustwide/rustup-home:ro,Z" "-e" "SOURCE_DIR=/opt/rustwide/workdir" "-e" "CARGO_TARGET_DIR=/opt/rustwide/target" "-e" "CARGO_INCREMENTAL=0" "-e" "RUST_BACKTRACE=full" "-e" "RUSTFLAGS=--cap-lints=warn" "-e" "RUSTDOCFLAGS=--cap-lints=warn" "-e" "CARGO_HOME=/opt/rustwide/cargo-home" "-e" "RUSTUP_HOME=/opt/rustwide/rustup-home" "-w" "/opt/rustwide/workdir" "-m" "1610612736" "--user" "0:0" "--network" "none" "ghcr.io/rust-lang/crates-build-env/linux@sha256:2788e3201cd34a07e3172128adcd8b3090168a8e3bcc40d7c032b9dda1df7d1c" "/opt/rustwide/cargo-home/bin/cargo" "+1.75.0" "build" "--frozen" "--message-format=json", kill_on_drop: false }`
[INFO] [stdout] b08b1c031211a9fbf52730507d635d267024ef5a70f9ebb18e9b9b2477e75baa
[INFO] running `Command { std: "docker" "start" "-a" "b08b1c031211a9fbf52730507d635d267024ef5a70f9ebb18e9b9b2477e75baa", kill_on_drop: false }`
[INFO] [stderr]    Compiling libc v0.2.43
[INFO] [stderr]    Compiling winapi-build v0.1.1
[INFO] [stderr]    Compiling cfg-if v0.1.5
[INFO] [stderr]    Compiling version_check v0.1.4
[INFO] [stderr]    Compiling winapi v0.2.8
[INFO] [stderr]    Compiling proc-macro2 v0.4.13
[INFO] [stderr]    Compiling unicode-xid v0.1.0
[INFO] [stderr]    Compiling unicode-width v0.1.5
[INFO] [stderr]    Compiling log v0.4.3
[INFO] [stderr]    Compiling bitflags v0.4.0
[INFO] [stderr]    Compiling byteorder v1.2.6
[INFO] [stderr]    Compiling regex v1.0.4
[INFO] [stderr]    Compiling ws2_32-sys v0.2.1
[INFO] [stderr]    Compiling kernel32-sys v0.2.2
[INFO] [stderr]    Compiling lazy_static v1.1.0
[INFO] [stderr]    Compiling ucd-util v0.1.1
[INFO] [stderr]    Compiling serde v1.0.72
[INFO] [stderr]    Compiling regex-syntax v0.6.2
[INFO] [stderr]    Compiling log v0.3.9
[INFO] [stderr]    Compiling net2 v0.2.33
[INFO] [stderr]    Compiling memchr v2.0.2
[INFO] [stderr]    Compiling atty v0.2.11
[INFO] [stderr]    Compiling thread_local v0.3.6
[INFO] [stderr]    Compiling aho-corasick v0.6.8
[INFO] [stderr]    Compiling quote v0.6.6
[INFO] [stderr]    Compiling memchr v1.0.2
[INFO] [stderr]    Compiling nix v0.5.1
[INFO] [stderr]    Compiling miow v0.1.5
[INFO] [stderr]    Compiling time v0.1.40
[INFO] [stderr]    Compiling utf8-ranges v1.0.1
[INFO] [stderr]    Compiling quick-error v1.2.2
[INFO] [stderr]    Compiling rustc-serialize v0.3.24
[INFO] [stderr]    Compiling bytes v0.3.0
[INFO] [stderr]    Compiling same-file v1.0.2
[INFO] [stderr]    Compiling slab v0.1.3
[INFO] [stderr]    Compiling humantime v1.1.1
[INFO] [stderr]    Compiling walkdir v2.2.0
[INFO] [stderr]    Compiling syn v0.14.8
[INFO] [stderr]    Compiling filetime v0.1.15
[INFO] [stderr]    Compiling inotify v0.3.0
[INFO] [stderr]    Compiling term v0.5.1
[INFO] [stderr]    Compiling textwrap v0.10.0
[INFO] [stderr]    Compiling vec_map v0.8.1
[INFO] [stderr]    Compiling bitflags v0.7.0
[INFO] [stderr]    Compiling ansi_term v0.11.0
[INFO] [stderr]    Compiling termcolor v1.0.3
[INFO] [stderr]    Compiling mio v0.5.1
[INFO] [stderr]    Compiling bitflags v1.0.3
[INFO] [stderr]    Compiling encode_unicode v0.3.2
[INFO] [stderr]    Compiling strsim v0.7.0
[INFO] [stderr]    Compiling notify v4.0.4
[INFO] [stderr]    Compiling csv v0.15.0
[INFO] [stderr]    Compiling clap v2.32.0
[INFO] [stderr]    Compiling env_logger v0.5.13
[INFO] [stderr]    Compiling prettytable-rs v0.7.0
[INFO] [stderr]    Compiling serde_derive v1.0.72
[INFO] [stderr]    Compiling directories v1.0.1
[INFO] [stderr]    Compiling toml v0.4.6
[INFO] [stderr]    Compiling timetrack v0.3.2 (/opt/rustwide/workdir)
[INFO] [stdout] warning: unused import: `std::fs`
[INFO] [stdout]  --> src/schedule/mod.rs:3:5
[INFO] [stdout]   |
[INFO] [stdout] 3 | use std::fs;
[INFO] [stdout]   |     ^^^^^^^
[INFO] [stdout]   |
[INFO] [stdout]   = note: `#[warn(unused_imports)]` on by default
[INFO] [stdout] 
[INFO] [stdout] 
[INFO] [stdout] warning: unused import: `std::fs::OpenOptions`
[INFO] [stdout]  --> src/schedule/mod.rs:4:5
[INFO] [stdout]   |
[INFO] [stdout] 4 | use std::fs::OpenOptions;
[INFO] [stdout]   |     ^^^^^^^^^^^^^^^^^^^^
[INFO] [stdout] 
[INFO] [stdout] 
[INFO] [stdout] warning: unused import: `std::io::Write`
[INFO] [stdout]  --> src/schedule/mod.rs:5:5
[INFO] [stdout]   |
[INFO] [stdout] 5 | use std::io::Write;
[INFO] [stdout]   |     ^^^^^^^^^^^^^^
[INFO] [stdout] 
[INFO] [stdout] 
[INFO] [stdout] warning: use of deprecated method `std::error::Error::description`: use the Display impl or to_string()
[INFO] [stdout]   --> src/error.rs:27:32
[INFO] [stdout]    |
[INFO] [stdout] 27 |         write!(f, "{}: ", self.description())?;
[INFO] [stdout]    |                                ^^^^^^^^^^^
[INFO] [stdout]    |
[INFO] [stdout]    = note: `#[warn(deprecated)]` on by default
[INFO] [stdout] 
[INFO] [stdout] 
[INFO] [stdout] warning: function `get_plist_file_contents` is never used
[INFO] [stdout]   --> src/schedule/mod.rs:13:4
[INFO] [stdout]    |
[INFO] [stdout] 13 | fn get_plist_file_contents() -> String {
[INFO] [stdout]    |    ^^^^^^^^^^^^^^^^^^^^^^^
[INFO] [stdout]    |
[INFO] [stdout]    = note: `#[warn(dead_code)]` on by default
[INFO] [stdout] 
[INFO] [stdout] 
[INFO] [stdout] warning: function `get_plist_file_path` is never used
[INFO] [stdout]   --> src/schedule/mod.rs:35:4
[INFO] [stdout]    |
[INFO] [stdout] 35 | fn get_plist_file_path() -> PathBuf {
[INFO] [stdout]    |    ^^^^^^^^^^^^^^^^^^^
[INFO] [stdout] 
[INFO] [stdout] 
[INFO] [stdout] warning: 6 warnings emitted
[INFO] [stdout] 
[INFO] [stdout] 
[INFO] [stderr]     Finished dev [unoptimized + debuginfo] target(s) in 6.46s
[INFO] [stderr] warning: the following packages contain code that will be rejected by a future version of Rust: rustc-serialize v0.3.24, syn v0.14.8
[INFO] [stderr] note: to see what the problems were, use the option `--future-incompat-report`, or run `cargo report future-incompatibilities --id 1`
[INFO] running `Command { std: "docker" "inspect" "b08b1c031211a9fbf52730507d635d267024ef5a70f9ebb18e9b9b2477e75baa", kill_on_drop: false }`
[INFO] running `Command { std: "docker" "rm" "-f" "b08b1c031211a9fbf52730507d635d267024ef5a70f9ebb18e9b9b2477e75baa", kill_on_drop: false }`
[INFO] [stdout] b08b1c031211a9fbf52730507d635d267024ef5a70f9ebb18e9b9b2477e75baa
[INFO] running `Command { std: "docker" "create" "-v" "/var/lib/crater-agent-workspace/builds/worker-5-tc1/target:/opt/rustwide/target:rw,Z" "-v" "/var/lib/crater-agent-workspace/builds/worker-5-tc1/source:/opt/rustwide/workdir:ro,Z" "-v" "/var/lib/crater-agent-workspace/cargo-home:/opt/rustwide/cargo-home:ro,Z" "-v" "/var/lib/crater-agent-workspace/rustup-home:/opt/rustwide/rustup-home:ro,Z" "-e" "SOURCE_DIR=/opt/rustwide/workdir" "-e" "CARGO_TARGET_DIR=/opt/rustwide/target" "-e" "CARGO_INCREMENTAL=0" "-e" "RUST_BACKTRACE=full" "-e" "RUSTFLAGS=--cap-lints=warn" "-e" "RUSTDOCFLAGS=--cap-lints=warn" "-e" "CARGO_HOME=/opt/rustwide/cargo-home" "-e" "RUSTUP_HOME=/opt/rustwide/rustup-home" "-w" "/opt/rustwide/workdir" "-m" "1610612736" "--user" "0:0" "--network" "none" "ghcr.io/rust-lang/crates-build-env/linux@sha256:2788e3201cd34a07e3172128adcd8b3090168a8e3bcc40d7c032b9dda1df7d1c" "/opt/rustwide/cargo-home/bin/cargo" "+1.75.0" "test" "--frozen" "--no-run" "--message-format=json", kill_on_drop: false }`
[INFO] [stdout] f8250d9345e9811540930ad5e0b8e21b92e18c11779c25c2584699497e9400a5
[INFO] running `Command { std: "docker" "start" "-a" "f8250d9345e9811540930ad5e0b8e21b92e18c11779c25c2584699497e9400a5", kill_on_drop: false }`
[INFO] [stdout] warning: unused import: `std::fs`
[INFO] [stdout]  --> src/schedule/mod.rs:3:5
[INFO] [stdout]   |
[INFO] [stdout] 3 | use std::fs;
[INFO] [stdout]   |     ^^^^^^^
[INFO] [stdout]   |
[INFO] [stdout]   = note: `#[warn(unused_imports)]` on by default
[INFO] [stdout] 
[INFO] [stdout] 
[INFO] [stdout] warning: unused import: `std::fs::OpenOptions`
[INFO] [stdout]  --> src/schedule/mod.rs:4:5
[INFO] [stdout]   |
[INFO] [stdout] 4 | use std::fs::OpenOptions;
[INFO] [stdout]   |     ^^^^^^^^^^^^^^^^^^^^
[INFO] [stdout] 
[INFO] [stdout] 
[INFO] [stdout] warning: unused import: `std::io::Write`
[INFO] [stdout]  --> src/schedule/mod.rs:5:5
[INFO] [stdout]   |
[INFO] [stdout] 5 | use std::io::Write;
[INFO] [stdout]   |     ^^^^^^^^^^^^^^
[INFO] [stdout] 
[INFO] [stdout] 
[INFO] [stdout] warning: use of deprecated method `std::error::Error::description`: use the Display impl or to_string()
[INFO] [stdout]   --> src/error.rs:27:32
[INFO] [stdout]    |
[INFO] [stdout] 27 |         write!(f, "{}: ", self.description())?;
[INFO] [stdout]    |                                ^^^^^^^^^^^
[INFO] [stdout]    |
[INFO] [stdout]    = note: `#[warn(deprecated)]` on by default
[INFO] [stdout] 
[INFO] [stdout] 
[INFO] [stdout] warning: function `get_plist_file_contents` is never used
[INFO] [stdout]   --> src/schedule/mod.rs:13:4
[INFO] [stdout]    |
[INFO] [stdout] 13 | fn get_plist_file_contents() -> String {
[INFO] [stdout]    |    ^^^^^^^^^^^^^^^^^^^^^^^
[INFO] [stdout]    |
[INFO] [stdout]    = note: `#[warn(dead_code)]` on by default
[INFO] [stdout] 
[INFO] [stdout] 
[INFO] [stderr]    Compiling timetrack v0.3.2 (/opt/rustwide/workdir)
[INFO] [stdout] warning: function `get_plist_file_path` is never used
[INFO] [stdout]   --> src/schedule/mod.rs:35:4
[INFO] [stdout]    |
[INFO] [stdout] 35 | fn get_plist_file_path() -> PathBuf {
[INFO] [stdout]    |    ^^^^^^^^^^^^^^^^^^^
[INFO] [stdout] 
[INFO] [stdout] 
[INFO] [stdout] warning: 6 warnings emitted
[INFO] [stdout] 
[INFO] [stdout] 
[INFO] [stdout] warning: unused import: `std::fs`
[INFO] [stdout]  --> src/schedule/mod.rs:3:5
[INFO] [stdout]   |
[INFO] [stdout] 3 | use std::fs;
[INFO] [stdout]   |     ^^^^^^^
[INFO] [stdout]   |
[INFO] [stdout]   = note: `#[warn(unused_imports)]` on by default
[INFO] [stdout] 
[INFO] [stdout] 
[INFO] [stdout] warning: unused import: `std::fs::OpenOptions`
[INFO] [stdout]  --> src/schedule/mod.rs:4:5
[INFO] [stdout]   |
[INFO] [stdout] 4 | use std::fs::OpenOptions;
[INFO] [stdout]   |     ^^^^^^^^^^^^^^^^^^^^
[INFO] [stdout] 
[INFO] [stdout] 
[INFO] [stdout] warning: unused import: `std::io::Write`
[INFO] [stdout]  --> src/schedule/mod.rs:5:5
[INFO] [stdout]   |
[INFO] [stdout] 5 | use std::io::Write;
[INFO] [stdout]   |     ^^^^^^^^^^^^^^
[INFO] [stdout] 
[INFO] [stdout] 
[INFO] [stdout] warning: use of deprecated method `std::error::Error::description`: use the Display impl or to_string()
[INFO] [stdout]   --> src/error.rs:27:32
[INFO] [stdout]    |
[INFO] [stdout] 27 |         write!(f, "{}: ", self.description())?;
[INFO] [stdout]    |                                ^^^^^^^^^^^
[INFO] [stdout]    |
[INFO] [stdout]    = note: `#[warn(deprecated)]` on by default
[INFO] [stdout] 
[INFO] [stdout] 
[INFO] [stdout] warning: function `get_plist_file_contents` is never used
[INFO] [stdout]   --> src/schedule/mod.rs:13:4
[INFO] [stdout]    |
[INFO] [stdout] 13 | fn get_plist_file_contents() -> String {
[INFO] [stdout]    |    ^^^^^^^^^^^^^^^^^^^^^^^
[INFO] [stdout]    |
[INFO] [stdout]    = note: `#[warn(dead_code)]` on by default
[INFO] [stdout] 
[INFO] [stdout] 
[INFO] [stdout] warning: function `get_plist_file_path` is never used
[INFO] [stdout]   --> src/schedule/mod.rs:35:4
[INFO] [stdout]    |
[INFO] [stdout] 35 | fn get_plist_file_path() -> PathBuf {
[INFO] [stdout]    |    ^^^^^^^^^^^^^^^^^^^
[INFO] [stdout] 
[INFO] [stdout] 
[INFO] [stdout] warning: 6 warnings emitted
[INFO] [stdout] 
[INFO] [stdout] 
[INFO] [stderr]     Finished test [unoptimized + debuginfo] target(s) in 0.76s
[INFO] [stderr] warning: the following packages contain code that will be rejected by a future version of Rust: rustc-serialize v0.3.24, syn v0.14.8
[INFO] [stderr] note: to see what the problems were, use the option `--future-incompat-report`, or run `cargo report future-incompatibilities --id 1`
[INFO] running `Command { std: "docker" "inspect" "f8250d9345e9811540930ad5e0b8e21b92e18c11779c25c2584699497e9400a5", kill_on_drop: false }`
[INFO] running `Command { std: "docker" "rm" "-f" "f8250d9345e9811540930ad5e0b8e21b92e18c11779c25c2584699497e9400a5", kill_on_drop: false }`
[INFO] [stdout] f8250d9345e9811540930ad5e0b8e21b92e18c11779c25c2584699497e9400a5
[INFO] running `Command { std: "docker" "create" "-v" "/var/lib/crater-agent-workspace/builds/worker-5-tc1/target:/opt/rustwide/target:rw,Z" "-v" "/var/lib/crater-agent-workspace/builds/worker-5-tc1/source:/opt/rustwide/workdir:ro,Z" "-v" "/var/lib/crater-agent-workspace/cargo-home:/opt/rustwide/cargo-home:ro,Z" "-v" "/var/lib/crater-agent-workspace/rustup-home:/opt/rustwide/rustup-home:ro,Z" "-e" "SOURCE_DIR=/opt/rustwide/workdir" "-e" "CARGO_TARGET_DIR=/opt/rustwide/target" "-e" "CARGO_INCREMENTAL=0" "-e" "RUST_BACKTRACE=full" "-e" "RUSTFLAGS=--cap-lints=warn" "-e" "RUSTDOCFLAGS=--cap-lints=warn" "-e" "CARGO_HOME=/opt/rustwide/cargo-home" "-e" "RUSTUP_HOME=/opt/rustwide/rustup-home" "-w" "/opt/rustwide/workdir" "-m" "1610612736" "--user" "0:0" "--network" "none" "ghcr.io/rust-lang/crates-build-env/linux@sha256:2788e3201cd34a07e3172128adcd8b3090168a8e3bcc40d7c032b9dda1df7d1c" "/opt/rustwide/cargo-home/bin/cargo" "+1.75.0" "test" "--frozen", kill_on_drop: false }`
[INFO] [stdout] e2060df227e51f120ea392bce7f1ce00cf65951deadcfa4c68260c462300da1f
[INFO] running `Command { std: "docker" "start" "-a" "e2060df227e51f120ea392bce7f1ce00cf65951deadcfa4c68260c462300da1f", kill_on_drop: false }`
[INFO] [stderr] warning: unused import: `std::fs`
[INFO] [stderr]  --> src/schedule/mod.rs:3:5
[INFO] [stderr]   |
[INFO] [stderr] 3 | use std::fs;
[INFO] [stderr]   |     ^^^^^^^
[INFO] [stderr]   |
[INFO] [stderr]   = note: `#[warn(unused_imports)]` on by default
[INFO] [stderr] 
[INFO] [stderr] warning: unused import: `std::fs::OpenOptions`
[INFO] [stderr]  --> src/schedule/mod.rs:4:5
[INFO] [stderr]   |
[INFO] [stderr] 4 | use std::fs::OpenOptions;
[INFO] [stderr]   |     ^^^^^^^^^^^^^^^^^^^^
[INFO] [stderr] 
[INFO] [stderr] warning: unused import: `std::io::Write`
[INFO] [stderr]  --> src/schedule/mod.rs:5:5
[INFO] [stderr]   |
[INFO] [stderr] 5 | use std::io::Write;
[INFO] [stderr]   |     ^^^^^^^^^^^^^^
[INFO] [stderr] 
[INFO] [stderr] warning: use of deprecated method `std::error::Error::description`: use the Display impl or to_string()
[INFO] [stderr]   --> src/error.rs:27:32
[INFO] [stderr]    |
[INFO] [stderr] 27 |         write!(f, "{}: ", self.description())?;
[INFO] [stderr]    |                                ^^^^^^^^^^^
[INFO] [stderr]    |
[INFO] [stderr]    = note: `#[warn(deprecated)]` on by default
[INFO] [stderr] 
[INFO] [stderr] warning: function `get_plist_file_contents` is never used
[INFO] [stderr]   --> src/schedule/mod.rs:13:4
[INFO] [stderr]    |
[INFO] [stderr] 13 | fn get_plist_file_contents() -> String {
[INFO] [stderr]    |    ^^^^^^^^^^^^^^^^^^^^^^^
[INFO] [stderr]    |
[INFO] [stderr]    = note: `#[warn(dead_code)]` on by default
[INFO] [stderr] 
[INFO] [stderr] warning: function `get_plist_file_path` is never used
[INFO] [stderr]   --> src/schedule/mod.rs:35:4
[INFO] [stderr]    |
[INFO] [stderr] 35 | fn get_plist_file_path() -> PathBuf {
[INFO] [stderr]    |    ^^^^^^^^^^^^^^^^^^^
[INFO] [stderr] 
[INFO] [stderr] warning: `timetrack` (lib) generated 6 warnings (run `cargo fix --lib -p timetrack` to apply 3 suggestions)
[INFO] [stderr] warning: `timetrack` (lib test) generated 6 warnings (6 duplicates)
[INFO] [stderr]     Finished test [unoptimized + debuginfo] target(s) in 0.03s
[INFO] [stderr] warning: the following packages contain code that will be rejected by a future version of Rust: rustc-serialize v0.3.24, syn v0.14.8
[INFO] [stderr] note: to see what the problems were, use the option `--future-incompat-report`, or run `cargo report future-incompatibilities --id 1`
[INFO] [stderr]      Running unittests src/lib.rs (/opt/rustwide/target/debug/deps/timetrack-3107120b388f219d)
[INFO] [stdout] 
[INFO] [stdout] running 28 tests
[INFO] [stdout] test calc::display::tests::to_hms_hour_minute ... ok
[INFO] [stdout] test calc::display::tests::to_hms_hours ... ok
[INFO] [stdout] test calc::display::tests::to_hms_hour ... ok
[INFO] [stdout] test calc::display::tests::to_hms_hours_minute ... ok
[INFO] [stdout] test calc::display::tests::to_hms_minute ... ok
[INFO] [stdout] test calc::display::tests::to_hms_minutes ... ok
[INFO] [stdout] test calc::display::tests::to_hms_second ... ok
[INFO] [stdout] test calc::display::tests::to_hms_seconds ... ok
[INFO] [stdout] test calc::display::tests::to_hms_string_zero ... ok
[INFO] [stdout] test calc::raw_log::tests::raw_log_display ... ok
[INFO] [stdout] test calc::raw_log::tests::raw_log_from_str ... ok
[INFO] [stdout] test calc::raw_log::tests::raw_logs_from_string ... ok
[INFO] [stdout] test calc::span::tests::get_last_timestamp_per_project_several_spans ... ok
[INFO] [stdout] test calc::span::tests::get_vec_raw_logs_from_map_last_timestamp_per_project_empty ... ok
[INFO] [stdout] test calc::span::tests::get_vec_raw_logs_from_map_last_timestamp_per_project_several_projects ... ok
[INFO] [stdout] test calc::span::tests::get_last_timestamp_per_project_no_spans ... ok
[INFO] [stdout] test calc::span::tests::raw_log_to_span_large_timegap ... ok
[INFO] [stdout] test calc::span::tests::raw_log_to_span_no_logs ... ok
[INFO] [stdout] test calc::span::tests::raw_log_to_span_single_project ... ok
[INFO] [stdout] test calc::span::tests::raw_log_to_span_two_projects_interleaved ... ok
[INFO] [stdout] test calc::span::tests::raw_log_to_span_two_project ... ok
[INFO] [stdout] test track::tests::extract_project_name_multiple_paths ... ok
[INFO] [stdout] test track::tests::extract_project_name_some ... ok
[INFO] [stdout] test calc::tests::calculate_project_total_time_two_projects ... ok
[INFO] [stdout] test calc::tests::calculate_project_total_time_single_project ... ok
[INFO] [stdout] test track::tests::extract_project_name_none ... ok
[INFO] [stdout] test track::git::tests::does_not_contains ... ok
[INFO] [stdout] test track::git::tests::contains ... FAILED
[INFO] [stdout] 
[INFO] [stdout] failures:
[INFO] [stdout] 
[INFO] [stdout] ---- track::git::tests::contains stdout ----
[INFO] [stdout] thread 'track::git::tests::contains' panicked at src/track/git.rs:43:9:
[INFO] [stdout] assertion failed: contains_file_which_would_not_be_ignored(env::current_dir().unwrap(),
[INFO] [stdout]     file_paths)
[INFO] [stdout] stack backtrace:
[INFO] [stdout]    0:     0x565117d68fcc - std::backtrace_rs::backtrace::libunwind::trace::ha637c64ce894333a
[INFO] [stdout]                                at /rustc/82e1608dfa6e0b5569232559e3d385fea5a93112/library/std/src/../../backtrace/src/backtrace/libunwind.rs:104:5
[INFO] [stdout]    1:     0x565117d68fcc - std::backtrace_rs::backtrace::trace_unsynchronized::h47f62dea28e0c88d
[INFO] [stdout]                                at /rustc/82e1608dfa6e0b5569232559e3d385fea5a93112/library/std/src/../../backtrace/src/backtrace/mod.rs:66:5
[INFO] [stdout]    2:     0x565117d68fcc - std::sys_common::backtrace::_print_fmt::h9eef0abe20ede486
[INFO] [stdout]                                at /rustc/82e1608dfa6e0b5569232559e3d385fea5a93112/library/std/src/sys_common/backtrace.rs:67:5
[INFO] [stdout]    3:     0x565117d68fcc - <std::sys_common::backtrace::_print::DisplayBacktrace as core::fmt::Display>::fmt::hed7f999df88cc644
[INFO] [stdout]                                at /rustc/82e1608dfa6e0b5569232559e3d385fea5a93112/library/std/src/sys_common/backtrace.rs:44:22
[INFO] [stdout]    4:     0x565117d92c70 - core::fmt::rt::Argument::fmt::h1539a9308b8d058d
[INFO] [stdout]                                at /rustc/82e1608dfa6e0b5569232559e3d385fea5a93112/library/core/src/fmt/rt.rs:142:9
[INFO] [stdout]    5:     0x565117d92c70 - core::fmt::write::h3a39390d8560d9c9
[INFO] [stdout]                                at /rustc/82e1608dfa6e0b5569232559e3d385fea5a93112/library/core/src/fmt/mod.rs:1120:17
[INFO] [stdout]    6:     0x565117d667cf - std::io::Write::write_fmt::h040b369f3a0f9cbc
[INFO] [stdout]                                at /rustc/82e1608dfa6e0b5569232559e3d385fea5a93112/library/std/src/io/mod.rs:1762:15
[INFO] [stdout]    7:     0x565117d68db4 - std::sys_common::backtrace::_print::h894006fb5c6f3d45
[INFO] [stdout]                                at /rustc/82e1608dfa6e0b5569232559e3d385fea5a93112/library/std/src/sys_common/backtrace.rs:47:5
[INFO] [stdout]    8:     0x565117d68db4 - std::sys_common::backtrace::print::h23a2d212c6fff936
[INFO] [stdout]                                at /rustc/82e1608dfa6e0b5569232559e3d385fea5a93112/library/std/src/sys_common/backtrace.rs:34:9
[INFO] [stdout]    9:     0x565117d6aa77 - std::panicking::default_hook::{{closure}}::h8a1d2ee00185001a
[INFO] [stdout]   10:     0x565117d6a763 - std::panicking::default_hook::h6038f2eba384e475
[INFO] [stdout]                                at /rustc/82e1608dfa6e0b5569232559e3d385fea5a93112/library/std/src/panicking.rs:289:9
[INFO] [stdout]   11:     0x565117d23927 - <alloc::boxed::Box<F,A> as core::ops::function::Fn<Args>>::call::h0ad024c9bdc6d768
[INFO] [stdout]                                at /rustc/82e1608dfa6e0b5569232559e3d385fea5a93112/library/alloc/src/boxed.rs:2021:9
[INFO] [stdout]   12:     0x565117d23927 - test::test_main::{{closure}}::h7500b54257359db6
[INFO] [stdout]                                at /rustc/82e1608dfa6e0b5569232559e3d385fea5a93112/library/test/src/lib.rs:138:21
[INFO] [stdout]   13:     0x565117d6b088 - <alloc::boxed::Box<F,A> as core::ops::function::Fn<Args>>::call::h1f8f335eaa9cfaee
[INFO] [stdout]                                at /rustc/82e1608dfa6e0b5569232559e3d385fea5a93112/library/alloc/src/boxed.rs:2021:9
[INFO] [stdout]   14:     0x565117d6b088 - std::panicking::rust_panic_with_hook::h2b5517d590cab22e
[INFO] [stdout]                                at /rustc/82e1608dfa6e0b5569232559e3d385fea5a93112/library/std/src/panicking.rs:783:13
[INFO] [stdout]   15:     0x565117d6ada9 - std::panicking::begin_panic_handler::{{closure}}::h233112c06e0ef43e
[INFO] [stdout]                                at /rustc/82e1608dfa6e0b5569232559e3d385fea5a93112/library/std/src/panicking.rs:649:13
[INFO] [stdout]   16:     0x565117d69496 - std::sys_common::backtrace::__rust_end_short_backtrace::h6e893f24d7ebbff8
[INFO] [stdout]                                at /rustc/82e1608dfa6e0b5569232559e3d385fea5a93112/library/std/src/sys_common/backtrace.rs:170:18
[INFO] [stdout]   17:     0x565117d6ab42 - rust_begin_unwind
[INFO] [stdout]                                at /rustc/82e1608dfa6e0b5569232559e3d385fea5a93112/library/std/src/panicking.rs:645:5
[INFO] [stdout]   18:     0x565117cd4cf5 - core::panicking::panic_fmt::hbf0e066aabfa482c
[INFO] [stdout]                                at /rustc/82e1608dfa6e0b5569232559e3d385fea5a93112/library/core/src/panicking.rs:72:14
[INFO] [stdout]   19:     0x565117cd4d93 - core::panicking::panic::h195fc2a96298d4c3
[INFO] [stdout]                                at /rustc/82e1608dfa6e0b5569232559e3d385fea5a93112/library/core/src/panicking.rs:127:5
[INFO] [stdout]   20:     0x565117ce0c69 - timetrack::track::git::tests::contains::h54da97e275348daa
[INFO] [stdout]                                at /opt/rustwide/workdir/src/track/git.rs:43:9
[INFO] [stdout]   21:     0x565117ce0b17 - timetrack::track::git::tests::contains::{{closure}}::he0d4f06039e42ff7
[INFO] [stdout]                                at /opt/rustwide/workdir/src/track/git.rs:41:18
[INFO] [stdout]   22:     0x565117ce84c6 - core::ops::function::FnOnce::call_once::h975eed72d6a07382
[INFO] [stdout]                                at /rustc/82e1608dfa6e0b5569232559e3d385fea5a93112/library/core/src/ops/function.rs:250:5
[INFO] [stdout]   23:     0x565117d28f7f - core::ops::function::FnOnce::call_once::h2b5d431d5046312d
[INFO] [stdout]                                at /rustc/82e1608dfa6e0b5569232559e3d385fea5a93112/library/core/src/ops/function.rs:250:5
[INFO] [stdout]   24:     0x565117d28f7f - test::__rust_begin_short_backtrace::h7714669af176e207
[INFO] [stdout]                                at /rustc/82e1608dfa6e0b5569232559e3d385fea5a93112/library/test/src/lib.rs:628:18
[INFO] [stdout]   25:     0x565117d27f95 - test::run_test_in_process::{{closure}}::h85218797dcbcec12
[INFO] [stdout]                                at /rustc/82e1608dfa6e0b5569232559e3d385fea5a93112/library/test/src/lib.rs:651:60
[INFO] [stdout]   26:     0x565117d27f95 - <core::panic::unwind_safe::AssertUnwindSafe<F> as core::ops::function::FnOnce<()>>::call_once::h76c106ea31c14d7b
[INFO] [stdout]                                at /rustc/82e1608dfa6e0b5569232559e3d385fea5a93112/library/core/src/panic/unwind_safe.rs:272:9
[INFO] [stdout]   27:     0x565117d27f95 - std::panicking::try::do_call::h3bd5d0f6620ee946
[INFO] [stdout]                                at /rustc/82e1608dfa6e0b5569232559e3d385fea5a93112/library/std/src/panicking.rs:552:40
[INFO] [stdout]   28:     0x565117d27f95 - std::panicking::try::h232e535e4744fe31
[INFO] [stdout]                                at /rustc/82e1608dfa6e0b5569232559e3d385fea5a93112/library/std/src/panicking.rs:516:19
[INFO] [stdout]   29:     0x565117d27f95 - std::panic::catch_unwind::h3ce3bd6ca8dbac68
[INFO] [stdout]                                at /rustc/82e1608dfa6e0b5569232559e3d385fea5a93112/library/std/src/panic.rs:142:14
[INFO] [stdout]   30:     0x565117d27f95 - test::run_test_in_process::hc97b257c9621286a
[INFO] [stdout]                                at /rustc/82e1608dfa6e0b5569232559e3d385fea5a93112/library/test/src/lib.rs:651:27
[INFO] [stdout]   31:     0x565117d27f95 - test::run_test::{{closure}}::h2aa798823a438d38
[INFO] [stdout]                                at /rustc/82e1608dfa6e0b5569232559e3d385fea5a93112/library/test/src/lib.rs:574:43
[INFO] [stdout]   32:     0x565117cf0256 - test::run_test::{{closure}}::h87d231c78fb59832
[INFO] [stdout]                                at /rustc/82e1608dfa6e0b5569232559e3d385fea5a93112/library/test/src/lib.rs:602:41
[INFO] [stdout]   33:     0x565117cf0256 - std::sys_common::backtrace::__rust_begin_short_backtrace::he6df152596625789
[INFO] [stdout]                                at /rustc/82e1608dfa6e0b5569232559e3d385fea5a93112/library/std/src/sys_common/backtrace.rs:154:18
[INFO] [stdout]   34:     0x565117cf5307 - std::thread::Builder::spawn_unchecked_::{{closure}}::{{closure}}::ha94be15d1e0acf36
[INFO] [stdout]                                at /rustc/82e1608dfa6e0b5569232559e3d385fea5a93112/library/std/src/thread/mod.rs:529:17
[INFO] [stdout]   35:     0x565117cf5307 - <core::panic::unwind_safe::AssertUnwindSafe<F> as core::ops::function::FnOnce<()>>::call_once::h9dc6bd6372f16606
[INFO] [stdout]                                at /rustc/82e1608dfa6e0b5569232559e3d385fea5a93112/library/core/src/panic/unwind_safe.rs:272:9
[INFO] [stdout]   36:     0x565117cf5307 - std::panicking::try::do_call::h9057517f80303cd4
[INFO] [stdout]                                at /rustc/82e1608dfa6e0b5569232559e3d385fea5a93112/library/std/src/panicking.rs:552:40
[INFO] [stdout]   37:     0x565117cf5307 - std::panicking::try::he3a30b11ee45340c
[INFO] [stdout]                                at /rustc/82e1608dfa6e0b5569232559e3d385fea5a93112/library/std/src/panicking.rs:516:19
[INFO] [stdout]   38:     0x565117cf5307 - std::panic::catch_unwind::h410458cfd3528b8b
[INFO] [stdout]                                at /rustc/82e1608dfa6e0b5569232559e3d385fea5a93112/library/std/src/panic.rs:142:14
[INFO] [stdout]   39:     0x565117cf5307 - std::thread::Builder::spawn_unchecked_::{{closure}}::h72ac3bdb567b737b
[INFO] [stdout]                                at /rustc/82e1608dfa6e0b5569232559e3d385fea5a93112/library/std/src/thread/mod.rs:528:30
[INFO] [stdout]   40:     0x565117cf5307 - core::ops::function::FnOnce::call_once{{vtable.shim}}::h38f34da3654a8344
[INFO] [stdout]                                at /rustc/82e1608dfa6e0b5569232559e3d385fea5a93112/library/core/src/ops/function.rs:250:5
[INFO] [stdout]   41:     0x565117d6fc75 - <alloc::boxed::Box<F,A> as core::ops::function::FnOnce<Args>>::call_once::hc7eafaff61e32df9
[INFO] [stdout]                                at /rustc/82e1608dfa6e0b5569232559e3d385fea5a93112/library/alloc/src/boxed.rs:2007:9
[INFO] [stdout]   42:     0x565117d6fc75 - <alloc::boxed::Box<F,A> as core::ops::function::FnOnce<Args>>::call_once::h6ba4a5de48dd2304
[INFO] [stdout]                                at /rustc/82e1608dfa6e0b5569232559e3d385fea5a93112/library/alloc/src/boxed.rs:2007:9
[INFO] [stdout]   43:     0x565117d6fc75 - std::sys::unix::thread::Thread::new::thread_start::he469335aef763e45
[INFO] [stdout]                                at /rustc/82e1608dfa6e0b5569232559e3d385fea5a93112/library/std/src/sys/unix/thread.rs:108:17
[INFO] [stdout]   44:     0x7f3824d86ac3 - <unknown>
[INFO] [stdout]   45:     0x7f3824e17bf4 - __clone
[INFO] [stdout]   46:                0x0 - <unknown>
[INFO] [stdout] 
[INFO] [stdout] 
[INFO] [stdout] failures:
[INFO] [stdout]     track::git::tests::contains
[INFO] [stdout] 
[INFO] [stdout] test result: FAILED. 27 passed; 1 failed; 0 ignored; 0 measured; 0 filtered out; finished in 0.02s
[INFO] [stdout] 
[INFO] [stderr] error: test failed, to rerun pass `--lib`
[INFO] running `Command { std: "docker" "inspect" "e2060df227e51f120ea392bce7f1ce00cf65951deadcfa4c68260c462300da1f", kill_on_drop: false }`
[INFO] running `Command { std: "docker" "rm" "-f" "e2060df227e51f120ea392bce7f1ce00cf65951deadcfa4c68260c462300da1f", kill_on_drop: false }`
[INFO] [stdout] e2060df227e51f120ea392bce7f1ce00cf65951deadcfa4c68260c462300da1f
[INFO] testing timetrack-0.3.2 against beta-2023-12-22 for beta-1.76-1
[INFO] extracting crate timetrack 0.3.2 into /workspace/builds/worker-5-tc2/source
[INFO] validating manifest of crates.io crate timetrack 0.3.2 on toolchain beta-2023-12-22
[INFO] running `Command { std: CARGO_HOME="/workspace/cargo-home" RUSTUP_HOME="/workspace/rustup-home" "/workspace/cargo-home/bin/cargo" "+beta-2023-12-22" "metadata" "--manifest-path" "Cargo.toml" "--no-deps", kill_on_drop: false }`
[INFO] started tweaking crates.io crate timetrack 0.3.2
[INFO] finished tweaking crates.io crate timetrack 0.3.2
[INFO] tweaked toml for crates.io crate timetrack 0.3.2 written to /workspace/builds/worker-5-tc2/source/Cargo.toml
[INFO] crate crates.io crate timetrack 0.3.2 already has a lockfile, it will not be regenerated
[INFO] running `Command { std: CARGO_HOME="/workspace/cargo-home" RUSTUP_HOME="/workspace/rustup-home" "/workspace/cargo-home/bin/cargo" "+beta-2023-12-22" "fetch" "--manifest-path" "Cargo.toml", kill_on_drop: false }`
[INFO] running `Command { std: "docker" "create" "-v" "/var/lib/crater-agent-workspace/builds/worker-5-tc2/target:/opt/rustwide/target:rw,Z" "-v" "/var/lib/crater-agent-workspace/builds/worker-5-tc2/source:/opt/rustwide/workdir:ro,Z" "-v" "/var/lib/crater-agent-workspace/cargo-home:/opt/rustwide/cargo-home:ro,Z" "-v" "/var/lib/crater-agent-workspace/rustup-home:/opt/rustwide/rustup-home:ro,Z" "-e" "SOURCE_DIR=/opt/rustwide/workdir" "-e" "CARGO_TARGET_DIR=/opt/rustwide/target" "-e" "CARGO_HOME=/opt/rustwide/cargo-home" "-e" "RUSTUP_HOME=/opt/rustwide/rustup-home" "-w" "/opt/rustwide/workdir" "-m" "1610612736" "--user" "0:0" "--network" "none" "ghcr.io/rust-lang/crates-build-env/linux@sha256:2788e3201cd34a07e3172128adcd8b3090168a8e3bcc40d7c032b9dda1df7d1c" "/opt/rustwide/cargo-home/bin/cargo" "+beta-2023-12-22" "metadata" "--no-deps" "--format-version=1", kill_on_drop: false }`
[INFO] [stdout] d51ade120801786a0a5ee7eafa4eec10b8deb87f1967e09c00529a178588f6b6
[INFO] running `Command { std: "docker" "start" "-a" "d51ade120801786a0a5ee7eafa4eec10b8deb87f1967e09c00529a178588f6b6", kill_on_drop: false }`
[INFO] running `Command { std: "docker" "inspect" "d51ade120801786a0a5ee7eafa4eec10b8deb87f1967e09c00529a178588f6b6", kill_on_drop: false }`
[INFO] running `Command { std: "docker" "rm" "-f" "d51ade120801786a0a5ee7eafa4eec10b8deb87f1967e09c00529a178588f6b6", kill_on_drop: false }`
[INFO] [stdout] d51ade120801786a0a5ee7eafa4eec10b8deb87f1967e09c00529a178588f6b6
[INFO] running `Command { std: "docker" "create" "-v" "/var/lib/crater-agent-workspace/builds/worker-5-tc2/target:/opt/rustwide/target:rw,Z" "-v" "/var/lib/crater-agent-workspace/builds/worker-5-tc2/source:/opt/rustwide/workdir:ro,Z" "-v" "/var/lib/crater-agent-workspace/cargo-home:/opt/rustwide/cargo-home:ro,Z" "-v" "/var/lib/crater-agent-workspace/rustup-home:/opt/rustwide/rustup-home:ro,Z" "-e" "SOURCE_DIR=/opt/rustwide/workdir" "-e" "CARGO_TARGET_DIR=/opt/rustwide/target" "-e" "CARGO_INCREMENTAL=0" "-e" "RUST_BACKTRACE=full" "-e" "RUSTFLAGS=--cap-lints=warn" "-e" "RUSTDOCFLAGS=--cap-lints=warn" "-e" "CARGO_HOME=/opt/rustwide/cargo-home" "-e" "RUSTUP_HOME=/opt/rustwide/rustup-home" "-w" "/opt/rustwide/workdir" "-m" "1610612736" "--user" "0:0" "--network" "none" "ghcr.io/rust-lang/crates-build-env/linux@sha256:2788e3201cd34a07e3172128adcd8b3090168a8e3bcc40d7c032b9dda1df7d1c" "/opt/rustwide/cargo-home/bin/cargo" "+beta-2023-12-22" "build" "--frozen" "--message-format=json", kill_on_drop: false }`
[INFO] [stdout] b6ef19bd89d986d1d37984ee2b58cfec30a0b43a691ccbe55d9514342be49695
[INFO] running `Command { std: "docker" "start" "-a" "b6ef19bd89d986d1d37984ee2b58cfec30a0b43a691ccbe55d9514342be49695", kill_on_drop: false }`
[INFO] [stderr]    Compiling libc v0.2.43
[INFO] [stderr]    Compiling winapi-build v0.1.1
[INFO] [stderr]    Compiling cfg-if v0.1.5
[INFO] [stderr]    Compiling version_check v0.1.4
[INFO] [stderr]    Compiling winapi v0.2.8
[INFO] [stderr]    Compiling proc-macro2 v0.4.13
[INFO] [stderr]    Compiling unicode-xid v0.1.0
[INFO] [stderr]    Compiling byteorder v1.2.6
[INFO] [stderr]    Compiling log v0.4.3
[INFO] [stderr]    Compiling ucd-util v0.1.1
[INFO] [stderr]    Compiling unicode-width v0.1.5
[INFO] [stderr]    Compiling ws2_32-sys v0.2.1
[INFO] [stderr]    Compiling kernel32-sys v0.2.2
[INFO] [stderr]    Compiling serde v1.0.72
[INFO] [stderr]    Compiling bitflags v0.4.0
[INFO] [stderr]    Compiling regex v1.0.4
[INFO] [stderr]    Compiling log v0.3.9
[INFO] [stderr]    Compiling lazy_static v1.1.0
[INFO] [stderr]    Compiling regex-syntax v0.6.2
[INFO] [stderr]    Compiling atty v0.2.11
[INFO] [stderr]    Compiling net2 v0.2.33
[INFO] [stderr]    Compiling memchr v2.0.2
[INFO] [stderr]    Compiling memchr v1.0.2
[INFO] [stderr]    Compiling aho-corasick v0.6.8
[INFO] [stderr]    Compiling quote v0.6.6
[INFO] [stderr]    Compiling time v0.1.40
[INFO] [stderr]    Compiling thread_local v0.3.6
[INFO] [stderr]    Compiling miow v0.1.5
[INFO] [stderr]    Compiling nix v0.5.1
[INFO] [stderr]    Compiling same-file v1.0.2
[INFO] [stderr]    Compiling slab v0.1.3
[INFO] [stderr]    Compiling bytes v0.3.0
[INFO] [stderr]    Compiling quick-error v1.2.2
[INFO] [stderr]    Compiling utf8-ranges v1.0.1
[INFO] [stderr]    Compiling rustc-serialize v0.3.24
[INFO] [stderr]    Compiling walkdir v2.2.0
[INFO] [stderr]    Compiling humantime v1.1.1
[INFO] [stderr]    Compiling syn v0.14.8
[INFO] [stderr]    Compiling filetime v0.1.15
[INFO] [stdout] error[E0310]: the parameter type `T` may not live long enough
[INFO] [stdout]     --> /opt/rustwide/cargo-home/registry/src/index.crates.io-6f17d22bba15001f/rustc-serialize-0.3.24/src/serialize.rs:1155:5
[INFO] [stdout]      |
[INFO] [stdout] 1155 |     fn decode<D: Decoder>(d: &mut D) -> Result<Cow<'static, T>, D::Error> {
[INFO] [stdout]      |     ^^^^^^^^^^^^^^^^^^^^^^^^^^^^^^^^^^^^^^^^^^^^^^^^^^^^^^^^^^^^^^^^^^^^^
[INFO] [stdout]      |     |
[INFO] [stdout]      |     the parameter type `T` must be valid for the static lifetime...
[INFO] [stdout]      |     ...so that the type `T` will meet its required lifetime bounds...
[INFO] [stdout]      |
[INFO] [stdout] note: ...that is required by this bound
[INFO] [stdout]     --> /rustc/0e09125c6c3c2fd70d7de961bcf0e51575235fad/library/alloc/src/borrow.rs:180:30
[INFO] [stdout] help: consider adding an explicit lifetime bound
[INFO] [stdout]      |
[INFO] [stdout] 1151 | impl<'a, T: ?Sized + 'static> Decodable for Cow<'a, T>
[INFO] [stdout]      |                    +++++++++
[INFO] [stdout] 
[INFO] [stdout] 
[INFO] [stderr]    Compiling inotify v0.3.0
[INFO] [stderr]    Compiling term v0.5.1
[INFO] [stderr]    Compiling textwrap v0.10.0
[INFO] [stderr]    Compiling ansi_term v0.11.0
[INFO] [stderr]    Compiling bitflags v0.7.0
[INFO] [stderr]    Compiling encode_unicode v0.3.2
[INFO] [stderr]    Compiling vec_map v0.8.1
[INFO] [stdout] error: aborting due to 1 previous error
[INFO] [stdout] 
[INFO] [stdout] 
[INFO] [stdout] For more information about this error, try `rustc --explain E0310`.
[INFO] [stdout] 
[INFO] [stderr] error: could not compile `rustc-serialize` (lib) due to 2 previous errors
[INFO] [stderr] warning: build failed, waiting for other jobs to finish...
[INFO] running `Command { std: "docker" "inspect" "b6ef19bd89d986d1d37984ee2b58cfec30a0b43a691ccbe55d9514342be49695", kill_on_drop: false }`
[INFO] running `Command { std: "docker" "rm" "-f" "b6ef19bd89d986d1d37984ee2b58cfec30a0b43a691ccbe55d9514342be49695", kill_on_drop: false }`
[INFO] [stdout] b6ef19bd89d986d1d37984ee2b58cfec30a0b43a691ccbe55d9514342be49695
