[INFO] fetching crate synstructure 0.13.0...
[INFO] testing synstructure-0.13.0 against 1.75.0 for beta-1.76-1
[INFO] extracting crate synstructure 0.13.0 into /workspace/builds/worker-7-tc1/source
[INFO] validating manifest of crates.io crate synstructure 0.13.0 on toolchain 1.75.0
[INFO] running `Command { std: CARGO_HOME="/workspace/cargo-home" RUSTUP_HOME="/workspace/rustup-home" "/workspace/cargo-home/bin/cargo" "+1.75.0" "metadata" "--manifest-path" "Cargo.toml" "--no-deps", kill_on_drop: false }`
[INFO] started tweaking crates.io crate synstructure 0.13.0
[INFO] finished tweaking crates.io crate synstructure 0.13.0
[INFO] tweaked toml for crates.io crate synstructure 0.13.0 written to /workspace/builds/worker-7-tc1/source/Cargo.toml
[INFO] running `Command { std: CARGO_HOME="/workspace/cargo-home" RUSTUP_HOME="/workspace/rustup-home" "/workspace/cargo-home/bin/cargo" "+1.75.0" "generate-lockfile" "--manifest-path" "Cargo.toml", kill_on_drop: false }`
[INFO] [stderr]     Updating crates.io index
[INFO] running `Command { std: CARGO_HOME="/workspace/cargo-home" RUSTUP_HOME="/workspace/rustup-home" "/workspace/cargo-home/bin/cargo" "+1.75.0" "fetch" "--manifest-path" "Cargo.toml", kill_on_drop: false }`
[INFO] [stderr]     Blocking waiting for file lock on package cache
[INFO] [stderr]  Downloading crates ...
[INFO] [stderr]   Downloaded synstructure_test_traits v0.1.0
[INFO] running `Command { std: "docker" "create" "-v" "/var/lib/crater-agent-workspace/builds/worker-7-tc1/target:/opt/rustwide/target:rw,Z" "-v" "/var/lib/crater-agent-workspace/builds/worker-7-tc1/source:/opt/rustwide/workdir:ro,Z" "-v" "/var/lib/crater-agent-workspace/cargo-home:/opt/rustwide/cargo-home:ro,Z" "-v" "/var/lib/crater-agent-workspace/rustup-home:/opt/rustwide/rustup-home:ro,Z" "-e" "SOURCE_DIR=/opt/rustwide/workdir" "-e" "CARGO_TARGET_DIR=/opt/rustwide/target" "-e" "CARGO_HOME=/opt/rustwide/cargo-home" "-e" "RUSTUP_HOME=/opt/rustwide/rustup-home" "-w" "/opt/rustwide/workdir" "-m" "1610612736" "--user" "0:0" "--network" "none" "ghcr.io/rust-lang/crates-build-env/linux@sha256:2788e3201cd34a07e3172128adcd8b3090168a8e3bcc40d7c032b9dda1df7d1c" "/opt/rustwide/cargo-home/bin/cargo" "+1.75.0" "metadata" "--no-deps" "--format-version=1", kill_on_drop: false }`
[INFO] [stdout] 19cfcb8f5220bf71d86b83b89fbcfe39598913fe3bd846bb6af4c8c694a82c74
[INFO] running `Command { std: "docker" "start" "-a" "19cfcb8f5220bf71d86b83b89fbcfe39598913fe3bd846bb6af4c8c694a82c74", kill_on_drop: false }`
[INFO] running `Command { std: "docker" "inspect" "19cfcb8f5220bf71d86b83b89fbcfe39598913fe3bd846bb6af4c8c694a82c74", kill_on_drop: false }`
[INFO] running `Command { std: "docker" "rm" "-f" "19cfcb8f5220bf71d86b83b89fbcfe39598913fe3bd846bb6af4c8c694a82c74", kill_on_drop: false }`
[INFO] [stdout] 19cfcb8f5220bf71d86b83b89fbcfe39598913fe3bd846bb6af4c8c694a82c74
[INFO] running `Command { std: "docker" "create" "-v" "/var/lib/crater-agent-workspace/builds/worker-7-tc1/target:/opt/rustwide/target:rw,Z" "-v" "/var/lib/crater-agent-workspace/builds/worker-7-tc1/source:/opt/rustwide/workdir:ro,Z" "-v" "/var/lib/crater-agent-workspace/cargo-home:/opt/rustwide/cargo-home:ro,Z" "-v" "/var/lib/crater-agent-workspace/rustup-home:/opt/rustwide/rustup-home:ro,Z" "-e" "SOURCE_DIR=/opt/rustwide/workdir" "-e" "CARGO_TARGET_DIR=/opt/rustwide/target" "-e" "CARGO_INCREMENTAL=0" "-e" "RUST_BACKTRACE=full" "-e" "RUSTFLAGS=--cap-lints=warn" "-e" "RUSTDOCFLAGS=--cap-lints=warn" "-e" "CARGO_HOME=/opt/rustwide/cargo-home" "-e" "RUSTUP_HOME=/opt/rustwide/rustup-home" "-w" "/opt/rustwide/workdir" "-m" "1610612736" "--user" "0:0" "--network" "none" "ghcr.io/rust-lang/crates-build-env/linux@sha256:2788e3201cd34a07e3172128adcd8b3090168a8e3bcc40d7c032b9dda1df7d1c" "/opt/rustwide/cargo-home/bin/cargo" "+1.75.0" "build" "--frozen" "--message-format=json", kill_on_drop: false }`
[INFO] [stdout] 283ac9c815260a3b715b34d2ec4d321d6045555ad90ef960422d0d0d0bfacfe8
[INFO] running `Command { std: "docker" "start" "-a" "283ac9c815260a3b715b34d2ec4d321d6045555ad90ef960422d0d0d0bfacfe8", kill_on_drop: false }`
[INFO] [stderr]    Compiling proc-macro2 v1.0.75
[INFO] [stderr]    Compiling unicode-xid v0.2.4
[INFO] [stderr]    Compiling quote v1.0.35
[INFO] [stderr]    Compiling syn v2.0.48
[INFO] [stderr]    Compiling synstructure v0.13.0 (/opt/rustwide/workdir)
[INFO] [stderr]     Finished dev [unoptimized + debuginfo] target(s) in 4.33s
[INFO] running `Command { std: "docker" "inspect" "283ac9c815260a3b715b34d2ec4d321d6045555ad90ef960422d0d0d0bfacfe8", kill_on_drop: false }`
[INFO] running `Command { std: "docker" "rm" "-f" "283ac9c815260a3b715b34d2ec4d321d6045555ad90ef960422d0d0d0bfacfe8", kill_on_drop: false }`
[INFO] [stdout] 283ac9c815260a3b715b34d2ec4d321d6045555ad90ef960422d0d0d0bfacfe8
[INFO] running `Command { std: "docker" "create" "-v" "/var/lib/crater-agent-workspace/builds/worker-7-tc1/target:/opt/rustwide/target:rw,Z" "-v" "/var/lib/crater-agent-workspace/builds/worker-7-tc1/source:/opt/rustwide/workdir:ro,Z" "-v" "/var/lib/crater-agent-workspace/cargo-home:/opt/rustwide/cargo-home:ro,Z" "-v" "/var/lib/crater-agent-workspace/rustup-home:/opt/rustwide/rustup-home:ro,Z" "-e" "SOURCE_DIR=/opt/rustwide/workdir" "-e" "CARGO_TARGET_DIR=/opt/rustwide/target" "-e" "CARGO_INCREMENTAL=0" "-e" "RUST_BACKTRACE=full" "-e" "RUSTFLAGS=--cap-lints=warn" "-e" "RUSTDOCFLAGS=--cap-lints=warn" "-e" "CARGO_HOME=/opt/rustwide/cargo-home" "-e" "RUSTUP_HOME=/opt/rustwide/rustup-home" "-w" "/opt/rustwide/workdir" "-m" "1610612736" "--user" "0:0" "--network" "none" "ghcr.io/rust-lang/crates-build-env/linux@sha256:2788e3201cd34a07e3172128adcd8b3090168a8e3bcc40d7c032b9dda1df7d1c" "/opt/rustwide/cargo-home/bin/cargo" "+1.75.0" "test" "--frozen" "--no-run" "--message-format=json", kill_on_drop: false }`
[INFO] [stdout] 989a15cea31c68c6d0837d92a05d38cfe3614918712429ff713562a1e25f6ce6
[INFO] running `Command { std: "docker" "start" "-a" "989a15cea31c68c6d0837d92a05d38cfe3614918712429ff713562a1e25f6ce6", kill_on_drop: false }`
[INFO] [stderr]    Compiling synstructure_test_traits v0.1.0
[INFO] [stderr]    Compiling synstructure v0.13.0 (/opt/rustwide/workdir)
[INFO] [stderr]     Finished test [unoptimized + debuginfo] target(s) in 1.15s
[INFO] running `Command { std: "docker" "inspect" "989a15cea31c68c6d0837d92a05d38cfe3614918712429ff713562a1e25f6ce6", kill_on_drop: false }`
[INFO] running `Command { std: "docker" "rm" "-f" "989a15cea31c68c6d0837d92a05d38cfe3614918712429ff713562a1e25f6ce6", kill_on_drop: false }`
[INFO] [stdout] 989a15cea31c68c6d0837d92a05d38cfe3614918712429ff713562a1e25f6ce6
[INFO] running `Command { std: "docker" "create" "-v" "/var/lib/crater-agent-workspace/builds/worker-7-tc1/target:/opt/rustwide/target:rw,Z" "-v" "/var/lib/crater-agent-workspace/builds/worker-7-tc1/source:/opt/rustwide/workdir:ro,Z" "-v" "/var/lib/crater-agent-workspace/cargo-home:/opt/rustwide/cargo-home:ro,Z" "-v" "/var/lib/crater-agent-workspace/rustup-home:/opt/rustwide/rustup-home:ro,Z" "-e" "SOURCE_DIR=/opt/rustwide/workdir" "-e" "CARGO_TARGET_DIR=/opt/rustwide/target" "-e" "CARGO_INCREMENTAL=0" "-e" "RUST_BACKTRACE=full" "-e" "RUSTFLAGS=--cap-lints=warn" "-e" "RUSTDOCFLAGS=--cap-lints=warn" "-e" "CARGO_HOME=/opt/rustwide/cargo-home" "-e" "RUSTUP_HOME=/opt/rustwide/rustup-home" "-w" "/opt/rustwide/workdir" "-m" "1610612736" "--user" "0:0" "--network" "none" "ghcr.io/rust-lang/crates-build-env/linux@sha256:2788e3201cd34a07e3172128adcd8b3090168a8e3bcc40d7c032b9dda1df7d1c" "/opt/rustwide/cargo-home/bin/cargo" "+1.75.0" "test" "--frozen", kill_on_drop: false }`
[INFO] [stdout] 82c00498eb49d906b5cb7ece4418b9ad837229cefb6639c8fe9c682b02796a22
[INFO] running `Command { std: "docker" "start" "-a" "82c00498eb49d906b5cb7ece4418b9ad837229cefb6639c8fe9c682b02796a22", kill_on_drop: false }`
[INFO] [stderr]     Finished test [unoptimized + debuginfo] target(s) in 0.01s
[INFO] [stderr]      Running unittests src/lib.rs (/opt/rustwide/target/debug/deps/synstructure-b9477d1a77f4845b)
[INFO] [stdout] 
[INFO] [stdout] running 1 test
[INFO] [stdout] test tests::test_each_enum ... ok
[INFO] [stdout] 
[INFO] [stdout] test result: ok. 1 passed; 0 failed; 0 ignored; 0 measured; 0 filtered out; finished in 0.00s
[INFO] [stdout] 
[INFO] [stderr]    Doc-tests synstructure
[INFO] [stdout] 
[INFO] [stdout] running 45 tests
[INFO] [stdout] test src/lib.rs - (line 10) ... ok
[INFO] [stdout] test src/lib.rs - (line 79) ... ok
[INFO] [stdout] test src/lib.rs - Structure<'a>::binding_name (line 1629) ... ok
[INFO] [stdout] test src/lib.rs - BindingInfo<'a>::pat (line 379) ... ok
[INFO] [stdout] test src/lib.rs - Structure<'a>::gen_impl (line 2197) ... ignored
[INFO] [stdout] test src/lib.rs - Structure<'a>::gen_impl (line 2239) ... ignored
[INFO] [stdout] test src/lib.rs - Structure<'a>::gen_impl (line 2252) ... ignored
[INFO] [stdout] test src/lib.rs - Structure<'a>::each (line 1116) ... ok
[INFO] [stdout] test src/lib.rs - Structure<'a>::add_bounds (line 1422) ... ok
[INFO] [stdout] test src/lib.rs - (line 89) ... ok
[INFO] [stdout] test src/lib.rs - Structure<'a>::bound_impl (line 1896) ... ok
[INFO] [stdout] test src/lib.rs - Structure<'a>::add_impl_generic (line 1706) ... ok
[INFO] [stdout] test src/lib.rs - BindingInfo<'a>::referenced_ty_params (line 411) ... ok
[INFO] [stdout] test src/lib.rs - Structure<'a>::add_where_predicate (line 1376) ... ok
[INFO] [stdout] test src/lib.rs - (line 20) ... ok
[INFO] [stdout] test src/lib.rs - Structure<'a>::each_variant (line 1212) ... ok
[INFO] [stdout] test src/lib.rs - Structure<'a>::drain_filter_variants (line 1513) ... ok
[INFO] [stdout] test src/lib.rs - Structure<'a>::bind_with (line 1583) ... ok
[INFO] [stdout] test src/lib.rs - Structure<'a>::filter (line 1265) ... ok
[INFO] [stdout] test src/lib.rs - Structure<'a>::drain_filter (line 1311) ... ok
[INFO] [stdout] test src/lib.rs - Structure<'a>::filter_variants (line 1469) ... ok
[INFO] [stdout] test src/lib.rs - Structure<'a>::fold (line 1165) ... ok
[INFO] [stdout] test src/lib.rs - Structure<'a>::underscore_const (line 1829) ... ok
[INFO] [stdout] test src/lib.rs - Structure<'a>::referenced_ty_params (line 1675) ... ok
[INFO] [stdout] test src/lib.rs - Structure<'a>::unsafe_bound_impl (line 1966) ... ok
[INFO] [stdout] test src/lib.rs - VariantInfo<'a>::bind_with (line 894) ... ok
[INFO] [stdout] test src/lib.rs - VariantInfo<'a>::pat (line 560) ... ok
[INFO] [stdout] test src/macros.rs - macros::decl_attribute (line 120) ... ok
[INFO] [stdout] test src/macros.rs - macros::decl_attribute (line 131) ... ok
[INFO] [stdout] test src/macros.rs - macros::decl_derive (line 27) ... ok
[INFO] [stdout] test src/lib.rs - Structure<'a>::gen_impl (line 2303) ... ok
[INFO] [stdout] test src/lib.rs - VariantInfo<'a>::each (line 692) ... ok
[INFO] [stdout] test src/lib.rs - VariantInfo<'a>::filter (line 780) ... ok
[INFO] [stdout] test src/lib.rs - Structure<'a>::unbound_impl (line 2029) ... ok
[INFO] [stdout] test src/lib.rs - VariantInfo<'a>::drain_filter (line 824) ... ok
[INFO] [stdout] test src/lib.rs - Structure<'a>::unsafe_unbound_impl (line 2089) ... ok
[INFO] [stdout] test src/macros.rs - macros::decl_derive (line 53) ... ok
[INFO] [stdout] test src/lib.rs - VariantInfo<'a>::binding_name (line 940) ... ok
[INFO] [stdout] test src/lib.rs - VariantInfo<'a>::construct (line 624) ... ok
[INFO] [stdout] test src/lib.rs - unpretty_print (line 2524) ... ok
[INFO] [stdout] test src/lib.rs - VariantInfo<'a>::referenced_ty_params (line 986) ... ok
[INFO] [stdout] test src/macros.rs - macros::decl_derive (line 42) ... ok
[INFO] [stdout] test src/lib.rs - VariantInfo<'a>::fold (line 736) ... ok
[INFO] [stdout] test src/macros.rs - macros::decl_derive (line 65) ... ok
[INFO] [stdout] test src/macros.rs - macros::test_derive (line 190) ... ok
[INFO] [stdout] 
[INFO] [stdout] test result: ok. 42 passed; 0 failed; 3 ignored; 0 measured; 0 filtered out; finished in 5.64s
[INFO] [stdout] 
[INFO] running `Command { std: "docker" "inspect" "82c00498eb49d906b5cb7ece4418b9ad837229cefb6639c8fe9c682b02796a22", kill_on_drop: false }`
[INFO] running `Command { std: "docker" "rm" "-f" "82c00498eb49d906b5cb7ece4418b9ad837229cefb6639c8fe9c682b02796a22", kill_on_drop: false }`
[INFO] [stdout] 82c00498eb49d906b5cb7ece4418b9ad837229cefb6639c8fe9c682b02796a22
[INFO] testing synstructure-0.13.0 against beta-2023-12-22 for beta-1.76-1
[INFO] extracting crate synstructure 0.13.0 into /workspace/builds/worker-7-tc2/source
[INFO] validating manifest of crates.io crate synstructure 0.13.0 on toolchain beta-2023-12-22
[INFO] running `Command { std: CARGO_HOME="/workspace/cargo-home" RUSTUP_HOME="/workspace/rustup-home" "/workspace/cargo-home/bin/cargo" "+beta-2023-12-22" "metadata" "--manifest-path" "Cargo.toml" "--no-deps", kill_on_drop: false }`
[INFO] started tweaking crates.io crate synstructure 0.13.0
[INFO] finished tweaking crates.io crate synstructure 0.13.0
[INFO] tweaked toml for crates.io crate synstructure 0.13.0 written to /workspace/builds/worker-7-tc2/source/Cargo.toml
[INFO] running `Command { std: CARGO_HOME="/workspace/cargo-home" RUSTUP_HOME="/workspace/rustup-home" "/workspace/cargo-home/bin/cargo" "+beta-2023-12-22" "generate-lockfile" "--manifest-path" "Cargo.toml", kill_on_drop: false }`
[INFO] [stderr]     Updating crates.io index
[INFO] running `Command { std: CARGO_HOME="/workspace/cargo-home" RUSTUP_HOME="/workspace/rustup-home" "/workspace/cargo-home/bin/cargo" "+beta-2023-12-22" "fetch" "--manifest-path" "Cargo.toml", kill_on_drop: false }`
[INFO] running `Command { std: "docker" "create" "-v" "/var/lib/crater-agent-workspace/builds/worker-7-tc2/target:/opt/rustwide/target:rw,Z" "-v" "/var/lib/crater-agent-workspace/builds/worker-7-tc2/source:/opt/rustwide/workdir:ro,Z" "-v" "/var/lib/crater-agent-workspace/cargo-home:/opt/rustwide/cargo-home:ro,Z" "-v" "/var/lib/crater-agent-workspace/rustup-home:/opt/rustwide/rustup-home:ro,Z" "-e" "SOURCE_DIR=/opt/rustwide/workdir" "-e" "CARGO_TARGET_DIR=/opt/rustwide/target" "-e" "CARGO_HOME=/opt/rustwide/cargo-home" "-e" "RUSTUP_HOME=/opt/rustwide/rustup-home" "-w" "/opt/rustwide/workdir" "-m" "1610612736" "--user" "0:0" "--network" "none" "ghcr.io/rust-lang/crates-build-env/linux@sha256:2788e3201cd34a07e3172128adcd8b3090168a8e3bcc40d7c032b9dda1df7d1c" "/opt/rustwide/cargo-home/bin/cargo" "+beta-2023-12-22" "metadata" "--no-deps" "--format-version=1", kill_on_drop: false }`
[INFO] [stdout] e7293f9702e9856393ca1e000f5c2da1789a48e94ac1ec8e6a0f346247466a77
[INFO] running `Command { std: "docker" "start" "-a" "e7293f9702e9856393ca1e000f5c2da1789a48e94ac1ec8e6a0f346247466a77", kill_on_drop: false }`
[INFO] running `Command { std: "docker" "inspect" "e7293f9702e9856393ca1e000f5c2da1789a48e94ac1ec8e6a0f346247466a77", kill_on_drop: false }`
[INFO] running `Command { std: "docker" "rm" "-f" "e7293f9702e9856393ca1e000f5c2da1789a48e94ac1ec8e6a0f346247466a77", kill_on_drop: false }`
[INFO] [stdout] e7293f9702e9856393ca1e000f5c2da1789a48e94ac1ec8e6a0f346247466a77
[INFO] running `Command { std: "docker" "create" "-v" "/var/lib/crater-agent-workspace/builds/worker-7-tc2/target:/opt/rustwide/target:rw,Z" "-v" "/var/lib/crater-agent-workspace/builds/worker-7-tc2/source:/opt/rustwide/workdir:ro,Z" "-v" "/var/lib/crater-agent-workspace/cargo-home:/opt/rustwide/cargo-home:ro,Z" "-v" "/var/lib/crater-agent-workspace/rustup-home:/opt/rustwide/rustup-home:ro,Z" "-e" "SOURCE_DIR=/opt/rustwide/workdir" "-e" "CARGO_TARGET_DIR=/opt/rustwide/target" "-e" "CARGO_INCREMENTAL=0" "-e" "RUST_BACKTRACE=full" "-e" "RUSTFLAGS=--cap-lints=warn" "-e" "RUSTDOCFLAGS=--cap-lints=warn" "-e" "CARGO_HOME=/opt/rustwide/cargo-home" "-e" "RUSTUP_HOME=/opt/rustwide/rustup-home" "-w" "/opt/rustwide/workdir" "-m" "1610612736" "--user" "0:0" "--network" "none" "ghcr.io/rust-lang/crates-build-env/linux@sha256:2788e3201cd34a07e3172128adcd8b3090168a8e3bcc40d7c032b9dda1df7d1c" "/opt/rustwide/cargo-home/bin/cargo" "+beta-2023-12-22" "build" "--frozen" "--message-format=json", kill_on_drop: false }`
[INFO] [stdout] 7e9b8a8a60207fa86142a32b6edee9cbeda7e7fdeedb6c8810f30878385af05d
[INFO] running `Command { std: "docker" "start" "-a" "7e9b8a8a60207fa86142a32b6edee9cbeda7e7fdeedb6c8810f30878385af05d", kill_on_drop: false }`
[INFO] [stderr]    Compiling proc-macro2 v1.0.75
[INFO] [stderr]    Compiling unicode-xid v0.2.4
[INFO] [stderr]    Compiling quote v1.0.35
[INFO] [stderr]    Compiling syn v2.0.48
[INFO] [stderr]    Compiling synstructure v0.13.0 (/opt/rustwide/workdir)
[INFO] [stderr]     Finished dev [unoptimized + debuginfo] target(s) in 4.59s
[INFO] running `Command { std: "docker" "inspect" "7e9b8a8a60207fa86142a32b6edee9cbeda7e7fdeedb6c8810f30878385af05d", kill_on_drop: false }`
[INFO] running `Command { std: "docker" "rm" "-f" "7e9b8a8a60207fa86142a32b6edee9cbeda7e7fdeedb6c8810f30878385af05d", kill_on_drop: false }`
[INFO] [stdout] 7e9b8a8a60207fa86142a32b6edee9cbeda7e7fdeedb6c8810f30878385af05d
[INFO] running `Command { std: "docker" "create" "-v" "/var/lib/crater-agent-workspace/builds/worker-7-tc2/target:/opt/rustwide/target:rw,Z" "-v" "/var/lib/crater-agent-workspace/builds/worker-7-tc2/source:/opt/rustwide/workdir:ro,Z" "-v" "/var/lib/crater-agent-workspace/cargo-home:/opt/rustwide/cargo-home:ro,Z" "-v" "/var/lib/crater-agent-workspace/rustup-home:/opt/rustwide/rustup-home:ro,Z" "-e" "SOURCE_DIR=/opt/rustwide/workdir" "-e" "CARGO_TARGET_DIR=/opt/rustwide/target" "-e" "CARGO_INCREMENTAL=0" "-e" "RUST_BACKTRACE=full" "-e" "RUSTFLAGS=--cap-lints=warn" "-e" "RUSTDOCFLAGS=--cap-lints=warn" "-e" "CARGO_HOME=/opt/rustwide/cargo-home" "-e" "RUSTUP_HOME=/opt/rustwide/rustup-home" "-w" "/opt/rustwide/workdir" "-m" "1610612736" "--user" "0:0" "--network" "none" "ghcr.io/rust-lang/crates-build-env/linux@sha256:2788e3201cd34a07e3172128adcd8b3090168a8e3bcc40d7c032b9dda1df7d1c" "/opt/rustwide/cargo-home/bin/cargo" "+beta-2023-12-22" "test" "--frozen" "--no-run" "--message-format=json", kill_on_drop: false }`
[INFO] [stdout] c2cb63d77b3bde5ad6a728bb4d8d04d82d55d57cff2b83c1e26ce12c5b78b6aa
[INFO] running `Command { std: "docker" "start" "-a" "c2cb63d77b3bde5ad6a728bb4d8d04d82d55d57cff2b83c1e26ce12c5b78b6aa", kill_on_drop: false }`
[INFO] [stderr]    Compiling synstructure_test_traits v0.1.0
[INFO] [stderr]    Compiling synstructure v0.13.0 (/opt/rustwide/workdir)
[INFO] [stderr]     Finished test [unoptimized + debuginfo] target(s) in 0.74s
[INFO] running `Command { std: "docker" "inspect" "c2cb63d77b3bde5ad6a728bb4d8d04d82d55d57cff2b83c1e26ce12c5b78b6aa", kill_on_drop: false }`
[INFO] running `Command { std: "docker" "rm" "-f" "c2cb63d77b3bde5ad6a728bb4d8d04d82d55d57cff2b83c1e26ce12c5b78b6aa", kill_on_drop: false }`
[INFO] [stdout] c2cb63d77b3bde5ad6a728bb4d8d04d82d55d57cff2b83c1e26ce12c5b78b6aa
[INFO] running `Command { std: "docker" "create" "-v" "/var/lib/crater-agent-workspace/builds/worker-7-tc2/target:/opt/rustwide/target:rw,Z" "-v" "/var/lib/crater-agent-workspace/builds/worker-7-tc2/source:/opt/rustwide/workdir:ro,Z" "-v" "/var/lib/crater-agent-workspace/cargo-home:/opt/rustwide/cargo-home:ro,Z" "-v" "/var/lib/crater-agent-workspace/rustup-home:/opt/rustwide/rustup-home:ro,Z" "-e" "SOURCE_DIR=/opt/rustwide/workdir" "-e" "CARGO_TARGET_DIR=/opt/rustwide/target" "-e" "CARGO_INCREMENTAL=0" "-e" "RUST_BACKTRACE=full" "-e" "RUSTFLAGS=--cap-lints=warn" "-e" "RUSTDOCFLAGS=--cap-lints=warn" "-e" "CARGO_HOME=/opt/rustwide/cargo-home" "-e" "RUSTUP_HOME=/opt/rustwide/rustup-home" "-w" "/opt/rustwide/workdir" "-m" "1610612736" "--user" "0:0" "--network" "none" "ghcr.io/rust-lang/crates-build-env/linux@sha256:2788e3201cd34a07e3172128adcd8b3090168a8e3bcc40d7c032b9dda1df7d1c" "/opt/rustwide/cargo-home/bin/cargo" "+beta-2023-12-22" "test" "--frozen", kill_on_drop: false }`
[INFO] [stdout] 20cad54f3f4a76e015a9ddfba45071137754cee3dc7913d9164f819dd2592c1c
[INFO] running `Command { std: "docker" "start" "-a" "20cad54f3f4a76e015a9ddfba45071137754cee3dc7913d9164f819dd2592c1c", kill_on_drop: false }`
[INFO] [stderr]     Finished test [unoptimized + debuginfo] target(s) in 0.01s
[INFO] [stderr]      Running unittests src/lib.rs (/opt/rustwide/target/debug/deps/synstructure-6341f6a4bae77f50)
[INFO] [stdout] 
[INFO] [stdout] running 1 test
[INFO] [stdout] test tests::test_each_enum ... ok
[INFO] [stdout] 
[INFO] [stdout] test result: ok. 1 passed; 0 failed; 0 ignored; 0 measured; 0 filtered out; finished in 0.00s
[INFO] [stdout] 
[INFO] [stderr]    Doc-tests synstructure
[INFO] [stdout] 
[INFO] [stdout] running 45 tests
[INFO] [stdout] test src/lib.rs - (line 79) ... ok
[INFO] [stdout] test src/lib.rs - (line 10) ... ok
[INFO] [stdout] test src/lib.rs - Structure<'a>::each (line 1116) ... ok
[INFO] [stdout] test src/lib.rs - Structure<'a>::add_bounds (line 1422) ... ok
[INFO] [stdout] test src/lib.rs - Structure<'a>::gen_impl (line 2197) ... ignored
[INFO] [stdout] test src/lib.rs - Structure<'a>::gen_impl (line 2239) ... ignored
[INFO] [stdout] test src/lib.rs - Structure<'a>::gen_impl (line 2252) ... ignored
[INFO] [stdout] test src/lib.rs - BindingInfo<'a>::pat (line 379) ... ok
[INFO] [stdout] test src/lib.rs - Structure<'a>::binding_name (line 1629) ... ok
[INFO] [stdout] test src/lib.rs - Structure<'a>::filter_variants (line 1469) ... ok
[INFO] [stdout] test src/lib.rs - (line 20) ... ok
[INFO] [stdout] test src/lib.rs - Structure<'a>::bound_impl (line 1896) ... ok
[INFO] [stdout] test src/lib.rs - Structure<'a>::drain_filter (line 1311) ... ok
[INFO] [stdout] test src/lib.rs - Structure<'a>::add_impl_generic (line 1706) ... ok
[INFO] [stdout] test src/lib.rs - BindingInfo<'a>::referenced_ty_params (line 411) ... ok
[INFO] [stdout] test src/lib.rs - (line 89) ... ok
[INFO] [stdout] test src/lib.rs - Structure<'a>::each_variant (line 1212) ... ok
[INFO] [stdout] test src/lib.rs - Structure<'a>::bind_with (line 1583) ... ok
[INFO] [stdout] test src/lib.rs - Structure<'a>::add_where_predicate (line 1376) ... ok
[INFO] [stdout] test src/lib.rs - Structure<'a>::drain_filter_variants (line 1513) ... ok
[INFO] [stdout] test src/lib.rs - Structure<'a>::filter (line 1265) ... ok
[INFO] [stdout] test src/lib.rs - Structure<'a>::gen_impl (line 2303) ... ok
[INFO] [stdout] test src/lib.rs - Structure<'a>::unbound_impl (line 2029) ... ok
[INFO] [stdout] test src/lib.rs - Structure<'a>::fold (line 1165) ... ok
[INFO] [stdout] test src/lib.rs - Structure<'a>::referenced_ty_params (line 1675) ... ok
[INFO] [stdout] test src/lib.rs - Structure<'a>::underscore_const (line 1829) ... ok
[INFO] [stdout] test src/lib.rs - VariantInfo<'a>::binding_name (line 940) ... ok
[INFO] [stdout] test src/lib.rs - Structure<'a>::unsafe_bound_impl (line 1966) ... ok
[INFO] [stdout] test src/lib.rs - VariantInfo<'a>::each (line 692) ... ok
[INFO] [stdout] test src/lib.rs - VariantInfo<'a>::filter (line 780) ... ok
[INFO] [stdout] test src/lib.rs - VariantInfo<'a>::bind_with (line 894) ... ok
[INFO] [stdout] test src/lib.rs - VariantInfo<'a>::drain_filter (line 824) ... ok
[INFO] [stdout] test src/macros.rs - macros::decl_attribute (line 131) ... ok
[INFO] [stdout] test src/lib.rs - VariantInfo<'a>::construct (line 624) ... ok
[INFO] [stdout] test src/lib.rs - VariantInfo<'a>::fold (line 736) ... ok
[INFO] [stdout] test src/macros.rs - macros::decl_derive (line 27) ... ok
[INFO] [stdout] test src/macros.rs - macros::decl_attribute (line 120) ... ok
[INFO] [stdout] test src/lib.rs - Structure<'a>::unsafe_unbound_impl (line 2089) ... ok
[INFO] [stdout] test src/macros.rs - macros::decl_derive (line 42) ... ok
[INFO] [stdout] test src/lib.rs - VariantInfo<'a>::referenced_ty_params (line 986) ... ok
[INFO] [stdout] test src/macros.rs - macros::decl_derive (line 53) ... ok
[INFO] [stdout] test src/macros.rs - macros::decl_derive (line 65) ... ok
[INFO] [stdout] test src/lib.rs - VariantInfo<'a>::pat (line 560) ... ok
[INFO] [stdout] test src/lib.rs - unpretty_print (line 2524) ... ok
[INFO] [stdout] test src/macros.rs - macros::test_derive (line 190) ... FAILED
[INFO] [stdout] 
[INFO] [stdout] failures:
[INFO] [stdout] 
[INFO] [stdout] ---- src/macros.rs - macros::test_derive (line 190) stdout ----
[INFO] [stdout] Test executable failed (exit status: 101).
[INFO] [stdout] 
[INFO] [stdout] stderr:
[INFO] [stdout] thread 'main' panicked at src/macros.rs:11:5:
[INFO] [stdout] test_derive failed:
[INFO] [stdout] expected:
[INFO] [stdout] ```
[INFO] [stdout] const YOUR_OUTPUT : &'static str = "here" ;
[INFO] [stdout] 
[INFO] [stdout] ```
[INFO] [stdout] 
[INFO] [stdout] got:
[INFO] [stdout] ```
[INFO] [stdout] const YOUR_OUTPUT : & 'static str = "here" ;
[INFO] [stdout] 
[INFO] [stdout] ```
[INFO] [stdout] 
[INFO] [stdout] stack backtrace:
[INFO] [stdout]    0:     0x55681a59c4e6 - std::backtrace_rs::backtrace::libunwind::trace::h261606ad26a499c1
[INFO] [stdout]                                at /rustc/0e09125c6c3c2fd70d7de961bcf0e51575235fad/library/std/src/../../backtrace/src/backtrace/libunwind.rs:104:5
[INFO] [stdout]    1:     0x55681a59c4e6 - std::backtrace_rs::backtrace::trace_unsynchronized::hd183f0625477fb28
[INFO] [stdout]                                at /rustc/0e09125c6c3c2fd70d7de961bcf0e51575235fad/library/std/src/../../backtrace/src/backtrace/mod.rs:66:5
[INFO] [stdout]    2:     0x55681a59c4e6 - std::sys_common::backtrace::_print_fmt::hd7f8fef21b4eda67
[INFO] [stdout]                                at /rustc/0e09125c6c3c2fd70d7de961bcf0e51575235fad/library/std/src/sys_common/backtrace.rs:68:5
[INFO] [stdout]    3:     0x55681a59c4e6 - <std::sys_common::backtrace::_print::DisplayBacktrace as core::fmt::Display>::fmt::h623d9b51f2f453f1
[INFO] [stdout]                                at /rustc/0e09125c6c3c2fd70d7de961bcf0e51575235fad/library/std/src/sys_common/backtrace.rs:44:22
[INFO] [stdout]    4:     0x55681a5bb860 - core::fmt::rt::Argument::fmt::h9f417ac76a86f368
[INFO] [stdout]                                at /rustc/0e09125c6c3c2fd70d7de961bcf0e51575235fad/library/core/src/fmt/rt.rs:142:9
[INFO] [stdout]    5:     0x55681a5bb860 - core::fmt::write::hc9b6faf4ac2aeff7
[INFO] [stdout]                                at /rustc/0e09125c6c3c2fd70d7de961bcf0e51575235fad/library/core/src/fmt/mod.rs:1120:17
[INFO] [stdout]    6:     0x55681a59a98f - std::io::Write::write_fmt::hfead1eee52c2e65e
[INFO] [stdout]                                at /rustc/0e09125c6c3c2fd70d7de961bcf0e51575235fad/library/std/src/io/mod.rs:1810:15
[INFO] [stdout]    7:     0x55681a59c2c4 - std::sys_common::backtrace::_print::hd5d66399c7df88a2
[INFO] [stdout]                                at /rustc/0e09125c6c3c2fd70d7de961bcf0e51575235fad/library/std/src/sys_common/backtrace.rs:47:5
[INFO] [stdout]    8:     0x55681a59c2c4 - std::sys_common::backtrace::print::he81ed2da642d37e5
[INFO] [stdout]                                at /rustc/0e09125c6c3c2fd70d7de961bcf0e51575235fad/library/std/src/sys_common/backtrace.rs:34:9
[INFO] [stdout]    9:     0x55681a59d827 - std::panicking::default_hook::{{closure}}::h85773f4fa117163d
[INFO] [stdout]   10:     0x55681a59d589 - std::panicking::default_hook::h6a1694a91d09b278
[INFO] [stdout]                                at /rustc/0e09125c6c3c2fd70d7de961bcf0e51575235fad/library/std/src/panicking.rs:292:9
[INFO] [stdout]   11:     0x55681a59dcb8 - std::panicking::rust_panic_with_hook::h0a7ad96e90f7145b
[INFO] [stdout]                                at /rustc/0e09125c6c3c2fd70d7de961bcf0e51575235fad/library/std/src/panicking.rs:779:13
[INFO] [stdout]   12:     0x55681a59db92 - std::panicking::begin_panic_handler::{{closure}}::h7919090525c6485e
[INFO] [stdout]                                at /rustc/0e09125c6c3c2fd70d7de961bcf0e51575235fad/library/std/src/panicking.rs:657:13
[INFO] [stdout]   13:     0x55681a59c9e6 - std::sys_common::backtrace::__rust_end_short_backtrace::hf3289479464f7dfe
[INFO] [stdout]                                at /rustc/0e09125c6c3c2fd70d7de961bcf0e51575235fad/library/std/src/sys_common/backtrace.rs:171:18
[INFO] [stdout]   14:     0x55681a59d8f0 - rust_begin_unwind
[INFO] [stdout]                                at /rustc/0e09125c6c3c2fd70d7de961bcf0e51575235fad/library/std/src/panicking.rs:645:5
[INFO] [stdout]   15:     0x55681a4ae9f5 - core::panicking::panic_fmt::hcc9f77c5c132af55
[INFO] [stdout]                                at /rustc/0e09125c6c3c2fd70d7de961bcf0e51575235fad/library/core/src/panicking.rs:72:14
[INFO] [stdout]   16:     0x55681a4b1ef8 - rust_out::main::h71185a25be64b52e
[INFO] [stdout]   17:     0x55681a4b0423 - core::ops::function::FnOnce::call_once::h0a5e8bc522cf7e26
[INFO] [stdout]   18:     0x55681a4afa26 - std::sys_common::backtrace::__rust_begin_short_backtrace::h904992c6a2208b49
[INFO] [stdout]   19:     0x55681a4afa79 - std::rt::lang_start::{{closure}}::h95a4dad7805b7c7c
[INFO] [stdout]   20:     0x55681a5984f1 - core::ops::function::impls::<impl core::ops::function::FnOnce<A> for &F>::call_once::h4eb4c5e1620f29b0
[INFO] [stdout]                                at /rustc/0e09125c6c3c2fd70d7de961bcf0e51575235fad/library/core/src/ops/function.rs:284:13
[INFO] [stdout]   21:     0x55681a5984f1 - std::panicking::try::do_call::h73fd26535faffcdf
[INFO] [stdout]                                at /rustc/0e09125c6c3c2fd70d7de961bcf0e51575235fad/library/std/src/panicking.rs:552:40
[INFO] [stdout]   22:     0x55681a5984f1 - std::panicking::try::h77ff1d98f0fb9f39
[INFO] [stdout]                                at /rustc/0e09125c6c3c2fd70d7de961bcf0e51575235fad/library/std/src/panicking.rs:516:19
[INFO] [stdout]   23:     0x55681a5984f1 - std::panic::catch_unwind::hab3caf2448b95e37
[INFO] [stdout]                                at /rustc/0e09125c6c3c2fd70d7de961bcf0e51575235fad/library/std/src/panic.rs:142:14
[INFO] [stdout]   24:     0x55681a5984f1 - std::rt::lang_start_internal::{{closure}}::h8086711f9c783f78
[INFO] [stdout]                                at /rustc/0e09125c6c3c2fd70d7de961bcf0e51575235fad/library/std/src/rt.rs:148:48
[INFO] [stdout]   25:     0x55681a5984f1 - std::panicking::try::do_call::hf920d4dc291cd6ca
[INFO] [stdout]                                at /rustc/0e09125c6c3c2fd70d7de961bcf0e51575235fad/library/std/src/panicking.rs:552:40
[INFO] [stdout]   26:     0x55681a5984f1 - std::panicking::try::h2b806ccc0a85db74
[INFO] [stdout]                                at /rustc/0e09125c6c3c2fd70d7de961bcf0e51575235fad/library/std/src/panicking.rs:516:19
[INFO] [stdout]   27:     0x55681a5984f1 - std::panic::catch_unwind::h038489539c507df2
[INFO] [stdout]                                at /rustc/0e09125c6c3c2fd70d7de961bcf0e51575235fad/library/std/src/panic.rs:142:14
[INFO] [stdout]   28:     0x55681a5984f1 - std::rt::lang_start_internal::h28503b88912e8a5c
[INFO] [stdout]                                at /rustc/0e09125c6c3c2fd70d7de961bcf0e51575235fad/library/std/src/rt.rs:148:20
[INFO] [stdout]   29:     0x55681a4afa57 - std::rt::lang_start::h9942cc54b4d5350a
[INFO] [stdout]   30:     0x55681a4b1f35 - main
[INFO] [stdout]   31:     0x7fbb29c65d90 - <unknown>
[INFO] [stdout]   32:     0x7fbb29c65e40 - __libc_start_main
[INFO] [stdout]   33:     0x55681a4af255 - _start
[INFO] [stdout]   34:                0x0 - <unknown>
[INFO] [stdout] 
[INFO] [stdout] 
[INFO] [stdout] 
[INFO] [stdout] failures:
[INFO] [stdout]     src/macros.rs - macros::test_derive (line 190)
[INFO] [stdout] 
[INFO] [stdout] test result: FAILED. 41 passed; 1 failed; 3 ignored; 0 measured; 0 filtered out; finished in 2.38s
[INFO] [stdout] 
[INFO] [stderr] error: doctest failed, to rerun pass `--doc`
[INFO] running `Command { std: "docker" "inspect" "20cad54f3f4a76e015a9ddfba45071137754cee3dc7913d9164f819dd2592c1c", kill_on_drop: false }`
[INFO] running `Command { std: "docker" "rm" "-f" "20cad54f3f4a76e015a9ddfba45071137754cee3dc7913d9164f819dd2592c1c", kill_on_drop: false }`
[INFO] [stdout] 20cad54f3f4a76e015a9ddfba45071137754cee3dc7913d9164f819dd2592c1c
