[INFO] fetching crate suiron-rust 0.1.0...
[INFO] testing suiron-rust-0.1.0 against 1.75.0 for beta-1.76-1
[INFO] extracting crate suiron-rust 0.1.0 into /workspace/builds/worker-6-tc1/source
[INFO] validating manifest of crates.io crate suiron-rust 0.1.0 on toolchain 1.75.0
[INFO] running `Command { std: CARGO_HOME="/workspace/cargo-home" RUSTUP_HOME="/workspace/rustup-home" "/workspace/cargo-home/bin/cargo" "+1.75.0" "metadata" "--manifest-path" "Cargo.toml" "--no-deps", kill_on_drop: false }`
[INFO] started tweaking crates.io crate suiron-rust 0.1.0
[INFO] finished tweaking crates.io crate suiron-rust 0.1.0
[INFO] tweaked toml for crates.io crate suiron-rust 0.1.0 written to /workspace/builds/worker-6-tc1/source/Cargo.toml
[INFO] crate crates.io crate suiron-rust 0.1.0 already has a lockfile, it will not be regenerated
[INFO] running `Command { std: CARGO_HOME="/workspace/cargo-home" RUSTUP_HOME="/workspace/rustup-home" "/workspace/cargo-home/bin/cargo" "+1.75.0" "fetch" "--manifest-path" "Cargo.toml", kill_on_drop: false }`
[INFO] [stderr]     Updating crates.io index
[INFO] [stderr]  Downloading crates ...
[INFO] [stderr]   Downloaded serial_test v0.4.0
[INFO] [stderr]   Downloaded serial_test_derive v0.4.0
[INFO] [stderr]   Downloaded serde_derive v1.0.156
[INFO] [stderr]   Downloaded thread_timer v0.3.0
[INFO] running `Command { std: "docker" "create" "-v" "/var/lib/crater-agent-workspace/builds/worker-6-tc1/target:/opt/rustwide/target:rw,Z" "-v" "/var/lib/crater-agent-workspace/builds/worker-6-tc1/source:/opt/rustwide/workdir:ro,Z" "-v" "/var/lib/crater-agent-workspace/cargo-home:/opt/rustwide/cargo-home:ro,Z" "-v" "/var/lib/crater-agent-workspace/rustup-home:/opt/rustwide/rustup-home:ro,Z" "-e" "SOURCE_DIR=/opt/rustwide/workdir" "-e" "CARGO_TARGET_DIR=/opt/rustwide/target" "-e" "CARGO_HOME=/opt/rustwide/cargo-home" "-e" "RUSTUP_HOME=/opt/rustwide/rustup-home" "-w" "/opt/rustwide/workdir" "-m" "1610612736" "--user" "0:0" "--network" "none" "ghcr.io/rust-lang/crates-build-env/linux@sha256:2788e3201cd34a07e3172128adcd8b3090168a8e3bcc40d7c032b9dda1df7d1c" "/opt/rustwide/cargo-home/bin/cargo" "+1.75.0" "metadata" "--no-deps" "--format-version=1", kill_on_drop: false }`
[INFO] [stdout] d8599f1f0c85b9198a71b26434c30443dae4372a0cca9a808f37c6b293c1d29f
[INFO] running `Command { std: "docker" "start" "-a" "d8599f1f0c85b9198a71b26434c30443dae4372a0cca9a808f37c6b293c1d29f", kill_on_drop: false }`
[INFO] running `Command { std: "docker" "inspect" "d8599f1f0c85b9198a71b26434c30443dae4372a0cca9a808f37c6b293c1d29f", kill_on_drop: false }`
[INFO] running `Command { std: "docker" "rm" "-f" "d8599f1f0c85b9198a71b26434c30443dae4372a0cca9a808f37c6b293c1d29f", kill_on_drop: false }`
[INFO] [stdout] d8599f1f0c85b9198a71b26434c30443dae4372a0cca9a808f37c6b293c1d29f
[INFO] running `Command { std: "docker" "create" "-v" "/var/lib/crater-agent-workspace/builds/worker-6-tc1/target:/opt/rustwide/target:rw,Z" "-v" "/var/lib/crater-agent-workspace/builds/worker-6-tc1/source:/opt/rustwide/workdir:ro,Z" "-v" "/var/lib/crater-agent-workspace/cargo-home:/opt/rustwide/cargo-home:ro,Z" "-v" "/var/lib/crater-agent-workspace/rustup-home:/opt/rustwide/rustup-home:ro,Z" "-e" "SOURCE_DIR=/opt/rustwide/workdir" "-e" "CARGO_TARGET_DIR=/opt/rustwide/target" "-e" "CARGO_INCREMENTAL=0" "-e" "RUST_BACKTRACE=full" "-e" "RUSTFLAGS=--cap-lints=warn" "-e" "RUSTDOCFLAGS=--cap-lints=warn" "-e" "CARGO_HOME=/opt/rustwide/cargo-home" "-e" "RUSTUP_HOME=/opt/rustwide/rustup-home" "-w" "/opt/rustwide/workdir" "-m" "1610612736" "--user" "0:0" "--network" "none" "ghcr.io/rust-lang/crates-build-env/linux@sha256:2788e3201cd34a07e3172128adcd8b3090168a8e3bcc40d7c032b9dda1df7d1c" "/opt/rustwide/cargo-home/bin/cargo" "+1.75.0" "build" "--frozen" "--message-format=json", kill_on_drop: false }`
[INFO] [stdout] f82be1fac3ae732d180df76710e530c38721989a033c4cd6738f489446d360e5
[INFO] running `Command { std: "docker" "start" "-a" "f82be1fac3ae732d180df76710e530c38721989a033c4cd6738f489446d360e5", kill_on_drop: false }`
[INFO] [stderr]    Compiling suiron-rust v0.1.0 (/opt/rustwide/workdir)
[INFO] [stderr]    Compiling thread_timer v0.3.0
[INFO] [stderr]     Finished dev [optimized + debuginfo] target(s) in 2.91s
[INFO] running `Command { std: "docker" "inspect" "f82be1fac3ae732d180df76710e530c38721989a033c4cd6738f489446d360e5", kill_on_drop: false }`
[INFO] running `Command { std: "docker" "rm" "-f" "f82be1fac3ae732d180df76710e530c38721989a033c4cd6738f489446d360e5", kill_on_drop: false }`
[INFO] [stdout] f82be1fac3ae732d180df76710e530c38721989a033c4cd6738f489446d360e5
[INFO] running `Command { std: "docker" "create" "-v" "/var/lib/crater-agent-workspace/builds/worker-6-tc1/target:/opt/rustwide/target:rw,Z" "-v" "/var/lib/crater-agent-workspace/builds/worker-6-tc1/source:/opt/rustwide/workdir:ro,Z" "-v" "/var/lib/crater-agent-workspace/cargo-home:/opt/rustwide/cargo-home:ro,Z" "-v" "/var/lib/crater-agent-workspace/rustup-home:/opt/rustwide/rustup-home:ro,Z" "-e" "SOURCE_DIR=/opt/rustwide/workdir" "-e" "CARGO_TARGET_DIR=/opt/rustwide/target" "-e" "CARGO_INCREMENTAL=0" "-e" "RUST_BACKTRACE=full" "-e" "RUSTFLAGS=--cap-lints=warn" "-e" "RUSTDOCFLAGS=--cap-lints=warn" "-e" "CARGO_HOME=/opt/rustwide/cargo-home" "-e" "RUSTUP_HOME=/opt/rustwide/rustup-home" "-w" "/opt/rustwide/workdir" "-m" "1610612736" "--user" "0:0" "--network" "none" "ghcr.io/rust-lang/crates-build-env/linux@sha256:2788e3201cd34a07e3172128adcd8b3090168a8e3bcc40d7c032b9dda1df7d1c" "/opt/rustwide/cargo-home/bin/cargo" "+1.75.0" "test" "--frozen" "--no-run" "--message-format=json", kill_on_drop: false }`
[INFO] [stdout] afa3fbe363d58ba6bfd673dd9bad9e1870317194b93d11154e70ae4ce1181dfc
[INFO] running `Command { std: "docker" "start" "-a" "afa3fbe363d58ba6bfd673dd9bad9e1870317194b93d11154e70ae4ce1181dfc", kill_on_drop: false }`
[INFO] [stderr]    Compiling libc v0.2.139
[INFO] [stderr]    Compiling proc-macro2 v1.0.51
[INFO] [stderr]    Compiling scopeguard v1.1.0
[INFO] [stderr]    Compiling crossbeam-utils v0.8.15
[INFO] [stderr]    Compiling memoffset v0.8.0
[INFO] [stderr]    Compiling serde v1.0.160
[INFO] [stderr]    Compiling quote v1.0.23
[INFO] [stderr]    Compiling cfg-if v1.0.0
[INFO] [stderr]    Compiling unicode-ident v1.0.6
[INFO] [stderr]    Compiling crossbeam-epoch v0.9.14
[INFO] [stderr]    Compiling syn v1.0.107
[INFO] [stderr]    Compiling memchr v2.5.0
[INFO] [stderr]    Compiling num-traits v0.2.15
[INFO] [stderr]    Compiling itoa v1.0.6
[INFO] [stderr]    Compiling either v1.8.1
[INFO] [stderr]    Compiling serde_json v1.0.96
[INFO] [stderr]    Compiling ryu v1.0.13
[INFO] [stderr]    Compiling rayon-core v1.11.0
[INFO] [stderr]    Compiling unicode-width v0.1.10
[INFO] [stderr]    Compiling plotters-backend v0.3.4
[INFO] [stderr]    Compiling cfg-if v0.1.10
[INFO] [stderr]    Compiling smallvec v1.10.0
[INFO] [stderr]    Compiling serde_derive v1.0.156
[INFO] [stderr]    Compiling textwrap v0.11.0
[INFO] [stderr]    Compiling itertools v0.10.5
[INFO] [stderr]    Compiling lock_api v0.3.4
[INFO] [stderr]    Compiling plotters-svg v0.3.3
[INFO] [stderr]    Compiling cast v0.3.0
[INFO] [stderr]    Compiling lazy_static v1.4.0
[INFO] [stderr]    Compiling bitflags v1.3.2
[INFO] [stderr]    Compiling half v1.8.2
[INFO] [stderr]    Compiling regex-syntax v0.7.1
[INFO] [stderr]    Compiling same-file v1.0.6
[INFO] [stderr]    Compiling clap v2.34.0
[INFO] [stderr]    Compiling walkdir v2.3.3
[INFO] [stderr]    Compiling oorandom v11.1.3
[INFO] [stderr]    Compiling crossbeam-channel v0.5.8
[INFO] [stderr]    Compiling csv-core v0.1.10
[INFO] [stderr]    Compiling num_cpus v1.15.0
[INFO] [stderr]    Compiling crossbeam-deque v0.8.3
[INFO] [stderr]    Compiling parking_lot_core v0.7.3
[INFO] [stderr]    Compiling atty v0.2.14
[INFO] [stderr]    Compiling parking_lot v0.10.2
[INFO] [stderr]    Compiling plotters v0.3.4
[INFO] [stderr]    Compiling regex v1.8.1
[INFO] [stderr]    Compiling criterion-plot v0.4.5
[INFO] [stderr]    Compiling rayon v1.7.0
[INFO] [stderr]    Compiling serde_cbor v0.11.2
[INFO] [stderr]    Compiling csv v1.2.1
[INFO] [stderr]    Compiling tinytemplate v1.2.1
[INFO] [stderr]    Compiling serial_test_derive v0.4.0
[INFO] [stderr]    Compiling serial_test v0.4.0
[INFO] [stderr]    Compiling criterion v0.3.6
[INFO] [stderr]    Compiling suiron-rust v0.1.0 (/opt/rustwide/workdir)
[INFO] [stderr]     Finished test [optimized + debuginfo] target(s) in 19.25s
[INFO] running `Command { std: "docker" "inspect" "afa3fbe363d58ba6bfd673dd9bad9e1870317194b93d11154e70ae4ce1181dfc", kill_on_drop: false }`
[INFO] running `Command { std: "docker" "rm" "-f" "afa3fbe363d58ba6bfd673dd9bad9e1870317194b93d11154e70ae4ce1181dfc", kill_on_drop: false }`
[INFO] [stdout] afa3fbe363d58ba6bfd673dd9bad9e1870317194b93d11154e70ae4ce1181dfc
[INFO] running `Command { std: "docker" "create" "-v" "/var/lib/crater-agent-workspace/builds/worker-6-tc1/target:/opt/rustwide/target:rw,Z" "-v" "/var/lib/crater-agent-workspace/builds/worker-6-tc1/source:/opt/rustwide/workdir:ro,Z" "-v" "/var/lib/crater-agent-workspace/cargo-home:/opt/rustwide/cargo-home:ro,Z" "-v" "/var/lib/crater-agent-workspace/rustup-home:/opt/rustwide/rustup-home:ro,Z" "-e" "SOURCE_DIR=/opt/rustwide/workdir" "-e" "CARGO_TARGET_DIR=/opt/rustwide/target" "-e" "CARGO_INCREMENTAL=0" "-e" "RUST_BACKTRACE=full" "-e" "RUSTFLAGS=--cap-lints=warn" "-e" "RUSTDOCFLAGS=--cap-lints=warn" "-e" "CARGO_HOME=/opt/rustwide/cargo-home" "-e" "RUSTUP_HOME=/opt/rustwide/rustup-home" "-w" "/opt/rustwide/workdir" "-m" "1610612736" "--user" "0:0" "--network" "none" "ghcr.io/rust-lang/crates-build-env/linux@sha256:2788e3201cd34a07e3172128adcd8b3090168a8e3bcc40d7c032b9dda1df7d1c" "/opt/rustwide/cargo-home/bin/cargo" "+1.75.0" "test" "--frozen", kill_on_drop: false }`
[INFO] [stdout] c97493e3571558ca10940cc5d5b0b428fa1e855630584e4dd6f2c72a646838aa
[INFO] running `Command { std: "docker" "start" "-a" "c97493e3571558ca10940cc5d5b0b428fa1e855630584e4dd6f2c72a646838aa", kill_on_drop: false }`
[INFO] [stderr]     Finished test [optimized + debuginfo] target(s) in 0.07s
[INFO] [stderr]      Running unittests src/lib.rs (/opt/rustwide/target/debug/deps/suiron-066dc5adc99f4b44)
[INFO] [stdout] 
[INFO] [stdout] running 86 tests
[INFO] [stdout] test built_in_append::test::test_append ... ok
[INFO] [stdout] test built_in_arithmetic::test::test_evaluate_multiply ... ok
[INFO] [stdout] test built_in_arithmetic::test::test_evaluate_add ... ok
[INFO] [stdout] test built_in_arithmetic::test::test_evaluate_divide ... ok
[INFO] [stdout] test built_in_arithmetic::test::test_evaluate_subtract ... ok
[INFO] [stdout] test built_in_functions::test::test_parse_function ... ok
[INFO] [stdout] test built_in_functor::test::test_functor ... ok
[INFO] [stdout] test built_in_predicates::test::test_format_built_in ... ok
[INFO] [stdout] test built_in_predicates::test::test_display ... ok
[INFO] [stdout] test built_in_count::test::test_count ... ok
[INFO] [stdout] test built_in_print::test::test_format_for_print_pred ... ok
[INFO] [stdout] test built_in_print_list::test::test_format_slist ... ok
[INFO] [stdout] test built_in_print_list::test::test_next_solution_print_list ... ok
[INFO] [stdout] test goal::test::test_goals1 ... ok
[INFO] [stdout] test goal::test::test_goals2 ... ok
[INFO] [stdout] test knowledge_base::test::test_add_rules ... ok
[INFO] [stdout] test infix::test::test_check_arithmetic_infix ... ok
[INFO] [stdout] test infix::test::test_check_infix ... ok
[INFO] [stdout] test operator::test::test_creation_of_operators ... ok
[INFO] [stdout] test operator::test::test_split_head_tail ... ok
[INFO] [stdout] test parse_terms::test::test_parse_arguments ... ok
[INFO] [stdout] test rule_reader::test::test_check_last_char ... ok
[INFO] [stdout] test parse_goals::test::test_get_left_and_right ... ok
[INFO] [stdout] test parse_goals::test::test_indices_of_parentheses ... ok
[INFO] [stdout] test parse_terms::test::test_check_quotes ... ok
[INFO] [stdout] test parse_terms::test::test_parse_term ... ok
[INFO] [stdout] test rule_reader::test::test_invalid_filename ... ok
[INFO] [stdout] test rule_reader::test::test_separate_rules ... ok
[INFO] [stdout] test rule_reader::test::test_unmatched_bracket ... ok
[INFO] [stdout] test s_complex::test::test_make_complex ... ok
[INFO] [stdout] test rule_reader::test::test_read_facts_and_rules ... ok
[INFO] [stdout] test rule_reader::test::test_strip_comments ... ok
[INFO] [stdout] test rule_reader::test::test_trim_error_line ... ok
[INFO] [stdout] test s_complex::test::test_parse_complex ... ok
[INFO] [stdout] test s_complex::test::test_parse_functor_terms ... ok
[INFO] [stdout] test s_complex::test::test_make_query ... ok
[INFO] [stdout] test s_linked_list::test::test_equal_escape ... ok
[INFO] [stdout] test s_complex::test::test_validate_complex ... ok
[INFO] [stdout] test s_linked_list::test::test_make_linked_list ... ok
[INFO] [stdout] test rule_reader::test::test_load_kb_from_file ... ok
[INFO] [stdout] test s_linked_list::test::test_parse_linked_list ... ok
[INFO] [stdout] test substitution_set::test::test_bound_and_ground ... ok
[INFO] [stdout] test substitution_set::test::test_format_ss ... ok
[INFO] [stdout] test substitution_set::test::test_get_complex ... ok
[INFO] [stdout] test substitution_set::test::test_get_constant ... ok
[INFO] [stdout] test substitution_set::test::test_get_list ... ok
[INFO] [stdout] test token::test::test_get_children ... ok
[INFO] [stdout] test built_in_arithmetic::test::test_evaluate_nonnumber_panic - should panic ... ok
[INFO] [stdout] test built_in_arithmetic::test::test_evaluate_ungrounded_panic - should panic ... ok
[INFO] [stdout] test token::test::test_get_token_str ... ok
[INFO] [stdout] test token::test::test_get_type ... ok
[INFO] [stdout] test token::test::test_make_branch_token ... ok
[INFO] [stdout] test knowledge_base::test::test_get_rule_panic1 - should panic ... ok
[INFO] [stdout] test token::test::test_make_leaf_token ... ok
[INFO] [stdout] test token::test::test_number_of_children ... ok
[INFO] [stdout] test operator::test::test_split_head_tail_panic2 - should panic ... ok
[INFO] [stdout] test tokenizer::test::test_group_tokens ... ok
[INFO] [stdout] test s_complex::test::test_make_complex_panic1 - should panic ... ok
[INFO] [stdout] test tokenizer::test::test_group_tokens2 ... ok
[INFO] [stdout] test tokenizer::test::test_group_tokens3 ... ok
[INFO] [stdout] test tokenizer::test::test_tokenize ... ok
[INFO] [stdout] test tokenizer::test::test_tokens_to_string ... ok
[INFO] [stdout] test unifiable::test::test_display_unifiable ... ok
[INFO] [stdout] test unifiable::test::test_key ... ok
[INFO] [stdout] test s_complex::test::test_make_complex_panic2 - should panic ... ok
[INFO] [stdout] test unifiable::test::test_recreate_variables ... ok
[INFO] [stdout] test unifiable::test::test_replace_variables ... ok
[INFO] [stdout] test unifiable::test::test_unify_with_bound_vars ... ok
[INFO] [stdout] test unifiable::test::test_unify_with_self ... ok
[INFO] [stdout] test unifiable::test::test_unify_with_unbound_var ... ok
[INFO] [stdout] test token::test::test_get_children_panic - should panic ... ok
[INFO] [stdout] test unifiable::test::test_when_var_id_is_0 - should panic ... ok
[INFO] [stdout] test token::test::test_make_branch_token_panic - should panic ... ok
[INFO] [stdout] test knowledge_base::test::test_get_rule_panic2 - should panic ... ok
[INFO] [stdout] test knowledge_base::test::test_get_rule ... ok
[INFO] [stdout] test token::test::test_number_of_children_panic - should panic ... ok
[INFO] [stdout] test solution_node::test::test_next_solution1 ... ok
[INFO] [stdout] test solution_node::test::test_set_no_backtracking ... ok
[INFO] [stdout] test solution_node::test::test_next_solution2 ... ok
[INFO] [stdout] test solutions::test::test_format_solution ... ok
[INFO] [stdout] test solutions::test::test_solve ... ok
[INFO] [stdout] test solutions::test::test_solve_all ... ok
[INFO] [stdout] test tokenizer::test::test_group_tokens_panic - should panic ... ok
[INFO] [stdout] test unifiable::test::test_key_panic_1 - should panic ... ok
[INFO] [stdout] test token::test::test_get_token_str_panic - should panic ... ok
[INFO] [stdout] test time_out::test::test_query_timer ... ok
[INFO] [stdout] 
[INFO] [stdout] test result: ok. 86 passed; 0 failed; 0 ignored; 0 measured; 0 filtered out; finished in 0.07s
[INFO] [stdout] 
[INFO] [stderr]      Running unittests src/main.rs (/opt/rustwide/target/debug/deps/query-2d67a4f3cd93a859)
[INFO] [stdout] 
[INFO] [stdout] running 0 tests
[INFO] [stdout] 
[INFO] [stdout] test result: ok. 0 passed; 0 failed; 0 ignored; 0 measured; 0 filtered out; finished in 0.00s
[INFO] [stdout] 
[INFO] [stderr]      Running tests/and_or_test.rs (/opt/rustwide/target/debug/deps/and_or_test-5a51efa76019f71a)
[INFO] [stdout] 
[INFO] [stdout] running 1 test
[INFO] [stdout] test test_and_or ... ok
[INFO] [stdout] 
[INFO] [stdout] test result: ok. 1 passed; 0 failed; 0 ignored; 0 measured; 0 filtered out; finished in 0.00s
[INFO] [stdout] 
[INFO] [stderr]      Running tests/append_test.rs (/opt/rustwide/target/debug/deps/append_test-cc470d82566505be)
[INFO] [stdout] 
[INFO] [stdout] running 1 test
[INFO] [stdout] test test_append ... ok
[INFO] [stdout] 
[INFO] [stdout] test result: ok. 1 passed; 0 failed; 0 ignored; 0 measured; 0 filtered out; finished in 0.00s
[INFO] [stdout] 
[INFO] [stderr]      Running tests/arithmetic_test.rs (/opt/rustwide/target/debug/deps/arithmetic_test-c8ae1c3c29038444)
[INFO] [stdout] 
[INFO] [stdout] running 2 tests
[INFO] [stdout] test test_arithmetic ... ok
[INFO] [stdout] test test_arithmetic_parse ... ok
[INFO] [stdout] 
[INFO] [stdout] test result: ok. 2 passed; 0 failed; 0 ignored; 0 measured; 0 filtered out; finished in 0.00s
[INFO] [stdout] 
[INFO] [stderr]      Running tests/backchaining_test.rs (/opt/rustwide/target/debug/deps/backchaining_test-2b34a6234367fdd0)
[INFO] [stdout] 
[INFO] [stdout] running 1 test
[INFO] [stdout] test test_backchaining ... ok
[INFO] [stdout] 
[INFO] [stdout] test result: ok. 1 passed; 0 failed; 0 ignored; 0 measured; 0 filtered out; finished in 0.00s
[INFO] [stdout] 
[INFO] [stderr]      Running tests/comparison_test.rs (/opt/rustwide/target/debug/deps/comparison_test-8f48e4008805cc16)
[INFO] [stdout] 
[INFO] [stdout] running 1 test
[INFO] [stdout] test test_comparison ... ok
[INFO] [stdout] 
[INFO] [stdout] test result: ok. 1 passed; 0 failed; 0 ignored; 0 measured; 0 filtered out; finished in 0.00s
[INFO] [stdout] 
[INFO] [stderr]      Running tests/constants_test.rs (/opt/rustwide/target/debug/deps/constants_test-56c65fa56a6de4de)
[INFO] [stdout] 
[INFO] [stdout] running 3 tests
[INFO] [stdout] test test_integer ... ok
[INFO] [stdout] test test_atom ... ok
[INFO] [stdout] test test_float ... ok
[INFO] [stdout] 
[INFO] [stdout] test result: ok. 3 passed; 0 failed; 0 ignored; 0 measured; 0 filtered out; finished in 0.00s
[INFO] [stdout] 
[INFO] [stderr]      Running tests/count_test.rs (/opt/rustwide/target/debug/deps/count_test-bafd86b7de31c665)
[INFO] [stdout] 
[INFO] [stdout] running 1 test
[INFO] [stdout] test test_count ... ok
[INFO] [stdout] 
[INFO] [stdout] test result: ok. 1 passed; 0 failed; 0 ignored; 0 measured; 0 filtered out; finished in 0.00s
[INFO] [stdout] 
[INFO] [stderr]      Running tests/fail_test.rs (/opt/rustwide/target/debug/deps/fail_test-824969d886eae4f8)
[INFO] [stdout] 
[INFO] [stdout] running 1 test
[INFO] [stdout] test test_fail ... ok
[INFO] [stdout] 
[INFO] [stdout] test result: ok. 1 passed; 0 failed; 0 ignored; 0 measured; 0 filtered out; finished in 0.00s
[INFO] [stdout] 
[INFO] [stderr]      Running tests/filter_test.rs (/opt/rustwide/target/debug/deps/filter_test-9fd3a9361de1d137)
[INFO] [stdout] 
[INFO] [stdout] running 1 test
[INFO] [stdout] test test_filter ... ok
[INFO] [stdout] 
[INFO] [stdout] test result: ok. 1 passed; 0 failed; 0 ignored; 0 measured; 0 filtered out; finished in 0.00s
[INFO] [stdout] 
[INFO] [stderr]      Running tests/functor_test.rs (/opt/rustwide/target/debug/deps/functor_test-c213eddf766e49f8)
[INFO] [stdout] 
[INFO] [stdout] running 1 test
[INFO] [stdout] test test_functor ... ok
[INFO] [stdout] 
[INFO] [stdout] test result: ok. 1 passed; 0 failed; 0 ignored; 0 measured; 0 filtered out; finished in 0.00s
[INFO] [stdout] 
[INFO] [stderr]      Running tests/join_test.rs (/opt/rustwide/target/debug/deps/join_test-bff0bd3be2bd16c7)
[INFO] [stdout] 
[INFO] [stdout] running 1 test
[INFO] [stdout] test test_join ... ok
[INFO] [stdout] 
[INFO] [stdout] test result: ok. 1 passed; 0 failed; 0 ignored; 0 measured; 0 filtered out; finished in 0.00s
[INFO] [stdout] 
[INFO] [stderr]    Doc-tests suiron
[INFO] [stdout] 
[INFO] [stdout] running 100 tests
[INFO] [stdout] test src/built_in_predicates.rs - built_in_predicates::BuiltInPredicate::new (line 41) ... ok
[INFO] [stdout] test src/built_in_functions.rs - built_in_functions::parse_function (line 94) ... ok
[INFO] [stdout] test src/built_in_print_list.rs - built_in_print_list::next_solution_print_list (line 18) ... ok
[INFO] [stdout] test src/built_in_functions.rs - built_in_functions::unify_sfunction (line 33) ... ok
[INFO] [stdout] test src/built_in_print_list.rs - built_in_print_list::format_slist (line 85) ... ok
[INFO] [stdout] test src/built_in_predicates.rs - built_in_predicates::format_built_in (line 188) ... ok
[INFO] [stdout] test src/built_in_arithmetic.rs - built_in_arithmetic::evaluate_multiply (line 128) ... ok
[INFO] [stdout] test src/built_in_print.rs - built_in_print::format_for_print_pred (line 72) ... ok
[INFO] [stdout] test src/built_in_arithmetic.rs - built_in_arithmetic::evaluate_add (line 34) ... ok
[INFO] [stdout] test src/built_in_join.rs - built_in_join::evaluate_join (line 36) ... ok
[INFO] [stdout] test src/goal.rs - goal::Goal::key (line 151) ... ok
[INFO] [stdout] test src/built_in_predicates.rs - built_in_predicates::BuiltInPredicate::recreate_variables (line 70) ... ok
[INFO] [stdout] test src/goal.rs - goal::Goal::get_ground_term (line 189) ... ok
[INFO] [stdout] test src/built_in_arithmetic.rs - built_in_arithmetic::evaluate_subtract (line 80) ... ok
[INFO] [stdout] test src/built_in_arithmetic.rs - built_in_arithmetic::evaluate_divide (line 181) ... ok
[INFO] [stdout] test src/built_in_print.rs - built_in_print::next_solution_print (line 23) ... ok
[INFO] [stdout] test src/goal.rs - goal::Goal::recreate_variables (line 56) ... ok
[INFO] [stdout] test src/knowledge_base.rs - knowledge_base::count_rules (line 117) ... ok
[INFO] [stdout] test src/knowledge_base.rs - knowledge_base::make_fact (line 63) ... ok
[INFO] [stdout] test src/infix.rs - infix::check_infix (line 55) ... ok
[INFO] [stdout] test src/knowledge_base.rs - knowledge_base::format_kb (line 189) ... ok
[INFO] [stdout] test src/infix.rs - infix::check_arithmetic_infix (line 169) ... ok
[INFO] [stdout] test src/knowledge_base.rs - knowledge_base::print_kb (line 240) ... ok
[INFO] [stdout] test src/knowledge_base.rs - knowledge_base::get_rule (line 152) ... ok
[INFO] [stdout] test src/goal.rs - goal::make_base_node (line 244) ... ok
[INFO] [stdout] test src/knowledge_base.rs - knowledge_base::make_rule (line 40) ... ok
[INFO] [stdout] test src/knowledge_base.rs - knowledge_base::test_kb (line 278) ... ok
[INFO] [stdout] test src/goal.rs - goal::Goal::replace_variables (line 112) ... ok
[INFO] [stdout] test src/knowledge_base.rs - knowledge_base::add_rules (line 81) ... ok
[INFO] [stdout] test src/goal.rs - goal::make_solution_node (line 278) ... ok
[INFO] [stdout] test src/macros.rs - macros::add_rules (line 134) ... ok
[INFO] [stdout] test src/macros.rs - macros::anon (line 237) ... ok
[INFO] [stdout] test src/macros.rs - macros::and_goal (line 303) ... ok
[INFO] [stdout] test src/macros.rs - macros::atom (line 177) ... ok
[INFO] [stdout] test src/macros.rs - macros::chars_to_string (line 368) ... ok
[INFO] [stdout] test src/macros.rs - macros::empty_ss (line 385) ... ok
[INFO] [stdout] test src/macros.rs - macros::scomplex (line 265) ... ok
[INFO] [stdout] test src/macros.rs - macros::sfunction (line 492) ... ok
[INFO] [stdout] test src/macros.rs - macros::rc_cell (line 404) ... ok
[INFO] [stdout] test src/macros.rs - macros::cons_node (line 54) ... ok
[INFO] [stdout] test src/macros.rs - macros::slist (line 113) ... ok
[INFO] [stdout] test src/macros.rs - macros::logic_var (line 211) ... ok
[INFO] [stdout] test src/macros.rs - macros::or_goal (line 336) ... ok
[INFO] [stdout] test src/macros.rs - macros::pred (line 514) ... ok
[INFO] [stdout] test src/macros.rs - macros::slist (line 101) ... ok
[INFO] [stdout] test src/macros.rs - macros::query (line 441) ... ok
[INFO] [stdout] test src/macros.rs - macros::str_to_chars (line 354) ... ok
[INFO] [stdout] test src/macros.rs - macros::slist (line 90) ... ok
[INFO] [stdout] test src/macros.rs - macros::unify (line 467) ... ok
[INFO] [stdout] test src/operator.rs - operator::Operator::get_subgoal (line 145) ... ok
[INFO] [stdout] test src/operator.rs - operator::Operator::split_head_tail (line 45) ... ok
[INFO] [stdout] test src/operator.rs - operator::Operator::recreate_variables (line 91) ... ok
[INFO] [stdout] test src/parse_goals.rs - parse_goals::indices_of_parentheses (line 29) ... ok
[INFO] [stdout] test src/parse_terms.rs - parse_terms::check_quotes (line 307) ... ok
[INFO] [stdout] test src/parse_terms.rs - parse_terms::parse_arguments (line 29) ... ok
[INFO] [stdout] test src/parse_terms.rs - parse_terms::parse_term (line 351) ... ok
[INFO] [stdout] test src/parse_goals.rs - parse_goals::get_left_and_right (line 93) ... ok
[INFO] [stdout] test src/rule.rs - rule::Rule::get_body (line 198) ... ok
[INFO] [stdout] test src/rule.rs - rule::Rule::get_head (line 179) ... ok
[INFO] [stdout] test src/rule.rs - rule::Rule::key (line 160) ... ok
[INFO] [stdout] test src/rule.rs - rule::parse_rule (line 66) ... ok
[INFO] [stdout] test src/rule.rs - rule::Rule::recreate_variables (line 221) ... ok
[INFO] [stdout] test src/rule_reader.rs - rule_reader::load_kb_from_file (line 23) ... ok
[INFO] [stdout] test src/rule_reader.rs - rule_reader::read_facts_and_rules (line 89) ... ok
[INFO] [stdout] test src/s_complex.rs - s_complex::make_complex (line 49) ... ok
[INFO] [stdout] test src/s_complex.rs - s_complex::parse_complex (line 129) ... ok
[INFO] [stdout] test src/s_complex.rs - s_complex::make_query (line 88) ... ok
[INFO] [stdout] test src/s_complex.rs - s_complex::parse_complex (line 143) ... ok
[INFO] [stdout] test src/s_complex.rs - s_complex::parse_functor_terms (line 311) ... ok
[INFO] [stdout] test src/s_complex.rs - s_complex::parse_query (line 265) ... ok
[INFO] [stdout] test src/s_complex.rs - s_complex::parse_query (line 252) ... ok
[INFO] [stdout] test src/solution_node.rs - solution_node::SolutionNode<'a>::new (line 79) ... ok
[INFO] [stdout] test src/solution_node.rs - solution_node::SolutionNode<'a>::set_no_backtracking (line 114) ... ok
[INFO] [stdout] test src/solution_node.rs - solution_node::next_solution (line 180) ... ok
[INFO] [stdout] test src/solution_node.rs - solution_node::print_elapsed (line 326) ... ok
[INFO] [stdout] test src/solutions.rs - solutions::format_solution (line 131) ... ok
[INFO] [stdout] test src/substitution_set.rs - substitution_set::format_ss (line 393) ... ok
[INFO] [stdout] test src/substitution_set.rs - substitution_set::get_binding (line 82) ... ok
[INFO] [stdout] test src/substitution_set.rs - substitution_set::get_complex (line 241) ... ok
[INFO] [stdout] test src/solutions.rs - solutions::solve (line 22) ... ok
[INFO] [stdout] test src/substitution_set.rs - substitution_set::get_constant (line 345) ... ok
[INFO] [stdout] test src/solutions.rs - solutions::solve_all (line 67) ... ok
[INFO] [stdout] test src/substitution_set.rs - substitution_set::get_ground_term (line 193) ... ok
[INFO] [stdout] test src/substitution_set.rs - substitution_set::get_list (line 291) ... ok
[INFO] [stdout] test src/substitution_set.rs - substitution_set::print_ss (line 432) ... ok
[INFO] [stdout] test src/substitution_set.rs - substitution_set::is_ground_variable (line 135) ... ok
[INFO] [stdout] test src/substitution_set.rs - substitution_set::is_bound (line 43) ... ok
[INFO] [stdout] test src/time_out.rs - time_out::cancel_timer (line 41) ... ok
[INFO] [stdout] test src/token.rs - token::Token::get_children (line 234) ... ok
[INFO] [stdout] test src/token.rs - token::Token::get_token_str (line 211) ... ok
[INFO] [stdout] test src/token.rs - token::Token::get_type (line 189) ... ok
[INFO] [stdout] test src/time_out.rs - time_out::start_query_timer (line 23) ... ok
[INFO] [stdout] test src/token.rs - token::Token::number_of_children (line 166) ... ok
[INFO] [stdout] test src/token.rs - token::make_branch_token (line 134) ... ok
[INFO] [stdout] test src/tokenizer.rs - tokenizer::generate_goal (line 49) ... ok
[INFO] [stdout] test src/unifiable.rs - unifiable::Unifiable::key (line 89) ... ok
[INFO] [stdout] test src/token.rs - token::make_leaf_token (line 86) ... ok
[INFO] [stdout] test src/unifiable.rs - unifiable::Unifiable::unify (line 137) ... ok
[INFO] [stdout] test src/unifiable.rs - unifiable::Unifiable::replace_variables (line 473) ... ok
[INFO] [stdout] test src/unifiable.rs - unifiable::Unifiable::recreate_variables (line 403) ... ok
[INFO] [stdout] 
[INFO] [stdout] test result: ok. 100 passed; 0 failed; 0 ignored; 0 measured; 0 filtered out; finished in 2.13s
[INFO] [stdout] 
[INFO] running `Command { std: "docker" "inspect" "c97493e3571558ca10940cc5d5b0b428fa1e855630584e4dd6f2c72a646838aa", kill_on_drop: false }`
[INFO] running `Command { std: "docker" "rm" "-f" "c97493e3571558ca10940cc5d5b0b428fa1e855630584e4dd6f2c72a646838aa", kill_on_drop: false }`
[INFO] [stdout] c97493e3571558ca10940cc5d5b0b428fa1e855630584e4dd6f2c72a646838aa
[INFO] testing suiron-rust-0.1.0 against beta-2023-12-22 for beta-1.76-1
[INFO] extracting crate suiron-rust 0.1.0 into /workspace/builds/worker-6-tc2/source
[INFO] validating manifest of crates.io crate suiron-rust 0.1.0 on toolchain beta-2023-12-22
[INFO] running `Command { std: CARGO_HOME="/workspace/cargo-home" RUSTUP_HOME="/workspace/rustup-home" "/workspace/cargo-home/bin/cargo" "+beta-2023-12-22" "metadata" "--manifest-path" "Cargo.toml" "--no-deps", kill_on_drop: false }`
[INFO] started tweaking crates.io crate suiron-rust 0.1.0
[INFO] finished tweaking crates.io crate suiron-rust 0.1.0
[INFO] tweaked toml for crates.io crate suiron-rust 0.1.0 written to /workspace/builds/worker-6-tc2/source/Cargo.toml
[INFO] crate crates.io crate suiron-rust 0.1.0 already has a lockfile, it will not be regenerated
[INFO] running `Command { std: CARGO_HOME="/workspace/cargo-home" RUSTUP_HOME="/workspace/rustup-home" "/workspace/cargo-home/bin/cargo" "+beta-2023-12-22" "fetch" "--manifest-path" "Cargo.toml", kill_on_drop: false }`
[INFO] [stderr]     Blocking waiting for file lock on package cache
[INFO] running `Command { std: "docker" "create" "-v" "/var/lib/crater-agent-workspace/builds/worker-6-tc2/target:/opt/rustwide/target:rw,Z" "-v" "/var/lib/crater-agent-workspace/builds/worker-6-tc2/source:/opt/rustwide/workdir:ro,Z" "-v" "/var/lib/crater-agent-workspace/cargo-home:/opt/rustwide/cargo-home:ro,Z" "-v" "/var/lib/crater-agent-workspace/rustup-home:/opt/rustwide/rustup-home:ro,Z" "-e" "SOURCE_DIR=/opt/rustwide/workdir" "-e" "CARGO_TARGET_DIR=/opt/rustwide/target" "-e" "CARGO_HOME=/opt/rustwide/cargo-home" "-e" "RUSTUP_HOME=/opt/rustwide/rustup-home" "-w" "/opt/rustwide/workdir" "-m" "1610612736" "--user" "0:0" "--network" "none" "ghcr.io/rust-lang/crates-build-env/linux@sha256:2788e3201cd34a07e3172128adcd8b3090168a8e3bcc40d7c032b9dda1df7d1c" "/opt/rustwide/cargo-home/bin/cargo" "+beta-2023-12-22" "metadata" "--no-deps" "--format-version=1", kill_on_drop: false }`
[INFO] [stdout] 77256e6386c359ac36d5ba3d08d2c27bf5ba7b07d0ba4ef733aa5bcae9db9426
[INFO] running `Command { std: "docker" "start" "-a" "77256e6386c359ac36d5ba3d08d2c27bf5ba7b07d0ba4ef733aa5bcae9db9426", kill_on_drop: false }`
[INFO] running `Command { std: "docker" "inspect" "77256e6386c359ac36d5ba3d08d2c27bf5ba7b07d0ba4ef733aa5bcae9db9426", kill_on_drop: false }`
[INFO] running `Command { std: "docker" "rm" "-f" "77256e6386c359ac36d5ba3d08d2c27bf5ba7b07d0ba4ef733aa5bcae9db9426", kill_on_drop: false }`
[INFO] [stdout] 77256e6386c359ac36d5ba3d08d2c27bf5ba7b07d0ba4ef733aa5bcae9db9426
[INFO] running `Command { std: "docker" "create" "-v" "/var/lib/crater-agent-workspace/builds/worker-6-tc2/target:/opt/rustwide/target:rw,Z" "-v" "/var/lib/crater-agent-workspace/builds/worker-6-tc2/source:/opt/rustwide/workdir:ro,Z" "-v" "/var/lib/crater-agent-workspace/cargo-home:/opt/rustwide/cargo-home:ro,Z" "-v" "/var/lib/crater-agent-workspace/rustup-home:/opt/rustwide/rustup-home:ro,Z" "-e" "SOURCE_DIR=/opt/rustwide/workdir" "-e" "CARGO_TARGET_DIR=/opt/rustwide/target" "-e" "CARGO_INCREMENTAL=0" "-e" "RUST_BACKTRACE=full" "-e" "RUSTFLAGS=--cap-lints=warn" "-e" "RUSTDOCFLAGS=--cap-lints=warn" "-e" "CARGO_HOME=/opt/rustwide/cargo-home" "-e" "RUSTUP_HOME=/opt/rustwide/rustup-home" "-w" "/opt/rustwide/workdir" "-m" "1610612736" "--user" "0:0" "--network" "none" "ghcr.io/rust-lang/crates-build-env/linux@sha256:2788e3201cd34a07e3172128adcd8b3090168a8e3bcc40d7c032b9dda1df7d1c" "/opt/rustwide/cargo-home/bin/cargo" "+beta-2023-12-22" "build" "--frozen" "--message-format=json", kill_on_drop: false }`
[INFO] [stdout] 6776f4f671b06944b7cf431e245d34f9639b830178314e0e1dd84a88e1a65c0f
[INFO] running `Command { std: "docker" "start" "-a" "6776f4f671b06944b7cf431e245d34f9639b830178314e0e1dd84a88e1a65c0f", kill_on_drop: false }`
[INFO] [stderr]    Compiling suiron-rust v0.1.0 (/opt/rustwide/workdir)
[INFO] [stderr]    Compiling thread_timer v0.3.0
[INFO] [stderr]     Finished dev [optimized + debuginfo] target(s) in 3.55s
[INFO] running `Command { std: "docker" "inspect" "6776f4f671b06944b7cf431e245d34f9639b830178314e0e1dd84a88e1a65c0f", kill_on_drop: false }`
[INFO] running `Command { std: "docker" "rm" "-f" "6776f4f671b06944b7cf431e245d34f9639b830178314e0e1dd84a88e1a65c0f", kill_on_drop: false }`
[INFO] [stdout] 6776f4f671b06944b7cf431e245d34f9639b830178314e0e1dd84a88e1a65c0f
[INFO] running `Command { std: "docker" "create" "-v" "/var/lib/crater-agent-workspace/builds/worker-6-tc2/target:/opt/rustwide/target:rw,Z" "-v" "/var/lib/crater-agent-workspace/builds/worker-6-tc2/source:/opt/rustwide/workdir:ro,Z" "-v" "/var/lib/crater-agent-workspace/cargo-home:/opt/rustwide/cargo-home:ro,Z" "-v" "/var/lib/crater-agent-workspace/rustup-home:/opt/rustwide/rustup-home:ro,Z" "-e" "SOURCE_DIR=/opt/rustwide/workdir" "-e" "CARGO_TARGET_DIR=/opt/rustwide/target" "-e" "CARGO_INCREMENTAL=0" "-e" "RUST_BACKTRACE=full" "-e" "RUSTFLAGS=--cap-lints=warn" "-e" "RUSTDOCFLAGS=--cap-lints=warn" "-e" "CARGO_HOME=/opt/rustwide/cargo-home" "-e" "RUSTUP_HOME=/opt/rustwide/rustup-home" "-w" "/opt/rustwide/workdir" "-m" "1610612736" "--user" "0:0" "--network" "none" "ghcr.io/rust-lang/crates-build-env/linux@sha256:2788e3201cd34a07e3172128adcd8b3090168a8e3bcc40d7c032b9dda1df7d1c" "/opt/rustwide/cargo-home/bin/cargo" "+beta-2023-12-22" "test" "--frozen" "--no-run" "--message-format=json", kill_on_drop: false }`
[INFO] [stdout] f7c22ee30412ba9283dcabb9985cf3703b14d8c9ab6af1882ac1a19c5f2e69e8
[INFO] running `Command { std: "docker" "start" "-a" "f7c22ee30412ba9283dcabb9985cf3703b14d8c9ab6af1882ac1a19c5f2e69e8", kill_on_drop: false }`
[INFO] [stderr]    Compiling libc v0.2.139
[INFO] [stderr]    Compiling crossbeam-utils v0.8.15
[INFO] [stderr]    Compiling scopeguard v1.1.0
[INFO] [stderr]    Compiling proc-macro2 v1.0.51
[INFO] [stderr]    Compiling memoffset v0.8.0
[INFO] [stderr]    Compiling serde v1.0.160
[INFO] [stderr]    Compiling quote v1.0.23
[INFO] [stderr]    Compiling cfg-if v1.0.0
[INFO] [stderr]    Compiling unicode-ident v1.0.6
[INFO] [stderr]    Compiling crossbeam-epoch v0.9.14
[INFO] [stderr]    Compiling syn v1.0.107
[INFO] [stderr]    Compiling memchr v2.5.0
[INFO] [stderr]    Compiling num-traits v0.2.15
[INFO] [stderr]    Compiling either v1.8.1
[INFO] [stderr]    Compiling rayon-core v1.11.0
[INFO] [stderr]    Compiling serde_json v1.0.96
[INFO] [stderr]    Compiling ryu v1.0.13
[INFO] [stderr]    Compiling itoa v1.0.6
[INFO] [stderr]    Compiling smallvec v1.10.0
[INFO] [stderr]    Compiling plotters-backend v0.3.4
[INFO] [stderr]    Compiling unicode-width v0.1.10
[INFO] [stderr]    Compiling cfg-if v0.1.10
[INFO] [stderr]    Compiling serde_derive v1.0.156
[INFO] [stderr]    Compiling itertools v0.10.5
[INFO] [stderr]    Compiling textwrap v0.11.0
[INFO] [stderr]    Compiling lock_api v0.3.4
[INFO] [stderr]    Compiling bitflags v1.3.2
[INFO] [stderr]    Compiling cast v0.3.0
[INFO] [stderr]    Compiling half v1.8.2
[INFO] [stderr]    Compiling regex-syntax v0.7.1
[INFO] [stderr]    Compiling plotters-svg v0.3.3
[INFO] [stderr]    Compiling lazy_static v1.4.0
[INFO] [stderr]    Compiling same-file v1.0.6
[INFO] [stderr]    Compiling clap v2.34.0
[INFO] [stderr]    Compiling oorandom v11.1.3
[INFO] [stderr]    Compiling walkdir v2.3.3
[INFO] [stderr]    Compiling crossbeam-channel v0.5.8
[INFO] [stderr]    Compiling csv-core v0.1.10
[INFO] [stderr]    Compiling num_cpus v1.15.0
[INFO] [stderr]    Compiling crossbeam-deque v0.8.3
[INFO] [stderr]    Compiling parking_lot_core v0.7.3
[INFO] [stderr]    Compiling atty v0.2.14
[INFO] [stderr]    Compiling parking_lot v0.10.2
[INFO] [stderr]    Compiling criterion-plot v0.4.5
[INFO] [stderr]    Compiling plotters v0.3.4
[INFO] [stderr]    Compiling regex v1.8.1
[INFO] [stderr]    Compiling rayon v1.7.0
[INFO] [stderr]    Compiling csv v1.2.1
[INFO] [stderr]    Compiling serde_cbor v0.11.2
[INFO] [stderr]    Compiling tinytemplate v1.2.1
[INFO] [stderr]    Compiling serial_test_derive v0.4.0
[INFO] [stderr]    Compiling serial_test v0.4.0
[INFO] [stderr]    Compiling criterion v0.3.6
[INFO] [stderr]    Compiling suiron-rust v0.1.0 (/opt/rustwide/workdir)
[INFO] [stderr]     Finished test [optimized + debuginfo] target(s) in 26.28s
[INFO] running `Command { std: "docker" "inspect" "f7c22ee30412ba9283dcabb9985cf3703b14d8c9ab6af1882ac1a19c5f2e69e8", kill_on_drop: false }`
[INFO] running `Command { std: "docker" "rm" "-f" "f7c22ee30412ba9283dcabb9985cf3703b14d8c9ab6af1882ac1a19c5f2e69e8", kill_on_drop: false }`
[INFO] [stdout] f7c22ee30412ba9283dcabb9985cf3703b14d8c9ab6af1882ac1a19c5f2e69e8
[INFO] running `Command { std: "docker" "create" "-v" "/var/lib/crater-agent-workspace/builds/worker-6-tc2/target:/opt/rustwide/target:rw,Z" "-v" "/var/lib/crater-agent-workspace/builds/worker-6-tc2/source:/opt/rustwide/workdir:ro,Z" "-v" "/var/lib/crater-agent-workspace/cargo-home:/opt/rustwide/cargo-home:ro,Z" "-v" "/var/lib/crater-agent-workspace/rustup-home:/opt/rustwide/rustup-home:ro,Z" "-e" "SOURCE_DIR=/opt/rustwide/workdir" "-e" "CARGO_TARGET_DIR=/opt/rustwide/target" "-e" "CARGO_INCREMENTAL=0" "-e" "RUST_BACKTRACE=full" "-e" "RUSTFLAGS=--cap-lints=warn" "-e" "RUSTDOCFLAGS=--cap-lints=warn" "-e" "CARGO_HOME=/opt/rustwide/cargo-home" "-e" "RUSTUP_HOME=/opt/rustwide/rustup-home" "-w" "/opt/rustwide/workdir" "-m" "1610612736" "--user" "0:0" "--network" "none" "ghcr.io/rust-lang/crates-build-env/linux@sha256:2788e3201cd34a07e3172128adcd8b3090168a8e3bcc40d7c032b9dda1df7d1c" "/opt/rustwide/cargo-home/bin/cargo" "+beta-2023-12-22" "test" "--frozen", kill_on_drop: false }`
[INFO] [stdout] 690ca6578f2f975e2f29e7fab8da794691d1258edc37f1161666dbc2106d4aa5
[INFO] running `Command { std: "docker" "start" "-a" "690ca6578f2f975e2f29e7fab8da794691d1258edc37f1161666dbc2106d4aa5", kill_on_drop: false }`
[INFO] [stderr]     Finished test [optimized + debuginfo] target(s) in 0.05s
[INFO] [stderr]      Running unittests src/lib.rs (/opt/rustwide/target/debug/deps/suiron-6bc3b4db34a584a6)
[INFO] [stdout] 
[INFO] [stdout] running 86 tests
[INFO] [stdout] test built_in_append::test::test_append ... ok
[INFO] [stdout] test built_in_arithmetic::test::test_evaluate_add ... ok
[INFO] [stdout] test built_in_arithmetic::test::test_evaluate_divide ... ok
[INFO] [stdout] test built_in_arithmetic::test::test_evaluate_multiply ... ok
[INFO] [stdout] test built_in_arithmetic::test::test_evaluate_subtract ... ok
[INFO] [stdout] test built_in_functions::test::test_parse_function ... ok
[INFO] [stdout] test built_in_predicates::test::test_display ... ok
[INFO] [stdout] test built_in_print_list::test::test_format_slist ... ok
[INFO] [stdout] test built_in_predicates::test::test_format_built_in ... ok
[INFO] [stdout] test built_in_functor::test::test_functor ... ok
[INFO] [stdout] test infix::test::test_check_infix ... ok
[INFO] [stdout] test built_in_count::test::test_count ... ok
[INFO] [stdout] test infix::test::test_check_arithmetic_infix ... ok
[INFO] [stdout] test operator::test::test_creation_of_operators ... ok
[INFO] [stdout] test operator::test::test_split_head_tail ... ok
[INFO] [stdout] test parse_goals::test::test_get_left_and_right ... ok
[INFO] [stdout] test built_in_print::test::test_format_for_print_pred ... ok
[INFO] [stdout] test parse_goals::test::test_indices_of_parentheses ... ok
[INFO] [stdout] test parse_terms::test::test_parse_term ... ok
[INFO] [stdout] test parse_terms::test::test_parse_arguments ... ok
[INFO] [stdout] test rule_reader::test::test_check_last_char ... ok
[INFO] [stdout] test parse_terms::test::test_check_quotes ... ok
[INFO] [stdout] test rule_reader::test::test_invalid_filename ... ok
[INFO] [stdout] test rule_reader::test::test_separate_rules ... ok
[INFO] [stdout] test rule_reader::test::test_strip_comments ... ok
[INFO] [stdout] test rule_reader::test::test_trim_error_line ... ok
[INFO] [stdout] test rule_reader::test::test_read_facts_and_rules ... ok
[INFO] [stdout] test s_complex::test::test_make_complex ... ok
[INFO] [stdout] test rule_reader::test::test_unmatched_bracket ... ok
[INFO] [stdout] test rule_reader::test::test_load_kb_from_file ... ok
[INFO] [stdout] test s_complex::test::test_parse_complex ... ok
[INFO] [stdout] test s_complex::test::test_make_query ... ok
[INFO] [stdout] test s_complex::test::test_parse_functor_terms ... ok
[INFO] [stdout] test s_linked_list::test::test_make_linked_list ... ok
[INFO] [stdout] test s_linked_list::test::test_equal_escape ... ok
[INFO] [stdout] test s_complex::test::test_validate_complex ... ok
[INFO] [stdout] test s_linked_list::test::test_parse_linked_list ... ok
[INFO] [stdout] test built_in_arithmetic::test::test_evaluate_nonnumber_panic - should panic ... ok
[INFO] [stdout] test built_in_arithmetic::test::test_evaluate_ungrounded_panic - should panic ... ok
[INFO] [stdout] test goal::test::test_goals1 ... FAILED
[INFO] [stdout] test goal::test::test_goals2 ... ok
[INFO] [stdout] test knowledge_base::test::test_add_rules ... ok
[INFO] [stdout] test knowledge_base::test::test_get_rule ... ok
[INFO] [stdout] test substitution_set::test::test_bound_and_ground ... ok
[INFO] [stdout] test substitution_set::test::test_format_ss ... ok
[INFO] [stdout] test substitution_set::test::test_get_complex ... ok
[INFO] [stdout] test substitution_set::test::test_get_constant ... ok
[INFO] [stdout] test substitution_set::test::test_get_list ... ok
[INFO] [stdout] test token::test::test_get_children ... ok
[INFO] [stdout] test token::test::test_get_token_str ... ok
[INFO] [stdout] test token::test::test_get_type ... ok
[INFO] [stdout] test token::test::test_make_branch_token ... ok
[INFO] [stdout] test operator::test::test_split_head_tail_panic2 - should panic ... ok
[INFO] [stdout] test token::test::test_make_leaf_token ... ok
[INFO] [stdout] test token::test::test_number_of_children ... ok
[INFO] [stdout] test s_complex::test::test_make_complex_panic1 - should panic ... ok
[INFO] [stdout] test tokenizer::test::test_group_tokens ... ok
[INFO] [stdout] test tokenizer::test::test_group_tokens2 ... ok
[INFO] [stdout] test tokenizer::test::test_group_tokens3 ... ok
[INFO] [stdout] test s_complex::test::test_make_complex_panic2 - should panic ... ok
[INFO] [stdout] test tokenizer::test::test_tokenize ... ok
[INFO] [stdout] test knowledge_base::test::test_get_rule_panic1 - should panic ... ok
[INFO] [stdout] test tokenizer::test::test_tokens_to_string ... ok
[INFO] [stdout] test unifiable::test::test_display_unifiable ... ok
[INFO] [stdout] test unifiable::test::test_key ... ok
[INFO] [stdout] test unifiable::test::test_recreate_variables ... ok
[INFO] [stdout] test unifiable::test::test_replace_variables ... ok
[INFO] [stdout] test token::test::test_get_children_panic - should panic ... ok
[INFO] [stdout] test unifiable::test::test_unify_with_bound_vars ... ok
[INFO] [stdout] test unifiable::test::test_unify_with_self ... ok
[INFO] [stdout] test unifiable::test::test_unify_with_unbound_var ... ok
[INFO] [stdout] test token::test::test_get_token_str_panic - should panic ... ok
[INFO] [stdout] test token::test::test_make_branch_token_panic - should panic ... ok
[INFO] [stdout] test token::test::test_number_of_children_panic - should panic ... ok
[INFO] [stdout] test tokenizer::test::test_group_tokens_panic - should panic ... ok
[INFO] [stdout] test knowledge_base::test::test_get_rule_panic2 - should panic ... ok
[INFO] [stdout] test built_in_print_list::test::test_next_solution_print_list ... ok
[INFO] [stdout] test solution_node::test::test_set_no_backtracking ... ok
[INFO] [stdout] test solution_node::test::test_next_solution2 ... ok
[INFO] [stdout] test solution_node::test::test_next_solution1 ... ok
[INFO] [stdout] test solutions::test::test_format_solution ... ok
[INFO] [stdout] test solutions::test::test_solve ... ok
[INFO] [stdout] test solutions::test::test_solve_all ... ok
[INFO] [stdout] test unifiable::test::test_key_panic_1 - should panic ... ok
[INFO] [stdout] test unifiable::test::test_when_var_id_is_0 - should panic ... ok
[INFO] [stdout] test time_out::test::test_query_timer ... ok
[INFO] [stdout] 
[INFO] [stdout] failures:
[INFO] [stdout] 
[INFO] [stdout] ---- goal::test::test_goals1 stdout ----
[INFO] [stdout] thread 'goal::test::test_goals1' panicked at src/goal.rs:417:9:
[INFO] [stdout] assertion `left == right` failed
[INFO] [stdout]   left: "grandfather($Who_1, Aethelstan)"
[INFO] [stdout]  right: "grandfather($Who_2, Aethelstan)"
[INFO] [stdout] stack backtrace:
[INFO] [stdout]    0:     0x55add165a8b6 - std::backtrace_rs::backtrace::libunwind::trace::h261606ad26a499c1
[INFO] [stdout]                                at /rustc/0e09125c6c3c2fd70d7de961bcf0e51575235fad/library/std/src/../../backtrace/src/backtrace/libunwind.rs:104:5
[INFO] [stdout]    1:     0x55add165a8b6 - std::backtrace_rs::backtrace::trace_unsynchronized::hd183f0625477fb28
[INFO] [stdout]                                at /rustc/0e09125c6c3c2fd70d7de961bcf0e51575235fad/library/std/src/../../backtrace/src/backtrace/mod.rs:66:5
[INFO] [stdout]    2:     0x55add165a8b6 - std::sys_common::backtrace::_print_fmt::hd7f8fef21b4eda67
[INFO] [stdout]                                at /rustc/0e09125c6c3c2fd70d7de961bcf0e51575235fad/library/std/src/sys_common/backtrace.rs:68:5
[INFO] [stdout]    3:     0x55add165a8b6 - <std::sys_common::backtrace::_print::DisplayBacktrace as core::fmt::Display>::fmt::h623d9b51f2f453f1
[INFO] [stdout]                                at /rustc/0e09125c6c3c2fd70d7de961bcf0e51575235fad/library/std/src/sys_common/backtrace.rs:44:22
[INFO] [stdout]    4:     0x55add16852a0 - core::fmt::rt::Argument::fmt::h9f417ac76a86f368
[INFO] [stdout]                                at /rustc/0e09125c6c3c2fd70d7de961bcf0e51575235fad/library/core/src/fmt/rt.rs:142:9
[INFO] [stdout]    5:     0x55add16852a0 - core::fmt::write::hc9b6faf4ac2aeff7
[INFO] [stdout]                                at /rustc/0e09125c6c3c2fd70d7de961bcf0e51575235fad/library/core/src/fmt/mod.rs:1120:17
[INFO] [stdout]    6:     0x55add16582ff - std::io::Write::write_fmt::he04625a3a989fec3
[INFO] [stdout]                                at /rustc/0e09125c6c3c2fd70d7de961bcf0e51575235fad/library/std/src/io/mod.rs:1810:15
[INFO] [stdout]    7:     0x55add165a694 - std::sys_common::backtrace::_print::hd5d66399c7df88a2
[INFO] [stdout]                                at /rustc/0e09125c6c3c2fd70d7de961bcf0e51575235fad/library/std/src/sys_common/backtrace.rs:47:5
[INFO] [stdout]    8:     0x55add165a694 - std::sys_common::backtrace::print::he81ed2da642d37e5
[INFO] [stdout]                                at /rustc/0e09125c6c3c2fd70d7de961bcf0e51575235fad/library/std/src/sys_common/backtrace.rs:34:9
[INFO] [stdout]    9:     0x55add165c407 - std::panicking::default_hook::{{closure}}::h85773f4fa117163d
[INFO] [stdout]   10:     0x55add165c0ed - std::panicking::default_hook::h6a1694a91d09b278
[INFO] [stdout]                                at /rustc/0e09125c6c3c2fd70d7de961bcf0e51575235fad/library/std/src/panicking.rs:289:9
[INFO] [stdout]   11:     0x55add1622e47 - <alloc::boxed::Box<F,A> as core::ops::function::Fn<Args>>::call::h616ac37fa3cd6c8f
[INFO] [stdout]                                at /rustc/0e09125c6c3c2fd70d7de961bcf0e51575235fad/library/alloc/src/boxed.rs:2029:9
[INFO] [stdout]   12:     0x55add1622e47 - test::test_main::{{closure}}::h00d84697cefdcbb6
[INFO] [stdout]                                at /rustc/0e09125c6c3c2fd70d7de961bcf0e51575235fad/library/test/src/lib.rs:138:21
[INFO] [stdout]   13:     0x55add165ca26 - <alloc::boxed::Box<F,A> as core::ops::function::Fn<Args>>::call::hcb3fe3b9bb537ba8
[INFO] [stdout]                                at /rustc/0e09125c6c3c2fd70d7de961bcf0e51575235fad/library/alloc/src/boxed.rs:2029:9
[INFO] [stdout]   14:     0x55add165ca26 - std::panicking::rust_panic_with_hook::h0a7ad96e90f7145b
[INFO] [stdout]                                at /rustc/0e09125c6c3c2fd70d7de961bcf0e51575235fad/library/std/src/panicking.rs:783:13
[INFO] [stdout]   15:     0x55add165c772 - std::panicking::begin_panic_handler::{{closure}}::h7919090525c6485e
[INFO] [stdout]                                at /rustc/0e09125c6c3c2fd70d7de961bcf0e51575235fad/library/std/src/panicking.rs:657:13
[INFO] [stdout]   16:     0x55add165adb6 - std::sys_common::backtrace::__rust_end_short_backtrace::hf3289479464f7dfe
[INFO] [stdout]                                at /rustc/0e09125c6c3c2fd70d7de961bcf0e51575235fad/library/std/src/sys_common/backtrace.rs:171:18
[INFO] [stdout]   17:     0x55add165c4d0 - rust_begin_unwind
[INFO] [stdout]                                at /rustc/0e09125c6c3c2fd70d7de961bcf0e51575235fad/library/std/src/panicking.rs:645:5
[INFO] [stdout]   18:     0x55add159a5e5 - core::panicking::panic_fmt::hcc9f77c5c132af55
[INFO] [stdout]                                at /rustc/0e09125c6c3c2fd70d7de961bcf0e51575235fad/library/core/src/panicking.rs:72:14
[INFO] [stdout]   19:     0x55add159aa1b - core::panicking::assert_failed_inner::h9f13e27dd63c3a08
[INFO] [stdout]                                at /rustc/0e09125c6c3c2fd70d7de961bcf0e51575235fad/library/core/src/panicking.rs:342:17
[INFO] [stdout]   20:     0x55add1592f03 - core::panicking::assert_failed::hab6aaac9872666f7
[INFO] [stdout]                                at /rustc/0e09125c6c3c2fd70d7de961bcf0e51575235fad/library/core/src/panicking.rs:297:5
[INFO] [stdout]   21:     0x55add15a6adb - suiron::goal::test::test_goals1::{{closure}}::h331545cd97b92a89
[INFO] [stdout]                                at /opt/rustwide/workdir/src/goal.rs:417:9
[INFO] [stdout]   22:     0x55add15a6adb - core::ops::function::FnOnce::call_once::h76020a4667340cec
[INFO] [stdout]                                at /rustc/0e09125c6c3c2fd70d7de961bcf0e51575235fad/library/core/src/ops/function.rs:250:5
[INFO] [stdout]   23:     0x55add1634536 - serial_test::serial_core::h22f5896191181c19
[INFO] [stdout]                                at /opt/rustwide/cargo-home/registry/src/index.crates.io-6f17d22bba15001f/serial_test-0.4.0/src/lib.rs:64:5
[INFO] [stdout]   24:     0x55add15ba75a - suiron::goal::test::test_goals1::hc326aca4697dc8a2
[INFO] [stdout]                                at /opt/rustwide/workdir/src/goal.rs:400:5
[INFO] [stdout]   25:     0x55add15ba75a - suiron::goal::test::test_goals1::{{closure}}::h7687402c0333d511
[INFO] [stdout]                                at /opt/rustwide/workdir/src/goal.rs:401:21
[INFO] [stdout]   26:     0x55add15ba75a - core::ops::function::FnOnce::call_once::h0b861acb3af5c90f
[INFO] [stdout]                                at /rustc/0e09125c6c3c2fd70d7de961bcf0e51575235fad/library/core/src/ops/function.rs:250:5
[INFO] [stdout]   27:     0x55add162871f - core::ops::function::FnOnce::call_once::hd64d26f405258157
[INFO] [stdout]                                at /rustc/0e09125c6c3c2fd70d7de961bcf0e51575235fad/library/core/src/ops/function.rs:250:5
[INFO] [stdout]   28:     0x55add162871f - test::__rust_begin_short_backtrace::he21b0b7a6d731bf9
[INFO] [stdout]                                at /rustc/0e09125c6c3c2fd70d7de961bcf0e51575235fad/library/test/src/lib.rs:627:18
[INFO] [stdout]   29:     0x55add16274a1 - test::run_test_in_process::{{closure}}::hf5c73986d7bdfde2
[INFO] [stdout]                                at /rustc/0e09125c6c3c2fd70d7de961bcf0e51575235fad/library/test/src/lib.rs:650:60
[INFO] [stdout]   30:     0x55add16274a1 - <core::panic::unwind_safe::AssertUnwindSafe<F> as core::ops::function::FnOnce<()>>::call_once::h330011ad032aadc0
[INFO] [stdout]                                at /rustc/0e09125c6c3c2fd70d7de961bcf0e51575235fad/library/core/src/panic/unwind_safe.rs:272:9
[INFO] [stdout]   31:     0x55add16274a1 - std::panicking::try::do_call::he61b0a958b795a41
[INFO] [stdout]                                at /rustc/0e09125c6c3c2fd70d7de961bcf0e51575235fad/library/std/src/panicking.rs:552:40
[INFO] [stdout]   32:     0x55add16274a1 - std::panicking::try::h7309da130f906eb7
[INFO] [stdout]                                at /rustc/0e09125c6c3c2fd70d7de961bcf0e51575235fad/library/std/src/panicking.rs:516:19
[INFO] [stdout]   33:     0x55add16274a1 - std::panic::catch_unwind::hc5c3a06fdaf0a92a
[INFO] [stdout]                                at /rustc/0e09125c6c3c2fd70d7de961bcf0e51575235fad/library/std/src/panic.rs:142:14
[INFO] [stdout]   34:     0x55add16274a1 - test::run_test_in_process::h7e7b7c71c3324e0f
[INFO] [stdout]                                at /rustc/0e09125c6c3c2fd70d7de961bcf0e51575235fad/library/test/src/lib.rs:650:27
[INFO] [stdout]   35:     0x55add16274a1 - test::run_test::{{closure}}::h1f509f28f5cf20b1
[INFO] [stdout]                                at /rustc/0e09125c6c3c2fd70d7de961bcf0e51575235fad/library/test/src/lib.rs:573:43
[INFO] [stdout]   36:     0x55add15ee7d6 - test::run_test::{{closure}}::h1754218abf443f6d
[INFO] [stdout]                                at /rustc/0e09125c6c3c2fd70d7de961bcf0e51575235fad/library/test/src/lib.rs:601:41
[INFO] [stdout]   37:     0x55add15ee7d6 - std::sys_common::backtrace::__rust_begin_short_backtrace::h2ee174b9d5954948
[INFO] [stdout]                                at /rustc/0e09125c6c3c2fd70d7de961bcf0e51575235fad/library/std/src/sys_common/backtrace.rs:155:18
[INFO] [stdout]   38:     0x55add15f3837 - std::thread::Builder::spawn_unchecked_::{{closure}}::{{closure}}::hf60bee9c1a17ef09
[INFO] [stdout]                                at /rustc/0e09125c6c3c2fd70d7de961bcf0e51575235fad/library/std/src/thread/mod.rs:529:17
[INFO] [stdout]   39:     0x55add15f3837 - <core::panic::unwind_safe::AssertUnwindSafe<F> as core::ops::function::FnOnce<()>>::call_once::h33d0dddec5216160
[INFO] [stdout]                                at /rustc/0e09125c6c3c2fd70d7de961bcf0e51575235fad/library/core/src/panic/unwind_safe.rs:272:9
[INFO] [stdout]   40:     0x55add15f3837 - std::panicking::try::do_call::h144b3048b546f835
[INFO] [stdout]                                at /rustc/0e09125c6c3c2fd70d7de961bcf0e51575235fad/library/std/src/panicking.rs:552:40
[INFO] [stdout]   41:     0x55add15f3837 - std::panicking::try::h978244d04646189f
[INFO] [stdout]                                at /rustc/0e09125c6c3c2fd70d7de961bcf0e51575235fad/library/std/src/panicking.rs:516:19
[INFO] [stdout]   42:     0x55add15f3837 - std::panic::catch_unwind::hdf436369d188fe86
[INFO] [stdout]                                at /rustc/0e09125c6c3c2fd70d7de961bcf0e51575235fad/library/std/src/panic.rs:142:14
[INFO] [stdout]   43:     0x55add15f3837 - std::thread::Builder::spawn_unchecked_::{{closure}}::h87329cbdd33c79ec
[INFO] [stdout]                                at /rustc/0e09125c6c3c2fd70d7de961bcf0e51575235fad/library/std/src/thread/mod.rs:528:30
[INFO] [stdout]   44:     0x55add15f3837 - core::ops::function::FnOnce::call_once{{vtable.shim}}::h401abbe67897d450
[INFO] [stdout]                                at /rustc/0e09125c6c3c2fd70d7de961bcf0e51575235fad/library/core/src/ops/function.rs:250:5
[INFO] [stdout]   45:     0x55add1661505 - <alloc::boxed::Box<F,A> as core::ops::function::FnOnce<Args>>::call_once::h5d7c8f150ab9c84c
[INFO] [stdout]                                at /rustc/0e09125c6c3c2fd70d7de961bcf0e51575235fad/library/alloc/src/boxed.rs:2015:9
[INFO] [stdout]   46:     0x55add1661505 - <alloc::boxed::Box<F,A> as core::ops::function::FnOnce<Args>>::call_once::h570d5b005c242c15
[INFO] [stdout]                                at /rustc/0e09125c6c3c2fd70d7de961bcf0e51575235fad/library/alloc/src/boxed.rs:2015:9
[INFO] [stdout]   47:     0x55add1661505 - std::sys::unix::thread::Thread::new::thread_start::h36b0a20c0b2361ad
[INFO] [stdout]                                at /rustc/0e09125c6c3c2fd70d7de961bcf0e51575235fad/library/std/src/sys/unix/thread.rs:108:17
[INFO] [stdout]   48:     0x7fbc30d57ac3 - <unknown>
[INFO] [stdout]   49:     0x7fbc30de8bf4 - __clone
[INFO] [stdout]   50:                0x0 - <unknown>
[INFO] [stdout] 
[INFO] [stdout] 
[INFO] [stdout] failures:
[INFO] [stdout]     goal::test::test_goals1
[INFO] [stdout] 
[INFO] [stdout] test result: FAILED. 85 passed; 1 failed; 0 ignored; 0 measured; 0 filtered out; finished in 0.07s
[INFO] [stdout] 
[INFO] [stderr] error: test failed, to rerun pass `--lib`
[INFO] running `Command { std: "docker" "inspect" "690ca6578f2f975e2f29e7fab8da794691d1258edc37f1161666dbc2106d4aa5", kill_on_drop: false }`
[INFO] running `Command { std: "docker" "rm" "-f" "690ca6578f2f975e2f29e7fab8da794691d1258edc37f1161666dbc2106d4aa5", kill_on_drop: false }`
[INFO] [stdout] 690ca6578f2f975e2f29e7fab8da794691d1258edc37f1161666dbc2106d4aa5
