[INFO] fetching crate selenite 0.6.0...
[INFO] testing selenite-0.6.0 against 1.75.0 for beta-1.76-1
[INFO] extracting crate selenite 0.6.0 into /workspace/builds/worker-6-tc1/source
[INFO] validating manifest of crates.io crate selenite 0.6.0 on toolchain 1.75.0
[INFO] running `Command { std: CARGO_HOME="/workspace/cargo-home" RUSTUP_HOME="/workspace/rustup-home" "/workspace/cargo-home/bin/cargo" "+1.75.0" "metadata" "--manifest-path" "Cargo.toml" "--no-deps", kill_on_drop: false }`
[INFO] started tweaking crates.io crate selenite 0.6.0
[INFO] finished tweaking crates.io crate selenite 0.6.0
[INFO] tweaked toml for crates.io crate selenite 0.6.0 written to /workspace/builds/worker-6-tc1/source/Cargo.toml
[INFO] crate crates.io crate selenite 0.6.0 already has a lockfile, it will not be regenerated
[INFO] running `Command { std: CARGO_HOME="/workspace/cargo-home" RUSTUP_HOME="/workspace/rustup-home" "/workspace/cargo-home/bin/cargo" "+1.75.0" "fetch" "--manifest-path" "Cargo.toml", kill_on_drop: false }`
[INFO] [stderr]     Blocking waiting for file lock on package cache
[INFO] [stderr]     Updating crates.io index
[INFO] [stderr]  Downloading crates ...
[INFO] [stderr]   Downloaded pairing v0.21.0
[INFO] [stderr]   Downloaded zeroize_derive v1.2.0
[INFO] [stderr]   Downloaded ff v0.11.0
[INFO] [stderr]   Downloaded unicode-bidi v0.3.6
[INFO] [stderr]   Downloaded dtoa v0.4.7
[INFO] [stderr]   Downloaded hkdf v0.11.0
[INFO] [stderr]   Downloaded bstr v0.2.15
[INFO] [stderr]   Downloaded csv v1.1.5
[INFO] [stderr]   Downloaded bumpalo v3.6.0
[INFO] [stderr]   Downloaded bitvec v0.22.3
[INFO] [stderr]   Downloaded pqcrypto-traits v0.3.3
[INFO] [stderr]   Downloaded wyz v0.4.0
[INFO] [stderr]   Downloaded tinytemplate v1.2.0
[INFO] [stderr]   Downloaded bls-signatures v0.11.0
[INFO] [stderr]   Downloaded bls12_381 v0.6.0
[INFO] [stderr]   Downloaded pqcrypto-falcon v0.2.4
[INFO] [stderr]   Downloaded pqcrypto-sphincsplus v0.6.0
[INFO] running `Command { std: "docker" "create" "-v" "/var/lib/crater-agent-workspace/builds/worker-6-tc1/target:/opt/rustwide/target:rw,Z" "-v" "/var/lib/crater-agent-workspace/builds/worker-6-tc1/source:/opt/rustwide/workdir:ro,Z" "-v" "/var/lib/crater-agent-workspace/cargo-home:/opt/rustwide/cargo-home:ro,Z" "-v" "/var/lib/crater-agent-workspace/rustup-home:/opt/rustwide/rustup-home:ro,Z" "-e" "SOURCE_DIR=/opt/rustwide/workdir" "-e" "CARGO_TARGET_DIR=/opt/rustwide/target" "-e" "CARGO_HOME=/opt/rustwide/cargo-home" "-e" "RUSTUP_HOME=/opt/rustwide/rustup-home" "-w" "/opt/rustwide/workdir" "-m" "1610612736" "--user" "0:0" "--network" "none" "ghcr.io/rust-lang/crates-build-env/linux@sha256:2788e3201cd34a07e3172128adcd8b3090168a8e3bcc40d7c032b9dda1df7d1c" "/opt/rustwide/cargo-home/bin/cargo" "+1.75.0" "metadata" "--no-deps" "--format-version=1", kill_on_drop: false }`
[INFO] [stdout] 333697b4b0618f2aca1d75791167d9abe564a75ffd6091a365739d4939ea9dfd
[INFO] running `Command { std: "docker" "start" "-a" "333697b4b0618f2aca1d75791167d9abe564a75ffd6091a365739d4939ea9dfd", kill_on_drop: false }`
[INFO] running `Command { std: "docker" "inspect" "333697b4b0618f2aca1d75791167d9abe564a75ffd6091a365739d4939ea9dfd", kill_on_drop: false }`
[INFO] running `Command { std: "docker" "rm" "-f" "333697b4b0618f2aca1d75791167d9abe564a75ffd6091a365739d4939ea9dfd", kill_on_drop: false }`
[INFO] [stdout] 333697b4b0618f2aca1d75791167d9abe564a75ffd6091a365739d4939ea9dfd
[INFO] running `Command { std: "docker" "create" "-v" "/var/lib/crater-agent-workspace/builds/worker-6-tc1/target:/opt/rustwide/target:rw,Z" "-v" "/var/lib/crater-agent-workspace/builds/worker-6-tc1/source:/opt/rustwide/workdir:ro,Z" "-v" "/var/lib/crater-agent-workspace/cargo-home:/opt/rustwide/cargo-home:ro,Z" "-v" "/var/lib/crater-agent-workspace/rustup-home:/opt/rustwide/rustup-home:ro,Z" "-e" "SOURCE_DIR=/opt/rustwide/workdir" "-e" "CARGO_TARGET_DIR=/opt/rustwide/target" "-e" "CARGO_INCREMENTAL=0" "-e" "RUST_BACKTRACE=full" "-e" "RUSTFLAGS=--cap-lints=warn" "-e" "RUSTDOCFLAGS=--cap-lints=warn" "-e" "CARGO_HOME=/opt/rustwide/cargo-home" "-e" "RUSTUP_HOME=/opt/rustwide/rustup-home" "-w" "/opt/rustwide/workdir" "-m" "1610612736" "--user" "0:0" "--network" "none" "ghcr.io/rust-lang/crates-build-env/linux@sha256:2788e3201cd34a07e3172128adcd8b3090168a8e3bcc40d7c032b9dda1df7d1c" "/opt/rustwide/cargo-home/bin/cargo" "+1.75.0" "build" "--frozen" "--message-format=json", kill_on_drop: false }`
[INFO] [stdout] 54738e1e73855ddd87633399953c71af7d789d429188bab4fdf9f3df201a9423
[INFO] running `Command { std: "docker" "start" "-a" "54738e1e73855ddd87633399953c71af7d789d429188bab4fdf9f3df201a9423", kill_on_drop: false }`
[INFO] [stderr]    Compiling libc v0.2.101
[INFO] [stderr]    Compiling autocfg v1.0.1
[INFO] [stderr]    Compiling proc-macro2 v1.0.24
[INFO] [stderr]    Compiling unicode-xid v0.2.1
[INFO] [stderr]    Compiling cfg-if v1.0.0
[INFO] [stderr]    Compiling syn v1.0.60
[INFO] [stderr]    Compiling version_check v0.9.3
[INFO] [stderr]    Compiling typenum v1.14.0
[INFO] [stderr]    Compiling subtle v2.4.1
[INFO] [stderr]    Compiling radium v0.6.2
[INFO] [stderr]    Compiling tap v1.0.1
[INFO] [stderr]    Compiling generic-array v0.14.4
[INFO] [stderr]    Compiling serde_derive v1.0.123
[INFO] [stderr]    Compiling crossbeam-utils v0.8.1
[INFO] [stderr]    Compiling memoffset v0.6.1
[INFO] [stderr]    Compiling const_fn v0.4.5
[INFO] [stderr]    Compiling byteorder v1.4.2
[INFO] [stderr]    Compiling getrandom v0.1.16
[INFO] [stderr]    Compiling lazy_static v1.4.0
[INFO] [stderr]    Compiling wyz v0.4.0
[INFO] [stderr]    Compiling quote v1.0.9
[INFO] [stderr]    Compiling glob v0.3.0
[INFO] [stderr]    Compiling funty v1.2.0
[INFO] [stderr]    Compiling serde v1.0.123
[INFO] [stderr]    Compiling jobserver v0.1.21
[INFO] [stderr]    Compiling cc v1.0.66
[INFO] [stderr]    Compiling rayon-core v1.9.0
[INFO] [stderr]    Compiling scopeguard v1.1.0
[INFO] [stderr]    Compiling rand_core v0.6.3
[INFO] [stderr]    Compiling rand_core v0.5.1
[INFO] [stderr]    Compiling num-traits v0.2.14
[INFO] [stderr]    Compiling bitvec v0.22.3
[INFO] [stderr]    Compiling tinyvec_macros v0.1.0
[INFO] [stderr]    Compiling tinyvec v1.3.1
[INFO] [stderr]    Compiling num_cpus v1.13.0
[INFO] [stderr]    Compiling digest v0.9.0
[INFO] [stderr]    Compiling crossbeam-epoch v0.9.1
[INFO] [stderr]    Compiling crypto-mac v0.11.1
[INFO] [stderr]    Compiling block-buffer v0.9.0
[INFO] [stderr]    Compiling crossbeam-channel v0.5.0
[INFO] [stderr]    Compiling rayon v1.5.0
[INFO] [stderr]    Compiling crossbeam-deque v0.8.0
[INFO] [stderr]    Compiling num-integer v0.1.44
[INFO] [stderr]    Compiling matches v0.1.9
[INFO] [stderr]    Compiling cpufeatures v0.2.1
[INFO] [stderr]    Compiling arrayvec v0.4.12
[INFO] [stderr]    Compiling opaque-debug v0.3.0
[INFO] [stderr]    Compiling ppv-lite86 v0.2.10
[INFO] [stderr]    Compiling sha2 v0.9.8
[INFO] [stderr]    Compiling pqcrypto-sphincsplus v0.6.0
[INFO] [stderr]    Compiling pqcrypto-falcon v0.2.4
[INFO] [stderr]    Compiling unicode-normalization v0.1.19
[INFO] [stderr]    Compiling rand_chacha v0.2.2
[INFO] [stderr]    Compiling hmac v0.11.0
[INFO] [stderr]    Compiling linked-hash-map v0.5.4
[INFO] [stderr]    Compiling signature v1.3.1
[INFO] [stderr]    Compiling unicode-bidi v0.3.6
[INFO] [stderr]    Compiling either v1.6.1
[INFO] [stderr]    Compiling nodrop v0.1.14
[INFO] [stderr]    Compiling pqcrypto-traits v0.3.3
[INFO] [stderr]    Compiling log v0.4.14
[INFO] [stderr]    Compiling percent-encoding v2.1.0
[INFO] [stderr]    Compiling form_urlencoded v1.0.1
[INFO] [stderr]    Compiling ff v0.11.0
[INFO] [stderr]    Compiling idna v0.2.3
[INFO] [stderr]    Compiling group v0.11.0
[INFO] [stderr]    Compiling pairing v0.21.0
[INFO] [stderr]    Compiling bls12_381 v0.6.0
[INFO] [stderr]    Compiling ed25519 v1.2.0
[INFO] [stderr]    Compiling yaml-rust v0.4.5
[INFO] [stderr]    Compiling hkdf v0.11.0
[INFO] [stderr]    Compiling rand v0.7.3
[INFO] [stderr]    Compiling time v0.1.44
[INFO] [stderr]    Compiling dtoa v0.4.7
[INFO] [stderr]    Compiling rustc-serialize v0.3.24
[INFO] [stderr]    Compiling synstructure v0.12.5
[INFO] [stderr]    Compiling constant_time_eq v0.1.5
[INFO] [stderr]    Compiling blake2-rfc v0.2.18
[INFO] [stderr]    Compiling url v2.2.2
[INFO] [stderr]    Compiling getrandom v0.2.3
[INFO] [stderr]    Compiling base64 v0.13.0
[INFO] [stderr]    Compiling hex v0.4.2
[INFO] [stderr]    Compiling base32 v0.4.0
[INFO] [stderr]    Compiling zeroize_derive v1.2.0
[INFO] [stderr]    Compiling thiserror-impl v1.0.30
[INFO] [stderr]    Compiling zeroize v1.4.3
[INFO] [stderr]    Compiling curve25519-dalek v3.2.0
[INFO] [stderr]    Compiling thiserror v1.0.30
[INFO] [stderr]    Compiling bls-signatures v0.11.0
[INFO] [stderr]    Compiling chrono v0.4.19
[INFO] [stderr]    Compiling bincode v1.3.1
[INFO] [stderr]    Compiling serde_yaml v0.8.17
[INFO] [stderr]    Compiling ed25519-dalek v1.0.1
[INFO] [stderr]    Compiling selenite v0.6.0 (/opt/rustwide/workdir)
[INFO] [stdout] warning: unused imports: `debug`, `error`, `info`, `warn`
[INFO] [stdout]   --> src/crypto.rs:66:11
[INFO] [stdout]    |
[INFO] [stdout] 66 | use log::{warn,info,debug,error};
[INFO] [stdout]    |           ^^^^ ^^^^ ^^^^^ ^^^^^
[INFO] [stdout]    |
[INFO] [stdout]    = note: `#[warn(unused_imports)]` on by default
[INFO] [stdout] 
[INFO] [stdout] 
[INFO] [stdout] warning: unused import: `ed25519_dalek::Keypair`
[INFO] [stdout]   --> src/crypto.rs:82:5
[INFO] [stdout]    |
[INFO] [stdout] 82 | use ed25519_dalek::Keypair;
[INFO] [stdout]    |     ^^^^^^^^^^^^^^^^^^^^^^
[INFO] [stdout] 
[INFO] [stdout] 
[INFO] [stdout] warning: unused import: `bls_signatures::*`
[INFO] [stdout]   --> src/crypto.rs:84:5
[INFO] [stdout]    |
[INFO] [stdout] 84 | use bls_signatures::*;
[INFO] [stdout]    |     ^^^^^^^^^^^^^^^^^
[INFO] [stdout] 
[INFO] [stdout] 
[INFO] [stdout] warning: unused import: `Blake2b`
[INFO] [stdout]   --> src/crypto.rs:87:27
[INFO] [stdout]    |
[INFO] [stdout] 87 | use blake2_rfc::blake2b::{Blake2b,blake2b};
[INFO] [stdout]    |                           ^^^^^^^
[INFO] [stdout] 
[INFO] [stdout] 
[INFO] [stdout] warning: unused import: `std::io`
[INFO] [stdout]   --> src/crypto.rs:91:5
[INFO] [stdout]    |
[INFO] [stdout] 91 | use std::io;
[INFO] [stdout]    |     ^^^^^^^
[INFO] [stdout] 
[INFO] [stdout] 
[INFO] [stdout] warning: unused import: `std::io::Read`
[INFO] [stdout]   --> src/crypto.rs:92:5
[INFO] [stdout]    |
[INFO] [stdout] 92 | use std::io::Read;
[INFO] [stdout]    |     ^^^^^^^^^^^^^
[INFO] [stdout] 
[INFO] [stdout] 
[INFO] [stdout] warning: unused import: `std::io::BufReader`
[INFO] [stdout]   --> src/crypto.rs:93:5
[INFO] [stdout]    |
[INFO] [stdout] 93 | use std::io::BufReader;
[INFO] [stdout]    |     ^^^^^^^^^^^^^^^^^^
[INFO] [stdout] 
[INFO] [stdout] 
[INFO] [stdout] warning: unused import: `std::fs::File`
[INFO] [stdout]   --> src/crypto.rs:94:5
[INFO] [stdout]    |
[INFO] [stdout] 94 | use std::fs::File;
[INFO] [stdout]    |     ^^^^^^^^^^^^^
[INFO] [stdout] 
[INFO] [stdout] 
[INFO] [stdout] warning: unused import: `std::fs::read`
[INFO] [stdout]   --> src/crypto.rs:95:5
[INFO] [stdout]    |
[INFO] [stdout] 95 | use std::fs::read;
[INFO] [stdout]    |     ^^^^^^^^^^^^^
[INFO] [stdout] 
[INFO] [stdout] 
[INFO] [stdout] warning: unused import: `std::convert::TryInto`
[INFO] [stdout]    --> src/crypto.rs:100:5
[INFO] [stdout]     |
[INFO] [stdout] 100 | use std::convert::TryInto;
[INFO] [stdout]     |     ^^^^^^^^^^^^^^^^^^^^^
[INFO] [stdout] 
[INFO] [stdout] 
[INFO] [stdout] warning: variant `SPHINCS_PLUS` should have an upper camel case name
[INFO] [stdout]    --> src/crypto.rs:129:5
[INFO] [stdout]     |
[INFO] [stdout] 129 |     SPHINCS_PLUS,
[INFO] [stdout]     |     ^^^^^^^^^^^^ help: convert the identifier to upper camel case: `SphincsPlus`
[INFO] [stdout]     |
[INFO] [stdout]     = note: `#[warn(non_camel_case_types)]` on by default
[INFO] [stdout] 
[INFO] [stdout] 
[INFO] [stdout] warning: unused imports: `decode`, `encode`
[INFO] [stdout]   --> src/certificate.rs:13:23
[INFO] [stdout]    |
[INFO] [stdout] 13 | use base32::{Alphabet,encode,decode};
[INFO] [stdout]    |                       ^^^^^^ ^^^^^^
[INFO] [stdout] 
[INFO] [stdout] 
[INFO] [stdout] warning: unused import: `crate::constants::*`
[INFO] [stdout]   --> src/certificate.rs:19:5
[INFO] [stdout]    |
[INFO] [stdout] 19 | use crate::constants::*;
[INFO] [stdout]    |     ^^^^^^^^^^^^^^^^^^^
[INFO] [stdout] 
[INFO] [stdout] 
[INFO] [stdout] warning: unused import: `UNIX_EPOCH`
[INFO] [stdout]   --> src/certificate.rs:27:29
[INFO] [stdout]    |
[INFO] [stdout] 27 | use std::time::{SystemTime, UNIX_EPOCH};
[INFO] [stdout]    |                             ^^^^^^^^^^
[INFO] [stdout] 
[INFO] [stdout] 
[INFO] [stdout] warning: unused imports: `ParseError`, `Url`
[INFO] [stdout]   --> src/certificate.rs:30:11
[INFO] [stdout]    |
[INFO] [stdout] 30 | use url::{Url, ParseError};
[INFO] [stdout]    |           ^^^  ^^^^^^^^^^
[INFO] [stdout] 
[INFO] [stdout] 
[INFO] [stdout] warning: unused import: `log`
[INFO] [stdout]   --> src/certificate.rs:32:5
[INFO] [stdout]    |
[INFO] [stdout] 32 | use log;
[INFO] [stdout]    |     ^^^
[INFO] [stdout] 
[INFO] [stdout] 
[INFO] [stdout] warning: variant `SPHINCS_PLUS` should have an upper camel case name
[INFO] [stdout]   --> src/certificate.rs:50:5
[INFO] [stdout]    |
[INFO] [stdout] 50 |     SPHINCS_PLUS
[INFO] [stdout]    |     ^^^^^^^^^^^^ help: convert the identifier to upper camel case: `SphincsPlus`
[INFO] [stdout] 
[INFO] [stdout] 
[INFO] [stdout] warning: variant `CODE_SIGNING` should have an upper camel case name
[INFO] [stdout]   --> src/certificate.rs:59:5
[INFO] [stdout]    |
[INFO] [stdout] 59 |     CODE_SIGNING,
[INFO] [stdout]    |     ^^^^^^^^^^^^ help: convert the identifier to upper camel case: `CodeSigning`
[INFO] [stdout] 
[INFO] [stdout] 
[INFO] [stdout] warning: variant `DOCUMENT_SIGNING` should have an upper camel case name
[INFO] [stdout]   --> src/certificate.rs:60:5
[INFO] [stdout]    |
[INFO] [stdout] 60 |     DOCUMENT_SIGNING,
[INFO] [stdout]    |     ^^^^^^^^^^^^^^^^ help: convert the identifier to upper camel case: `DocumentSigning`
[INFO] [stdout] 
[INFO] [stdout] 
[INFO] [stdout] warning: unused variable: `time`
[INFO] [stdout]    --> src/certificate.rs:284:13
[INFO] [stdout]     |
[INFO] [stdout] 284 |         let time = SeleniteCertificate::get_utc_time();
[INFO] [stdout]     |             ^^^^ help: if this is intentional, prefix it with an underscore: `_time`
[INFO] [stdout]     |
[INFO] [stdout]     = note: `#[warn(unused_variables)]` on by default
[INFO] [stdout] 
[INFO] [stdout] 
[INFO] [stdout] warning: unused variable: `input`
[INFO] [stdout]    --> src/certificate.rs:332:17
[INFO] [stdout]     |
[INFO] [stdout] 332 |         let mut input = String::new();
[INFO] [stdout]     |                 ^^^^^ help: if this is intentional, prefix it with an underscore: `_input`
[INFO] [stdout] 
[INFO] [stdout] 
[INFO] [stdout] warning: variable does not need to be mutable
[INFO] [stdout]    --> src/certificate.rs:332:13
[INFO] [stdout]     |
[INFO] [stdout] 332 |         let mut input = String::new();
[INFO] [stdout]     |             ----^^^^^
[INFO] [stdout]     |             |
[INFO] [stdout]     |             help: remove this `mut`
[INFO] [stdout]     |
[INFO] [stdout]     = note: `#[warn(unused_mut)]` on by default
[INFO] [stdout] 
[INFO] [stdout] 
[INFO] [stdout] warning: fields `pk`, `messages`, and `signature` are never read
[INFO] [stdout]    --> src/crypto.rs:233:5
[INFO] [stdout]     |
[INFO] [stdout] 232 | pub struct BLSAggregatedSignature {
[INFO] [stdout]     |            ---------------------- fields in this struct
[INFO] [stdout] 233 |     pk: Vec<String>,
[INFO] [stdout]     |     ^^
[INFO] [stdout] 234 |     messages: Vec<String>,
[INFO] [stdout]     |     ^^^^^^^^
[INFO] [stdout] 235 |     signature: String,
[INFO] [stdout]     |     ^^^^^^^^^
[INFO] [stdout]     |
[INFO] [stdout]     = note: `#[warn(dead_code)]` on by default
[INFO] [stdout] 
[INFO] [stdout] 
[INFO] [stdout] warning: multiple associated items are never used
[INFO] [stdout]    --> src/certificate.rs:189:11
[INFO] [stdout]     |
[INFO] [stdout] 187 | impl SeleniteCertificate {
[INFO] [stdout]     | ------------------------ associated items in this implementation
[INFO] [stdout] 188 |     // 0 means test version where certificates can break between versions
[INFO] [stdout] 189 |     const VERSION: usize = 0;
[INFO] [stdout]     |           ^^^^^^^
[INFO] [stdout] ...
[INFO] [stdout] 193 |     const STRING_ID_SIZE: usize = 80; // BASE32
[INFO] [stdout]     |           ^^^^^^^^^^^^^^
[INFO] [stdout] 194 |     const STRING_PUBLIC_KEY_SIZE: usize = 128; // HEXADECIMAL
[INFO] [stdout]     |           ^^^^^^^^^^^^^^^^^^^^^^
[INFO] [stdout] 195 |     const STRING_HASH_SIZE: usize = 96; // HEXADECIMAL
[INFO] [stdout]     |           ^^^^^^^^^^^^^^^^
[INFO] [stdout] 196 |     const STRING_SIGNATURE_SIZE: usize = 39724; // BASE64 (THIS MAY CHANGE; DOUBLE CHECK)
[INFO] [stdout]     |           ^^^^^^^^^^^^^^^^^^^^^
[INFO] [stdout] ...
[INFO] [stdout] 199 |     const FORMAT_FINGERPRINT: &'static str = "BASE32 (RFC4648) [A-Z][2-7][=]";
[INFO] [stdout]     |           ^^^^^^^^^^^^^^^^^^
[INFO] [stdout] 200 |     const FORMAT_PUBLIC_KEY: &'static str = "HEXADECIMAL";
[INFO] [stdout]     |           ^^^^^^^^^^^^^^^^^
[INFO] [stdout] 201 |     const FORMAT_HASH: &'static str = "HEXADECIMAL";
[INFO] [stdout]     |           ^^^^^^^^^^^
[INFO] [stdout] 202 |     const FORMAT_SIGNATURE: &'static str = "BASE64 (STANDARD)";
[INFO] [stdout]     |           ^^^^^^^^^^^^^^^^
[INFO] [stdout] ...
[INFO] [stdout] 473 |     fn assert_length(&self) -> bool {
[INFO] [stdout]     |        ^^^^^^^^^^^^^
[INFO] [stdout] ...
[INFO] [stdout] 484 |     fn format_date(year: i32, month: u32, day: u32) -> DateTime<Utc>{
[INFO] [stdout]     |        ^^^^^^^^^^^
[INFO] [stdout] 
[INFO] [stdout] 
[INFO] [stdout] warning: 24 warnings emitted
[INFO] [stdout] 
[INFO] [stdout] 
[INFO] [stderr]     Finished dev [unoptimized + debuginfo] target(s) in 3m 24s
[INFO] [stderr] warning: the following packages contain code that will be rejected by a future version of Rust: rustc-serialize v0.3.24
[INFO] [stderr] note: to see what the problems were, use the option `--future-incompat-report`, or run `cargo report future-incompatibilities --id 1`
[INFO] running `Command { std: "docker" "inspect" "54738e1e73855ddd87633399953c71af7d789d429188bab4fdf9f3df201a9423", kill_on_drop: false }`
[INFO] running `Command { std: "docker" "rm" "-f" "54738e1e73855ddd87633399953c71af7d789d429188bab4fdf9f3df201a9423", kill_on_drop: false }`
[INFO] [stdout] 54738e1e73855ddd87633399953c71af7d789d429188bab4fdf9f3df201a9423
[INFO] running `Command { std: "docker" "create" "-v" "/var/lib/crater-agent-workspace/builds/worker-6-tc1/target:/opt/rustwide/target:rw,Z" "-v" "/var/lib/crater-agent-workspace/builds/worker-6-tc1/source:/opt/rustwide/workdir:ro,Z" "-v" "/var/lib/crater-agent-workspace/cargo-home:/opt/rustwide/cargo-home:ro,Z" "-v" "/var/lib/crater-agent-workspace/rustup-home:/opt/rustwide/rustup-home:ro,Z" "-e" "SOURCE_DIR=/opt/rustwide/workdir" "-e" "CARGO_TARGET_DIR=/opt/rustwide/target" "-e" "CARGO_INCREMENTAL=0" "-e" "RUST_BACKTRACE=full" "-e" "RUSTFLAGS=--cap-lints=warn" "-e" "RUSTDOCFLAGS=--cap-lints=warn" "-e" "CARGO_HOME=/opt/rustwide/cargo-home" "-e" "RUSTUP_HOME=/opt/rustwide/rustup-home" "-w" "/opt/rustwide/workdir" "-m" "1610612736" "--user" "0:0" "--network" "none" "ghcr.io/rust-lang/crates-build-env/linux@sha256:2788e3201cd34a07e3172128adcd8b3090168a8e3bcc40d7c032b9dda1df7d1c" "/opt/rustwide/cargo-home/bin/cargo" "+1.75.0" "test" "--frozen" "--no-run" "--message-format=json", kill_on_drop: false }`
[INFO] [stdout] f01ef70e94b9b5a5b1ce3e65978ddb0a165941796444c1b22144dca5dca2ad03
[INFO] running `Command { std: "docker" "start" "-a" "f01ef70e94b9b5a5b1ce3e65978ddb0a165941796444c1b22144dca5dca2ad03", kill_on_drop: false }`
[INFO] [stderr]    Compiling memchr v2.3.4
[INFO] [stderr]    Compiling semver-parser v0.7.0
[INFO] [stderr]    Compiling ryu v1.0.5
[INFO] [stderr]    Compiling once_cell v1.8.0
[INFO] [stderr]    Compiling bitflags v1.2.1
[INFO] [stderr]    Compiling itoa v0.4.7
[INFO] [stderr]    Compiling serde_json v1.0.62
[INFO] [stderr]    Compiling regex-automata v0.1.9
[INFO] [stderr]    Compiling regex-syntax v0.6.22
[INFO] [stderr]    Compiling semver v0.9.0
[INFO] [stderr]    Compiling thread_local v1.1.3
[INFO] [stderr]    Compiling unicode-width v0.1.8
[INFO] [stderr]    Compiling plotters-backend v0.3.0
[INFO] [stderr]    Compiling rustc_version v0.2.3
[INFO] [stderr]    Compiling textwrap v0.11.0
[INFO] [stderr]    Compiling aho-corasick v0.7.15
[INFO] [stderr]    Compiling cast v0.2.3
[INFO] [stderr]    Compiling plotters-svg v0.3.0
[INFO] [stderr]    Compiling bstr v0.2.15
[INFO] [stderr]    Compiling csv-core v0.1.10
[INFO] [stderr]    Compiling itertools v0.9.0
[INFO] [stderr]    Compiling atty v0.2.14
[INFO] [stderr]    Compiling half v1.7.1
[INFO] [stderr]    Compiling same-file v1.0.6
[INFO] [stderr]    Compiling walkdir v2.3.1
[INFO] [stderr]    Compiling plotters v0.3.0
[INFO] [stderr]    Compiling serde_cbor v0.11.1
[INFO] [stderr]    Compiling regex v1.4.3
[INFO] [stderr]    Compiling criterion-plot v0.4.3
[INFO] [stderr]    Compiling csv v1.1.5
[INFO] [stderr]    Compiling tinytemplate v1.2.0
[INFO] [stderr]    Compiling clap v2.33.3
[INFO] [stderr]    Compiling itertools v0.10.0
[INFO] [stderr]    Compiling humantime v2.1.0
[INFO] [stderr]    Compiling termcolor v1.1.2
[INFO] [stderr]    Compiling oorandom v11.1.3
[INFO] [stdout] warning: unused imports: `debug`, `error`, `info`, `warn`
[INFO] [stdout]   --> src/crypto.rs:66:11
[INFO] [stdout]    |
[INFO] [stdout] 66 | use log::{warn,info,debug,error};
[INFO] [stdout]    |           ^^^^ ^^^^ ^^^^^ ^^^^^
[INFO] [stdout]    |
[INFO] [stdout]    = note: `#[warn(unused_imports)]` on by default
[INFO] [stdout] 
[INFO] [stdout] 
[INFO] [stdout] warning: unused import: `ed25519_dalek::Keypair`
[INFO] [stdout]   --> src/crypto.rs:82:5
[INFO] [stdout]    |
[INFO] [stdout] 82 | use ed25519_dalek::Keypair;
[INFO] [stdout]    |     ^^^^^^^^^^^^^^^^^^^^^^
[INFO] [stdout] 
[INFO] [stdout] 
[INFO] [stdout] warning: unused import: `bls_signatures::*`
[INFO] [stdout]   --> src/crypto.rs:84:5
[INFO] [stdout]    |
[INFO] [stdout] 84 | use bls_signatures::*;
[INFO] [stdout]    |     ^^^^^^^^^^^^^^^^^
[INFO] [stdout] 
[INFO] [stdout] 
[INFO] [stdout] warning: unused import: `Blake2b`
[INFO] [stdout]   --> src/crypto.rs:87:27
[INFO] [stdout]    |
[INFO] [stdout] 87 | use blake2_rfc::blake2b::{Blake2b,blake2b};
[INFO] [stdout]    |                           ^^^^^^^
[INFO] [stdout] 
[INFO] [stdout] 
[INFO] [stdout] warning: unused import: `std::io`
[INFO] [stdout]   --> src/crypto.rs:91:5
[INFO] [stdout]    |
[INFO] [stdout] 91 | use std::io;
[INFO] [stdout]    |     ^^^^^^^
[INFO] [stdout] 
[INFO] [stdout] 
[INFO] [stdout] warning: unused import: `std::io::Read`
[INFO] [stdout]   --> src/crypto.rs:92:5
[INFO] [stdout]    |
[INFO] [stdout] 92 | use std::io::Read;
[INFO] [stdout]    |     ^^^^^^^^^^^^^
[INFO] [stdout] 
[INFO] [stdout] 
[INFO] [stdout] warning: unused import: `std::io::BufReader`
[INFO] [stdout]   --> src/crypto.rs:93:5
[INFO] [stdout]    |
[INFO] [stdout] 93 | use std::io::BufReader;
[INFO] [stdout]    |     ^^^^^^^^^^^^^^^^^^
[INFO] [stdout] 
[INFO] [stdout] 
[INFO] [stdout] warning: unused import: `std::fs::File`
[INFO] [stdout]   --> src/crypto.rs:94:5
[INFO] [stdout]    |
[INFO] [stdout] 94 | use std::fs::File;
[INFO] [stdout]    |     ^^^^^^^^^^^^^
[INFO] [stdout] 
[INFO] [stdout] 
[INFO] [stdout] warning: unused import: `std::fs::read`
[INFO] [stdout]   --> src/crypto.rs:95:5
[INFO] [stdout]    |
[INFO] [stdout] 95 | use std::fs::read;
[INFO] [stdout]    |     ^^^^^^^^^^^^^
[INFO] [stdout] 
[INFO] [stdout] 
[INFO] [stdout] warning: unused import: `std::convert::TryInto`
[INFO] [stdout]    --> src/crypto.rs:100:5
[INFO] [stdout]     |
[INFO] [stdout] 100 | use std::convert::TryInto;
[INFO] [stdout]     |     ^^^^^^^^^^^^^^^^^^^^^
[INFO] [stdout] 
[INFO] [stdout] 
[INFO] [stdout] warning: variant `SPHINCS_PLUS` should have an upper camel case name
[INFO] [stdout]    --> src/crypto.rs:129:5
[INFO] [stdout]     |
[INFO] [stdout] 129 |     SPHINCS_PLUS,
[INFO] [stdout]     |     ^^^^^^^^^^^^ help: convert the identifier to upper camel case: `SphincsPlus`
[INFO] [stdout]     |
[INFO] [stdout]     = note: `#[warn(non_camel_case_types)]` on by default
[INFO] [stdout] 
[INFO] [stdout] 
[INFO] [stdout] warning: unused imports: `decode`, `encode`
[INFO] [stdout]   --> src/certificate.rs:13:23
[INFO] [stdout]    |
[INFO] [stdout] 13 | use base32::{Alphabet,encode,decode};
[INFO] [stdout]    |                       ^^^^^^ ^^^^^^
[INFO] [stdout] 
[INFO] [stdout] 
[INFO] [stdout] warning: unused import: `crate::constants::*`
[INFO] [stdout]   --> src/certificate.rs:19:5
[INFO] [stdout]    |
[INFO] [stdout] 19 | use crate::constants::*;
[INFO] [stdout]    |     ^^^^^^^^^^^^^^^^^^^
[INFO] [stdout] 
[INFO] [stdout] 
[INFO] [stdout] warning: unused import: `UNIX_EPOCH`
[INFO] [stdout]   --> src/certificate.rs:27:29
[INFO] [stdout]    |
[INFO] [stdout] 27 | use std::time::{SystemTime, UNIX_EPOCH};
[INFO] [stdout]    |                             ^^^^^^^^^^
[INFO] [stdout] 
[INFO] [stdout] 
[INFO] [stdout] warning: unused imports: `ParseError`, `Url`
[INFO] [stdout]   --> src/certificate.rs:30:11
[INFO] [stdout]    |
[INFO] [stdout] 30 | use url::{Url, ParseError};
[INFO] [stdout]    |           ^^^  ^^^^^^^^^^
[INFO] [stdout] 
[INFO] [stdout] 
[INFO] [stdout] warning: unused import: `log`
[INFO] [stdout]   --> src/certificate.rs:32:5
[INFO] [stdout]    |
[INFO] [stdout] 32 | use log;
[INFO] [stdout]    |     ^^^
[INFO] [stdout] 
[INFO] [stdout] 
[INFO] [stdout] warning: variant `SPHINCS_PLUS` should have an upper camel case name
[INFO] [stdout]   --> src/certificate.rs:50:5
[INFO] [stdout]    |
[INFO] [stdout] 50 |     SPHINCS_PLUS
[INFO] [stdout]    |     ^^^^^^^^^^^^ help: convert the identifier to upper camel case: `SphincsPlus`
[INFO] [stdout] 
[INFO] [stdout] 
[INFO] [stdout] warning: variant `CODE_SIGNING` should have an upper camel case name
[INFO] [stdout]   --> src/certificate.rs:59:5
[INFO] [stdout]    |
[INFO] [stdout] 59 |     CODE_SIGNING,
[INFO] [stdout]    |     ^^^^^^^^^^^^ help: convert the identifier to upper camel case: `CodeSigning`
[INFO] [stdout] 
[INFO] [stdout] 
[INFO] [stdout] warning: variant `DOCUMENT_SIGNING` should have an upper camel case name
[INFO] [stdout]   --> src/certificate.rs:60:5
[INFO] [stdout]    |
[INFO] [stdout] 60 |     DOCUMENT_SIGNING,
[INFO] [stdout]    |     ^^^^^^^^^^^^^^^^ help: convert the identifier to upper camel case: `DocumentSigning`
[INFO] [stdout] 
[INFO] [stdout] 
[INFO] [stdout] warning: unused variable: `time`
[INFO] [stdout]    --> src/certificate.rs:284:13
[INFO] [stdout]     |
[INFO] [stdout] 284 |         let time = SeleniteCertificate::get_utc_time();
[INFO] [stdout]     |             ^^^^ help: if this is intentional, prefix it with an underscore: `_time`
[INFO] [stdout]     |
[INFO] [stdout]     = note: `#[warn(unused_variables)]` on by default
[INFO] [stdout] 
[INFO] [stdout] 
[INFO] [stdout] warning: unused variable: `input`
[INFO] [stdout]    --> src/certificate.rs:332:17
[INFO] [stdout]     |
[INFO] [stdout] 332 |         let mut input = String::new();
[INFO] [stdout]     |                 ^^^^^ help: if this is intentional, prefix it with an underscore: `_input`
[INFO] [stdout] 
[INFO] [stdout] 
[INFO] [stdout] warning: variable does not need to be mutable
[INFO] [stdout]    --> src/certificate.rs:332:13
[INFO] [stdout]     |
[INFO] [stdout] 332 |         let mut input = String::new();
[INFO] [stdout]     |             ----^^^^^
[INFO] [stdout]     |             |
[INFO] [stdout]     |             help: remove this `mut`
[INFO] [stdout]     |
[INFO] [stdout]     = note: `#[warn(unused_mut)]` on by default
[INFO] [stdout] 
[INFO] [stdout] 
[INFO] [stdout] warning: fields `pk`, `messages`, and `signature` are never read
[INFO] [stdout]    --> src/crypto.rs:233:5
[INFO] [stdout]     |
[INFO] [stdout] 232 | pub struct BLSAggregatedSignature {
[INFO] [stdout]     |            ---------------------- fields in this struct
[INFO] [stdout] 233 |     pk: Vec<String>,
[INFO] [stdout]     |     ^^
[INFO] [stdout] 234 |     messages: Vec<String>,
[INFO] [stdout]     |     ^^^^^^^^
[INFO] [stdout] 235 |     signature: String,
[INFO] [stdout]     |     ^^^^^^^^^
[INFO] [stdout]     |
[INFO] [stdout]     = note: `#[warn(dead_code)]` on by default
[INFO] [stdout] 
[INFO] [stdout] 
[INFO] [stdout] warning: multiple associated items are never used
[INFO] [stdout]    --> src/certificate.rs:189:11
[INFO] [stdout]     |
[INFO] [stdout] 187 | impl SeleniteCertificate {
[INFO] [stdout]     | ------------------------ associated items in this implementation
[INFO] [stdout] 188 |     // 0 means test version where certificates can break between versions
[INFO] [stdout] 189 |     const VERSION: usize = 0;
[INFO] [stdout]     |           ^^^^^^^
[INFO] [stdout] ...
[INFO] [stdout] 193 |     const STRING_ID_SIZE: usize = 80; // BASE32
[INFO] [stdout]     |           ^^^^^^^^^^^^^^
[INFO] [stdout] 194 |     const STRING_PUBLIC_KEY_SIZE: usize = 128; // HEXADECIMAL
[INFO] [stdout]     |           ^^^^^^^^^^^^^^^^^^^^^^
[INFO] [stdout] 195 |     const STRING_HASH_SIZE: usize = 96; // HEXADECIMAL
[INFO] [stdout]     |           ^^^^^^^^^^^^^^^^
[INFO] [stdout] 196 |     const STRING_SIGNATURE_SIZE: usize = 39724; // BASE64 (THIS MAY CHANGE; DOUBLE CHECK)
[INFO] [stdout]     |           ^^^^^^^^^^^^^^^^^^^^^
[INFO] [stdout] ...
[INFO] [stdout] 199 |     const FORMAT_FINGERPRINT: &'static str = "BASE32 (RFC4648) [A-Z][2-7][=]";
[INFO] [stdout]     |           ^^^^^^^^^^^^^^^^^^
[INFO] [stdout] 200 |     const FORMAT_PUBLIC_KEY: &'static str = "HEXADECIMAL";
[INFO] [stdout]     |           ^^^^^^^^^^^^^^^^^
[INFO] [stdout] 201 |     const FORMAT_HASH: &'static str = "HEXADECIMAL";
[INFO] [stdout]     |           ^^^^^^^^^^^
[INFO] [stdout] 202 |     const FORMAT_SIGNATURE: &'static str = "BASE64 (STANDARD)";
[INFO] [stdout]     |           ^^^^^^^^^^^^^^^^
[INFO] [stdout] ...
[INFO] [stdout] 473 |     fn assert_length(&self) -> bool {
[INFO] [stdout]     |        ^^^^^^^^^^^^^
[INFO] [stdout] ...
[INFO] [stdout] 484 |     fn format_date(year: i32, month: u32, day: u32) -> DateTime<Utc>{
[INFO] [stdout]     |        ^^^^^^^^^^^
[INFO] [stdout] 
[INFO] [stdout] 
[INFO] [stdout] warning: 24 warnings emitted
[INFO] [stdout] 
[INFO] [stdout] 
[INFO] [stderr]    Compiling env_logger v0.9.0
[INFO] [stderr]    Compiling criterion v0.3.4
[INFO] [stderr]    Compiling selenite v0.6.0 (/opt/rustwide/workdir)
[INFO] [stdout] warning: unused import: `super::*`
[INFO] [stdout]  --> tests/new_tests.rs:4:9
[INFO] [stdout]   |
[INFO] [stdout] 4 |     use super::*;
[INFO] [stdout]   |         ^^^^^^^^
[INFO] [stdout]   |
[INFO] [stdout]   = note: `#[warn(unused_imports)]` on by default
[INFO] [stdout] 
[INFO] [stdout] 
[INFO] [stdout] warning: unused import: `selenite::crypto::SphincsKeypair`
[INFO] [stdout]  --> examples/certificate.rs:1:5
[INFO] [stdout]   |
[INFO] [stdout] 1 | use selenite::crypto::SphincsKeypair;
[INFO] [stdout]   |     ^^^^^^^^^^^^^^^^^^^^^^^^^^^^^^^^
[INFO] [stdout]   |
[INFO] [stdout]   = note: `#[warn(unused_imports)]` on by default
[INFO] [stdout] 
[INFO] [stdout] 
[INFO] [stdout] warning: unused variable: `sig`
[INFO] [stdout]  --> examples/bls.rs:5:9
[INFO] [stdout]   |
[INFO] [stdout] 5 |     let sig = keypair.sign("Lets sign this message :)");
[INFO] [stdout]   |         ^^^ help: if this is intentional, prefix it with an underscore: `_sig`
[INFO] [stdout]   |
[INFO] [stdout]   = note: `#[warn(unused_variables)]` on by default
[INFO] [stdout] 
[INFO] [stdout] 
[INFO] [stdout] warning: unused variable: `cert`
[INFO] [stdout]  --> tests/new_tests.rs:8:14
[INFO] [stdout]   |
[INFO] [stdout] 8 |         let (cert,keypair) = SeleniteCertificate::new(
[INFO] [stdout]   |              ^^^^ help: if this is intentional, prefix it with an underscore: `_cert`
[INFO] [stdout]   |
[INFO] [stdout]   = note: `#[warn(unused_variables)]` on by default
[INFO] [stdout] 
[INFO] [stdout] 
[INFO] [stdout] warning: unused variable: `keypair`
[INFO] [stdout]  --> tests/new_tests.rs:8:19
[INFO] [stdout]   |
[INFO] [stdout] 8 |         let (cert,keypair) = SeleniteCertificate::new(
[INFO] [stdout]   |                   ^^^^^^^ help: if this is intentional, prefix it with an underscore: `_keypair`
[INFO] [stdout] 
[INFO] [stdout] 
[INFO] [stdout] warning: unused variable: `cert`
[INFO] [stdout]  --> examples/certificate.rs:5:10
[INFO] [stdout]   |
[INFO] [stdout] 5 |     let (cert,keypair) = SeleniteCertificate::new(
[INFO] [stdout]   |          ^^^^ help: if this is intentional, prefix it with an underscore: `_cert`
[INFO] [stdout]   |
[INFO] [stdout]   = note: `#[warn(unused_variables)]` on by default
[INFO] [stdout] 
[INFO] [stdout] 
[INFO] [stdout] warning: unused variable: `keypair`
[INFO] [stdout]  --> examples/certificate.rs:5:15
[INFO] [stdout]   |
[INFO] [stdout] 5 |     let (cert,keypair) = SeleniteCertificate::new(
[INFO] [stdout]   |               ^^^^^^^ help: if this is intentional, prefix it with an underscore: `_keypair`
[INFO] [stdout] 
[INFO] [stdout] 
[INFO] [stdout] warning: unused imports: `debug`, `error`, `info`, `warn`
[INFO] [stdout]   --> src/crypto.rs:66:11
[INFO] [stdout]    |
[INFO] [stdout] 66 | use log::{warn,info,debug,error};
[INFO] [stdout]    |           ^^^^ ^^^^ ^^^^^ ^^^^^
[INFO] [stdout]    |
[INFO] [stdout]    = note: `#[warn(unused_imports)]` on by default
[INFO] [stdout] 
[INFO] [stdout] 
[INFO] [stdout] warning: unused import: `ed25519_dalek::Keypair`
[INFO] [stdout]   --> src/crypto.rs:82:5
[INFO] [stdout]    |
[INFO] [stdout] 82 | use ed25519_dalek::Keypair;
[INFO] [stdout]    |     ^^^^^^^^^^^^^^^^^^^^^^
[INFO] [stdout] 
[INFO] [stdout] 
[INFO] [stdout] warning: unused import: `bls_signatures::*`
[INFO] [stdout]   --> src/crypto.rs:84:5
[INFO] [stdout]    |
[INFO] [stdout] 84 | use bls_signatures::*;
[INFO] [stdout]    |     ^^^^^^^^^^^^^^^^^
[INFO] [stdout] 
[INFO] [stdout] 
[INFO] [stdout] warning: unused import: `Blake2b`
[INFO] [stdout]   --> src/crypto.rs:87:27
[INFO] [stdout]    |
[INFO] [stdout] 87 | use blake2_rfc::blake2b::{Blake2b,blake2b};
[INFO] [stdout]    |                           ^^^^^^^
[INFO] [stdout] 
[INFO] [stdout] 
[INFO] [stdout] warning: unused import: `std::io`
[INFO] [stdout]   --> src/crypto.rs:91:5
[INFO] [stdout]    |
[INFO] [stdout] 91 | use std::io;
[INFO] [stdout]    |     ^^^^^^^
[INFO] [stdout] 
[INFO] [stdout] 
[INFO] [stdout] warning: unused import: `std::io::Read`
[INFO] [stdout]   --> src/crypto.rs:92:5
[INFO] [stdout]    |
[INFO] [stdout] 92 | use std::io::Read;
[INFO] [stdout]    |     ^^^^^^^^^^^^^
[INFO] [stdout] 
[INFO] [stdout] 
[INFO] [stdout] warning: unused import: `std::io::BufReader`
[INFO] [stdout]   --> src/crypto.rs:93:5
[INFO] [stdout]    |
[INFO] [stdout] 93 | use std::io::BufReader;
[INFO] [stdout]    |     ^^^^^^^^^^^^^^^^^^
[INFO] [stdout] 
[INFO] [stdout] 
[INFO] [stdout] warning: unused import: `std::fs::File`
[INFO] [stdout]   --> src/crypto.rs:94:5
[INFO] [stdout]    |
[INFO] [stdout] 94 | use std::fs::File;
[INFO] [stdout]    |     ^^^^^^^^^^^^^
[INFO] [stdout] 
[INFO] [stdout] 
[INFO] [stdout] warning: unused import: `std::fs::read`
[INFO] [stdout]   --> src/crypto.rs:95:5
[INFO] [stdout]    |
[INFO] [stdout] 95 | use std::fs::read;
[INFO] [stdout]    |     ^^^^^^^^^^^^^
[INFO] [stdout] 
[INFO] [stdout] 
[INFO] [stdout] warning: unused import: `std::convert::TryInto`
[INFO] [stdout]    --> src/crypto.rs:100:5
[INFO] [stdout]     |
[INFO] [stdout] 100 | use std::convert::TryInto;
[INFO] [stdout]     |     ^^^^^^^^^^^^^^^^^^^^^
[INFO] [stdout] 
[INFO] [stdout] 
[INFO] [stdout] warning: variant `SPHINCS_PLUS` should have an upper camel case name
[INFO] [stdout]    --> src/crypto.rs:129:5
[INFO] [stdout]     |
[INFO] [stdout] 129 |     SPHINCS_PLUS,
[INFO] [stdout]     |     ^^^^^^^^^^^^ help: convert the identifier to upper camel case: `SphincsPlus`
[INFO] [stdout]     |
[INFO] [stdout]     = note: `#[warn(non_camel_case_types)]` on by default
[INFO] [stdout] 
[INFO] [stdout] 
[INFO] [stdout] warning: unused imports: `decode`, `encode`
[INFO] [stdout]   --> src/certificate.rs:13:23
[INFO] [stdout]    |
[INFO] [stdout] 13 | use base32::{Alphabet,encode,decode};
[INFO] [stdout]    |                       ^^^^^^ ^^^^^^
[INFO] [stdout] 
[INFO] [stdout] 
[INFO] [stdout] warning: unused import: `crate::constants::*`
[INFO] [stdout]   --> src/certificate.rs:19:5
[INFO] [stdout]    |
[INFO] [stdout] 19 | use crate::constants::*;
[INFO] [stdout]    |     ^^^^^^^^^^^^^^^^^^^
[INFO] [stdout] 
[INFO] [stdout] 
[INFO] [stdout] warning: unused import: `UNIX_EPOCH`
[INFO] [stdout]   --> src/certificate.rs:27:29
[INFO] [stdout]    |
[INFO] [stdout] 27 | use std::time::{SystemTime, UNIX_EPOCH};
[INFO] [stdout]    |                             ^^^^^^^^^^
[INFO] [stdout] 
[INFO] [stdout] 
[INFO] [stdout] warning: unused imports: `ParseError`, `Url`
[INFO] [stdout]   --> src/certificate.rs:30:11
[INFO] [stdout]    |
[INFO] [stdout] 30 | use url::{Url, ParseError};
[INFO] [stdout]    |           ^^^  ^^^^^^^^^^
[INFO] [stdout] 
[INFO] [stdout] 
[INFO] [stdout] warning: unused import: `log`
[INFO] [stdout]   --> src/certificate.rs:32:5
[INFO] [stdout]    |
[INFO] [stdout] 32 | use log;
[INFO] [stdout]    |     ^^^
[INFO] [stdout] 
[INFO] [stdout] 
[INFO] [stdout] warning: variant `SPHINCS_PLUS` should have an upper camel case name
[INFO] [stdout]   --> src/certificate.rs:50:5
[INFO] [stdout]    |
[INFO] [stdout] 50 |     SPHINCS_PLUS
[INFO] [stdout]    |     ^^^^^^^^^^^^ help: convert the identifier to upper camel case: `SphincsPlus`
[INFO] [stdout] 
[INFO] [stdout] 
[INFO] [stdout] warning: variant `CODE_SIGNING` should have an upper camel case name
[INFO] [stdout]   --> src/certificate.rs:59:5
[INFO] [stdout]    |
[INFO] [stdout] 59 |     CODE_SIGNING,
[INFO] [stdout]    |     ^^^^^^^^^^^^ help: convert the identifier to upper camel case: `CodeSigning`
[INFO] [stdout] 
[INFO] [stdout] 
[INFO] [stdout] warning: variant `DOCUMENT_SIGNING` should have an upper camel case name
[INFO] [stdout]   --> src/certificate.rs:60:5
[INFO] [stdout]    |
[INFO] [stdout] 60 |     DOCUMENT_SIGNING,
[INFO] [stdout]    |     ^^^^^^^^^^^^^^^^ help: convert the identifier to upper camel case: `DocumentSigning`
[INFO] [stdout] 
[INFO] [stdout] 
[INFO] [stdout] warning: unused variable: `time`
[INFO] [stdout]    --> src/certificate.rs:284:13
[INFO] [stdout]     |
[INFO] [stdout] 284 |         let time = SeleniteCertificate::get_utc_time();
[INFO] [stdout]     |             ^^^^ help: if this is intentional, prefix it with an underscore: `_time`
[INFO] [stdout]     |
[INFO] [stdout]     = note: `#[warn(unused_variables)]` on by default
[INFO] [stdout] 
[INFO] [stdout] 
[INFO] [stdout] warning: unused variable: `input`
[INFO] [stdout]    --> src/certificate.rs:332:17
[INFO] [stdout]     |
[INFO] [stdout] 332 |         let mut input = String::new();
[INFO] [stdout]     |                 ^^^^^ help: if this is intentional, prefix it with an underscore: `_input`
[INFO] [stdout] 
[INFO] [stdout] 
[INFO] [stdout] warning: variable does not need to be mutable
[INFO] [stdout]    --> src/certificate.rs:332:13
[INFO] [stdout]     |
[INFO] [stdout] 332 |         let mut input = String::new();
[INFO] [stdout]     |             ----^^^^^
[INFO] [stdout]     |             |
[INFO] [stdout]     |             help: remove this `mut`
[INFO] [stdout]     |
[INFO] [stdout]     = note: `#[warn(unused_mut)]` on by default
[INFO] [stdout] 
[INFO] [stdout] 
[INFO] [stdout] warning: 3 warnings emitted
[INFO] [stdout] 
[INFO] [stdout] 
[INFO] [stdout] warning: fields `pk`, `messages`, and `signature` are never read
[INFO] [stdout]    --> src/crypto.rs:233:5
[INFO] [stdout]     |
[INFO] [stdout] 232 | pub struct BLSAggregatedSignature {
[INFO] [stdout]     |            ---------------------- fields in this struct
[INFO] [stdout] 233 |     pk: Vec<String>,
[INFO] [stdout]     |     ^^
[INFO] [stdout] 234 |     messages: Vec<String>,
[INFO] [stdout]     |     ^^^^^^^^
[INFO] [stdout] 235 |     signature: String,
[INFO] [stdout]     |     ^^^^^^^^^
[INFO] [stdout]     |
[INFO] [stdout]     = note: `#[warn(dead_code)]` on by default
[INFO] [stdout] 
[INFO] [stdout] 
[INFO] [stdout] warning: multiple associated items are never used
[INFO] [stdout]    --> src/certificate.rs:189:11
[INFO] [stdout]     |
[INFO] [stdout] 187 | impl SeleniteCertificate {
[INFO] [stdout]     | ------------------------ associated items in this implementation
[INFO] [stdout] 188 |     // 0 means test version where certificates can break between versions
[INFO] [stdout] 189 |     const VERSION: usize = 0;
[INFO] [stdout]     |           ^^^^^^^
[INFO] [stdout] ...
[INFO] [stdout] 193 |     const STRING_ID_SIZE: usize = 80; // BASE32
[INFO] [stdout]     |           ^^^^^^^^^^^^^^
[INFO] [stdout] 194 |     const STRING_PUBLIC_KEY_SIZE: usize = 128; // HEXADECIMAL
[INFO] [stdout]     |           ^^^^^^^^^^^^^^^^^^^^^^
[INFO] [stdout] 195 |     const STRING_HASH_SIZE: usize = 96; // HEXADECIMAL
[INFO] [stdout]     |           ^^^^^^^^^^^^^^^^
[INFO] [stdout] 196 |     const STRING_SIGNATURE_SIZE: usize = 39724; // BASE64 (THIS MAY CHANGE; DOUBLE CHECK)
[INFO] [stdout]     |           ^^^^^^^^^^^^^^^^^^^^^
[INFO] [stdout] ...
[INFO] [stdout] 199 |     const FORMAT_FINGERPRINT: &'static str = "BASE32 (RFC4648) [A-Z][2-7][=]";
[INFO] [stdout]     |           ^^^^^^^^^^^^^^^^^^
[INFO] [stdout] 200 |     const FORMAT_PUBLIC_KEY: &'static str = "HEXADECIMAL";
[INFO] [stdout]     |           ^^^^^^^^^^^^^^^^^
[INFO] [stdout] 201 |     const FORMAT_HASH: &'static str = "HEXADECIMAL";
[INFO] [stdout]     |           ^^^^^^^^^^^
[INFO] [stdout] 202 |     const FORMAT_SIGNATURE: &'static str = "BASE64 (STANDARD)";
[INFO] [stdout]     |           ^^^^^^^^^^^^^^^^
[INFO] [stdout] ...
[INFO] [stdout] 473 |     fn assert_length(&self) -> bool {
[INFO] [stdout]     |        ^^^^^^^^^^^^^
[INFO] [stdout] ...
[INFO] [stdout] 484 |     fn format_date(year: i32, month: u32, day: u32) -> DateTime<Utc>{
[INFO] [stdout]     |        ^^^^^^^^^^^
[INFO] [stdout] 
[INFO] [stdout] 
[INFO] [stdout] warning: unused variable: `keypair2`
[INFO] [stdout]   --> tests/bls.rs:28:9
[INFO] [stdout]    |
[INFO] [stdout] 28 |     let keypair2 = BLSKeypair::new();
[INFO] [stdout]    |         ^^^^^^^^ help: if this is intentional, prefix it with an underscore: `_keypair2`
[INFO] [stdout]    |
[INFO] [stdout]    = note: `#[warn(unused_variables)]` on by default
[INFO] [stdout] 
[INFO] [stdout] 
[INFO] [stdout] warning: unused variable: `keypair3`
[INFO] [stdout]   --> tests/bls.rs:29:9
[INFO] [stdout]    |
[INFO] [stdout] 29 |     let keypair3 = BLSKeypair::new();
[INFO] [stdout]    |         ^^^^^^^^ help: if this is intentional, prefix it with an underscore: `_keypair3`
[INFO] [stdout] 
[INFO] [stdout] 
[INFO] [stdout] warning: unused variable: `keypair2`
[INFO] [stdout]  --> examples/falcon.rs:8:9
[INFO] [stdout]   |
[INFO] [stdout] 8 |     let keypair2 = Falcon1024Keypair::new();
[INFO] [stdout]   |         ^^^^^^^^ help: if this is intentional, prefix it with an underscore: `_keypair2`
[INFO] [stdout]   |
[INFO] [stdout]   = note: `#[warn(unused_variables)]` on by default
[INFO] [stdout] 
[INFO] [stdout] 
[INFO] [stdout] warning: 1 warning emitted
[INFO] [stdout] 
[INFO] [stdout] 
[INFO] [stdout] warning: 3 warnings emitted
[INFO] [stdout] 
[INFO] [stdout] 
[INFO] [stdout] warning: 2 warnings emitted
[INFO] [stdout] 
[INFO] [stdout] 
[INFO] [stdout] warning: 1 warning emitted
[INFO] [stdout] 
[INFO] [stdout] 
[INFO] [stdout] warning: 24 warnings emitted
[INFO] [stdout] 
[INFO] [stdout] 
[INFO] [stderr]     Finished test [unoptimized + debuginfo] target(s) in 9.77s
[INFO] [stderr] warning: the following packages contain code that will be rejected by a future version of Rust: criterion v0.3.4, rustc-serialize v0.3.24
[INFO] [stderr] note: to see what the problems were, use the option `--future-incompat-report`, or run `cargo report future-incompatibilities --id 2`
[INFO] running `Command { std: "docker" "inspect" "f01ef70e94b9b5a5b1ce3e65978ddb0a165941796444c1b22144dca5dca2ad03", kill_on_drop: false }`
[INFO] running `Command { std: "docker" "rm" "-f" "f01ef70e94b9b5a5b1ce3e65978ddb0a165941796444c1b22144dca5dca2ad03", kill_on_drop: false }`
[INFO] [stdout] f01ef70e94b9b5a5b1ce3e65978ddb0a165941796444c1b22144dca5dca2ad03
[INFO] running `Command { std: "docker" "create" "-v" "/var/lib/crater-agent-workspace/builds/worker-6-tc1/target:/opt/rustwide/target:rw,Z" "-v" "/var/lib/crater-agent-workspace/builds/worker-6-tc1/source:/opt/rustwide/workdir:ro,Z" "-v" "/var/lib/crater-agent-workspace/cargo-home:/opt/rustwide/cargo-home:ro,Z" "-v" "/var/lib/crater-agent-workspace/rustup-home:/opt/rustwide/rustup-home:ro,Z" "-e" "SOURCE_DIR=/opt/rustwide/workdir" "-e" "CARGO_TARGET_DIR=/opt/rustwide/target" "-e" "CARGO_INCREMENTAL=0" "-e" "RUST_BACKTRACE=full" "-e" "RUSTFLAGS=--cap-lints=warn" "-e" "RUSTDOCFLAGS=--cap-lints=warn" "-e" "CARGO_HOME=/opt/rustwide/cargo-home" "-e" "RUSTUP_HOME=/opt/rustwide/rustup-home" "-w" "/opt/rustwide/workdir" "-m" "1610612736" "--user" "0:0" "--network" "none" "ghcr.io/rust-lang/crates-build-env/linux@sha256:2788e3201cd34a07e3172128adcd8b3090168a8e3bcc40d7c032b9dda1df7d1c" "/opt/rustwide/cargo-home/bin/cargo" "+1.75.0" "test" "--frozen", kill_on_drop: false }`
[INFO] [stdout] 8832cd5b71466938f4cfc080d77abda6e39f7988029184c18dd390c3ed06ce96
[INFO] running `Command { std: "docker" "start" "-a" "8832cd5b71466938f4cfc080d77abda6e39f7988029184c18dd390c3ed06ce96", kill_on_drop: false }`
[INFO] [stderr] warning: unused imports: `debug`, `error`, `info`, `warn`
[INFO] [stderr]   --> src/crypto.rs:66:11
[INFO] [stderr]    |
[INFO] [stderr] 66 | use log::{warn,info,debug,error};
[INFO] [stderr]    |           ^^^^ ^^^^ ^^^^^ ^^^^^
[INFO] [stderr]    |
[INFO] [stderr]    = note: `#[warn(unused_imports)]` on by default
[INFO] [stderr] 
[INFO] [stderr] warning: unused import: `ed25519_dalek::Keypair`
[INFO] [stderr]   --> src/crypto.rs:82:5
[INFO] [stderr]    |
[INFO] [stderr] 82 | use ed25519_dalek::Keypair;
[INFO] [stderr]    |     ^^^^^^^^^^^^^^^^^^^^^^
[INFO] [stderr] 
[INFO] [stderr] warning: unused import: `bls_signatures::*`
[INFO] [stderr]   --> src/crypto.rs:84:5
[INFO] [stderr]    |
[INFO] [stderr] 84 | use bls_signatures::*;
[INFO] [stderr]    |     ^^^^^^^^^^^^^^^^^
[INFO] [stderr] 
[INFO] [stderr] warning: unused import: `Blake2b`
[INFO] [stderr]   --> src/crypto.rs:87:27
[INFO] [stderr]    |
[INFO] [stderr] 87 | use blake2_rfc::blake2b::{Blake2b,blake2b};
[INFO] [stderr]    |                           ^^^^^^^
[INFO] [stderr] 
[INFO] [stderr] warning: unused import: `std::io`
[INFO] [stderr]   --> src/crypto.rs:91:5
[INFO] [stderr]    |
[INFO] [stderr] 91 | use std::io;
[INFO] [stderr]    |     ^^^^^^^
[INFO] [stderr] 
[INFO] [stderr] warning: unused import: `std::io::Read`
[INFO] [stderr]   --> src/crypto.rs:92:5
[INFO] [stderr]    |
[INFO] [stderr] 92 | use std::io::Read;
[INFO] [stderr]    |     ^^^^^^^^^^^^^
[INFO] [stderr] 
[INFO] [stderr] warning: unused import: `std::io::BufReader`
[INFO] [stderr]   --> src/crypto.rs:93:5
[INFO] [stderr]    |
[INFO] [stderr] 93 | use std::io::BufReader;
[INFO] [stderr]    |     ^^^^^^^^^^^^^^^^^^
[INFO] [stderr] 
[INFO] [stderr] warning: unused import: `std::fs::File`
[INFO] [stderr]   --> src/crypto.rs:94:5
[INFO] [stderr]    |
[INFO] [stderr] 94 | use std::fs::File;
[INFO] [stderr]    |     ^^^^^^^^^^^^^
[INFO] [stderr] 
[INFO] [stderr] warning: unused import: `std::fs::read`
[INFO] [stderr]   --> src/crypto.rs:95:5
[INFO] [stderr]    |
[INFO] [stderr] 95 | use std::fs::read;
[INFO] [stderr]    |     ^^^^^^^^^^^^^
[INFO] [stderr] 
[INFO] [stderr] warning: unused import: `std::convert::TryInto`
[INFO] [stderr]    --> src/crypto.rs:100:5
[INFO] [stderr]     |
[INFO] [stderr] 100 | use std::convert::TryInto;
[INFO] [stderr]     |     ^^^^^^^^^^^^^^^^^^^^^
[INFO] [stderr] 
[INFO] [stderr] warning: variant `SPHINCS_PLUS` should have an upper camel case name
[INFO] [stderr]    --> src/crypto.rs:129:5
[INFO] [stderr]     |
[INFO] [stderr] 129 |     SPHINCS_PLUS,
[INFO] [stderr]     |     ^^^^^^^^^^^^ help: convert the identifier to upper camel case: `SphincsPlus`
[INFO] [stderr]     |
[INFO] [stderr]     = note: `#[warn(non_camel_case_types)]` on by default
[INFO] [stderr] 
[INFO] [stderr] warning: unused imports: `decode`, `encode`
[INFO] [stderr]   --> src/certificate.rs:13:23
[INFO] [stderr]    |
[INFO] [stderr] 13 | use base32::{Alphabet,encode,decode};
[INFO] [stderr]    |                       ^^^^^^ ^^^^^^
[INFO] [stderr] 
[INFO] [stderr] warning: unused import: `crate::constants::*`
[INFO] [stderr]   --> src/certificate.rs:19:5
[INFO] [stderr]    |
[INFO] [stderr] 19 | use crate::constants::*;
[INFO] [stderr]    |     ^^^^^^^^^^^^^^^^^^^
[INFO] [stderr] 
[INFO] [stderr] warning: unused import: `UNIX_EPOCH`
[INFO] [stderr]   --> src/certificate.rs:27:29
[INFO] [stderr]    |
[INFO] [stderr] 27 | use std::time::{SystemTime, UNIX_EPOCH};
[INFO] [stderr]    |                             ^^^^^^^^^^
[INFO] [stderr] 
[INFO] [stderr] warning: unused imports: `ParseError`, `Url`
[INFO] [stderr]   --> src/certificate.rs:30:11
[INFO] [stderr]    |
[INFO] [stderr] 30 | use url::{Url, ParseError};
[INFO] [stderr]    |           ^^^  ^^^^^^^^^^
[INFO] [stderr] 
[INFO] [stderr] warning: unused import: `log`
[INFO] [stderr]   --> src/certificate.rs:32:5
[INFO] [stderr]    |
[INFO] [stderr] 32 | use log;
[INFO] [stderr]    |     ^^^
[INFO] [stderr] 
[INFO] [stderr] warning: variant `SPHINCS_PLUS` should have an upper camel case name
[INFO] [stderr]   --> src/certificate.rs:50:5
[INFO] [stderr]    |
[INFO] [stderr] 50 |     SPHINCS_PLUS
[INFO] [stderr]    |     ^^^^^^^^^^^^ help: convert the identifier to upper camel case: `SphincsPlus`
[INFO] [stderr] 
[INFO] [stderr] warning: variant `CODE_SIGNING` should have an upper camel case name
[INFO] [stderr]   --> src/certificate.rs:59:5
[INFO] [stderr]    |
[INFO] [stderr] 59 |     CODE_SIGNING,
[INFO] [stderr]    |     ^^^^^^^^^^^^ help: convert the identifier to upper camel case: `CodeSigning`
[INFO] [stderr] 
[INFO] [stderr] warning: variant `DOCUMENT_SIGNING` should have an upper camel case name
[INFO] [stderr]   --> src/certificate.rs:60:5
[INFO] [stderr]    |
[INFO] [stderr] 60 |     DOCUMENT_SIGNING,
[INFO] [stderr]    |     ^^^^^^^^^^^^^^^^ help: convert the identifier to upper camel case: `DocumentSigning`
[INFO] [stderr] 
[INFO] [stderr] warning: unused variable: `time`
[INFO] [stderr]    --> src/certificate.rs:284:13
[INFO] [stderr]     |
[INFO] [stderr] 284 |         let time = SeleniteCertificate::get_utc_time();
[INFO] [stderr]     |             ^^^^ help: if this is intentional, prefix it with an underscore: `_time`
[INFO] [stderr]     |
[INFO] [stderr]     = note: `#[warn(unused_variables)]` on by default
[INFO] [stderr] 
[INFO] [stderr] warning: unused variable: `input`
[INFO] [stderr]    --> src/certificate.rs:332:17
[INFO] [stderr]     |
[INFO] [stderr] 332 |         let mut input = String::new();
[INFO] [stderr]     |                 ^^^^^ help: if this is intentional, prefix it with an underscore: `_input`
[INFO] [stderr] 
[INFO] [stderr] warning: variable does not need to be mutable
[INFO] [stderr]    --> src/certificate.rs:332:13
[INFO] [stderr]     |
[INFO] [stderr] 332 |         let mut input = String::new();
[INFO] [stderr]     |             ----^^^^^
[INFO] [stderr]     |             |
[INFO] [stderr]     |             help: remove this `mut`
[INFO] [stderr]     |
[INFO] [stderr]     = note: `#[warn(unused_mut)]` on by default
[INFO] [stderr] 
[INFO] [stderr] warning: fields `pk`, `messages`, and `signature` are never read
[INFO] [stderr]    --> src/crypto.rs:233:5
[INFO] [stderr]     |
[INFO] [stderr] 232 | pub struct BLSAggregatedSignature {
[INFO] [stderr]     |            ---------------------- fields in this struct
[INFO] [stderr] 233 |     pk: Vec<String>,
[INFO] [stderr]     |     ^^
[INFO] [stderr] 234 |     messages: Vec<String>,
[INFO] [stderr]     |     ^^^^^^^^
[INFO] [stderr] 235 |     signature: String,
[INFO] [stderr]     |     ^^^^^^^^^
[INFO] [stderr]     |
[INFO] [stderr]     = note: `#[warn(dead_code)]` on by default
[INFO] [stderr] 
[INFO] [stderr] warning: multiple associated items are never used
[INFO] [stderr]    --> src/certificate.rs:189:11
[INFO] [stderr]     |
[INFO] [stderr] 187 | impl SeleniteCertificate {
[INFO] [stderr]     | ------------------------ associated items in this implementation
[INFO] [stderr] 188 |     // 0 means test version where certificates can break between versions
[INFO] [stderr] 189 |     const VERSION: usize = 0;
[INFO] [stderr]     |           ^^^^^^^
[INFO] [stderr] ...
[INFO] [stderr] 193 |     const STRING_ID_SIZE: usize = 80; // BASE32
[INFO] [stderr]     |           ^^^^^^^^^^^^^^
[INFO] [stderr] 194 |     const STRING_PUBLIC_KEY_SIZE: usize = 128; // HEXADECIMAL
[INFO] [stderr]     |           ^^^^^^^^^^^^^^^^^^^^^^
[INFO] [stderr] 195 |     const STRING_HASH_SIZE: usize = 96; // HEXADECIMAL
[INFO] [stderr]     |           ^^^^^^^^^^^^^^^^
[INFO] [stderr] 196 |     const STRING_SIGNATURE_SIZE: usize = 39724; // BASE64 (THIS MAY CHANGE; DOUBLE CHECK)
[INFO] [stderr]     |           ^^^^^^^^^^^^^^^^^^^^^
[INFO] [stderr] ...
[INFO] [stderr] 199 |     const FORMAT_FINGERPRINT: &'static str = "BASE32 (RFC4648) [A-Z][2-7][=]";
[INFO] [stderr]     |           ^^^^^^^^^^^^^^^^^^
[INFO] [stderr] 200 |     const FORMAT_PUBLIC_KEY: &'static str = "HEXADECIMAL";
[INFO] [stderr]     |           ^^^^^^^^^^^^^^^^^
[INFO] [stderr] 201 |     const FORMAT_HASH: &'static str = "HEXADECIMAL";
[INFO] [stderr]     |           ^^^^^^^^^^^
[INFO] [stderr] 202 |     const FORMAT_SIGNATURE: &'static str = "BASE64 (STANDARD)";
[INFO] [stderr]     |           ^^^^^^^^^^^^^^^^
[INFO] [stderr] ...
[INFO] [stderr] 473 |     fn assert_length(&self) -> bool {
[INFO] [stderr]     |        ^^^^^^^^^^^^^
[INFO] [stderr] ...
[INFO] [stderr] 484 |     fn format_date(year: i32, month: u32, day: u32) -> DateTime<Utc>{
[INFO] [stderr]     |        ^^^^^^^^^^^
[INFO] [stderr] 
[INFO] [stderr] warning: `selenite` (lib) generated 24 warnings (run `cargo fix --lib -p selenite` to apply 18 suggestions)
[INFO] [stderr] warning: unused variable: `sig`
[INFO] [stderr]  --> examples/bls.rs:5:9
[INFO] [stderr]   |
[INFO] [stderr] 5 |     let sig = keypair.sign("Lets sign this message :)");
[INFO] [stderr]   |         ^^^ help: if this is intentional, prefix it with an underscore: `_sig`
[INFO] [stderr]   |
[INFO] [stderr]   = note: `#[warn(unused_variables)]` on by default
[INFO] [stderr] 
[INFO] [stderr] warning: unused variable: `keypair2`
[INFO] [stderr]   --> tests/bls.rs:28:9
[INFO] [stderr]    |
[INFO] [stderr] 28 |     let keypair2 = BLSKeypair::new();
[INFO] [stderr]    |         ^^^^^^^^ help: if this is intentional, prefix it with an underscore: `_keypair2`
[INFO] [stderr]    |
[INFO] [stderr]    = note: `#[warn(unused_variables)]` on by default
[INFO] [stderr] 
[INFO] [stderr] warning: unused variable: `keypair3`
[INFO] [stderr]   --> tests/bls.rs:29:9
[INFO] [stderr]    |
[INFO] [stderr] 29 |     let keypair3 = BLSKeypair::new();
[INFO] [stderr]    |         ^^^^^^^^ help: if this is intentional, prefix it with an underscore: `_keypair3`
[INFO] [stderr] 
[INFO] [stderr] warning: unused variable: `keypair2`
[INFO] [stderr]  --> examples/falcon.rs:8:9
[INFO] [stderr]   |
[INFO] [stderr] 8 |     let keypair2 = Falcon1024Keypair::new();
[INFO] [stderr]   |         ^^^^^^^^ help: if this is intentional, prefix it with an underscore: `_keypair2`
[INFO] [stderr]   |
[INFO] [stderr]   = note: `#[warn(unused_variables)]` on by default
[INFO] [stderr] 
[INFO] [stderr] warning: unused import: `super::*`
[INFO] [stderr]  --> tests/new_tests.rs:4:9
[INFO] [stderr]   |
[INFO] [stderr] 4 |     use super::*;
[INFO] [stderr]   |         ^^^^^^^^
[INFO] [stderr]   |
[INFO] [stderr]   = note: `#[warn(unused_imports)]` on by default
[INFO] [stderr] 
[INFO] [stderr] warning: unused variable: `cert`
[INFO] [stderr]  --> tests/new_tests.rs:8:14
[INFO] [stderr]   |
[INFO] [stderr] 8 |         let (cert,keypair) = SeleniteCertificate::new(
[INFO] [stderr]   |              ^^^^ help: if this is intentional, prefix it with an underscore: `_cert`
[INFO] [stderr]   |
[INFO] [stderr]   = note: `#[warn(unused_variables)]` on by default
[INFO] [stderr] 
[INFO] [stderr] warning: unused variable: `keypair`
[INFO] [stderr]  --> tests/new_tests.rs:8:19
[INFO] [stderr]   |
[INFO] [stderr] 8 |         let (cert,keypair) = SeleniteCertificate::new(
[INFO] [stderr]   |                   ^^^^^^^ help: if this is intentional, prefix it with an underscore: `_keypair`
[INFO] [stderr] 
[INFO] [stderr] warning: `selenite` (example "bls") generated 1 warning (run `cargo fix --example "bls"` to apply 1 suggestion)
[INFO] [stderr] warning: `selenite` (lib test) generated 24 warnings (24 duplicates)
[INFO] [stderr] warning: `selenite` (test "bls") generated 2 warnings (run `cargo fix --test "bls"` to apply 2 suggestions)
[INFO] [stderr] warning: `selenite` (example "falcon") generated 1 warning (run `cargo fix --example "falcon"` to apply 1 suggestion)
[INFO] [stderr] warning: `selenite` (test "new_tests") generated 3 warnings (run `cargo fix --test "new_tests"` to apply 3 suggestions)
[INFO] [stderr] warning: unused import: `selenite::crypto::SphincsKeypair`
[INFO] [stderr]  --> examples/certificate.rs:1:5
[INFO] [stderr]   |
[INFO] [stderr] 1 | use selenite::crypto::SphincsKeypair;
[INFO] [stderr]   |     ^^^^^^^^^^^^^^^^^^^^^^^^^^^^^^^^
[INFO] [stderr]   |
[INFO] [stderr]   = note: `#[warn(unused_imports)]` on by default
[INFO] [stderr] 
[INFO] [stderr] warning: unused variable: `cert`
[INFO] [stderr]  --> examples/certificate.rs:5:10
[INFO] [stderr]   |
[INFO] [stderr] 5 |     let (cert,keypair) = SeleniteCertificate::new(
[INFO] [stderr]   |          ^^^^ help: if this is intentional, prefix it with an underscore: `_cert`
[INFO] [stderr]   |
[INFO] [stderr]   = note: `#[warn(unused_variables)]` on by default
[INFO] [stderr] 
[INFO] [stderr] warning: unused variable: `keypair`
[INFO] [stderr]  --> examples/certificate.rs:5:15
[INFO] [stderr]   |
[INFO] [stderr] 5 |     let (cert,keypair) = SeleniteCertificate::new(
[INFO] [stderr]   |               ^^^^^^^ help: if this is intentional, prefix it with an underscore: `_keypair`
[INFO] [stderr] 
[INFO] [stderr] warning: `selenite` (example "certificate") generated 3 warnings (run `cargo fix --example "certificate"` to apply 3 suggestions)
[INFO] [stderr]     Finished test [unoptimized + debuginfo] target(s) in 0.11s
[INFO] [stderr] warning: the following packages contain code that will be rejected by a future version of Rust: criterion v0.3.4, rustc-serialize v0.3.24
[INFO] [stderr] note: to see what the problems were, use the option `--future-incompat-report`, or run `cargo report future-incompatibilities --id 2`
[INFO] [stderr]      Running unittests src/lib.rs (/opt/rustwide/target/debug/deps/selenite-66b968d454c48ad6)
[INFO] [stdout] 
[INFO] [stdout] running 4 tests
[INFO] [stdout] test crypto::generate ... ok
[INFO] [stdout] test tests::it_works ... ok
[INFO] [stdout] test tests::sphincs_plus ... ok
[INFO] [stdout] test tests::get_keypair_size ... ok
[INFO] [stdout] 
[INFO] [stdout] test result: ok. 4 passed; 0 failed; 0 ignored; 0 measured; 0 filtered out; finished in 21.85s
[INFO] [stdout] 
[INFO] [stderr]      Running tests/bls.rs (/opt/rustwide/target/debug/deps/bls-4980f3e3fa23b728)
[INFO] [stdout] 
[INFO] [stdout] running 3 tests
[INFO] [stdout] test bls_wrong_message ... ok
[INFO] [stdout] test bls_general ... ok
[INFO] [stdout] test bls_aggregate ... ok
[INFO] [stdout] 
[INFO] [stdout] test result: ok. 3 passed; 0 failed; 0 ignored; 0 measured; 0 filtered out; finished in 0.17s
[INFO] [stdout] 
[INFO] [stderr]      Running tests/ed25519.rs (/opt/rustwide/target/debug/deps/ed25519-822e710a5ab2b301)
[INFO] [stdout] 
[INFO] [stdout] running 2 tests
[INFO] [stdout] test test_ed_sig ... ok
[INFO] [stdout] test test_invalid_ed25519 ... ok
[INFO] [stdout] 
[INFO] [stdout] test result: ok. 2 passed; 0 failed; 0 ignored; 0 measured; 0 filtered out; finished in 0.00s
[INFO] [stdout] 
[INFO] [stderr]      Running tests/falcon.rs (/opt/rustwide/target/debug/deps/falcon-de84fc98b2da8a21)
[INFO] [stdout] 
[INFO] [stdout] running 2 tests
[INFO] [stdout] test falcon512_general ... ok
[INFO] [stdout] test falcon512_wrong_message ... ok
[INFO] [stdout] 
[INFO] [stdout] test result: ok. 2 passed; 0 failed; 0 ignored; 0 measured; 0 filtered out; finished in 0.07s
[INFO] [stdout] 
[INFO] [stderr]      Running tests/new_tests.rs (/opt/rustwide/target/debug/deps/new_tests-6cc1125a71afad1d)
[INFO] [stdout] 
[INFO] [stdout] running 1 test
[INFO] [stdout] test tests::new_cert ... ok
[INFO] [stdout] 
[INFO] [stdout] test result: ok. 1 passed; 0 failed; 0 ignored; 0 measured; 0 filtered out; finished in 26.09s
[INFO] [stdout] 
[INFO] [stderr]      Running tests/sphincs.rs (/opt/rustwide/target/debug/deps/sphincs-50f498bb81ef71de)
[INFO] [stdout] 
[INFO] [stdout] running 2 tests
[INFO] [stdout] test sphincs_general ... ok
[INFO] [stdout] test sphincs_invalid_signature ... ok
[INFO] [stdout] 
[INFO] [stdout] test result: ok. 2 passed; 0 failed; 0 ignored; 0 measured; 0 filtered out; finished in 24.67s
[INFO] [stdout] 
[INFO] [stderr]    Doc-tests selenite
[INFO] [stderr] warning: variant `SPHINCS_PLUS` should have an upper camel case name
[INFO] [stderr]    --> src/crypto.rs:129:5
[INFO] [stderr]     |
[INFO] [stderr] 129 |     SPHINCS_PLUS,
[INFO] [stderr]     |     ^^^^^^^^^^^^ help: convert the identifier to upper camel case: `SphincsPlus`
[INFO] [stderr]     |
[INFO] [stderr]     = note: `#[warn(non_camel_case_types)]` on by default
[INFO] [stderr] 
[INFO] [stderr] warning: variant `SPHINCS_PLUS` should have an upper camel case name
[INFO] [stderr]   --> src/certificate.rs:50:5
[INFO] [stderr]    |
[INFO] [stderr] 50 |     SPHINCS_PLUS
[INFO] [stderr]    |     ^^^^^^^^^^^^ help: convert the identifier to upper camel case: `SphincsPlus`
[INFO] [stderr] 
[INFO] [stderr] warning: variant `CODE_SIGNING` should have an upper camel case name
[INFO] [stderr]   --> src/certificate.rs:59:5
[INFO] [stderr]    |
[INFO] [stderr] 59 |     CODE_SIGNING,
[INFO] [stderr]    |     ^^^^^^^^^^^^ help: convert the identifier to upper camel case: `CodeSigning`
[INFO] [stderr] 
[INFO] [stderr] warning: variant `DOCUMENT_SIGNING` should have an upper camel case name
[INFO] [stderr]   --> src/certificate.rs:60:5
[INFO] [stderr]    |
[INFO] [stderr] 60 |     DOCUMENT_SIGNING,
[INFO] [stderr]    |     ^^^^^^^^^^^^^^^^ help: convert the identifier to upper camel case: `DocumentSigning`
[INFO] [stderr] 
[INFO] [stderr] warning: 4 warnings emitted
[INFO] [stderr] 
[INFO] [stdout] 
[INFO] [stdout] running 9 tests
[INFO] [stdout] test src/certificate.rs - certificate::SeleniteCertificate::verify (line 428) ... FAILED
[INFO] [stdout] test src/certificate.rs - certificate::SeleniteCertificate::verify_fingerprint (line 340) ... FAILED
[INFO] [stdout] test src/crypto.rs - crypto::SphincsKeypair (line 242) ... FAILED
[INFO] [stdout] test src/certificate.rs - certificate::SeleniteCertificate::verify_fingerprint (line 353) ... FAILED
[INFO] [stdout] test src/random.rs - random::OsRandom (line 6) ... FAILED
[INFO] [stdout] test src/crypto.rs - crypto::ED25519Keypair (line 268) ... FAILED
[INFO] [stdout] test src/crypto.rs - crypto::Falcon512Keypair (line 334) ... ok
[INFO] [stdout] test src/crypto.rs - crypto::Falcon1024Keypair (line 309) ... ok
[INFO] [stdout] test src/crypto.rs - crypto (line 13) ... ok
[INFO] [stdout] 
[INFO] [stdout] failures:
[INFO] [stdout] 
[INFO] [stdout] ---- src/certificate.rs - certificate::SeleniteCertificate::verify (line 428) stdout ----
[INFO] [stdout] error[E0061]: this function takes 24 arguments but 0 arguments were supplied
[INFO] [stdout]    --> src/certificate.rs:433:27
[INFO] [stdout]     |
[INFO] [stdout] 7   |     let (cert, keypair) = SeleniteCertificate::new();
[INFO] [stdout]     |                           ^^^^^^^^^^^^^^^^^^^^^^^^-- multiple arguments are missing
[INFO] [stdout]     |
[INFO] [stdout] note: associated function defined here
[INFO] [stdout]    --> /opt/rustwide/workdir/src/certificate.rs:206:12
[INFO] [stdout]     |
[INFO] [stdout] 206 |     pub fn new(subject_name: String, subject_type: CertificateType, subject_username: Option<String>, key_usage: Vec<KeyUsage>, contact_e...
[INFO] [stdout]     |            ^^^
[INFO] [stdout] help: provide the arguments
[INFO] [stdout]     |
[INFO] [stdout] 7   |     let (cert, keypair) = SeleniteCertificate::new(/* std::string::String */, /* CertificateType */, /* Option<std::string::String> */, /* Vec<KeyUsage> */, /* Option<std::string::String> */, /* Option<std::string::String> */, /* Option<std::string::String> */, /* Option<std::string::String> */, /* Option<std::string::String> */, /* Option<std::string::String> */, /* Option<std::string::String> */, /* Option<std::string::String> */, /* Option<std::string::String> */, /* Option<std::string::String> */, /* Option<std::string::String> */, /* Option<std::string::String> */, /* Option<std::string::String> */, /* Option<std::string::String> */, /* Option<std::string::String> */, /* Option<std::string::String> */, /* Option<std::string::String> */, /* Option<std::string::String> */, /* Option<usize> */, /* Option<std::string::String> */);
[INFO] [stdout]     |                                                   ~~~~~~~~~~~~~~~~~~~~~~~~~~~~~~~~~~~~~~~~~~~~~~~~~~~~~~~~~~~~~~~~~~~~~~~~~~~~~~~~~~~~~~~~~~~~~~~~~~~~~~~~~~~~~~~~~~~~~~~~~~~~~~~~~~~~~~~~~~~~~~~~~~~~~~~~~~~~~~~~~~~~~~~~~~~~~~~~~~~~~~~~~~~~~~~~~~~~~~~~~~~~~~~~~~~~~~~~~~~~~~~~~~~~~~~~~~~~~~~~~~~~~~~~~~~~~~~~~~~~~~~~~~~~~~~~~~~~~~~~~~~~~~~~~~~~~~~~~~~~~~~~~~~~~~~~~~~~~~~~~~~~~~~~~~~~~~~~~~~~~~~~~~~~~~~~~~~~~~~~~~~~~~~~~~~~~~~~~~~~~~~~~~~~~~~~~~~~~~~~~~~~~~~~~~~~~~~~~~~~~~~~~~~~~~~~~~~~~~~~~~~~~~~~~~~~~~~~~~~~~~~~~~~~~~~~~~~~~~~~~~~~~~~~~~~~~~~~~~~~~~~~~~~~~~~~~~~~~~~~~~~~~~~~~~~~~~~~~~~~~~~~~~~~~~~~~~~~~~~~~~~~~~~~~~~~~~~~~~~~~~~~~~~~~~~~~~~~~~~~~~~~~~~~~~~~~~~~~~~~~~~~~~~~~~~~~~~~~~~~~~~~~~~~~~~~~~~~~~~~~~~~~~~~~~~~~~~~~~~~~~~~~~~~~~~~~~~~~~~~~~~~~~~~~~~~~~~~~~~~~~~~~~~~~~~~~~~~~~~~~~~~~~~~~~~~~~~~~~~~~~~~~~~~~~~~~~~~~~~~~~~~~~~~~~~~
[INFO] [stdout] 
[INFO] [stdout] error: aborting due to previous error
[INFO] [stdout] 
[INFO] [stdout] For more information about this error, try `rustc --explain E0061`.
[INFO] [stdout] Couldn't compile the test.
[INFO] [stdout] ---- src/certificate.rs - certificate::SeleniteCertificate::verify_fingerprint (line 340) stdout ----
[INFO] [stdout] error[E0599]: no function or associated item named `new_pow` found for struct `SeleniteCertificate` in the current scope
[INFO] [stdout]    --> src/certificate.rs:345:47
[INFO] [stdout]     |
[INFO] [stdout] 7   |     let (cert,keypair) = SeleniteCertificate::new_pow("WRLD");
[INFO] [stdout]     |                                               ^^^^^^^ function or associated item not found in `SeleniteCertificate`
[INFO] [stdout]     |
[INFO] [stdout] note: if you're trying to build a new `SeleniteCertificate`, consider using `SeleniteCertificate::deserialize` which returns `SeleniteCertificate`
[INFO] [stdout]    --> /opt/rustwide/workdir/src/certificate.rs:451:5
[INFO] [stdout]     |
[INFO] [stdout] 451 |     pub fn deserialize(yaml: &str) -> Self {
[INFO] [stdout]     |     ^^^^^^^^^^^^^^^^^^^^^^^^^^^^^^^^^^^^^^
[INFO] [stdout] 
[INFO] [stdout] error: aborting due to previous error
[INFO] [stdout] 
[INFO] [stdout] For more information about this error, try `rustc --explain E0599`.
[INFO] [stdout] Couldn't compile the test.
[INFO] [stdout] ---- src/crypto.rs - crypto::SphincsKeypair (line 242) stdout ----
[INFO] [stdout] error[E0599]: no method named `sign_str` found for struct `selenite::crypto::SphincsKeypair` in the current scope
[INFO] [stdout]   --> src/crypto.rs:251:27
[INFO] [stdout]    |
[INFO] [stdout] 11 |     let mut sig = keypair.sign_str("message_to_sign");
[INFO] [stdout]    |                           ^^^^^^^^ method not found in `SphincsKeypair`
[INFO] [stdout] 
[INFO] [stdout] error: aborting due to previous error
[INFO] [stdout] 
[INFO] [stdout] For more information about this error, try `rustc --explain E0599`.
[INFO] [stdout] Couldn't compile the test.
[INFO] [stdout] ---- src/certificate.rs - certificate::SeleniteCertificate::verify_fingerprint (line 353) stdout ----
[INFO] [stdout] error[E0061]: this function takes 24 arguments but 0 arguments were supplied
[INFO] [stdout]    --> src/certificate.rs:358:27
[INFO] [stdout]     |
[INFO] [stdout] 7   |     let (cert, keypair) = SeleniteCertificate::new();
[INFO] [stdout]     |                           ^^^^^^^^^^^^^^^^^^^^^^^^-- multiple arguments are missing
[INFO] [stdout]     |
[INFO] [stdout] note: associated function defined here
[INFO] [stdout]    --> /opt/rustwide/workdir/src/certificate.rs:206:12
[INFO] [stdout]     |
[INFO] [stdout] 206 |     pub fn new(subject_name: String, subject_type: CertificateType, subject_username: Option<String>, key_usage: Vec<KeyUsage>, contact_e...
[INFO] [stdout]     |            ^^^
[INFO] [stdout] help: provide the arguments
[INFO] [stdout]     |
[INFO] [stdout] 7   |     let (cert, keypair) = SeleniteCertificate::new(/* std::string::String */, /* CertificateType */, /* Option<std::string::String> */, /* Vec<KeyUsage> */, /* Option<std::string::String> */, /* Option<std::string::String> */, /* Option<std::string::String> */, /* Option<std::string::String> */, /* Option<std::string::String> */, /* Option<std::string::String> */, /* Option<std::string::String> */, /* Option<std::string::String> */, /* Option<std::string::String> */, /* Option<std::string::String> */, /* Option<std::string::String> */, /* Option<std::string::String> */, /* Option<std::string::String> */, /* Option<std::string::String> */, /* Option<std::string::String> */, /* Option<std::string::String> */, /* Option<std::string::String> */, /* Option<std::string::String> */, /* Option<usize> */, /* Option<std::string::String> */);
[INFO] [stdout]     |                                                   ~~~~~~~~~~~~~~~~~~~~~~~~~~~~~~~~~~~~~~~~~~~~~~~~~~~~~~~~~~~~~~~~~~~~~~~~~~~~~~~~~~~~~~~~~~~~~~~~~~~~~~~~~~~~~~~~~~~~~~~~~~~~~~~~~~~~~~~~~~~~~~~~~~~~~~~~~~~~~~~~~~~~~~~~~~~~~~~~~~~~~~~~~~~~~~~~~~~~~~~~~~~~~~~~~~~~~~~~~~~~~~~~~~~~~~~~~~~~~~~~~~~~~~~~~~~~~~~~~~~~~~~~~~~~~~~~~~~~~~~~~~~~~~~~~~~~~~~~~~~~~~~~~~~~~~~~~~~~~~~~~~~~~~~~~~~~~~~~~~~~~~~~~~~~~~~~~~~~~~~~~~~~~~~~~~~~~~~~~~~~~~~~~~~~~~~~~~~~~~~~~~~~~~~~~~~~~~~~~~~~~~~~~~~~~~~~~~~~~~~~~~~~~~~~~~~~~~~~~~~~~~~~~~~~~~~~~~~~~~~~~~~~~~~~~~~~~~~~~~~~~~~~~~~~~~~~~~~~~~~~~~~~~~~~~~~~~~~~~~~~~~~~~~~~~~~~~~~~~~~~~~~~~~~~~~~~~~~~~~~~~~~~~~~~~~~~~~~~~~~~~~~~~~~~~~~~~~~~~~~~~~~~~~~~~~~~~~~~~~~~~~~~~~~~~~~~~~~~~~~~~~~~~~~~~~~~~~~~~~~~~~~~~~~~~~~~~~~~~~~~~~~~~~~~~~~~~~~~~~~~~~~~~~~~~~~~~~~~~~~~~~~~~~~~~~~~~~~~~~~~~~~~~~~~~~~~~~~~~~~~~~~~~~~~~~~~
[INFO] [stdout] 
[INFO] [stdout] error[E0599]: no method named `verify_signature` found for struct `SeleniteCertificate` in the current scope
[INFO] [stdout]  --> src/certificate.rs:360:21
[INFO] [stdout]   |
[INFO] [stdout] 9 |     assert_eq!(cert.verify_signature(),true);
[INFO] [stdout]   |                     ^^^^^^^^^^^^^^^^ method not found in `SeleniteCertificate`
[INFO] [stdout] 
[INFO] [stdout] error: aborting due to 2 previous errors
[INFO] [stdout] 
[INFO] [stdout] Some errors have detailed explanations: E0061, E0599.
[INFO] [stdout] For more information about an error, try `rustc --explain E0061`.
[INFO] [stdout] Couldn't compile the test.
[INFO] [stdout] ---- src/random.rs - random::OsRandom (line 6) stdout ----
[INFO] [stdout] error[E0599]: no method named `expect` found for fn item `fn() -> Result<[u8; 32], getrandom::error::Error> {OsRandom::rand_32}` in the current scope
[INFO] [stdout]  --> src/random.rs:12:43
[INFO] [stdout]   |
[INFO] [stdout] 8 |     let randomness_32 = OsRandom::rand_32.expect("Failed To Get Randomness");
[INFO] [stdout]   |                                           ^^^^^^ method not found in `fn() -> Result<[u8; 32], Error> {OsRandom::rand_32}`
[INFO] [stdout]   |
[INFO] [stdout] help: use parentheses to call this associated function
[INFO] [stdout]   |
[INFO] [stdout] 8 |     let randomness_32 = OsRandom::rand_32().expect("Failed To Get Randomness");
[INFO] [stdout]   |                                          ++
[INFO] [stdout] 
[INFO] [stdout] error[E0599]: no method named `expect` found for fn item `fn() -> Result<[u8; 64], getrandom::error::Error> {OsRandom::rand_64}` in the current scope
[INFO] [stdout]   --> src/random.rs:14:43
[INFO] [stdout]    |
[INFO] [stdout] 10 |     let randomness_64 = OsRandom::rand_64.expect("Failed To Get Randomness");
[INFO] [stdout]    |                                           ^^^^^^ method not found in `fn() -> Result<[u8; 64], Error> {OsRandom::rand_64}`
[INFO] [stdout]    |
[INFO] [stdout] help: use parentheses to call this associated function
[INFO] [stdout]    |
[INFO] [stdout] 10 |     let randomness_64 = OsRandom::rand_64().expect("Failed To Get Randomness");
[INFO] [stdout]    |                                          ++
[INFO] [stdout] 
[INFO] [stdout] error[E0599]: no method named `expect` found for fn item `fn() -> Result<[u8; 128], getrandom::error::Error> {OsRandom::rand_128}` in the current scope
[INFO] [stdout]   --> src/random.rs:16:45
[INFO] [stdout]    |
[INFO] [stdout] 12 |     let randomness_128 = OsRandom::rand_128.expect("Failed To Get Randomness");
[INFO] [stdout]    |                                             ^^^^^^ method not found in `fn() -> Result<[u8; 128], Error> {OsRandom::rand_128}`
[INFO] [stdout]    |
[INFO] [stdout] help: use parentheses to call this associated function
[INFO] [stdout]    |
[INFO] [stdout] 12 |     let randomness_128 = OsRandom::rand_128().expect("Failed To Get Randomness");
[INFO] [stdout]    |                                            ++
[INFO] [stdout] 
[INFO] [stdout] error: aborting due to 3 previous errors
[INFO] [stdout] 
[INFO] [stdout] For more information about this error, try `rustc --explain E0599`.
[INFO] [stdout] Couldn't compile the test.
[INFO] [stdout] ---- src/crypto.rs - crypto::ED25519Keypair (line 268) stdout ----
[INFO] [stdout] error[E0433]: failed to resolve: use of undeclared type `ED25519`
[INFO] [stdout]  --> src/crypto.rs:273:19
[INFO] [stdout]   |
[INFO] [stdout] 7 |     let keypair = ED25519::new();
[INFO] [stdout]   |                   ^^^^^^^ use of undeclared type `ED25519`
[INFO] [stdout]   |
[INFO] [stdout] help: there is an enum variant `crate::KeypairAlgorithms::ED25519` and 1 other; try using the variant's enum
[INFO] [stdout]   |
[INFO] [stdout] 7 |     let keypair = crate::KeypairAlgorithms();
[INFO] [stdout]   |                   ~~~~~~~~~~~~~~~~~~~~~~~~
[INFO] [stdout] 7 |     let keypair = selenite::crypto::KeypairAlgorithms();
[INFO] [stdout]   |                   ~~~~~~~~~~~~~~~~~~~~~~~~~~~~~~~~~~~
[INFO] [stdout] 
[INFO] [stdout] error: aborting due to previous error
[INFO] [stdout] 
[INFO] [stdout] For more information about this error, try `rustc --explain E0433`.
[INFO] [stdout] Couldn't compile the test.
[INFO] [stdout] 
[INFO] [stdout] failures:
[INFO] [stdout]     src/certificate.rs - certificate::SeleniteCertificate::verify (line 428)
[INFO] [stdout]     src/certificate.rs - certificate::SeleniteCertificate::verify_fingerprint (line 340)
[INFO] [stdout]     src/certificate.rs - certificate::SeleniteCertificate::verify_fingerprint (line 353)
[INFO] [stdout]     src/crypto.rs - crypto::ED25519Keypair (line 268)
[INFO] [stdout]     src/crypto.rs - crypto::SphincsKeypair (line 242)
[INFO] [stdout]     src/random.rs - random::OsRandom (line 6)
[INFO] [stdout] 
[INFO] [stdout] test result: FAILED. 3 passed; 6 failed; 0 ignored; 0 measured; 0 filtered out; finished in 27.38s
[INFO] [stdout] 
[INFO] [stderr] error: doctest failed, to rerun pass `--doc`
[INFO] running `Command { std: "docker" "inspect" "8832cd5b71466938f4cfc080d77abda6e39f7988029184c18dd390c3ed06ce96", kill_on_drop: false }`
[INFO] running `Command { std: "docker" "rm" "-f" "8832cd5b71466938f4cfc080d77abda6e39f7988029184c18dd390c3ed06ce96", kill_on_drop: false }`
[INFO] [stdout] 8832cd5b71466938f4cfc080d77abda6e39f7988029184c18dd390c3ed06ce96
[INFO] testing selenite-0.6.0 against beta-2023-12-22 for beta-1.76-1
[INFO] extracting crate selenite 0.6.0 into /workspace/builds/worker-6-tc2/source
[INFO] validating manifest of crates.io crate selenite 0.6.0 on toolchain beta-2023-12-22
[INFO] running `Command { std: CARGO_HOME="/workspace/cargo-home" RUSTUP_HOME="/workspace/rustup-home" "/workspace/cargo-home/bin/cargo" "+beta-2023-12-22" "metadata" "--manifest-path" "Cargo.toml" "--no-deps", kill_on_drop: false }`
[INFO] started tweaking crates.io crate selenite 0.6.0
[INFO] finished tweaking crates.io crate selenite 0.6.0
[INFO] tweaked toml for crates.io crate selenite 0.6.0 written to /workspace/builds/worker-6-tc2/source/Cargo.toml
[INFO] crate crates.io crate selenite 0.6.0 already has a lockfile, it will not be regenerated
[INFO] running `Command { std: CARGO_HOME="/workspace/cargo-home" RUSTUP_HOME="/workspace/rustup-home" "/workspace/cargo-home/bin/cargo" "+beta-2023-12-22" "fetch" "--manifest-path" "Cargo.toml", kill_on_drop: false }`
[INFO] running `Command { std: "docker" "create" "-v" "/var/lib/crater-agent-workspace/builds/worker-6-tc2/target:/opt/rustwide/target:rw,Z" "-v" "/var/lib/crater-agent-workspace/builds/worker-6-tc2/source:/opt/rustwide/workdir:ro,Z" "-v" "/var/lib/crater-agent-workspace/cargo-home:/opt/rustwide/cargo-home:ro,Z" "-v" "/var/lib/crater-agent-workspace/rustup-home:/opt/rustwide/rustup-home:ro,Z" "-e" "SOURCE_DIR=/opt/rustwide/workdir" "-e" "CARGO_TARGET_DIR=/opt/rustwide/target" "-e" "CARGO_HOME=/opt/rustwide/cargo-home" "-e" "RUSTUP_HOME=/opt/rustwide/rustup-home" "-w" "/opt/rustwide/workdir" "-m" "1610612736" "--user" "0:0" "--network" "none" "ghcr.io/rust-lang/crates-build-env/linux@sha256:2788e3201cd34a07e3172128adcd8b3090168a8e3bcc40d7c032b9dda1df7d1c" "/opt/rustwide/cargo-home/bin/cargo" "+beta-2023-12-22" "metadata" "--no-deps" "--format-version=1", kill_on_drop: false }`
[INFO] [stdout] 555664f9e3d7b8da6aa4b1b19409c33336c4ab196cb588cb3081fb64202c10be
[INFO] running `Command { std: "docker" "start" "-a" "555664f9e3d7b8da6aa4b1b19409c33336c4ab196cb588cb3081fb64202c10be", kill_on_drop: false }`
[INFO] running `Command { std: "docker" "inspect" "555664f9e3d7b8da6aa4b1b19409c33336c4ab196cb588cb3081fb64202c10be", kill_on_drop: false }`
[INFO] running `Command { std: "docker" "rm" "-f" "555664f9e3d7b8da6aa4b1b19409c33336c4ab196cb588cb3081fb64202c10be", kill_on_drop: false }`
[INFO] [stdout] 555664f9e3d7b8da6aa4b1b19409c33336c4ab196cb588cb3081fb64202c10be
[INFO] running `Command { std: "docker" "create" "-v" "/var/lib/crater-agent-workspace/builds/worker-6-tc2/target:/opt/rustwide/target:rw,Z" "-v" "/var/lib/crater-agent-workspace/builds/worker-6-tc2/source:/opt/rustwide/workdir:ro,Z" "-v" "/var/lib/crater-agent-workspace/cargo-home:/opt/rustwide/cargo-home:ro,Z" "-v" "/var/lib/crater-agent-workspace/rustup-home:/opt/rustwide/rustup-home:ro,Z" "-e" "SOURCE_DIR=/opt/rustwide/workdir" "-e" "CARGO_TARGET_DIR=/opt/rustwide/target" "-e" "CARGO_INCREMENTAL=0" "-e" "RUST_BACKTRACE=full" "-e" "RUSTFLAGS=--cap-lints=warn" "-e" "RUSTDOCFLAGS=--cap-lints=warn" "-e" "CARGO_HOME=/opt/rustwide/cargo-home" "-e" "RUSTUP_HOME=/opt/rustwide/rustup-home" "-w" "/opt/rustwide/workdir" "-m" "1610612736" "--user" "0:0" "--network" "none" "ghcr.io/rust-lang/crates-build-env/linux@sha256:2788e3201cd34a07e3172128adcd8b3090168a8e3bcc40d7c032b9dda1df7d1c" "/opt/rustwide/cargo-home/bin/cargo" "+beta-2023-12-22" "build" "--frozen" "--message-format=json", kill_on_drop: false }`
[INFO] [stdout] 49ad07ed111008a46ffa34933a7235b79c608586c4fc45b94275029bebf5cb99
[INFO] running `Command { std: "docker" "start" "-a" "49ad07ed111008a46ffa34933a7235b79c608586c4fc45b94275029bebf5cb99", kill_on_drop: false }`
[INFO] [stderr]    Compiling libc v0.2.101
[INFO] [stderr]    Compiling autocfg v1.0.1
[INFO] [stderr]    Compiling proc-macro2 v1.0.24
[INFO] [stderr]    Compiling unicode-xid v0.2.1
[INFO] [stderr]    Compiling cfg-if v1.0.0
[INFO] [stderr]    Compiling syn v1.0.60
[INFO] [stderr]    Compiling version_check v0.9.3
[INFO] [stderr]    Compiling typenum v1.14.0
[INFO] [stderr]    Compiling subtle v2.4.1
[INFO] [stderr]    Compiling radium v0.6.2
[INFO] [stderr]    Compiling const_fn v0.4.5
[INFO] [stderr]    Compiling generic-array v0.14.4
[INFO] [stderr]    Compiling crossbeam-utils v0.8.1
[INFO] [stderr]    Compiling memoffset v0.6.1
[INFO] [stderr]    Compiling lazy_static v1.4.0
[INFO] [stderr]    Compiling serde_derive v1.0.123
[INFO] [stderr]    Compiling byteorder v1.4.2
[INFO] [stderr]    Compiling getrandom v0.1.16
[INFO] [stderr]    Compiling tap v1.0.1
[INFO] [stderr]    Compiling wyz v0.4.0
[INFO] [stderr]    Compiling glob v0.3.0
[INFO] [stderr]    Compiling serde v1.0.123
[INFO] [stderr]    Compiling funty v1.2.0
[INFO] [stderr]    Compiling quote v1.0.9
[INFO] [stderr]    Compiling jobserver v0.1.21
[INFO] [stderr]    Compiling cc v1.0.66
[INFO] [stderr]    Compiling bitvec v0.22.3
[INFO] [stderr]    Compiling rand_core v0.6.3
[INFO] [stderr]    Compiling rayon-core v1.9.0
[INFO] [stderr]    Compiling scopeguard v1.1.0
[INFO] [stderr]    Compiling rand_core v0.5.1
[INFO] [stderr]    Compiling num-traits v0.2.14
[INFO] [stderr]    Compiling digest v0.9.0
[INFO] [stderr]    Compiling tinyvec_macros v0.1.0
[INFO] [stderr]    Compiling crossbeam-epoch v0.9.1
[INFO] [stderr]    Compiling block-buffer v0.9.0
[INFO] [stderr]    Compiling tinyvec v1.3.1
[INFO] [stderr]    Compiling crypto-mac v0.11.1
[INFO] [stderr]    Compiling crossbeam-channel v0.5.0
[INFO] [stderr]    Compiling num_cpus v1.13.0
[INFO] [stderr]    Compiling crossbeam-deque v0.8.0
[INFO] [stderr]    Compiling rayon v1.5.0
[INFO] [stderr]    Compiling num-integer v0.1.44
[INFO] [stderr]    Compiling opaque-debug v0.3.0
[INFO] [stderr]    Compiling matches v0.1.9
[INFO] [stderr]    Compiling cpufeatures v0.2.1
[INFO] [stderr]    Compiling ppv-lite86 v0.2.10
[INFO] [stderr]    Compiling arrayvec v0.4.12
[INFO] [stderr]    Compiling sha2 v0.9.8
[INFO] [stderr]    Compiling unicode-normalization v0.1.19
[INFO] [stderr]    Compiling pqcrypto-sphincsplus v0.6.0
[INFO] [stderr]    Compiling rand_chacha v0.2.2
[INFO] [stderr]    Compiling ff v0.11.0
[INFO] [stderr]    Compiling pqcrypto-falcon v0.2.4
[INFO] [stderr]    Compiling group v0.11.0
[INFO] [stderr]    Compiling pairing v0.21.0
[INFO] [stderr]    Compiling hmac v0.11.0
[INFO] [stderr]    Compiling linked-hash-map v0.5.4
[INFO] [stderr]    Compiling log v0.4.14
[INFO] [stderr]    Compiling unicode-bidi v0.3.6
[INFO] [stderr]    Compiling nodrop v0.1.14
[INFO] [stderr]    Compiling percent-encoding v2.1.0
[INFO] [stderr]    Compiling pqcrypto-traits v0.3.3
[INFO] [stderr]    Compiling either v1.6.1
[INFO] [stderr]    Compiling signature v1.3.1
[INFO] [stderr]    Compiling ed25519 v1.2.0
[INFO] [stderr]    Compiling form_urlencoded v1.0.1
[INFO] [stderr]    Compiling idna v0.2.3
[INFO] [stderr]    Compiling yaml-rust v0.4.5
[INFO] [stderr]    Compiling hkdf v0.11.0
[INFO] [stderr]    Compiling bls12_381 v0.6.0
[INFO] [stderr]    Compiling rand v0.7.3
[INFO] [stderr]    Compiling time v0.1.44
[INFO] [stderr]    Compiling synstructure v0.12.5
[INFO] [stderr]    Compiling dtoa v0.4.7
[INFO] [stderr]    Compiling constant_time_eq v0.1.5
[INFO] [stderr]    Compiling rustc-serialize v0.3.24
[INFO] [stderr]    Compiling blake2-rfc v0.2.18
[INFO] [stdout] error[E0310]: the parameter type `T` may not live long enough
[INFO] [stdout]     --> /opt/rustwide/cargo-home/registry/src/index.crates.io-6f17d22bba15001f/rustc-serialize-0.3.24/src/serialize.rs:1155:5
[INFO] [stdout]      |
[INFO] [stdout] 1155 |     fn decode<D: Decoder>(d: &mut D) -> Result<Cow<'static, T>, D::Error> {
[INFO] [stdout]      |     ^^^^^^^^^^^^^^^^^^^^^^^^^^^^^^^^^^^^^^^^^^^^^^^^^^^^^^^^^^^^^^^^^^^^^
[INFO] [stdout]      |     |
[INFO] [stdout]      |     the parameter type `T` must be valid for the static lifetime...
[INFO] [stdout]      |     ...so that the type `T` will meet its required lifetime bounds...
[INFO] [stdout]      |
[INFO] [stdout] note: ...that is required by this bound
[INFO] [stdout]     --> /rustc/0e09125c6c3c2fd70d7de961bcf0e51575235fad/library/alloc/src/borrow.rs:180:30
[INFO] [stdout] help: consider adding an explicit lifetime bound
[INFO] [stdout]      |
[INFO] [stdout] 1151 | impl<'a, T: ?Sized + 'static> Decodable for Cow<'a, T>
[INFO] [stdout]      |                    +++++++++
[INFO] [stdout] 
[INFO] [stdout] 
[INFO] [stderr]    Compiling url v2.2.2
[INFO] [stderr]    Compiling getrandom v0.2.3
[INFO] [stderr]    Compiling base64 v0.13.0
[INFO] [stderr]    Compiling hex v0.4.2
[INFO] [stderr]    Compiling base32 v0.4.0
[INFO] [stdout] error: aborting due to 1 previous error
[INFO] [stdout] 
[INFO] [stdout] 
[INFO] [stdout] For more information about this error, try `rustc --explain E0310`.
[INFO] [stdout] 
[INFO] [stderr] error: could not compile `rustc-serialize` (lib) due to 2 previous errors
[INFO] [stderr] warning: build failed, waiting for other jobs to finish...
[INFO] running `Command { std: "docker" "inspect" "49ad07ed111008a46ffa34933a7235b79c608586c4fc45b94275029bebf5cb99", kill_on_drop: false }`
[INFO] running `Command { std: "docker" "rm" "-f" "49ad07ed111008a46ffa34933a7235b79c608586c4fc45b94275029bebf5cb99", kill_on_drop: false }`
[INFO] [stdout] 49ad07ed111008a46ffa34933a7235b79c608586c4fc45b94275029bebf5cb99
