[INFO] fetching crate rusted_pipe 0.0.2...
[INFO] testing rusted_pipe-0.0.2 against 1.75.0 for beta-1.76-1
[INFO] extracting crate rusted_pipe 0.0.2 into /workspace/builds/worker-0-tc1/source
[INFO] validating manifest of crates.io crate rusted_pipe 0.0.2 on toolchain 1.75.0
[INFO] running `Command { std: CARGO_HOME="/workspace/cargo-home" RUSTUP_HOME="/workspace/rustup-home" "/workspace/cargo-home/bin/cargo" "+1.75.0" "metadata" "--manifest-path" "Cargo.toml" "--no-deps", kill_on_drop: false }`
[INFO] started tweaking crates.io crate rusted_pipe 0.0.2
[INFO] finished tweaking crates.io crate rusted_pipe 0.0.2
[INFO] tweaked toml for crates.io crate rusted_pipe 0.0.2 written to /workspace/builds/worker-0-tc1/source/Cargo.toml
[INFO] running `Command { std: CARGO_HOME="/workspace/cargo-home" RUSTUP_HOME="/workspace/rustup-home" "/workspace/cargo-home/bin/cargo" "+1.75.0" "generate-lockfile" "--manifest-path" "Cargo.toml", kill_on_drop: false }`
[INFO] [stderr]     Updating crates.io index
[INFO] running `Command { std: CARGO_HOME="/workspace/cargo-home" RUSTUP_HOME="/workspace/rustup-home" "/workspace/cargo-home/bin/cargo" "+1.75.0" "fetch" "--manifest-path" "Cargo.toml", kill_on_drop: false }`
[INFO] [stderr]  Downloading crates ...
[INFO] [stderr]   Downloaded ringbuffer v0.11.1
[INFO] [stderr]   Downloaded prometheus_exporter v0.8.5
[INFO] [stderr]   Downloaded pyroscope_pprofrs v0.2.7
[INFO] [stderr]   Downloaded rusty_pool v0.7.0
[INFO] [stderr]   Downloaded tiny_http v0.10.0
[INFO] [stderr]   Downloaded http-body-util v0.1.0-rc.2
[INFO] running `Command { std: "docker" "create" "-v" "/var/lib/crater-agent-workspace/builds/worker-0-tc1/target:/opt/rustwide/target:rw,Z" "-v" "/var/lib/crater-agent-workspace/builds/worker-0-tc1/source:/opt/rustwide/workdir:ro,Z" "-v" "/var/lib/crater-agent-workspace/cargo-home:/opt/rustwide/cargo-home:ro,Z" "-v" "/var/lib/crater-agent-workspace/rustup-home:/opt/rustwide/rustup-home:ro,Z" "-e" "SOURCE_DIR=/opt/rustwide/workdir" "-e" "CARGO_TARGET_DIR=/opt/rustwide/target" "-e" "CARGO_HOME=/opt/rustwide/cargo-home" "-e" "RUSTUP_HOME=/opt/rustwide/rustup-home" "-w" "/opt/rustwide/workdir" "-m" "1610612736" "--user" "0:0" "--network" "none" "ghcr.io/rust-lang/crates-build-env/linux@sha256:2788e3201cd34a07e3172128adcd8b3090168a8e3bcc40d7c032b9dda1df7d1c" "/opt/rustwide/cargo-home/bin/cargo" "+1.75.0" "metadata" "--no-deps" "--format-version=1", kill_on_drop: false }`
[INFO] [stdout] 05a95c6db2d5e59cb55650d659ed6267ca6589bc92a42d85d172097c320c4798
[INFO] running `Command { std: "docker" "start" "-a" "05a95c6db2d5e59cb55650d659ed6267ca6589bc92a42d85d172097c320c4798", kill_on_drop: false }`
[INFO] running `Command { std: "docker" "inspect" "05a95c6db2d5e59cb55650d659ed6267ca6589bc92a42d85d172097c320c4798", kill_on_drop: false }`
[INFO] running `Command { std: "docker" "rm" "-f" "05a95c6db2d5e59cb55650d659ed6267ca6589bc92a42d85d172097c320c4798", kill_on_drop: false }`
[INFO] [stdout] 05a95c6db2d5e59cb55650d659ed6267ca6589bc92a42d85d172097c320c4798
[INFO] running `Command { std: "docker" "create" "-v" "/var/lib/crater-agent-workspace/builds/worker-0-tc1/target:/opt/rustwide/target:rw,Z" "-v" "/var/lib/crater-agent-workspace/builds/worker-0-tc1/source:/opt/rustwide/workdir:ro,Z" "-v" "/var/lib/crater-agent-workspace/cargo-home:/opt/rustwide/cargo-home:ro,Z" "-v" "/var/lib/crater-agent-workspace/rustup-home:/opt/rustwide/rustup-home:ro,Z" "-e" "SOURCE_DIR=/opt/rustwide/workdir" "-e" "CARGO_TARGET_DIR=/opt/rustwide/target" "-e" "CARGO_INCREMENTAL=0" "-e" "RUST_BACKTRACE=full" "-e" "RUSTFLAGS=--cap-lints=warn" "-e" "RUSTDOCFLAGS=--cap-lints=warn" "-e" "CARGO_HOME=/opt/rustwide/cargo-home" "-e" "RUSTUP_HOME=/opt/rustwide/rustup-home" "-w" "/opt/rustwide/workdir" "-m" "1610612736" "--user" "0:0" "--network" "none" "ghcr.io/rust-lang/crates-build-env/linux@sha256:2788e3201cd34a07e3172128adcd8b3090168a8e3bcc40d7c032b9dda1df7d1c" "/opt/rustwide/cargo-home/bin/cargo" "+1.75.0" "build" "--frozen" "--message-format=json", kill_on_drop: false }`
[INFO] [stdout] a61a87a7b30e323f761687e884527ba6c33fa492e3b8e1dda877186c3bd23256
[INFO] running `Command { std: "docker" "start" "-a" "a61a87a7b30e323f761687e884527ba6c33fa492e3b8e1dda877186c3bd23256", kill_on_drop: false }`
[INFO] [stderr]    Compiling cfg-if v1.0.0
[INFO] [stderr]    Compiling libc v0.2.151
[INFO] [stderr]    Compiling syn v1.0.109
[INFO] [stderr]    Compiling fnv v1.0.7
[INFO] [stderr]    Compiling itoa v1.0.10
[INFO] [stderr]    Compiling bytes v1.5.0
[INFO] [stderr]    Compiling futures-sink v0.3.30
[INFO] [stderr]    Compiling futures-core v0.3.30
[INFO] [stderr]    Compiling once_cell v1.19.0
[INFO] [stderr]    Compiling version_check v0.9.4
[INFO] [stderr]    Compiling futures-channel v0.3.30
[INFO] [stderr]    Compiling strsim v0.10.0
[INFO] [stderr]    Compiling tinyvec_macros v0.1.1
[INFO] [stderr]    Compiling spin v0.9.8
[INFO] [stderr]    Compiling futures-util v0.3.30
[INFO] [stderr]    Compiling untrusted v0.9.0
[INFO] [stderr]    Compiling proc-macro-error-attr v1.0.4
[INFO] [stderr]    Compiling http v0.2.11
[INFO] [stderr]    Compiling tinyvec v1.6.0
[INFO] [stderr]    Compiling tracing-core v0.1.32
[INFO] [stderr]    Compiling crossbeam-utils v0.8.18
[INFO] [stderr]    Compiling percent-encoding v2.3.1
[INFO] [stderr]    Compiling form_urlencoded v1.2.1
[INFO] [stderr]    Compiling cc v1.0.83
[INFO] [stderr]    Compiling tracing v0.1.40
[INFO] [stderr]    Compiling proc-macro-error v1.0.4
[INFO] [stderr]    Compiling unicode-normalization v0.1.22
[INFO] [stderr]    Compiling lock_api v0.4.11
[INFO] [stderr]    Compiling parking_lot_core v0.9.9
[INFO] [stderr]    Compiling hashbrown v0.14.3
[INFO] [stderr]    Compiling semver v1.0.21
[INFO] [stderr]    Compiling getrandom v0.2.11
[INFO] [stderr]    Compiling num_cpus v1.16.0
[INFO] [stderr]    Compiling socket2 v0.5.5
[INFO] [stderr]    Compiling mio v0.8.10
[INFO] [stderr]    Compiling httparse v1.8.0
[INFO] [stderr]    Compiling thiserror v1.0.56
[INFO] [stderr]    Compiling unicode-bidi v0.3.14
[INFO] [stderr]    Compiling equivalent v1.0.1
[INFO] [stderr]    Compiling rustls v0.21.10
[INFO] [stderr]    Compiling ring v0.17.7
[INFO] [stderr]    Compiling indexmap v2.1.0
[INFO] [stderr]    Compiling tokio v1.35.1
[INFO] [stderr]    Compiling idna v0.5.0
[INFO] [stderr]    Compiling thiserror-impl v1.0.56
[INFO] [stderr]    Compiling indexmap v1.9.3
[INFO] [stderr]    Compiling num-traits v0.2.17
[INFO] [stderr]    Compiling bitflags v1.3.2
[INFO] [stderr]    Compiling try-lock v0.2.5
[INFO] [stderr]    Compiling anyhow v1.0.79
[INFO] [stderr]    Compiling smallvec v1.11.2
[INFO] [stderr]    Compiling ident_case v1.0.1
[INFO] [stderr]    Compiling serde v1.0.194
[INFO] [stderr]    Compiling scopeguard v1.2.0
[INFO] [stderr]    Compiling darling_core v0.14.4
[INFO] [stderr]    Compiling want v0.3.1
[INFO] [stderr]    Compiling url v2.5.0
[INFO] [stderr]    Compiling rand_core v0.6.4
[INFO] [stderr]    Compiling http-body v0.4.6
[INFO] [stderr]    Compiling ppv-lite86 v0.2.17
[INFO] [stderr]    Compiling os_str_bytes v6.6.1
[INFO] [stderr]    Compiling uuid v1.6.1
[INFO] [stderr]    Compiling httpdate v1.0.3
[INFO] [stderr]    Compiling heck v0.4.1
[INFO] [stderr]    Compiling hashbrown v0.12.3
[INFO] [stderr]    Compiling cpp_demangle v0.4.3
[INFO] [stderr]    Compiling either v1.9.0
[INFO] [stderr]    Compiling crc32fast v1.3.2
[INFO] [stderr]    Compiling rustix v0.38.28
[INFO] [stderr]    Compiling tower-service v0.3.2
[INFO] [stderr]    Compiling itertools v0.10.5
[INFO] [stderr]    Compiling tokio-util v0.7.10
[INFO] [stderr]    Compiling debugid v0.8.0
[INFO] [stderr]    Compiling clap_lex v0.2.4
[INFO] [stderr]    Compiling rand_chacha v0.3.1
[INFO] [stderr]    Compiling rustc_version v0.4.0
[INFO] [stderr]    Compiling h2 v0.3.22
[INFO] [stderr]    Compiling clap_derive v3.2.25
[INFO] [stderr]    Compiling darling_macro v0.14.4
[INFO] [stderr]    Compiling rustls-webpki v0.101.7
[INFO] [stderr]    Compiling sct v0.7.1
[INFO] [stderr]    Compiling parking_lot v0.12.1
[INFO] [stderr]    Compiling backtrace v0.3.69
[INFO] [stderr]    Compiling findshlibs v0.10.2
[INFO] [stderr]    Compiling memmap2 v0.9.3
[INFO] [stderr]    Compiling atty v0.2.14
[INFO] [stderr]    Compiling aho-corasick v1.1.2
[INFO] [stderr]    Compiling ryu v1.0.16
[INFO] [stderr]    Compiling linux-raw-sys v0.4.12
[INFO] [stderr]    Compiling regex-syntax v0.8.2
[INFO] [stderr]    Compiling termcolor v1.4.0
[INFO] [stderr]    Compiling hyper v0.14.28
[INFO] [stderr]    Compiling stable_deref_trait v1.2.0
[INFO] [stderr]    Compiling adler v1.0.2
[INFO] [stderr]    Compiling winapi v0.3.9
[INFO] [stderr]    Compiling protobuf v2.28.0
[INFO] [stderr]    Compiling time-core v0.1.2
[INFO] [stderr]    Compiling names v0.14.0
[INFO] [stderr]    Compiling rustc-demangle v0.1.23
[INFO] [stderr]    Compiling rle-decode-fast v1.0.3
[INFO] [stderr]    Compiling bitflags v2.4.1
[INFO] [stderr]    Compiling symbolic-demangle v12.8.0
[INFO] [stderr]    Compiling powerfmt v0.2.0
[INFO] [stderr]    Compiling base64 v0.21.5
[INFO] [stderr]    Compiling tokio-rustls v0.24.1
[INFO] [stderr]    Compiling textwrap v0.16.0
[INFO] [stderr]    Compiling gimli v0.28.1
[INFO] [stderr]    Compiling rustls-pemfile v1.0.4
[INFO] [stderr]    Compiling regex-automata v0.4.3
[INFO] [stderr]    Compiling clap v3.2.25
[INFO] [stderr]    Compiling deranged v0.3.11
[INFO] [stderr]    Compiling hyper-rustls v0.24.2
[INFO] [stderr]    Compiling libflate_lz77 v1.2.0
[INFO] [stderr]    Compiling addr2line v0.21.0
[INFO] [stderr]    Compiling time-macros v0.2.16
[INFO] [stderr]    Compiling miniz_oxide v0.7.1
[INFO] [stderr]    Compiling symbolic-common v12.8.0
[INFO] [stderr]    Compiling serde_urlencoded v0.7.1
[INFO] [stderr]    Compiling prost-derive v0.11.9
[INFO] [stderr]    Compiling darling v0.14.4
[INFO] [stderr]    Compiling rstest_macros v0.16.0
[INFO] [stderr]    Compiling rand v0.8.5
[INFO] [stderr]    Compiling futures-executor v0.3.30
[INFO] [stderr]    Compiling encoding_rs v0.8.33
[INFO] [stderr]    Compiling object v0.32.2
[INFO] [stderr]    Compiling mime v0.3.17
[INFO] [stderr]    Compiling typewit_proc_macros v1.8.1
[INFO] [stderr]    Compiling lazy_static v1.4.0
[INFO] [stderr]    Compiling webpki-roots v0.25.3
[INFO] [stderr]    Compiling predicates-core v1.0.6
[INFO] [stderr]    Compiling prometheus v0.13.3
[INFO] [stderr]    Compiling ipnet v2.9.0
[INFO] [stderr]    Compiling adler32 v1.2.0
[INFO] [stderr]    Compiling pprof v0.12.1
[INFO] [stderr]    Compiling fastrand v2.0.1
[INFO] [stderr]    Compiling reqwest v0.11.23
[INFO] [stderr]    Compiling tempfile v3.9.0
[INFO] [stderr]    Compiling prost v0.11.9
[INFO] [stderr]    Compiling libflate v1.4.0
[INFO] [stderr]    Compiling typewit v1.8.0
[INFO] [stderr]    Compiling time v0.3.31
[INFO] [stderr]    Compiling futures v0.3.30
[INFO] [stderr]    Compiling derive_builder_core v0.12.0
[INFO] [stderr]    Compiling regex v1.10.2
[INFO] [stderr]    Compiling float-cmp v0.9.0
[INFO] [stderr]    Compiling nix v0.26.4
[INFO] [stderr]    Compiling crossbeam-epoch v0.9.17
[INFO] [stderr]    Compiling crossbeam-channel v0.5.10
[INFO] [stderr]    Compiling paste v1.0.14
[INFO] [stderr]    Compiling json v0.12.4
[INFO] [stderr]    Compiling termtree v0.4.1
[INFO] [stderr]    Compiling ascii v1.1.0
[INFO] [stderr]    Compiling difflib v0.4.0
[INFO] [stderr]    Compiling normalize-line-endings v0.3.0
[INFO] [stderr]    Compiling chunked_transfer v1.5.0
[INFO] [stderr]    Compiling predicates v2.1.5
[INFO] [stderr]    Compiling tiny_http v0.10.0
[INFO] [stderr]    Compiling pyroscope v0.5.7
[INFO] [stderr]    Compiling predicates-tree v1.0.9
[INFO] [stderr]    Compiling derive_builder_macro v0.12.0
[INFO] [stderr]    Compiling crossbeam-deque v0.8.4
[INFO] [stderr]    Compiling const_panic v0.2.8
[INFO] [stderr]    Compiling mockall_derive v0.11.4
[INFO] [stderr]    Compiling crossbeam-queue v0.3.10
[INFO] [stderr]    Compiling http-body v1.0.0-rc.2
[INFO] [stderr]    Compiling downcast v0.11.0
[INFO] [stderr]    Compiling fragile v2.0.0
[INFO] [stderr]    Compiling futures-timer v3.0.2
[INFO] [stderr]    Compiling http-body-util v0.1.0-rc.2
[INFO] [stderr]    Compiling crossbeam v0.8.3
[INFO] [stderr]    Compiling derive_builder v0.12.0
[INFO] [stderr]    Compiling prometheus_exporter v0.8.5
[INFO] [stderr]    Compiling ringbuffer v0.11.1
[INFO] [stderr]    Compiling pyroscope_pprofrs v0.2.7
[INFO] [stderr]    Compiling rusty_pool v0.7.0
[INFO] [stderr]    Compiling approx v0.4.0
[INFO] [stderr]    Compiling mockall_double v0.2.1
[INFO] [stderr]    Compiling derive-new v0.5.9
[INFO] [stderr]    Compiling atomic v0.5.3
[INFO] [stderr]    Compiling rstest v0.16.0
[INFO] [stderr]    Compiling mockall v0.11.4
[INFO] [stderr]    Compiling rusted_pipe v0.0.2 (/opt/rustwide/workdir)
[INFO] [stderr]     Finished dev [unoptimized + debuginfo] target(s) in 53.68s
[INFO] running `Command { std: "docker" "inspect" "a61a87a7b30e323f761687e884527ba6c33fa492e3b8e1dda877186c3bd23256", kill_on_drop: false }`
[INFO] running `Command { std: "docker" "rm" "-f" "a61a87a7b30e323f761687e884527ba6c33fa492e3b8e1dda877186c3bd23256", kill_on_drop: false }`
[INFO] [stdout] a61a87a7b30e323f761687e884527ba6c33fa492e3b8e1dda877186c3bd23256
[INFO] running `Command { std: "docker" "create" "-v" "/var/lib/crater-agent-workspace/builds/worker-0-tc1/target:/opt/rustwide/target:rw,Z" "-v" "/var/lib/crater-agent-workspace/builds/worker-0-tc1/source:/opt/rustwide/workdir:ro,Z" "-v" "/var/lib/crater-agent-workspace/cargo-home:/opt/rustwide/cargo-home:ro,Z" "-v" "/var/lib/crater-agent-workspace/rustup-home:/opt/rustwide/rustup-home:ro,Z" "-e" "SOURCE_DIR=/opt/rustwide/workdir" "-e" "CARGO_TARGET_DIR=/opt/rustwide/target" "-e" "CARGO_INCREMENTAL=0" "-e" "RUST_BACKTRACE=full" "-e" "RUSTFLAGS=--cap-lints=warn" "-e" "RUSTDOCFLAGS=--cap-lints=warn" "-e" "CARGO_HOME=/opt/rustwide/cargo-home" "-e" "RUSTUP_HOME=/opt/rustwide/rustup-home" "-w" "/opt/rustwide/workdir" "-m" "1610612736" "--user" "0:0" "--network" "none" "ghcr.io/rust-lang/crates-build-env/linux@sha256:2788e3201cd34a07e3172128adcd8b3090168a8e3bcc40d7c032b9dda1df7d1c" "/opt/rustwide/cargo-home/bin/cargo" "+1.75.0" "test" "--frozen" "--no-run" "--message-format=json", kill_on_drop: false }`
[INFO] [stdout] 07c687ea39eb02ad3c4b5e42c63fed82cf202587de64b060095de073c3ee2181
[INFO] running `Command { std: "docker" "start" "-a" "07c687ea39eb02ad3c4b5e42c63fed82cf202587de64b060095de073c3ee2181", kill_on_drop: false }`
[INFO] [stderr]    Compiling rusted_pipe v0.0.2 (/opt/rustwide/workdir)
[INFO] [stderr]     Finished test [unoptimized + debuginfo] target(s) in 6.31s
[INFO] running `Command { std: "docker" "inspect" "07c687ea39eb02ad3c4b5e42c63fed82cf202587de64b060095de073c3ee2181", kill_on_drop: false }`
[INFO] running `Command { std: "docker" "rm" "-f" "07c687ea39eb02ad3c4b5e42c63fed82cf202587de64b060095de073c3ee2181", kill_on_drop: false }`
[INFO] [stdout] 07c687ea39eb02ad3c4b5e42c63fed82cf202587de64b060095de073c3ee2181
[INFO] running `Command { std: "docker" "create" "-v" "/var/lib/crater-agent-workspace/builds/worker-0-tc1/target:/opt/rustwide/target:rw,Z" "-v" "/var/lib/crater-agent-workspace/builds/worker-0-tc1/source:/opt/rustwide/workdir:ro,Z" "-v" "/var/lib/crater-agent-workspace/cargo-home:/opt/rustwide/cargo-home:ro,Z" "-v" "/var/lib/crater-agent-workspace/rustup-home:/opt/rustwide/rustup-home:ro,Z" "-e" "SOURCE_DIR=/opt/rustwide/workdir" "-e" "CARGO_TARGET_DIR=/opt/rustwide/target" "-e" "CARGO_INCREMENTAL=0" "-e" "RUST_BACKTRACE=full" "-e" "RUSTFLAGS=--cap-lints=warn" "-e" "RUSTDOCFLAGS=--cap-lints=warn" "-e" "CARGO_HOME=/opt/rustwide/cargo-home" "-e" "RUSTUP_HOME=/opt/rustwide/rustup-home" "-w" "/opt/rustwide/workdir" "-m" "1610612736" "--user" "0:0" "--network" "none" "ghcr.io/rust-lang/crates-build-env/linux@sha256:2788e3201cd34a07e3172128adcd8b3090168a8e3bcc40d7c032b9dda1df7d1c" "/opt/rustwide/cargo-home/bin/cargo" "+1.75.0" "test" "--frozen", kill_on_drop: false }`
[INFO] [stdout] fc776b14c810e14cd59a65c3601fe654e0e628791da5e34145dbfb6c9a570574
[INFO] running `Command { std: "docker" "start" "-a" "fc776b14c810e14cd59a65c3601fe654e0e628791da5e34145dbfb6c9a570574", kill_on_drop: false }`
[INFO] [stderr]     Finished test [unoptimized + debuginfo] target(s) in 0.10s
[INFO] [stderr]      Running unittests src/lib.rs (/opt/rustwide/target/debug/deps/rusted_pipe-0668e8617a80a23d)
[INFO] [stdout] 
[INFO] [stdout] running 28 tests
[INFO] [stdout] test buffers::single_buffers::fixed_size_buffer_tests::test_buffer_contains_key_returns_expected_FixedSizeBTree ... ok
[INFO] [stdout] test buffers::single_buffers::fixed_size_buffer_tests::test_buffer_contains_key_returns_expected_RtRingBuffer ... ok
[INFO] [stdout] test buffers::single_buffers::fixed_size_buffer_tests::test_buffer_get_returns_expected_data_RtRingBuffer ... ok
[INFO] [stdout] test buffers::single_buffers::fixed_size_buffer_tests::test_buffer_get_returns_expected_data_FixedSizeBTree ... ok
[INFO] [stdout] test buffers::single_buffers::fixed_size_buffer_tests::test_buffer_insert_returns_errr_if_full_and_block_FixedSizeBTree ... ok
[INFO] [stdout] test buffers::single_buffers::fixed_size_buffer_tests::test_buffer_insert_returns_errr_if_full_and_block_RtRingBuffer ... ok
[INFO] [stdout] test buffers::single_buffers::fixed_size_buffer_tests::test_buffer_inserts_and_drops_data_if_past_capacity_FixedSizeBTree ... ok
[INFO] [stdout] test buffers::single_buffers::fixed_size_buffer_tests::test_buffer_inserts_and_drops_data_if_past_capacity_RtRingBuffer ... ok
[INFO] [stdout] test buffers::single_buffers::fixed_size_buffer_tests::test_buffer_returns_error_if_data_out_of_order_FixedSizeBTree ... ok
[INFO] [stdout] test buffers::single_buffers::fixed_size_buffer_tests::test_buffer_returns_error_if_data_out_of_order_RtRingBuffer ... ok
[INFO] [stdout] test buffers::synchronizers::real_time::tests::test_realtime_synchronize_if_with_tolerance ... ok
[INFO] [stdout] test buffers::synchronizers::timestamp::tests::test_timestamp_synchronize_returns_all_data ... ok
[INFO] [stdout] test buffers::synchronizers::real_time::tests::test_realtime_synchronize_if_not_wait_all ... ok
[INFO] [stdout] test channels::read_channel::tests::test_read_channel_try_read_returns_error_when_buffer_is_full ... ok
[INFO] [stdout] test buffers::synchronizers::real_time::tests::test_realtime_synchronize_returns_all_data ... ok
[INFO] [stdout] test channels::read_channel::tests::test_read_channel_try_read_returns_error_when_push_if_not_initialized ... ok
[INFO] [stdout] test buffers::synchronizers::tests::test_timestamp_synchronize_is_none_if_no_data_on_channel ... ok
[INFO] [stdout] test channels::read_channel::tests::test_read_channel_try_read_returns_ok_if_data ... ok
[INFO] [stdout] test channels::typed_write_channel::tests::test_send_on_existing_channel_fans_out_to_all_receivers ... ok
[INFO] [stdout] test graph::tests::test_slow_consumers_blocks_if_configured_true ... ok
[INFO] [stdout] test buffers::synchronizers::real_time::tests::test_realtime_synchronize_if_not_wait_all_with_buffering - should panic ... ok
[INFO] [stdout] test channels::read_channel::tests::test_read_channel_panics_if_already_linked - should panic ... ok
[INFO] [stdout] test graph::tests::test_graph_starting_same_node_id_panics - should panic ... ok
[INFO] [stdout] test graph::tests::test_slow_consumers_blocks_if_configured_false ... ok
[INFO] [stdout] test graph::tests::test_slow_consumers_data_is_dropped_real_time_queue ... ok
[INFO] [stdout] test graph::tests::test_linked_nodes_can_send_and_receive_data ... ok
[INFO] [stdout] test graph::tests::test_linked_nodes_can_send_and_receive_at_different_produce_speed ... ok
[INFO] [stdout] test graph::tests::test_graph_waits_for_data_if_stop_flag ... ok
[INFO] [stdout] 
[INFO] [stdout] test result: ok. 28 passed; 0 failed; 0 ignored; 0 measured; 0 filtered out; finished in 1.22s
[INFO] [stdout] 
[INFO] [stderr]    Doc-tests rusted_pipe
[INFO] [stdout] 
[INFO] [stdout] running 0 tests
[INFO] [stdout] 
[INFO] [stdout] test result: ok. 0 passed; 0 failed; 0 ignored; 0 measured; 0 filtered out; finished in 0.00s
[INFO] [stdout] 
[INFO] running `Command { std: "docker" "inspect" "fc776b14c810e14cd59a65c3601fe654e0e628791da5e34145dbfb6c9a570574", kill_on_drop: false }`
[INFO] running `Command { std: "docker" "rm" "-f" "fc776b14c810e14cd59a65c3601fe654e0e628791da5e34145dbfb6c9a570574", kill_on_drop: false }`
[INFO] [stdout] fc776b14c810e14cd59a65c3601fe654e0e628791da5e34145dbfb6c9a570574
[INFO] testing rusted_pipe-0.0.2 against beta-2023-12-22 for beta-1.76-1
[INFO] extracting crate rusted_pipe 0.0.2 into /workspace/builds/worker-0-tc2/source
[INFO] validating manifest of crates.io crate rusted_pipe 0.0.2 on toolchain beta-2023-12-22
[INFO] running `Command { std: CARGO_HOME="/workspace/cargo-home" RUSTUP_HOME="/workspace/rustup-home" "/workspace/cargo-home/bin/cargo" "+beta-2023-12-22" "metadata" "--manifest-path" "Cargo.toml" "--no-deps", kill_on_drop: false }`
[INFO] started tweaking crates.io crate rusted_pipe 0.0.2
[INFO] finished tweaking crates.io crate rusted_pipe 0.0.2
[INFO] tweaked toml for crates.io crate rusted_pipe 0.0.2 written to /workspace/builds/worker-0-tc2/source/Cargo.toml
[INFO] running `Command { std: CARGO_HOME="/workspace/cargo-home" RUSTUP_HOME="/workspace/rustup-home" "/workspace/cargo-home/bin/cargo" "+beta-2023-12-22" "generate-lockfile" "--manifest-path" "Cargo.toml", kill_on_drop: false }`
[INFO] [stderr]     Updating crates.io index
[INFO] running `Command { std: CARGO_HOME="/workspace/cargo-home" RUSTUP_HOME="/workspace/rustup-home" "/workspace/cargo-home/bin/cargo" "+beta-2023-12-22" "fetch" "--manifest-path" "Cargo.toml", kill_on_drop: false }`
[INFO] [stderr]     Blocking waiting for file lock on package cache
[INFO] running `Command { std: "docker" "create" "-v" "/var/lib/crater-agent-workspace/builds/worker-0-tc2/target:/opt/rustwide/target:rw,Z" "-v" "/var/lib/crater-agent-workspace/builds/worker-0-tc2/source:/opt/rustwide/workdir:ro,Z" "-v" "/var/lib/crater-agent-workspace/cargo-home:/opt/rustwide/cargo-home:ro,Z" "-v" "/var/lib/crater-agent-workspace/rustup-home:/opt/rustwide/rustup-home:ro,Z" "-e" "SOURCE_DIR=/opt/rustwide/workdir" "-e" "CARGO_TARGET_DIR=/opt/rustwide/target" "-e" "CARGO_HOME=/opt/rustwide/cargo-home" "-e" "RUSTUP_HOME=/opt/rustwide/rustup-home" "-w" "/opt/rustwide/workdir" "-m" "1610612736" "--user" "0:0" "--network" "none" "ghcr.io/rust-lang/crates-build-env/linux@sha256:2788e3201cd34a07e3172128adcd8b3090168a8e3bcc40d7c032b9dda1df7d1c" "/opt/rustwide/cargo-home/bin/cargo" "+beta-2023-12-22" "metadata" "--no-deps" "--format-version=1", kill_on_drop: false }`
[INFO] [stdout] 0aea5b4d277a15c29af47622e34361a63acc8f9c93a76f22a198d73f454682b7
[INFO] running `Command { std: "docker" "start" "-a" "0aea5b4d277a15c29af47622e34361a63acc8f9c93a76f22a198d73f454682b7", kill_on_drop: false }`
[INFO] running `Command { std: "docker" "inspect" "0aea5b4d277a15c29af47622e34361a63acc8f9c93a76f22a198d73f454682b7", kill_on_drop: false }`
[INFO] running `Command { std: "docker" "rm" "-f" "0aea5b4d277a15c29af47622e34361a63acc8f9c93a76f22a198d73f454682b7", kill_on_drop: false }`
[INFO] [stdout] 0aea5b4d277a15c29af47622e34361a63acc8f9c93a76f22a198d73f454682b7
[INFO] running `Command { std: "docker" "create" "-v" "/var/lib/crater-agent-workspace/builds/worker-0-tc2/target:/opt/rustwide/target:rw,Z" "-v" "/var/lib/crater-agent-workspace/builds/worker-0-tc2/source:/opt/rustwide/workdir:ro,Z" "-v" "/var/lib/crater-agent-workspace/cargo-home:/opt/rustwide/cargo-home:ro,Z" "-v" "/var/lib/crater-agent-workspace/rustup-home:/opt/rustwide/rustup-home:ro,Z" "-e" "SOURCE_DIR=/opt/rustwide/workdir" "-e" "CARGO_TARGET_DIR=/opt/rustwide/target" "-e" "CARGO_INCREMENTAL=0" "-e" "RUST_BACKTRACE=full" "-e" "RUSTFLAGS=--cap-lints=warn" "-e" "RUSTDOCFLAGS=--cap-lints=warn" "-e" "CARGO_HOME=/opt/rustwide/cargo-home" "-e" "RUSTUP_HOME=/opt/rustwide/rustup-home" "-w" "/opt/rustwide/workdir" "-m" "1610612736" "--user" "0:0" "--network" "none" "ghcr.io/rust-lang/crates-build-env/linux@sha256:2788e3201cd34a07e3172128adcd8b3090168a8e3bcc40d7c032b9dda1df7d1c" "/opt/rustwide/cargo-home/bin/cargo" "+beta-2023-12-22" "build" "--frozen" "--message-format=json", kill_on_drop: false }`
[INFO] [stdout] 104abde7fce65d6920c291dc3f41b2d59be4185c4939b6eb1f813e9419002aab
[INFO] running `Command { std: "docker" "start" "-a" "104abde7fce65d6920c291dc3f41b2d59be4185c4939b6eb1f813e9419002aab", kill_on_drop: false }`
[INFO] [stderr]    Compiling cfg-if v1.0.0
[INFO] [stderr]    Compiling libc v0.2.151
[INFO] [stderr]    Compiling syn v1.0.109
[INFO] [stderr]    Compiling fnv v1.0.7
[INFO] [stderr]    Compiling bytes v1.5.0
[INFO] [stderr]    Compiling futures-core v0.3.30
[INFO] [stderr]    Compiling itoa v1.0.10
[INFO] [stderr]    Compiling futures-sink v0.3.30
[INFO] [stderr]    Compiling futures-channel v0.3.30
[INFO] [stderr]    Compiling once_cell v1.19.0
[INFO] [stderr]    Compiling version_check v0.9.4
[INFO] [stderr]    Compiling strsim v0.10.0
[INFO] [stderr]    Compiling spin v0.9.8
[INFO] [stderr]    Compiling futures-util v0.3.30
[INFO] [stderr]    Compiling untrusted v0.9.0
[INFO] [stderr]    Compiling tinyvec_macros v0.1.1
[INFO] [stderr]    Compiling tinyvec v1.6.0
[INFO] [stderr]    Compiling http v0.2.11
[INFO] [stderr]    Compiling proc-macro-error-attr v1.0.4
[INFO] [stderr]    Compiling tracing-core v0.1.32
[INFO] [stderr]    Compiling percent-encoding v2.3.1
[INFO] [stderr]    Compiling crossbeam-utils v0.8.18
[INFO] [stderr]    Compiling cc v1.0.83
[INFO] [stderr]    Compiling unicode-normalization v0.1.22
[INFO] [stderr]    Compiling tracing v0.1.40
[INFO] [stderr]    Compiling form_urlencoded v1.2.1
[INFO] [stderr]    Compiling proc-macro-error v1.0.4
[INFO] [stderr]    Compiling getrandom v0.2.11
[INFO] [stderr]    Compiling num_cpus v1.16.0
[INFO] [stderr]    Compiling mio v0.8.10
[INFO] [stderr]    Compiling socket2 v0.5.5
[INFO] [stderr]    Compiling lock_api v0.4.11
[INFO] [stderr]    Compiling parking_lot_core v0.9.9
[INFO] [stderr]    Compiling hashbrown v0.14.3
[INFO] [stderr]    Compiling httparse v1.8.0
[INFO] [stderr]    Compiling tokio v1.35.1
[INFO] [stderr]    Compiling rustls v0.21.10
[INFO] [stderr]    Compiling ring v0.17.7
[INFO] [stderr]    Compiling unicode-bidi v0.3.14
[INFO] [stderr]    Compiling equivalent v1.0.1
[INFO] [stderr]    Compiling semver v1.0.21
[INFO] [stderr]    Compiling thiserror v1.0.56
[INFO] [stderr]    Compiling indexmap v2.1.0
[INFO] [stderr]    Compiling idna v0.5.0
[INFO] [stderr]    Compiling thiserror-impl v1.0.56
[INFO] [stderr]    Compiling num-traits v0.2.17
[INFO] [stderr]    Compiling indexmap v1.9.3
[INFO] [stderr]    Compiling serde v1.0.194
[INFO] [stderr]    Compiling bitflags v1.3.2
[INFO] [stderr]    Compiling smallvec v1.11.2
[INFO] [stderr]    Compiling anyhow v1.0.79
[INFO] [stderr]    Compiling scopeguard v1.2.0
[INFO] [stderr]    Compiling try-lock v0.2.5
[INFO] [stderr]    Compiling ident_case v1.0.1
[INFO] [stderr]    Compiling want v0.3.1
[INFO] [stderr]    Compiling darling_core v0.14.4
[INFO] [stderr]    Compiling url v2.5.0
[INFO] [stderr]    Compiling rand_core v0.6.4
[INFO] [stderr]    Compiling http-body v0.4.6
[INFO] [stderr]    Compiling ppv-lite86 v0.2.17
[INFO] [stderr]    Compiling uuid v1.6.1
[INFO] [stderr]    Compiling cpp_demangle v0.4.3
[INFO] [stderr]    Compiling httpdate v1.0.3
[INFO] [stderr]    Compiling heck v0.4.1
[INFO] [stderr]    Compiling either v1.9.0
[INFO] [stderr]    Compiling crc32fast v1.3.2
[INFO] [stderr]    Compiling hashbrown v0.12.3
[INFO] [stderr]    Compiling tower-service v0.3.2
[INFO] [stderr]    Compiling tokio-util v0.7.10
[INFO] [stderr]    Compiling rustix v0.38.28
[INFO] [stderr]    Compiling os_str_bytes v6.6.1
[INFO] [stderr]    Compiling h2 v0.3.22
[INFO] [stderr]    Compiling clap_lex v0.2.4
[INFO] [stderr]    Compiling clap_derive v3.2.25
[INFO] [stderr]    Compiling itertools v0.10.5
[INFO] [stderr]    Compiling debugid v0.8.0
[INFO] [stderr]    Compiling rand_chacha v0.3.1
[INFO] [stderr]    Compiling rustls-webpki v0.101.7
[INFO] [stderr]    Compiling sct v0.7.1
[INFO] [stderr]    Compiling darling_macro v0.14.4
[INFO] [stderr]    Compiling rustc_version v0.4.0
[INFO] [stderr]    Compiling parking_lot v0.12.1
[INFO] [stderr]    Compiling backtrace v0.3.69
[INFO] [stderr]    Compiling findshlibs v0.10.2
[INFO] [stderr]    Compiling memmap2 v0.9.3
[INFO] [stderr]    Compiling hyper v0.14.28
[INFO] [stderr]    Compiling atty v0.2.14
[INFO] [stderr]    Compiling aho-corasick v1.1.2
[INFO] [stderr]    Compiling textwrap v0.16.0
[INFO] [stderr]    Compiling tokio-rustls v0.24.1
[INFO] [stderr]    Compiling gimli v0.28.1
[INFO] [stderr]    Compiling powerfmt v0.2.0
[INFO] [stderr]    Compiling protobuf v2.28.0
[INFO] [stderr]    Compiling adler v1.0.2
[INFO] [stderr]    Compiling rle-decode-fast v1.0.3
[INFO] [stderr]    Compiling base64 v0.21.5
[INFO] [stderr]    Compiling ryu v1.0.16
[INFO] [stderr]    Compiling bitflags v2.4.1
[INFO] [stderr]    Compiling winapi v0.3.9
[INFO] [stderr]    Compiling stable_deref_trait v1.2.0
[INFO] [stderr]    Compiling rustc-demangle v0.1.23
[INFO] [stderr]    Compiling names v0.14.0
[INFO] [stderr]    Compiling termcolor v1.4.0
[INFO] [stderr]    Compiling regex-syntax v0.8.2
[INFO] [stderr]    Compiling time-core v0.1.2
[INFO] [stderr]    Compiling linux-raw-sys v0.4.12
[INFO] [stderr]    Compiling symbolic-demangle v12.8.0
[INFO] [stderr]    Compiling clap v3.2.25
[INFO] [stderr]    Compiling addr2line v0.21.0
[INFO] [stderr]    Compiling time-macros v0.2.16
[INFO] [stderr]    Compiling hyper-rustls v0.24.2
[INFO] [stderr]    Compiling serde_urlencoded v0.7.1
[INFO] [stderr]    Compiling symbolic-common v12.8.0
[INFO] [stderr]    Compiling rustls-pemfile v1.0.4
[INFO] [stderr]    Compiling regex-automata v0.4.3
[INFO] [stderr]    Compiling libflate_lz77 v1.2.0
[INFO] [stderr]    Compiling miniz_oxide v0.7.1
[INFO] [stderr]    Compiling deranged v0.3.11
[INFO] [stderr]    Compiling prost-derive v0.11.9
[INFO] [stderr]    Compiling darling v0.14.4
[INFO] [stderr]    Compiling rstest_macros v0.16.0
[INFO] [stderr]    Compiling rand v0.8.5
[INFO] [stderr]    Compiling futures-executor v0.3.30
[INFO] [stderr]    Compiling encoding_rs v0.8.33
[INFO] [stderr]    Compiling object v0.32.2
[INFO] [stderr]    Compiling webpki-roots v0.25.3
[INFO] [stderr]    Compiling predicates-core v1.0.6
[INFO] [stderr]    Compiling ipnet v2.9.0
[INFO] [stderr]    Compiling typewit_proc_macros v1.8.1
[INFO] [stderr]    Compiling prometheus v0.13.3
[INFO] [stderr]    Compiling lazy_static v1.4.0
[INFO] [stderr]    Compiling adler32 v1.2.0
[INFO] [stderr]    Compiling pprof v0.12.1
[INFO] [stderr]    Compiling mime v0.3.17
[INFO] [stderr]    Compiling fastrand v2.0.1
[INFO] [stderr]    Compiling tempfile v3.9.0
[INFO] [stderr]    Compiling reqwest v0.11.23
[INFO] [stderr]    Compiling libflate v1.4.0
[INFO] [stderr]    Compiling typewit v1.8.0
[INFO] [stderr]    Compiling prost v0.11.9
[INFO] [stderr]    Compiling regex v1.10.2
[INFO] [stderr]    Compiling futures v0.3.30
[INFO] [stderr]    Compiling time v0.3.31
[INFO] [stderr]    Compiling derive_builder_core v0.12.0
[INFO] [stderr]    Compiling float-cmp v0.9.0
[INFO] [stderr]    Compiling nix v0.26.4
[INFO] [stderr]    Compiling crossbeam-epoch v0.9.17
[INFO] [stderr]    Compiling crossbeam-channel v0.5.10
[INFO] [stderr]    Compiling normalize-line-endings v0.3.0
[INFO] [stderr]    Compiling difflib v0.4.0
[INFO] [stderr]    Compiling ascii v1.1.0
[INFO] [stderr]    Compiling chunked_transfer v1.5.0
[INFO] [stderr]    Compiling json v0.12.4
[INFO] [stderr]    Compiling paste v1.0.14
[INFO] [stderr]    Compiling termtree v0.4.1
[INFO] [stderr]    Compiling predicates-tree v1.0.9
[INFO] [stderr]    Compiling pyroscope v0.5.7
[INFO] [stderr]    Compiling tiny_http v0.10.0
[INFO] [stderr]    Compiling predicates v2.1.5
[INFO] [stderr]    Compiling derive_builder_macro v0.12.0
[INFO] [stderr]    Compiling crossbeam-deque v0.8.4
[INFO] [stderr]    Compiling const_panic v0.2.8
[INFO] [stderr]    Compiling mockall_derive v0.11.4
[INFO] [stderr]    Compiling crossbeam-queue v0.3.10
[INFO] [stderr]    Compiling http-body v1.0.0-rc.2
[INFO] [stderr]    Compiling downcast v0.11.0
[INFO] [stderr]    Compiling futures-timer v3.0.2
[INFO] [stderr]    Compiling fragile v2.0.0
[INFO] [stderr]    Compiling http-body-util v0.1.0-rc.2
[INFO] [stderr]    Compiling crossbeam v0.8.3
[INFO] [stderr]    Compiling prometheus_exporter v0.8.5
[INFO] [stderr]    Compiling ringbuffer v0.11.1
[INFO] [stderr]    Compiling derive_builder v0.12.0
[INFO] [stderr]    Compiling pyroscope_pprofrs v0.2.7
[INFO] [stderr]    Compiling rusty_pool v0.7.0
[INFO] [stderr]    Compiling approx v0.4.0
[INFO] [stderr]    Compiling derive-new v0.5.9
[INFO] [stderr]    Compiling mockall_double v0.2.1
[INFO] [stderr]    Compiling atomic v0.5.3
[INFO] [stderr]    Compiling rstest v0.16.0
[INFO] [stderr]    Compiling mockall v0.11.4
[INFO] [stderr]    Compiling rusted_pipe v0.0.2 (/opt/rustwide/workdir)
[INFO] [stderr]     Finished dev [unoptimized + debuginfo] target(s) in 39.22s
[INFO] running `Command { std: "docker" "inspect" "104abde7fce65d6920c291dc3f41b2d59be4185c4939b6eb1f813e9419002aab", kill_on_drop: false }`
[INFO] running `Command { std: "docker" "rm" "-f" "104abde7fce65d6920c291dc3f41b2d59be4185c4939b6eb1f813e9419002aab", kill_on_drop: false }`
[INFO] [stdout] 104abde7fce65d6920c291dc3f41b2d59be4185c4939b6eb1f813e9419002aab
[INFO] running `Command { std: "docker" "create" "-v" "/var/lib/crater-agent-workspace/builds/worker-0-tc2/target:/opt/rustwide/target:rw,Z" "-v" "/var/lib/crater-agent-workspace/builds/worker-0-tc2/source:/opt/rustwide/workdir:ro,Z" "-v" "/var/lib/crater-agent-workspace/cargo-home:/opt/rustwide/cargo-home:ro,Z" "-v" "/var/lib/crater-agent-workspace/rustup-home:/opt/rustwide/rustup-home:ro,Z" "-e" "SOURCE_DIR=/opt/rustwide/workdir" "-e" "CARGO_TARGET_DIR=/opt/rustwide/target" "-e" "CARGO_INCREMENTAL=0" "-e" "RUST_BACKTRACE=full" "-e" "RUSTFLAGS=--cap-lints=warn" "-e" "RUSTDOCFLAGS=--cap-lints=warn" "-e" "CARGO_HOME=/opt/rustwide/cargo-home" "-e" "RUSTUP_HOME=/opt/rustwide/rustup-home" "-w" "/opt/rustwide/workdir" "-m" "1610612736" "--user" "0:0" "--network" "none" "ghcr.io/rust-lang/crates-build-env/linux@sha256:2788e3201cd34a07e3172128adcd8b3090168a8e3bcc40d7c032b9dda1df7d1c" "/opt/rustwide/cargo-home/bin/cargo" "+beta-2023-12-22" "test" "--frozen" "--no-run" "--message-format=json", kill_on_drop: false }`
[INFO] [stdout] 4fdaa6ce76058089ef88d252996f5e8fd4713500bddfad5212e95956f7243091
[INFO] running `Command { std: "docker" "start" "-a" "4fdaa6ce76058089ef88d252996f5e8fd4713500bddfad5212e95956f7243091", kill_on_drop: false }`
[INFO] [stderr]    Compiling rusted_pipe v0.0.2 (/opt/rustwide/workdir)
[INFO] [stderr]     Finished test [unoptimized + debuginfo] target(s) in 7.03s
[INFO] running `Command { std: "docker" "inspect" "4fdaa6ce76058089ef88d252996f5e8fd4713500bddfad5212e95956f7243091", kill_on_drop: false }`
[INFO] running `Command { std: "docker" "rm" "-f" "4fdaa6ce76058089ef88d252996f5e8fd4713500bddfad5212e95956f7243091", kill_on_drop: false }`
[INFO] [stdout] 4fdaa6ce76058089ef88d252996f5e8fd4713500bddfad5212e95956f7243091
[INFO] running `Command { std: "docker" "create" "-v" "/var/lib/crater-agent-workspace/builds/worker-0-tc2/target:/opt/rustwide/target:rw,Z" "-v" "/var/lib/crater-agent-workspace/builds/worker-0-tc2/source:/opt/rustwide/workdir:ro,Z" "-v" "/var/lib/crater-agent-workspace/cargo-home:/opt/rustwide/cargo-home:ro,Z" "-v" "/var/lib/crater-agent-workspace/rustup-home:/opt/rustwide/rustup-home:ro,Z" "-e" "SOURCE_DIR=/opt/rustwide/workdir" "-e" "CARGO_TARGET_DIR=/opt/rustwide/target" "-e" "CARGO_INCREMENTAL=0" "-e" "RUST_BACKTRACE=full" "-e" "RUSTFLAGS=--cap-lints=warn" "-e" "RUSTDOCFLAGS=--cap-lints=warn" "-e" "CARGO_HOME=/opt/rustwide/cargo-home" "-e" "RUSTUP_HOME=/opt/rustwide/rustup-home" "-w" "/opt/rustwide/workdir" "-m" "1610612736" "--user" "0:0" "--network" "none" "ghcr.io/rust-lang/crates-build-env/linux@sha256:2788e3201cd34a07e3172128adcd8b3090168a8e3bcc40d7c032b9dda1df7d1c" "/opt/rustwide/cargo-home/bin/cargo" "+beta-2023-12-22" "test" "--frozen", kill_on_drop: false }`
[INFO] [stdout] 89a3e3c8fc175078c1285796bee2f92c63bc37920698384dcd1fbab2d0055896
[INFO] running `Command { std: "docker" "start" "-a" "89a3e3c8fc175078c1285796bee2f92c63bc37920698384dcd1fbab2d0055896", kill_on_drop: false }`
[INFO] [stderr]     Finished test [unoptimized + debuginfo] target(s) in 0.21s
[INFO] [stderr]      Running unittests src/lib.rs (/opt/rustwide/target/debug/deps/rusted_pipe-870d0271b5dd59a3)
[INFO] [stdout] 
[INFO] [stdout] running 28 tests
[INFO] [stdout] test buffers::single_buffers::fixed_size_buffer_tests::test_buffer_get_returns_expected_data_FixedSizeBTree ... ok
[INFO] [stdout] test buffers::single_buffers::fixed_size_buffer_tests::test_buffer_contains_key_returns_expected_FixedSizeBTree ... ok
[INFO] [stdout] test buffers::single_buffers::fixed_size_buffer_tests::test_buffer_contains_key_returns_expected_RtRingBuffer ... ok
[INFO] [stdout] test buffers::single_buffers::fixed_size_buffer_tests::test_buffer_insert_returns_errr_if_full_and_block_RtRingBuffer ... ok
[INFO] [stdout] test buffers::single_buffers::fixed_size_buffer_tests::test_buffer_inserts_and_drops_data_if_past_capacity_FixedSizeBTree ... ok
[INFO] [stdout] test buffers::single_buffers::fixed_size_buffer_tests::test_buffer_insert_returns_errr_if_full_and_block_FixedSizeBTree ... ok
[INFO] [stdout] test buffers::single_buffers::fixed_size_buffer_tests::test_buffer_inserts_and_drops_data_if_past_capacity_RtRingBuffer ... ok
[INFO] [stdout] test buffers::single_buffers::fixed_size_buffer_tests::test_buffer_get_returns_expected_data_RtRingBuffer ... ok
[INFO] [stdout] test buffers::single_buffers::fixed_size_buffer_tests::test_buffer_returns_error_if_data_out_of_order_RtRingBuffer ... ok
[INFO] [stdout] test buffers::single_buffers::fixed_size_buffer_tests::test_buffer_returns_error_if_data_out_of_order_FixedSizeBTree ... ok
[INFO] [stdout] test buffers::synchronizers::tests::test_timestamp_synchronize_is_none_if_no_data_on_channel ... ok
[INFO] [stdout] test buffers::synchronizers::real_time::tests::test_realtime_synchronize_if_not_wait_all ... ok
[INFO] [stdout] test buffers::synchronizers::real_time::tests::test_realtime_synchronize_returns_all_data ... ok
[INFO] [stdout] test buffers::synchronizers::timestamp::tests::test_timestamp_synchronize_returns_all_data ... ok
[INFO] [stdout] test channels::read_channel::tests::test_read_channel_try_read_returns_error_when_push_if_not_initialized ... ok
[INFO] [stdout] test channels::typed_write_channel::tests::test_send_on_existing_channel_fans_out_to_all_receivers ... ok
[INFO] [stdout] test channels::read_channel::tests::test_read_channel_try_read_returns_ok_if_data ... ok
[INFO] [stdout] test buffers::synchronizers::real_time::tests::test_realtime_synchronize_if_with_tolerance ... ok
[INFO] [stdout] test channels::read_channel::tests::test_read_channel_try_read_returns_error_when_buffer_is_full ... ok
[INFO] [stdout] test graph::tests::test_slow_consumers_blocks_if_configured_false ... ok
[INFO] [stdout] test channels::read_channel::tests::test_read_channel_panics_if_already_linked - should panic ... ok
[INFO] [stdout] test graph::tests::test_graph_starting_same_node_id_panics - should panic ... ok
[INFO] [stdout] test graph::tests::test_slow_consumers_blocks_if_configured_true ... FAILED
[INFO] [stdout] test buffers::synchronizers::real_time::tests::test_realtime_synchronize_if_not_wait_all_with_buffering - should panic ... ok
[INFO] [stdout] test graph::tests::test_slow_consumers_data_is_dropped_real_time_queue ... FAILED
[INFO] [stdout] test graph::tests::test_linked_nodes_can_send_and_receive_at_different_produce_speed ... ok
[INFO] [stdout] test graph::tests::test_linked_nodes_can_send_and_receive_data ... ok
[INFO] [stdout] test graph::tests::test_graph_waits_for_data_if_stop_flag ... ok
[INFO] [stdout] 
[INFO] [stdout] failures:
[INFO] [stdout] 
[INFO] [stdout] ---- graph::tests::test_slow_consumers_blocks_if_configured_true stdout ----
[INFO] [stdout] Done Starting Node producer1
[INFO] [stdout] Done Starting Node producer2
[INFO] [stdout] Done Starting Node consumer
[INFO] [stdout] P producer2, Sending 0 at 1704442799628029413 in 7527519
[INFO] [stdout] P producer2, Sending 1 at 1704442799668510400 in 4071630
[INFO] [stdout] P producer1, Sending 0 at 1704442799684480159 in 16034299
[INFO] [stdout] thread 'graph::tests::test_slow_consumers_blocks_if_configured_true' panicked at src/graph/mod.rs:463:13:
[INFO] [stdout] assertion failed: output_check.recv_deadline(deadline).is_ok()
[INFO] [stdout] stack backtrace:
[INFO] [stdout]    0:     0x562a86eeff36 - std::backtrace_rs::backtrace::libunwind::trace::h261606ad26a499c1
[INFO] [stdout]                                at /rustc/0e09125c6c3c2fd70d7de961bcf0e51575235fad/library/std/src/../../backtrace/src/backtrace/libunwind.rs:104:5
[INFO] [stdout]    1:     0x562a86eeff36 - std::backtrace_rs::backtrace::trace_unsynchronized::hd183f0625477fb28
[INFO] [stdout]                                at /rustc/0e09125c6c3c2fd70d7de961bcf0e51575235fad/library/std/src/../../backtrace/src/backtrace/mod.rs:66:5
[INFO] [stdout]    2:     0x562a86eeff36 - std::sys_common::backtrace::_print_fmt::hd7f8fef21b4eda67
[INFO] [stdout]                                at /rustc/0e09125c6c3c2fd70d7de961bcf0e51575235fad/library/std/src/sys_common/backtrace.rs:68:5
[INFO] [stdout]    3:     0x562a86eeff36 - <std::sys_common::backtrace::_print::DisplayBacktrace as core::fmt::Display>::fmt::h623d9b51f2f453f1
[INFO] [stdout]                                at /rustc/0e09125c6c3c2fd70d7de961bcf0e51575235fad/library/std/src/sys_common/backtrace.rs:44:22
[INFO] [stdout]    4:     0x562a86f19520 - core::fmt::rt::Argument::fmt::h9f417ac76a86f368
[INFO] [stdout]                                at /rustc/0e09125c6c3c2fd70d7de961bcf0e51575235fad/library/core/src/fmt/rt.rs:142:9
[INFO] [stdout]    5:     0x562a86f19520 - core::fmt::write::hc9b6faf4ac2aeff7
[INFO] [stdout]                                at /rustc/0e09125c6c3c2fd70d7de961bcf0e51575235fad/library/core/src/fmt/mod.rs:1120:17
[INFO] [stdout]    6:     0x562a86eed7bf - std::io::Write::write_fmt::he04625a3a989fec3
[INFO] [stdout]                                at /rustc/0e09125c6c3c2fd70d7de961bcf0e51575235fad/library/std/src/io/mod.rs:1810:15
[INFO] [stdout]    7:     0x562a86eefd14 - std::sys_common::backtrace::_print::hd5d66399c7df88a2
[INFO] [stdout]                                at /rustc/0e09125c6c3c2fd70d7de961bcf0e51575235fad/library/std/src/sys_common/backtrace.rs:47:5
[INFO] [stdout]    8:     0x562a86eefd14 - std::sys_common::backtrace::print::he81ed2da642d37e5
[INFO] [stdout]                                at /rustc/0e09125c6c3c2fd70d7de961bcf0e51575235fad/library/std/src/sys_common/backtrace.rs:34:9
[INFO] [stdout]    9:     0x562a86ef1a87 - std::panicking::default_hook::{{closure}}::h85773f4fa117163d
[INFO] [stdout]   10:     0x562a86ef176d - std::panicking::default_hook::h6a1694a91d09b278
[INFO] [stdout]                                at /rustc/0e09125c6c3c2fd70d7de961bcf0e51575235fad/library/std/src/panicking.rs:289:9
[INFO] [stdout]   11:     0x562a86d05247 - <alloc::boxed::Box<F,A> as core::ops::function::Fn<Args>>::call::h616ac37fa3cd6c8f
[INFO] [stdout]                                at /rustc/0e09125c6c3c2fd70d7de961bcf0e51575235fad/library/alloc/src/boxed.rs:2029:9
[INFO] [stdout]   12:     0x562a86d05247 - test::test_main::{{closure}}::h00d84697cefdcbb6
[INFO] [stdout]                                at /rustc/0e09125c6c3c2fd70d7de961bcf0e51575235fad/library/test/src/lib.rs:138:21
[INFO] [stdout]   13:     0x562a86ef20a6 - <alloc::boxed::Box<F,A> as core::ops::function::Fn<Args>>::call::hcb3fe3b9bb537ba8
[INFO] [stdout]                                at /rustc/0e09125c6c3c2fd70d7de961bcf0e51575235fad/library/alloc/src/boxed.rs:2029:9
[INFO] [stdout]   14:     0x562a86ef20a6 - std::panicking::rust_panic_with_hook::h0a7ad96e90f7145b
[INFO] [stdout]                                at /rustc/0e09125c6c3c2fd70d7de961bcf0e51575235fad/library/std/src/panicking.rs:783:13
[INFO] [stdout]   15:     0x562a86ef1db9 - std::panicking::begin_panic_handler::{{closure}}::h7919090525c6485e
[INFO] [stdout]                                at /rustc/0e09125c6c3c2fd70d7de961bcf0e51575235fad/library/std/src/panicking.rs:649:13
[INFO] [stdout]   16:     0x562a86ef0436 - std::sys_common::backtrace::__rust_end_short_backtrace::hf3289479464f7dfe
[INFO] [stdout]                                at /rustc/0e09125c6c3c2fd70d7de961bcf0e51575235fad/library/std/src/sys_common/backtrace.rs:171:18
[INFO] [stdout]   17:     0x562a86ef1b50 - rust_begin_unwind
[INFO] [stdout]                                at /rustc/0e09125c6c3c2fd70d7de961bcf0e51575235fad/library/std/src/panicking.rs:645:5
[INFO] [stdout]   18:     0x562a86c07d15 - core::panicking::panic_fmt::hcc9f77c5c132af55
[INFO] [stdout]                                at /rustc/0e09125c6c3c2fd70d7de961bcf0e51575235fad/library/core/src/panicking.rs:72:14
[INFO] [stdout]   19:     0x562a86c07dd3 - core::panicking::panic::h5a1259c1164bd480
[INFO] [stdout]                                at /rustc/0e09125c6c3c2fd70d7de961bcf0e51575235fad/library/core/src/panicking.rs:144:5
[INFO] [stdout]   20:     0x562a86c89535 - rusted_pipe::graph::tests::test_slow_consumers_blocks_if_configured::hc6c12f9ed811e05e
[INFO] [stdout]                                at /opt/rustwide/workdir/src/graph/mod.rs:463:13
[INFO] [stdout]   21:     0x562a86c8be9b - rusted_pipe::graph::tests::test_slow_consumers_blocks_if_configured_true::h21f448b870e40d78
[INFO] [stdout]                                at /opt/rustwide/workdir/src/graph/mod.rs:478:25
[INFO] [stdout]   22:     0x562a86c8be77 - rusted_pipe::graph::tests::test_slow_consumers_blocks_if_configured_true::{{closure}}::hd0a9969bef2bf305
[INFO] [stdout]                                at /opt/rustwide/workdir/src/graph/mod.rs:477:47
[INFO] [stdout]   23:     0x562a86c2e296 - core::ops::function::FnOnce::call_once::h3250e790b7c65011
[INFO] [stdout]                                at /rustc/0e09125c6c3c2fd70d7de961bcf0e51575235fad/library/core/src/ops/function.rs:250:5
[INFO] [stdout]   24:     0x562a86d0ab1f - core::ops::function::FnOnce::call_once::hd64d26f405258157
[INFO] [stdout]                                at /rustc/0e09125c6c3c2fd70d7de961bcf0e51575235fad/library/core/src/ops/function.rs:250:5
[INFO] [stdout]   25:     0x562a86d0ab1f - test::__rust_begin_short_backtrace::he21b0b7a6d731bf9
[INFO] [stdout]                                at /rustc/0e09125c6c3c2fd70d7de961bcf0e51575235fad/library/test/src/lib.rs:627:18
[INFO] [stdout]   26:     0x562a86d098a1 - test::run_test_in_process::{{closure}}::hf5c73986d7bdfde2
[INFO] [stdout]                                at /rustc/0e09125c6c3c2fd70d7de961bcf0e51575235fad/library/test/src/lib.rs:650:60
[INFO] [stdout]   27:     0x562a86d098a1 - <core::panic::unwind_safe::AssertUnwindSafe<F> as core::ops::function::FnOnce<()>>::call_once::h330011ad032aadc0
[INFO] [stdout]                                at /rustc/0e09125c6c3c2fd70d7de961bcf0e51575235fad/library/core/src/panic/unwind_safe.rs:272:9
[INFO] [stdout]   28:     0x562a86d098a1 - std::panicking::try::do_call::he61b0a958b795a41
[INFO] [stdout]                                at /rustc/0e09125c6c3c2fd70d7de961bcf0e51575235fad/library/std/src/panicking.rs:552:40
[INFO] [stdout]   29:     0x562a86d098a1 - std::panicking::try::h7309da130f906eb7
[INFO] [stdout]                                at /rustc/0e09125c6c3c2fd70d7de961bcf0e51575235fad/library/std/src/panicking.rs:516:19
[INFO] [stdout]   30:     0x562a86d098a1 - std::panic::catch_unwind::hc5c3a06fdaf0a92a
[INFO] [stdout]                                at /rustc/0e09125c6c3c2fd70d7de961bcf0e51575235fad/library/std/src/panic.rs:142:14
[INFO] [stdout]   31:     0x562a86d098a1 - test::run_test_in_process::h7e7b7c71c3324e0f
[INFO] [stdout]                                at /rustc/0e09125c6c3c2fd70d7de961bcf0e51575235fad/library/test/src/lib.rs:650:27
[INFO] [stdout]   32:     0x562a86d098a1 - test::run_test::{{closure}}::h1f509f28f5cf20b1
[INFO] [stdout]                                at /rustc/0e09125c6c3c2fd70d7de961bcf0e51575235fad/library/test/src/lib.rs:573:43
[INFO] [stdout]   33:     0x562a86cd0bd6 - test::run_test::{{closure}}::h1754218abf443f6d
[INFO] [stdout]                                at /rustc/0e09125c6c3c2fd70d7de961bcf0e51575235fad/library/test/src/lib.rs:601:41
[INFO] [stdout]   34:     0x562a86cd0bd6 - std::sys_common::backtrace::__rust_begin_short_backtrace::h2ee174b9d5954948
[INFO] [stdout]                                at /rustc/0e09125c6c3c2fd70d7de961bcf0e51575235fad/library/std/src/sys_common/backtrace.rs:155:18
[INFO] [stdout]   35:     0x562a86cd5c37 - std::thread::Builder::spawn_unchecked_::{{closure}}::{{closure}}::hf60bee9c1a17ef09
[INFO] [stdout]                                at /rustc/0e09125c6c3c2fd70d7de961bcf0e51575235fad/library/std/src/thread/mod.rs:529:17
[INFO] [stdout]   36:     0x562a86cd5c37 - <core::panic::unwind_safe::AssertUnwindSafe<F> as core::ops::function::FnOnce<()>>::call_once::h33d0dddec5216160
[INFO] [stdout]                                at /rustc/0e09125c6c3c2fd70d7de961bcf0e51575235fad/library/core/src/panic/unwind_safe.rs:272:9
[INFO] [stdout]   37:     0x562a86cd5c37 - std::panicking::try::do_call::h144b3048b546f835
[INFO] [stdout]                                at /rustc/0e09125c6c3c2fd70d7de961bcf0e51575235fad/library/std/src/panicking.rs:552:40
[INFO] [stdout]   38:     0x562a86cd5c37 - std::panicking::try::h978244d04646189f
[INFO] [stdout]                                at /rustc/0e09125c6c3c2fd70d7de961bcf0e51575235fad/library/std/src/panicking.rs:516:19
[INFO] [stdout]   39:     0x562a86cd5c37 - std::panic::catch_unwind::hdf436369d188fe86
[INFO] [stdout]                                at /rustc/0e09125c6c3c2fd70d7de961bcf0e51575235fad/library/std/src/panic.rs:142:14
[INFO] [stdout]   40:     0x562a86cd5c37 - std::thread::Builder::spawn_unchecked_::{{closure}}::h87329cbdd33c79ec
[INFO] [stdout]                                at /rustc/0e09125c6c3c2fd70d7de961bcf0e51575235fad/library/std/src/thread/mod.rs:528:30
[INFO] [stdout]   41:     0x562a86cd5c37 - core::ops::function::FnOnce::call_once{{vtable.shim}}::h401abbe67897d450
[INFO] [stdout]                                at /rustc/0e09125c6c3c2fd70d7de961bcf0e51575235fad/library/core/src/ops/function.rs:250:5
[INFO] [stdout]   42:     0x562a86ef6b95 - <alloc::boxed::Box<F,A> as core::ops::function::FnOnce<Args>>::call_once::h5d7c8f150ab9c84c
[INFO] [stdout]                                at /rustc/0e09125c6c3c2fd70d7de961bcf0e51575235fad/library/alloc/src/boxed.rs:2015:9
[INFO] [stdout]   43:     0x562a86ef6b95 - <alloc::boxed::Box<F,A> as core::ops::function::FnOnce<Args>>::call_once::h570d5b005c242c15
[INFO] [stdout]                                at /rustc/0e09125c6c3c2fd70d7de961bcf0e51575235fad/library/alloc/src/boxed.rs:2015:9
[INFO] [stdout]   44:     0x562a86ef6b95 - std::sys::unix::thread::Thread::new::thread_start::h36b0a20c0b2361ad
[INFO] [stdout]                                at /rustc/0e09125c6c3c2fd70d7de961bcf0e51575235fad/library/std/src/sys/unix/thread.rs:108:17
[INFO] [stdout]   45:     0x7f7b489b1ac3 - <unknown>
[INFO] [stdout]   46:     0x7f7b48a42bf4 - __clone
[INFO] [stdout]   47:                0x0 - <unknown>
[INFO] [stdout] 
[INFO] [stdout] ---- graph::tests::test_slow_consumers_data_is_dropped_real_time_queue stdout ----
[INFO] [stdout] Done Starting Node producer1
[INFO] [stdout] Done Starting Node producer2
[INFO] [stdout] P producer2, Sending 0 at 1704442799740599704 in 15750
[INFO] [stdout] P producer2, Sending 1 at 1704442799752473223 in 32620
[INFO] [stdout] Done Starting Node consumer
[INFO] [stdout] P producer1, Sending 0 at 1704442799780755601 in 5722520
[INFO] [stdout] Received 0 at 1704442799783
[INFO] [stdout] P producer2, Sending 2 at 1704442799806220049 in 17750
[INFO] [stdout] P producer2, Sending 3 at 1704442799817709738 in 1272060
[INFO] [stdout] P producer1, Sending 1 at 1704442799820454887 in 19410
[INFO] [stdout] P producer1, Sending 2 at 1704442799824830347 in 70750
[INFO] [stdout] P producer2, Sending 4 at 1704442799826290397 in 223940
[INFO] [stdout] P producer1, Sending 3 at 1704442799829032206 in 78460
[INFO] [stdout] P producer2, Sending 5 at 1704442799830584366 in 57390
[INFO] [stdout] P producer1, Sending 4 at 1704442799833417446 in 63080
[INFO] [stdout] P producer2, Sending 6 at 1704442799834847486 in 56020
[INFO] [stdout] P producer1, Sending 5 at 1704442799837691926 in 64850
[INFO] [stdout] P producer2, Sending 7 at 1704442799839460576 in 330110
[INFO] [stdout] P producer1, Sending 6 at 1704442799841880946 in 65340
[INFO] [stdout] P producer2, Sending 8 at 1704442799843588386 in 7700
[INFO] [stdout] P producer1, Sending 7 at 1704442799846051165 in 7260
[INFO] [stdout] P producer2, Sending 9 at 1704442799847723185 in 6270
[INFO] [stdout] P producer1, Sending 8 at 1704442799850153075 in 7500
[INFO] [stdout] P producer2, Sending 10 at 1704442799851858825 in 5270
[INFO] [stdout] P producer1, Sending 9 at 1704442799854304655 in 18491
[INFO] [stdout] P producer2, Sending 11 at 1704442799855991124 in 8480
[INFO] [stdout] P producer1, Sending 10 at 1704442799858433014 in 17660
[INFO] [stdout] P producer2, Sending 12 at 1704442799860137394 in 6820
[INFO] [stdout] P producer1, Sending 11 at 1704442799862553794 in 13950
[INFO] [stdout] P producer2, Sending 13 at 1704442799864249643 in 5829
[INFO] [stdout] P producer1, Sending 12 at 1704442799866717863 in 55170
[INFO] [stdout] P producer2, Sending 14 at 1704442799868361623 in 7380
[INFO] [stdout] P producer1, Sending 13 at 1704442799870910723 in 55180
[INFO] [stdout] P producer2, Sending 15 at 1704442799872518133 in 7320
[INFO] [stdout] P producer1, Sending 14 at 1704442799875045753 in 13420
[INFO] [stdout] P producer2, Sending 16 at 1704442799876647393 in 13490
[INFO] [stdout] P producer1, Sending 15 at 1704442799879216463 in 17950
[INFO] [stdout] P producer2, Sending 17 at 1704442799880788242 in 15339
[INFO] [stdout] P producer1, Sending 16 at 1704442799883352052 in 9280
[INFO] [stdout] Received 1 at 1704442799883
[INFO] [stdout] P producer2, Sending 18 at 1704442799884930062 in 9660
[INFO] [stdout] P producer1, Sending 17 at 1704442799887487322 in 10170
[INFO] [stdout] P producer2, Sending 19 at 1704442799889065372 in 13650
[INFO] [stdout] P producer1, Sending 18 at 1704442799891602312 in 12609
[INFO] [stdout] P producer2, Sending 20 at 1704442799893308461 in 128210
[INFO] [stdout] P producer1, Sending 19 at 1704442799895740781 in 11820
[INFO] [stdout] P producer2, Sending 21 at 1704442799897458021 in 10690
[INFO] [stdout] P producer1, Sending 20 at 1704442799899897861 in 17160
[INFO] [stderr] error: test failed, to rerun pass `--lib`
[INFO] [stdout] P producer2, Sending 22 at 1704442799901637171 in 14460
[INFO] [stdout] P producer1, Sending 21 at 1704442799904078420 in 61350
[INFO] [stdout] P producer2, Sending 23 at 1704442799905750650 in 18580
[INFO] [stdout] P producer1, Sending 22 at 1704442799908198880 in 18260
[INFO] [stdout] P producer2, Sending 24 at 1704442799909907330 in 13720
[INFO] [stdout] P producer1, Sending 23 at 1704442799912301949 in 10640
[INFO] [stdout] P producer2, Sending 25 at 1704442799914232459 in 17031
[INFO] [stdout] P producer1, Sending 24 at 1704442799916446940 in 8990
[INFO] [stdout] P producer2, Sending 26 at 1704442799918928139 in 259611
[INFO] [stdout] P producer1, Sending 25 at 1704442799920569199 in 12470
[INFO] [stdout] P producer2, Sending 27 at 1704442799923097999 in 10590
[INFO] [stdout] P producer1, Sending 26 at 1704442799924708889 in 18440
[INFO] [stdout] P producer2, Sending 28 at 1704442799927235769 in 8840
[INFO] [stdout] P producer1, Sending 27 at 1704442799928860978 in 12760
[INFO] [stdout] P producer2, Sending 29 at 1704442799931357368 in 12900
[INFO] [stdout] P producer1, Sending 28 at 1704442799933237288 in 18000
[INFO] [stdout] P producer2, Sending 30 at 1704442799935510108 in 19590
[INFO] [stdout] P producer1, Sending 29 at 1704442799937403188 in 18780
[INFO] [stdout] P producer2, Sending 31 at 1704442799939670857 in 18100
[INFO] [stdout] P producer1, Sending 30 at 1704442799941530277 in 10830
[INFO] [stdout] P producer2, Sending 32 at 1704442799943832657 in 14440
[INFO] [stdout] P producer1, Sending 31 at 1704442799945682667 in 10730
[INFO] [stdout] P producer2, Sending 33 at 1704442799947976327 in 16789
[INFO] [stdout] P producer1, Sending 32 at 1704442799949812806 in 10570
[INFO] [stdout] P producer2, Sending 34 at 1704442799952133856 in 18590
[INFO] [stdout] P producer1, Sending 33 at 1704442799953972776 in 18760
[INFO] [stdout] P producer2, Sending 35 at 1704442799956264156 in 12940
[INFO] [stdout] P producer1, Sending 34 at 1704442799958098576 in 9110
[INFO] [stdout] P producer2, Sending 36 at 1704442799960583066 in 178670
[INFO] [stdout] P producer1, Sending 35 at 1704442799962228396 in 11920
[INFO] [stdout] P producer1, Sending 36 at 1704442799966341705 in 9390
[INFO] [stdout] P producer2, Sending 37 at 1704442799966763625 in 16120
[INFO] [stdout] P producer1, Sending 37 at 1704442799970514695 in 18970
[INFO] [stdout] P producer2, Sending 38 at 1704442799970897035 in 11230
[INFO] [stdout] P producer1, Sending 38 at 1704442799974643454 in 11069
[INFO] [stdout] P producer2, Sending 39 at 1704442799975024534 in 8811
[INFO] [stdout] P producer1, Sending 39 at 1704442799978851384 in 6730
[INFO] [stdout] P producer2, Sending 40 at 1704442799979168994 in 15710
[INFO] [stdout] P producer1, Sending 40 at 1704442799983011464 in 16270
[INFO] [stdout] P producer2, Sending 41 at 1704442799983334094 in 30110
[INFO] [stdout] Received 2 at 1704442799983
[INFO] [stdout] thread 'graph::tests::test_slow_consumers_data_is_dropped_real_time_queue' panicked at src/graph/mod.rs:402:13:
[INFO] [stdout] V1 16 not in expected_version 25
[INFO] [stdout] stack backtrace:
[INFO] [stdout]    0:     0x562a86eeff36 - std::backtrace_rs::backtrace::libunwind::trace::h261606ad26a499c1
[INFO] [stdout]                                at /rustc/0e09125c6c3c2fd70d7de961bcf0e51575235fad/library/std/src/../../backtrace/src/backtrace/libunwind.rs:104:5
[INFO] [stdout]    1:     0x562a86eeff36 - std::backtrace_rs::backtrace::trace_unsynchronized::hd183f0625477fb28
[INFO] [stdout]                                at /rustc/0e09125c6c3c2fd70d7de961bcf0e51575235fad/library/std/src/../../backtrace/src/backtrace/mod.rs:66:5
[INFO] [stdout]    2:     0x562a86eeff36 - std::sys_common::backtrace::_print_fmt::hd7f8fef21b4eda67
[INFO] [stdout]                                at /rustc/0e09125c6c3c2fd70d7de961bcf0e51575235fad/library/std/src/sys_common/backtrace.rs:68:5
[INFO] [stdout]    3:     0x562a86eeff36 - <std::sys_common::backtrace::_print::DisplayBacktrace as core::fmt::Display>::fmt::h623d9b51f2f453f1
[INFO] [stdout]                                at /rustc/0e09125c6c3c2fd70d7de961bcf0e51575235fad/library/std/src/sys_common/backtrace.rs:44:22
[INFO] [stdout]    4:     0x562a86f19520 - core::fmt::rt::Argument::fmt::h9f417ac76a86f368
[INFO] [stdout]                                at /rustc/0e09125c6c3c2fd70d7de961bcf0e51575235fad/library/core/src/fmt/rt.rs:142:9
[INFO] [stdout]    5:     0x562a86f19520 - core::fmt::write::hc9b6faf4ac2aeff7
[INFO] [stdout]                                at /rustc/0e09125c6c3c2fd70d7de961bcf0e51575235fad/library/core/src/fmt/mod.rs:1120:17
[INFO] [stdout]    6:     0x562a86eed7bf - std::io::Write::write_fmt::he04625a3a989fec3
[INFO] [stdout]                                at /rustc/0e09125c6c3c2fd70d7de961bcf0e51575235fad/library/std/src/io/mod.rs:1810:15
[INFO] [stdout]    7:     0x562a86eefd14 - std::sys_common::backtrace::_print::hd5d66399c7df88a2
[INFO] [stdout]                                at /rustc/0e09125c6c3c2fd70d7de961bcf0e51575235fad/library/std/src/sys_common/backtrace.rs:47:5
[INFO] [stdout]    8:     0x562a86eefd14 - std::sys_common::backtrace::print::he81ed2da642d37e5
[INFO] [stdout]                                at /rustc/0e09125c6c3c2fd70d7de961bcf0e51575235fad/library/std/src/sys_common/backtrace.rs:34:9
[INFO] [stdout]    9:     0x562a86ef1a87 - std::panicking::default_hook::{{closure}}::h85773f4fa117163d
[INFO] [stdout]   10:     0x562a86ef176d - std::panicking::default_hook::h6a1694a91d09b278
[INFO] [stdout]                                at /rustc/0e09125c6c3c2fd70d7de961bcf0e51575235fad/library/std/src/panicking.rs:289:9
[INFO] [stdout]   11:     0x562a86d05247 - <alloc::boxed::Box<F,A> as core::ops::function::Fn<Args>>::call::h616ac37fa3cd6c8f
[INFO] [stdout]                                at /rustc/0e09125c6c3c2fd70d7de961bcf0e51575235fad/library/alloc/src/boxed.rs:2029:9
[INFO] [stdout]   12:     0x562a86d05247 - test::test_main::{{closure}}::h00d84697cefdcbb6
[INFO] [stdout]                                at /rustc/0e09125c6c3c2fd70d7de961bcf0e51575235fad/library/test/src/lib.rs:138:21
[INFO] [stdout]   13:     0x562a86ef20a6 - <alloc::boxed::Box<F,A> as core::ops::function::Fn<Args>>::call::hcb3fe3b9bb537ba8
[INFO] [stdout]                                at /rustc/0e09125c6c3c2fd70d7de961bcf0e51575235fad/library/alloc/src/boxed.rs:2029:9
[INFO] [stdout]   14:     0x562a86ef20a6 - std::panicking::rust_panic_with_hook::h0a7ad96e90f7145b
[INFO] [stdout]                                at /rustc/0e09125c6c3c2fd70d7de961bcf0e51575235fad/library/std/src/panicking.rs:783:13
[INFO] [stdout]   15:     0x562a86ef1df2 - std::panicking::begin_panic_handler::{{closure}}::h7919090525c6485e
[INFO] [stdout]                                at /rustc/0e09125c6c3c2fd70d7de961bcf0e51575235fad/library/std/src/panicking.rs:657:13
[INFO] [stdout]   16:     0x562a86ef0436 - std::sys_common::backtrace::__rust_end_short_backtrace::hf3289479464f7dfe
[INFO] [stdout]                                at /rustc/0e09125c6c3c2fd70d7de961bcf0e51575235fad/library/std/src/sys_common/backtrace.rs:171:18
[INFO] [stdout]   17:     0x562a86ef1b50 - rust_begin_unwind
[INFO] [stdout]                                at /rustc/0e09125c6c3c2fd70d7de961bcf0e51575235fad/library/std/src/panicking.rs:645:5
[INFO] [stdout]   18:     0x562a86c07d15 - core::panicking::panic_fmt::hcc9f77c5c132af55
[INFO] [stdout]                                at /rustc/0e09125c6c3c2fd70d7de961bcf0e51575235fad/library/core/src/panicking.rs:72:14
[INFO] [stdout]   19:     0x562a86c8bc6c - rusted_pipe::graph::tests::test_slow_consumers_data_is_dropped_real_time_queue::h0ec4ca8838cd6935
[INFO] [stdout]                                at /opt/rustwide/workdir/src/graph/mod.rs:402:13
[INFO] [stdout]   20:     0x562a86c8aee7 - rusted_pipe::graph::tests::test_slow_consumers_data_is_dropped_real_time_queue::{{closure}}::h8fa5325f02ab3349
[INFO] [stdout]                                at /opt/rustwide/workdir/src/graph/mod.rs:365:61
[INFO] [stdout]   21:     0x562a86c2e3b6 - core::ops::function::FnOnce::call_once::h45cf6bf6b4a259f7
[INFO] [stdout]                                at /rustc/0e09125c6c3c2fd70d7de961bcf0e51575235fad/library/core/src/ops/function.rs:250:5
[INFO] [stdout]   22:     0x562a86d0ab1f - core::ops::function::FnOnce::call_once::hd64d26f405258157
[INFO] [stdout]                                at /rustc/0e09125c6c3c2fd70d7de961bcf0e51575235fad/library/core/src/ops/function.rs:250:5
[INFO] [stdout]   23:     0x562a86d0ab1f - test::__rust_begin_short_backtrace::he21b0b7a6d731bf9
[INFO] [stdout]                                at /rustc/0e09125c6c3c2fd70d7de961bcf0e51575235fad/library/test/src/lib.rs:627:18
[INFO] [stdout]   24:     0x562a86d098a1 - test::run_test_in_process::{{closure}}::hf5c73986d7bdfde2
[INFO] [stdout]                                at /rustc/0e09125c6c3c2fd70d7de961bcf0e51575235fad/library/test/src/lib.rs:650:60
[INFO] [stdout]   25:     0x562a86d098a1 - <core::panic::unwind_safe::AssertUnwindSafe<F> as core::ops::function::FnOnce<()>>::call_once::h330011ad032aadc0
[INFO] [stdout]                                at /rustc/0e09125c6c3c2fd70d7de961bcf0e51575235fad/library/core/src/panic/unwind_safe.rs:272:9
[INFO] [stdout]   26:     0x562a86d098a1 - std::panicking::try::do_call::he61b0a958b795a41
[INFO] [stdout]                                at /rustc/0e09125c6c3c2fd70d7de961bcf0e51575235fad/library/std/src/panicking.rs:552:40
[INFO] [stdout]   27:     0x562a86d098a1 - std::panicking::try::h7309da130f906eb7
[INFO] [stdout]                                at /rustc/0e09125c6c3c2fd70d7de961bcf0e51575235fad/library/std/src/panicking.rs:516:19
[INFO] [stdout]   28:     0x562a86d098a1 - std::panic::catch_unwind::hc5c3a06fdaf0a92a
[INFO] [stdout]                                at /rustc/0e09125c6c3c2fd70d7de961bcf0e51575235fad/library/std/src/panic.rs:142:14
[INFO] [stdout]   29:     0x562a86d098a1 - test::run_test_in_process::h7e7b7c71c3324e0f
[INFO] [stdout]                                at /rustc/0e09125c6c3c2fd70d7de961bcf0e51575235fad/library/test/src/lib.rs:650:27
[INFO] [stdout]   30:     0x562a86d098a1 - test::run_test::{{closure}}::h1f509f28f5cf20b1
[INFO] [stdout]                                at /rustc/0e09125c6c3c2fd70d7de961bcf0e51575235fad/library/test/src/lib.rs:573:43
[INFO] [stdout]   31:     0x562a86cd0bd6 - test::run_test::{{closure}}::h1754218abf443f6d
[INFO] [stdout]                                at /rustc/0e09125c6c3c2fd70d7de961bcf0e51575235fad/library/test/src/lib.rs:601:41
[INFO] [stdout]   32:     0x562a86cd0bd6 - std::sys_common::backtrace::__rust_begin_short_backtrace::h2ee174b9d5954948
[INFO] [stdout]                                at /rustc/0e09125c6c3c2fd70d7de961bcf0e51575235fad/library/std/src/sys_common/backtrace.rs:155:18
[INFO] [stdout]   33:     0x562a86cd5c37 - std::thread::Builder::spawn_unchecked_::{{closure}}::{{closure}}::hf60bee9c1a17ef09
[INFO] [stdout]                                at /rustc/0e09125c6c3c2fd70d7de961bcf0e51575235fad/library/std/src/thread/mod.rs:529:17
[INFO] [stdout]   34:     0x562a86cd5c37 - <core::panic::unwind_safe::AssertUnwindSafe<F> as core::ops::function::FnOnce<()>>::call_once::h33d0dddec5216160
[INFO] [stdout]                                at /rustc/0e09125c6c3c2fd70d7de961bcf0e51575235fad/library/core/src/panic/unwind_safe.rs:272:9
[INFO] [stdout]   35:     0x562a86cd5c37 - std::panicking::try::do_call::h144b3048b546f835
[INFO] [stdout]                                at /rustc/0e09125c6c3c2fd70d7de961bcf0e51575235fad/library/std/src/panicking.rs:552:40
[INFO] [stdout]   36:     0x562a86cd5c37 - std::panicking::try::h978244d04646189f
[INFO] [stdout]                                at /rustc/0e09125c6c3c2fd70d7de961bcf0e51575235fad/library/std/src/panicking.rs:516:19
[INFO] [stdout]   37:     0x562a86cd5c37 - std::panic::catch_unwind::hdf436369d188fe86
[INFO] [stdout]                                at /rustc/0e09125c6c3c2fd70d7de961bcf0e51575235fad/library/std/src/panic.rs:142:14
[INFO] [stdout]   38:     0x562a86cd5c37 - std::thread::Builder::spawn_unchecked_::{{closure}}::h87329cbdd33c79ec
[INFO] [stdout]                                at /rustc/0e09125c6c3c2fd70d7de961bcf0e51575235fad/library/std/src/thread/mod.rs:528:30
[INFO] [stdout]   39:     0x562a86cd5c37 - core::ops::function::FnOnce::call_once{{vtable.shim}}::h401abbe67897d450
[INFO] [stdout]                                at /rustc/0e09125c6c3c2fd70d7de961bcf0e51575235fad/library/core/src/ops/function.rs:250:5
[INFO] [stdout]   40:     0x562a86ef6b95 - <alloc::boxed::Box<F,A> as core::ops::function::FnOnce<Args>>::call_once::h5d7c8f150ab9c84c
[INFO] [stdout]                                at /rustc/0e09125c6c3c2fd70d7de961bcf0e51575235fad/library/alloc/src/boxed.rs:2015:9
[INFO] [stdout]   41:     0x562a86ef6b95 - <alloc::boxed::Box<F,A> as core::ops::function::FnOnce<Args>>::call_once::h570d5b005c242c15
[INFO] [stdout]                                at /rustc/0e09125c6c3c2fd70d7de961bcf0e51575235fad/library/alloc/src/boxed.rs:2015:9
[INFO] [stdout]   42:     0x562a86ef6b95 - std::sys::unix::thread::Thread::new::thread_start::h36b0a20c0b2361ad
[INFO] [stdout]                                at /rustc/0e09125c6c3c2fd70d7de961bcf0e51575235fad/library/std/src/sys/unix/thread.rs:108:17
[INFO] [stdout]   43:     0x7f7b489b1ac3 - <unknown>
[INFO] [stdout]   44:     0x7f7b48a42bf4 - __clone
[INFO] [stdout]   45:                0x0 - <unknown>
[INFO] [stdout] 
[INFO] [stdout] 
[INFO] [stdout] failures:
[INFO] [stdout]     graph::tests::test_slow_consumers_blocks_if_configured_true
[INFO] [stdout]     graph::tests::test_slow_consumers_data_is_dropped_real_time_queue
[INFO] [stdout] 
[INFO] [stdout] test result: FAILED. 26 passed; 2 failed; 0 ignored; 0 measured; 0 filtered out; finished in 1.46s
[INFO] [stdout] 
[INFO] running `Command { std: "docker" "inspect" "89a3e3c8fc175078c1285796bee2f92c63bc37920698384dcd1fbab2d0055896", kill_on_drop: false }`
[INFO] running `Command { std: "docker" "rm" "-f" "89a3e3c8fc175078c1285796bee2f92c63bc37920698384dcd1fbab2d0055896", kill_on_drop: false }`
[INFO] [stdout] 89a3e3c8fc175078c1285796bee2f92c63bc37920698384dcd1fbab2d0055896
