[INFO] fetching crate ps-mem 0.2.13...
[INFO] testing ps-mem-0.2.13 against 1.75.0 for beta-1.76-1
[INFO] extracting crate ps-mem 0.2.13 into /workspace/builds/worker-5-tc1/source
[INFO] validating manifest of crates.io crate ps-mem 0.2.13 on toolchain 1.75.0
[INFO] running `Command { std: CARGO_HOME="/workspace/cargo-home" RUSTUP_HOME="/workspace/rustup-home" "/workspace/cargo-home/bin/cargo" "+1.75.0" "metadata" "--manifest-path" "Cargo.toml" "--no-deps", kill_on_drop: false }`
[INFO] removed /workspace/builds/worker-5-tc1/source/.cargo/config
[INFO] started tweaking crates.io crate ps-mem 0.2.13
[INFO] removed 0 missing tests
[INFO] finished tweaking crates.io crate ps-mem 0.2.13
[INFO] tweaked toml for crates.io crate ps-mem 0.2.13 written to /workspace/builds/worker-5-tc1/source/Cargo.toml
[INFO] crate crates.io crate ps-mem 0.2.13 already has a lockfile, it will not be regenerated
[INFO] running `Command { std: CARGO_HOME="/workspace/cargo-home" RUSTUP_HOME="/workspace/rustup-home" "/workspace/cargo-home/bin/cargo" "+1.75.0" "fetch" "--manifest-path" "Cargo.toml", kill_on_drop: false }`
[INFO] [stderr]     Updating crates.io index
[INFO] [stderr]  Downloading crates ...
[INFO] [stderr]   Downloaded assert-text v0.2.7
[INFO] [stderr]   Downloaded naive_opt v0.1.21
[INFO] [stderr]   Downloaded cfg-iif v0.2.4
[INFO] [stderr]   Downloaded linux-procfs v0.3.13
[INFO] running `Command { std: "docker" "create" "-v" "/var/lib/crater-agent-workspace/builds/worker-5-tc1/target:/opt/rustwide/target:rw,Z" "-v" "/var/lib/crater-agent-workspace/builds/worker-5-tc1/source:/opt/rustwide/workdir:ro,Z" "-v" "/var/lib/crater-agent-workspace/cargo-home:/opt/rustwide/cargo-home:ro,Z" "-v" "/var/lib/crater-agent-workspace/rustup-home:/opt/rustwide/rustup-home:ro,Z" "-e" "SOURCE_DIR=/opt/rustwide/workdir" "-e" "CARGO_TARGET_DIR=/opt/rustwide/target" "-e" "CARGO_HOME=/opt/rustwide/cargo-home" "-e" "RUSTUP_HOME=/opt/rustwide/rustup-home" "-w" "/opt/rustwide/workdir" "-m" "1610612736" "--user" "0:0" "--network" "none" "ghcr.io/rust-lang/crates-build-env/linux@sha256:2788e3201cd34a07e3172128adcd8b3090168a8e3bcc40d7c032b9dda1df7d1c" "/opt/rustwide/cargo-home/bin/cargo" "+1.75.0" "metadata" "--no-deps" "--format-version=1", kill_on_drop: false }`
[INFO] [stdout] 21453ab4e99199f58c216fed09fcb0cf8c0528b5ee684a8d87b5105fed0639ba
[INFO] running `Command { std: "docker" "start" "-a" "21453ab4e99199f58c216fed09fcb0cf8c0528b5ee684a8d87b5105fed0639ba", kill_on_drop: false }`
[INFO] running `Command { std: "docker" "inspect" "21453ab4e99199f58c216fed09fcb0cf8c0528b5ee684a8d87b5105fed0639ba", kill_on_drop: false }`
[INFO] running `Command { std: "docker" "rm" "-f" "21453ab4e99199f58c216fed09fcb0cf8c0528b5ee684a8d87b5105fed0639ba", kill_on_drop: false }`
[INFO] [stdout] 21453ab4e99199f58c216fed09fcb0cf8c0528b5ee684a8d87b5105fed0639ba
[INFO] running `Command { std: "docker" "create" "-v" "/var/lib/crater-agent-workspace/builds/worker-5-tc1/target:/opt/rustwide/target:rw,Z" "-v" "/var/lib/crater-agent-workspace/builds/worker-5-tc1/source:/opt/rustwide/workdir:ro,Z" "-v" "/var/lib/crater-agent-workspace/cargo-home:/opt/rustwide/cargo-home:ro,Z" "-v" "/var/lib/crater-agent-workspace/rustup-home:/opt/rustwide/rustup-home:ro,Z" "-e" "SOURCE_DIR=/opt/rustwide/workdir" "-e" "CARGO_TARGET_DIR=/opt/rustwide/target" "-e" "CARGO_INCREMENTAL=0" "-e" "RUST_BACKTRACE=full" "-e" "RUSTFLAGS=--cap-lints=warn" "-e" "RUSTDOCFLAGS=--cap-lints=warn" "-e" "CARGO_HOME=/opt/rustwide/cargo-home" "-e" "RUSTUP_HOME=/opt/rustwide/rustup-home" "-w" "/opt/rustwide/workdir" "-m" "1610612736" "--user" "0:0" "--network" "none" "ghcr.io/rust-lang/crates-build-env/linux@sha256:2788e3201cd34a07e3172128adcd8b3090168a8e3bcc40d7c032b9dda1df7d1c" "/opt/rustwide/cargo-home/bin/cargo" "+1.75.0" "build" "--frozen" "--message-format=json", kill_on_drop: false }`
[INFO] [stdout] c2d0dfc3478d63e735b98447a0a9d50325743dfe3f093cb7e6568ec9b457fb40
[INFO] running `Command { std: "docker" "start" "-a" "c2d0dfc3478d63e735b98447a0a9d50325743dfe3f093cb7e6568ec9b457fb40", kill_on_drop: false }`
[INFO] [stderr]    Compiling semver v1.0.16
[INFO] [stderr]    Compiling libc v0.2.139
[INFO] [stderr]    Compiling cpufeatures v0.2.5
[INFO] [stderr]    Compiling anyhow v1.0.68
[INFO] [stderr]    Compiling signal-hook v0.3.14
[INFO] [stderr]    Compiling rust-version-info-file v0.1.7
[INFO] [stderr]    Compiling cfg-iif v0.2.4
[INFO] [stderr]    Compiling itoa v1.0.5
[INFO] [stderr]    Compiling arrayvec v0.7.2
[INFO] [stderr]    Compiling flood-tide v0.2.8
[INFO] [stderr]    Compiling ps-mem v0.2.13 (/opt/rustwide/workdir)
[INFO] [stderr]    Compiling num-format v0.4.4
[INFO] [stderr]    Compiling rustc_version v0.4.0
[INFO] [stderr]    Compiling memx v0.1.24
[INFO] [stderr]    Compiling runnel v0.3.15
[INFO] [stderr]    Compiling signal-hook-registry v1.4.0
[INFO] [stderr]    Compiling naive_opt v0.1.21
[INFO] [stderr]    Compiling linux-procfs v0.3.13
[INFO] [stderr]    Compiling memx-cdy v0.1.10
[INFO] [stdout] warning: unused import: `self::opt_uc_x_param::OptUcXParamParseError`
[INFO] [stdout]  --> src/util/mod.rs:5:9
[INFO] [stdout]   |
[INFO] [stdout] 5 | pub use self::opt_uc_x_param::OptUcXParamParseError;
[INFO] [stdout]   |         ^^^^^^^^^^^^^^^^^^^^^^^^^^^^^^^^^^^^^^^^^^^
[INFO] [stdout]   |
[INFO] [stdout]   = note: `#[warn(unused_imports)]` on by default
[INFO] [stdout] 
[INFO] [stdout] 
[INFO] [stdout] warning: unused import: `self::opt_sort_order::OptSortOrderParseError`
[INFO] [stdout]  --> src/util/mod.rs:9:9
[INFO] [stdout]   |
[INFO] [stdout] 9 | pub use self::opt_sort_order::OptSortOrderParseError;
[INFO] [stdout]   |         ^^^^^^^^^^^^^^^^^^^^^^^^^^^^^^^^^^^^^^^^^^^^
[INFO] [stdout] 
[INFO] [stdout] 
[INFO] [stdout] warning: 2 warnings emitted
[INFO] [stdout] 
[INFO] [stdout] 
[INFO] [stderr]     Finished dev [unoptimized + debuginfo] target(s) in 3.69s
[INFO] running `Command { std: "docker" "inspect" "c2d0dfc3478d63e735b98447a0a9d50325743dfe3f093cb7e6568ec9b457fb40", kill_on_drop: false }`
[INFO] running `Command { std: "docker" "rm" "-f" "c2d0dfc3478d63e735b98447a0a9d50325743dfe3f093cb7e6568ec9b457fb40", kill_on_drop: false }`
[INFO] [stdout] c2d0dfc3478d63e735b98447a0a9d50325743dfe3f093cb7e6568ec9b457fb40
[INFO] running `Command { std: "docker" "create" "-v" "/var/lib/crater-agent-workspace/builds/worker-5-tc1/target:/opt/rustwide/target:rw,Z" "-v" "/var/lib/crater-agent-workspace/builds/worker-5-tc1/source:/opt/rustwide/workdir:ro,Z" "-v" "/var/lib/crater-agent-workspace/cargo-home:/opt/rustwide/cargo-home:ro,Z" "-v" "/var/lib/crater-agent-workspace/rustup-home:/opt/rustwide/rustup-home:ro,Z" "-e" "SOURCE_DIR=/opt/rustwide/workdir" "-e" "CARGO_TARGET_DIR=/opt/rustwide/target" "-e" "CARGO_INCREMENTAL=0" "-e" "RUST_BACKTRACE=full" "-e" "RUSTFLAGS=--cap-lints=warn" "-e" "RUSTDOCFLAGS=--cap-lints=warn" "-e" "CARGO_HOME=/opt/rustwide/cargo-home" "-e" "RUSTUP_HOME=/opt/rustwide/rustup-home" "-w" "/opt/rustwide/workdir" "-m" "1610612736" "--user" "0:0" "--network" "none" "ghcr.io/rust-lang/crates-build-env/linux@sha256:2788e3201cd34a07e3172128adcd8b3090168a8e3bcc40d7c032b9dda1df7d1c" "/opt/rustwide/cargo-home/bin/cargo" "+1.75.0" "test" "--frozen" "--no-run" "--message-format=json", kill_on_drop: false }`
[INFO] [stdout] 28cf79ee6960c1f90c55c60819f26b0d5071d4fd1f710f1018a01c89ad27b162
[INFO] running `Command { std: "docker" "start" "-a" "28cf79ee6960c1f90c55c60819f26b0d5071d4fd1f710f1018a01c89ad27b162", kill_on_drop: false }`
[INFO] [stderr]    Compiling regex-syntax v0.6.28
[INFO] [stderr]    Compiling difference v2.0.0
[INFO] [stderr]    Compiling exec-target v0.2.7
[INFO] [stderr]    Compiling indoc v1.0.8
[INFO] [stderr]    Compiling aho-corasick v0.7.20
[INFO] [stdout] warning: unused import: `self::opt_uc_x_param::OptUcXParamParseError`
[INFO] [stdout]  --> src/util/mod.rs:5:9
[INFO] [stdout]   |
[INFO] [stdout] 5 | pub use self::opt_uc_x_param::OptUcXParamParseError;
[INFO] [stdout]   |         ^^^^^^^^^^^^^^^^^^^^^^^^^^^^^^^^^^^^^^^^^^^
[INFO] [stdout]   |
[INFO] [stdout]   = note: `#[warn(unused_imports)]` on by default
[INFO] [stdout] 
[INFO] [stdout] 
[INFO] [stdout] warning: unused import: `self::opt_sort_order::OptSortOrderParseError`
[INFO] [stdout]  --> src/util/mod.rs:9:9
[INFO] [stdout]   |
[INFO] [stdout] 9 | pub use self::opt_sort_order::OptSortOrderParseError;
[INFO] [stdout]   |         ^^^^^^^^^^^^^^^^^^^^^^^^^^^^^^^^^^^^^^^^^^^^
[INFO] [stdout] 
[INFO] [stdout] 
[INFO] [stdout] warning: 2 warnings emitted
[INFO] [stdout] 
[INFO] [stdout] 
[INFO] [stderr]    Compiling regex v1.7.1
[INFO] [stderr]    Compiling assert-text v0.2.7
[INFO] [stderr]    Compiling ps-mem v0.2.13 (/opt/rustwide/workdir)
[INFO] [stdout] warning: unused import: `self::opt_uc_x_param::OptUcXParamParseError`
[INFO] [stdout]  --> src/util/mod.rs:5:9
[INFO] [stdout]   |
[INFO] [stdout] 5 | pub use self::opt_uc_x_param::OptUcXParamParseError;
[INFO] [stdout]   |         ^^^^^^^^^^^^^^^^^^^^^^^^^^^^^^^^^^^^^^^^^^^
[INFO] [stdout]   |
[INFO] [stdout]   = note: `#[warn(unused_imports)]` on by default
[INFO] [stdout] 
[INFO] [stdout] 
[INFO] [stdout] warning: unused import: `self::opt_sort_order::OptSortOrderParseError`
[INFO] [stdout]  --> src/util/mod.rs:9:9
[INFO] [stdout]   |
[INFO] [stdout] 9 | pub use self::opt_sort_order::OptSortOrderParseError;
[INFO] [stdout]   |         ^^^^^^^^^^^^^^^^^^^^^^^^^^^^^^^^^^^^^^^^^^^^
[INFO] [stdout] 
[INFO] [stdout] 
[INFO] [stdout] warning: 2 warnings emitted
[INFO] [stdout] 
[INFO] [stdout] 
[INFO] [stderr]     Finished test [unoptimized + debuginfo] target(s) in 4.33s
[INFO] running `Command { std: "docker" "inspect" "28cf79ee6960c1f90c55c60819f26b0d5071d4fd1f710f1018a01c89ad27b162", kill_on_drop: false }`
[INFO] running `Command { std: "docker" "rm" "-f" "28cf79ee6960c1f90c55c60819f26b0d5071d4fd1f710f1018a01c89ad27b162", kill_on_drop: false }`
[INFO] [stdout] 28cf79ee6960c1f90c55c60819f26b0d5071d4fd1f710f1018a01c89ad27b162
[INFO] running `Command { std: "docker" "create" "-v" "/var/lib/crater-agent-workspace/builds/worker-5-tc1/target:/opt/rustwide/target:rw,Z" "-v" "/var/lib/crater-agent-workspace/builds/worker-5-tc1/source:/opt/rustwide/workdir:ro,Z" "-v" "/var/lib/crater-agent-workspace/cargo-home:/opt/rustwide/cargo-home:ro,Z" "-v" "/var/lib/crater-agent-workspace/rustup-home:/opt/rustwide/rustup-home:ro,Z" "-e" "SOURCE_DIR=/opt/rustwide/workdir" "-e" "CARGO_TARGET_DIR=/opt/rustwide/target" "-e" "CARGO_INCREMENTAL=0" "-e" "RUST_BACKTRACE=full" "-e" "RUSTFLAGS=--cap-lints=warn" "-e" "RUSTDOCFLAGS=--cap-lints=warn" "-e" "CARGO_HOME=/opt/rustwide/cargo-home" "-e" "RUSTUP_HOME=/opt/rustwide/rustup-home" "-w" "/opt/rustwide/workdir" "-m" "1610612736" "--user" "0:0" "--network" "none" "ghcr.io/rust-lang/crates-build-env/linux@sha256:2788e3201cd34a07e3172128adcd8b3090168a8e3bcc40d7c032b9dda1df7d1c" "/opt/rustwide/cargo-home/bin/cargo" "+1.75.0" "test" "--frozen", kill_on_drop: false }`
[INFO] [stdout] a0a474fd7a776a87c5bb822a21d3d65da61c4ffaa679778249ed35a9c3e27abc
[INFO] running `Command { std: "docker" "start" "-a" "a0a474fd7a776a87c5bb822a21d3d65da61c4ffaa679778249ed35a9c3e27abc", kill_on_drop: false }`
[INFO] [stderr] warning: unused import: `self::opt_uc_x_param::OptUcXParamParseError`
[INFO] [stderr]  --> src/util/mod.rs:5:9
[INFO] [stderr]   |
[INFO] [stderr] 5 | pub use self::opt_uc_x_param::OptUcXParamParseError;
[INFO] [stderr]   |         ^^^^^^^^^^^^^^^^^^^^^^^^^^^^^^^^^^^^^^^^^^^
[INFO] [stderr]   |
[INFO] [stderr]   = note: `#[warn(unused_imports)]` on by default
[INFO] [stderr] 
[INFO] [stderr] warning: unused import: `self::opt_sort_order::OptSortOrderParseError`
[INFO] [stderr]  --> src/util/mod.rs:9:9
[INFO] [stderr]   |
[INFO] [stderr] 9 | pub use self::opt_sort_order::OptSortOrderParseError;
[INFO] [stderr]   |         ^^^^^^^^^^^^^^^^^^^^^^^^^^^^^^^^^^^^^^^^^^^^
[INFO] [stderr] 
[INFO] [stderr] warning: `ps-mem` (lib) generated 2 warnings (run `cargo fix --lib -p ps-mem` to apply 2 suggestions)
[INFO] [stderr] warning: `ps-mem` (lib test) generated 2 warnings (2 duplicates)
[INFO] [stderr]     Finished test [unoptimized + debuginfo] target(s) in 0.05s
[INFO] [stderr]      Running unittests src/lib.rs (/opt/rustwide/target/debug/deps/libps_mem-fbcbe21525b943ba)
[INFO] [stdout] 
[INFO] [stdout] running 9 tests
[INFO] [stdout] test util::opt_sort_order::tests::test_display_rss ... ok
[INFO] [stdout] test util::opt_sort_order::tests::test_display_empty ... ok
[INFO] [stdout] test util::opt_sort_order::tests::test_from_str_empty ... ok
[INFO] [stdout] test util::opt_sort_order::tests::test_display_swap ... ok
[INFO] [stdout] test util::opt_sort_order::tests::test_display_total ... ok
[INFO] [stdout] test util::opt_sort_order::tests::test_from_str_invalid ... ok
[INFO] [stdout] test util::opt_sort_order::tests::test_from_str_rss ... ok
[INFO] [stdout] test util::opt_sort_order::tests::test_from_str_swap ... ok
[INFO] [stdout] test util::opt_sort_order::tests::test_from_str_total ... ok
[INFO] [stdout] 
[INFO] [stdout] test result: ok. 9 passed; 0 failed; 0 ignored; 0 measured; 0 filtered out; finished in 0.00s
[INFO] [stdout] 
[INFO] [stderr]      Running unittests src/main.rs (/opt/rustwide/target/debug/deps/ps_mem-20540b69481ec86b)
[INFO] [stdout] 
[INFO] [stdout] running 0 tests
[INFO] [stdout] 
[INFO] [stdout] test result: ok. 0 passed; 0 failed; 0 ignored; 0 measured; 0 filtered out; finished in 0.00s
[INFO] [stdout] 
[INFO] [stderr]      Running tests/test.rs (/opt/rustwide/target/debug/deps/integration-e440aca641afbe28)
[INFO] [stdout] 
[INFO] [stdout] running 10 tests
[INFO] [stdout] test test_0::test_help ... ok
[INFO] [stdout] test test_0::test_version ... ok
[INFO] [stdout] test test_0::test_help_long ... ok
[INFO] [stdout] test test_0::test_invalid_opt ... ok
[INFO] [stdout] test test_0::test_version_long ... ok
[INFO] [stdout] test test_1::test_t3 ... ok
[INFO] [stdout] test test_1::test_t4 ... ok
[INFO] [stdout] test test_1::test_exec ... ok
[INFO] [stdout] test test_1::test_t2 ... ok
[INFO] [stdout] test test_1::test_t1 ... ok
[INFO] [stdout] 
[INFO] [stdout] test result: ok. 10 passed; 0 failed; 0 ignored; 0 measured; 0 filtered out; finished in 0.03s
[INFO] [stdout] 
[INFO] [stderr]    Doc-tests libps_mem
[INFO] [stdout] 
[INFO] [stdout] running 0 tests
[INFO] [stdout] 
[INFO] [stdout] test result: ok. 0 passed; 0 failed; 0 ignored; 0 measured; 0 filtered out; finished in 0.00s
[INFO] [stdout] 
[INFO] running `Command { std: "docker" "inspect" "a0a474fd7a776a87c5bb822a21d3d65da61c4ffaa679778249ed35a9c3e27abc", kill_on_drop: false }`
[INFO] running `Command { std: "docker" "rm" "-f" "a0a474fd7a776a87c5bb822a21d3d65da61c4ffaa679778249ed35a9c3e27abc", kill_on_drop: false }`
[INFO] [stdout] a0a474fd7a776a87c5bb822a21d3d65da61c4ffaa679778249ed35a9c3e27abc
[INFO] testing ps-mem-0.2.13 against beta-2023-12-22 for beta-1.76-1
[INFO] extracting crate ps-mem 0.2.13 into /workspace/builds/worker-5-tc2/source
[INFO] validating manifest of crates.io crate ps-mem 0.2.13 on toolchain beta-2023-12-22
[INFO] running `Command { std: CARGO_HOME="/workspace/cargo-home" RUSTUP_HOME="/workspace/rustup-home" "/workspace/cargo-home/bin/cargo" "+beta-2023-12-22" "metadata" "--manifest-path" "Cargo.toml" "--no-deps", kill_on_drop: false }`
[INFO] removed /workspace/builds/worker-5-tc2/source/.cargo/config
[INFO] started tweaking crates.io crate ps-mem 0.2.13
[INFO] removed 0 missing tests
[INFO] finished tweaking crates.io crate ps-mem 0.2.13
[INFO] tweaked toml for crates.io crate ps-mem 0.2.13 written to /workspace/builds/worker-5-tc2/source/Cargo.toml
[INFO] crate crates.io crate ps-mem 0.2.13 already has a lockfile, it will not be regenerated
[INFO] running `Command { std: CARGO_HOME="/workspace/cargo-home" RUSTUP_HOME="/workspace/rustup-home" "/workspace/cargo-home/bin/cargo" "+beta-2023-12-22" "fetch" "--manifest-path" "Cargo.toml", kill_on_drop: false }`
[INFO] [stderr]     Blocking waiting for file lock on package cache
[INFO] running `Command { std: "docker" "create" "-v" "/var/lib/crater-agent-workspace/builds/worker-5-tc2/target:/opt/rustwide/target:rw,Z" "-v" "/var/lib/crater-agent-workspace/builds/worker-5-tc2/source:/opt/rustwide/workdir:ro,Z" "-v" "/var/lib/crater-agent-workspace/cargo-home:/opt/rustwide/cargo-home:ro,Z" "-v" "/var/lib/crater-agent-workspace/rustup-home:/opt/rustwide/rustup-home:ro,Z" "-e" "SOURCE_DIR=/opt/rustwide/workdir" "-e" "CARGO_TARGET_DIR=/opt/rustwide/target" "-e" "CARGO_HOME=/opt/rustwide/cargo-home" "-e" "RUSTUP_HOME=/opt/rustwide/rustup-home" "-w" "/opt/rustwide/workdir" "-m" "1610612736" "--user" "0:0" "--network" "none" "ghcr.io/rust-lang/crates-build-env/linux@sha256:2788e3201cd34a07e3172128adcd8b3090168a8e3bcc40d7c032b9dda1df7d1c" "/opt/rustwide/cargo-home/bin/cargo" "+beta-2023-12-22" "metadata" "--no-deps" "--format-version=1", kill_on_drop: false }`
[INFO] [stdout] bbe2b926743fbab12857cff7c8b588741025a86806fe8825aac58e221ffb9ee6
[INFO] running `Command { std: "docker" "start" "-a" "bbe2b926743fbab12857cff7c8b588741025a86806fe8825aac58e221ffb9ee6", kill_on_drop: false }`
[INFO] running `Command { std: "docker" "inspect" "bbe2b926743fbab12857cff7c8b588741025a86806fe8825aac58e221ffb9ee6", kill_on_drop: false }`
[INFO] running `Command { std: "docker" "rm" "-f" "bbe2b926743fbab12857cff7c8b588741025a86806fe8825aac58e221ffb9ee6", kill_on_drop: false }`
[INFO] [stdout] bbe2b926743fbab12857cff7c8b588741025a86806fe8825aac58e221ffb9ee6
[INFO] running `Command { std: "docker" "create" "-v" "/var/lib/crater-agent-workspace/builds/worker-5-tc2/target:/opt/rustwide/target:rw,Z" "-v" "/var/lib/crater-agent-workspace/builds/worker-5-tc2/source:/opt/rustwide/workdir:ro,Z" "-v" "/var/lib/crater-agent-workspace/cargo-home:/opt/rustwide/cargo-home:ro,Z" "-v" "/var/lib/crater-agent-workspace/rustup-home:/opt/rustwide/rustup-home:ro,Z" "-e" "SOURCE_DIR=/opt/rustwide/workdir" "-e" "CARGO_TARGET_DIR=/opt/rustwide/target" "-e" "CARGO_INCREMENTAL=0" "-e" "RUST_BACKTRACE=full" "-e" "RUSTFLAGS=--cap-lints=warn" "-e" "RUSTDOCFLAGS=--cap-lints=warn" "-e" "CARGO_HOME=/opt/rustwide/cargo-home" "-e" "RUSTUP_HOME=/opt/rustwide/rustup-home" "-w" "/opt/rustwide/workdir" "-m" "1610612736" "--user" "0:0" "--network" "none" "ghcr.io/rust-lang/crates-build-env/linux@sha256:2788e3201cd34a07e3172128adcd8b3090168a8e3bcc40d7c032b9dda1df7d1c" "/opt/rustwide/cargo-home/bin/cargo" "+beta-2023-12-22" "build" "--frozen" "--message-format=json", kill_on_drop: false }`
[INFO] [stdout] 1cee76de1cabafeed16ef5f996cdea41a5a9275348cbe2d40c8b76e05b4bbff6
[INFO] running `Command { std: "docker" "start" "-a" "1cee76de1cabafeed16ef5f996cdea41a5a9275348cbe2d40c8b76e05b4bbff6", kill_on_drop: false }`
[INFO] [stderr]    Compiling semver v1.0.16
[INFO] [stderr]    Compiling libc v0.2.139
[INFO] [stderr]    Compiling cpufeatures v0.2.5
[INFO] [stderr]    Compiling signal-hook v0.3.14
[INFO] [stderr]    Compiling anyhow v1.0.68
[INFO] [stderr]    Compiling rust-version-info-file v0.1.7
[INFO] [stderr]    Compiling itoa v1.0.5
[INFO] [stderr]    Compiling arrayvec v0.7.2
[INFO] [stderr]    Compiling cfg-iif v0.2.4
[INFO] [stderr]    Compiling flood-tide v0.2.8
[INFO] [stderr]    Compiling ps-mem v0.2.13 (/opt/rustwide/workdir)
[INFO] [stderr]    Compiling num-format v0.4.4
[INFO] [stderr]    Compiling rustc_version v0.4.0
[INFO] [stderr]    Compiling memx v0.1.24
[INFO] [stderr]    Compiling runnel v0.3.15
[INFO] [stderr]    Compiling signal-hook-registry v1.4.0
[INFO] [stderr]    Compiling naive_opt v0.1.21
[INFO] [stderr]    Compiling linux-procfs v0.3.13
[INFO] [stderr]    Compiling memx-cdy v0.1.10
[INFO] [stdout] warning: unused import: `self::opt_uc_x_param::OptUcXParamParseError`
[INFO] [stdout]  --> src/util/mod.rs:5:9
[INFO] [stdout]   |
[INFO] [stdout] 5 | pub use self::opt_uc_x_param::OptUcXParamParseError;
[INFO] [stdout]   |         ^^^^^^^^^^^^^^^^^^^^^^^^^^^^^^^^^^^^^^^^^^^
[INFO] [stdout]   |
[INFO] [stdout]   = note: `#[warn(unused_imports)]` on by default
[INFO] [stdout] 
[INFO] [stdout] 
[INFO] [stdout] warning: unused import: `self::opt_sort_order::OptSortOrderParseError`
[INFO] [stdout]  --> src/util/mod.rs:9:9
[INFO] [stdout]   |
[INFO] [stdout] 9 | pub use self::opt_sort_order::OptSortOrderParseError;
[INFO] [stdout]   |         ^^^^^^^^^^^^^^^^^^^^^^^^^^^^^^^^^^^^^^^^^^^^
[INFO] [stdout] 
[INFO] [stdout] 
[INFO] [stdout] warning: 2 warnings emitted
[INFO] [stdout] 
[INFO] [stdout] 
[INFO] [stderr]     Finished dev [unoptimized + debuginfo] target(s) in 5.22s
[INFO] running `Command { std: "docker" "inspect" "1cee76de1cabafeed16ef5f996cdea41a5a9275348cbe2d40c8b76e05b4bbff6", kill_on_drop: false }`
[INFO] running `Command { std: "docker" "rm" "-f" "1cee76de1cabafeed16ef5f996cdea41a5a9275348cbe2d40c8b76e05b4bbff6", kill_on_drop: false }`
[INFO] [stdout] 1cee76de1cabafeed16ef5f996cdea41a5a9275348cbe2d40c8b76e05b4bbff6
[INFO] running `Command { std: "docker" "create" "-v" "/var/lib/crater-agent-workspace/builds/worker-5-tc2/target:/opt/rustwide/target:rw,Z" "-v" "/var/lib/crater-agent-workspace/builds/worker-5-tc2/source:/opt/rustwide/workdir:ro,Z" "-v" "/var/lib/crater-agent-workspace/cargo-home:/opt/rustwide/cargo-home:ro,Z" "-v" "/var/lib/crater-agent-workspace/rustup-home:/opt/rustwide/rustup-home:ro,Z" "-e" "SOURCE_DIR=/opt/rustwide/workdir" "-e" "CARGO_TARGET_DIR=/opt/rustwide/target" "-e" "CARGO_INCREMENTAL=0" "-e" "RUST_BACKTRACE=full" "-e" "RUSTFLAGS=--cap-lints=warn" "-e" "RUSTDOCFLAGS=--cap-lints=warn" "-e" "CARGO_HOME=/opt/rustwide/cargo-home" "-e" "RUSTUP_HOME=/opt/rustwide/rustup-home" "-w" "/opt/rustwide/workdir" "-m" "1610612736" "--user" "0:0" "--network" "none" "ghcr.io/rust-lang/crates-build-env/linux@sha256:2788e3201cd34a07e3172128adcd8b3090168a8e3bcc40d7c032b9dda1df7d1c" "/opt/rustwide/cargo-home/bin/cargo" "+beta-2023-12-22" "test" "--frozen" "--no-run" "--message-format=json", kill_on_drop: false }`
[INFO] [stdout] 1f2ff4a53066a61d60b9065183b7ab1a5da30a4932967364921175fed78a5e30
[INFO] running `Command { std: "docker" "start" "-a" "1f2ff4a53066a61d60b9065183b7ab1a5da30a4932967364921175fed78a5e30", kill_on_drop: false }`
[INFO] [stderr]    Compiling regex-syntax v0.6.28
[INFO] [stderr]    Compiling difference v2.0.0
[INFO] [stderr]    Compiling exec-target v0.2.7
[INFO] [stderr]    Compiling indoc v1.0.8
[INFO] [stderr]    Compiling aho-corasick v0.7.20
[INFO] [stdout] warning: unused import: `self::opt_uc_x_param::OptUcXParamParseError`
[INFO] [stdout]  --> src/util/mod.rs:5:9
[INFO] [stdout]   |
[INFO] [stdout] 5 | pub use self::opt_uc_x_param::OptUcXParamParseError;
[INFO] [stdout]   |         ^^^^^^^^^^^^^^^^^^^^^^^^^^^^^^^^^^^^^^^^^^^
[INFO] [stdout]   |
[INFO] [stdout]   = note: `#[warn(unused_imports)]` on by default
[INFO] [stdout] 
[INFO] [stdout] 
[INFO] [stdout] warning: unused import: `self::opt_sort_order::OptSortOrderParseError`
[INFO] [stdout]  --> src/util/mod.rs:9:9
[INFO] [stdout]   |
[INFO] [stdout] 9 | pub use self::opt_sort_order::OptSortOrderParseError;
[INFO] [stdout]   |         ^^^^^^^^^^^^^^^^^^^^^^^^^^^^^^^^^^^^^^^^^^^^
[INFO] [stdout] 
[INFO] [stdout] 
[INFO] [stdout] warning: 2 warnings emitted
[INFO] [stdout] 
[INFO] [stdout] 
[INFO] [stderr]    Compiling regex v1.7.1
[INFO] [stderr]    Compiling assert-text v0.2.7
[INFO] [stderr]    Compiling ps-mem v0.2.13 (/opt/rustwide/workdir)
[INFO] [stdout] warning: unused import: `self::opt_uc_x_param::OptUcXParamParseError`
[INFO] [stdout]  --> src/util/mod.rs:5:9
[INFO] [stdout]   |
[INFO] [stdout] 5 | pub use self::opt_uc_x_param::OptUcXParamParseError;
[INFO] [stdout]   |         ^^^^^^^^^^^^^^^^^^^^^^^^^^^^^^^^^^^^^^^^^^^
[INFO] [stdout]   |
[INFO] [stdout]   = note: `#[warn(unused_imports)]` on by default
[INFO] [stdout] 
[INFO] [stdout] 
[INFO] [stdout] warning: unused import: `self::opt_sort_order::OptSortOrderParseError`
[INFO] [stdout]  --> src/util/mod.rs:9:9
[INFO] [stdout]   |
[INFO] [stdout] 9 | pub use self::opt_sort_order::OptSortOrderParseError;
[INFO] [stdout]   |         ^^^^^^^^^^^^^^^^^^^^^^^^^^^^^^^^^^^^^^^^^^^^
[INFO] [stdout] 
[INFO] [stdout] 
[INFO] [stdout] warning: 2 warnings emitted
[INFO] [stdout] 
[INFO] [stdout] 
[INFO] [stderr]     Finished test [unoptimized + debuginfo] target(s) in 4.82s
[INFO] running `Command { std: "docker" "inspect" "1f2ff4a53066a61d60b9065183b7ab1a5da30a4932967364921175fed78a5e30", kill_on_drop: false }`
[INFO] running `Command { std: "docker" "rm" "-f" "1f2ff4a53066a61d60b9065183b7ab1a5da30a4932967364921175fed78a5e30", kill_on_drop: false }`
[INFO] [stdout] 1f2ff4a53066a61d60b9065183b7ab1a5da30a4932967364921175fed78a5e30
[INFO] running `Command { std: "docker" "create" "-v" "/var/lib/crater-agent-workspace/builds/worker-5-tc2/target:/opt/rustwide/target:rw,Z" "-v" "/var/lib/crater-agent-workspace/builds/worker-5-tc2/source:/opt/rustwide/workdir:ro,Z" "-v" "/var/lib/crater-agent-workspace/cargo-home:/opt/rustwide/cargo-home:ro,Z" "-v" "/var/lib/crater-agent-workspace/rustup-home:/opt/rustwide/rustup-home:ro,Z" "-e" "SOURCE_DIR=/opt/rustwide/workdir" "-e" "CARGO_TARGET_DIR=/opt/rustwide/target" "-e" "CARGO_INCREMENTAL=0" "-e" "RUST_BACKTRACE=full" "-e" "RUSTFLAGS=--cap-lints=warn" "-e" "RUSTDOCFLAGS=--cap-lints=warn" "-e" "CARGO_HOME=/opt/rustwide/cargo-home" "-e" "RUSTUP_HOME=/opt/rustwide/rustup-home" "-w" "/opt/rustwide/workdir" "-m" "1610612736" "--user" "0:0" "--network" "none" "ghcr.io/rust-lang/crates-build-env/linux@sha256:2788e3201cd34a07e3172128adcd8b3090168a8e3bcc40d7c032b9dda1df7d1c" "/opt/rustwide/cargo-home/bin/cargo" "+beta-2023-12-22" "test" "--frozen", kill_on_drop: false }`
[INFO] [stdout] 3ba2baed5ef3324e8812c926a94609f9f58a4683fbaac3be0445a0ffa66ff6df
[INFO] running `Command { std: "docker" "start" "-a" "3ba2baed5ef3324e8812c926a94609f9f58a4683fbaac3be0445a0ffa66ff6df", kill_on_drop: false }`
[INFO] [stderr] warning: unused import: `self::opt_uc_x_param::OptUcXParamParseError`
[INFO] [stderr]  --> src/util/mod.rs:5:9
[INFO] [stderr]   |
[INFO] [stderr] 5 | pub use self::opt_uc_x_param::OptUcXParamParseError;
[INFO] [stderr]   |         ^^^^^^^^^^^^^^^^^^^^^^^^^^^^^^^^^^^^^^^^^^^
[INFO] [stderr]   |
[INFO] [stderr]   = note: `#[warn(unused_imports)]` on by default
[INFO] [stderr] 
[INFO] [stderr] warning: unused import: `self::opt_sort_order::OptSortOrderParseError`
[INFO] [stderr]  --> src/util/mod.rs:9:9
[INFO] [stderr]   |
[INFO] [stderr] 9 | pub use self::opt_sort_order::OptSortOrderParseError;
[INFO] [stderr]   |         ^^^^^^^^^^^^^^^^^^^^^^^^^^^^^^^^^^^^^^^^^^^^
[INFO] [stderr] 
[INFO] [stderr] warning: `ps-mem` (lib) generated 2 warnings (run `cargo fix --lib -p ps-mem` to apply 2 suggestions)
[INFO] [stderr] warning: `ps-mem` (lib test) generated 2 warnings (2 duplicates)
[INFO] [stderr]     Finished test [unoptimized + debuginfo] target(s) in 0.05s
[INFO] [stderr]      Running unittests src/lib.rs (/opt/rustwide/target/debug/deps/libps_mem-a7432c66044522f3)
[INFO] [stdout] 
[INFO] [stdout] running 9 tests
[INFO] [stdout] test util::opt_sort_order::tests::test_from_str_rss ... ok
[INFO] [stdout] test util::opt_sort_order::tests::test_display_swap ... ok
[INFO] [stdout] test util::opt_sort_order::tests::test_display_total ... ok
[INFO] [stdout] test util::opt_sort_order::tests::test_from_str_total ... ok
[INFO] [stdout] test util::opt_sort_order::tests::test_display_empty ... ok
[INFO] [stdout] test util::opt_sort_order::tests::test_from_str_invalid ... ok
[INFO] [stdout] test util::opt_sort_order::tests::test_display_rss ... ok
[INFO] [stdout] test util::opt_sort_order::tests::test_from_str_swap ... ok
[INFO] [stdout] test util::opt_sort_order::tests::test_from_str_empty ... ok
[INFO] [stdout] 
[INFO] [stdout] test result: ok. 9 passed; 0 failed; 0 ignored; 0 measured; 0 filtered out; finished in 0.03s
[INFO] [stdout] 
[INFO] [stderr]      Running unittests src/main.rs (/opt/rustwide/target/debug/deps/ps_mem-bdbdb08c64fc94e7)
[INFO] [stdout] 
[INFO] [stdout] running 0 tests
[INFO] [stdout] 
[INFO] [stdout] test result: ok. 0 passed; 0 failed; 0 ignored; 0 measured; 0 filtered out; finished in 0.00s
[INFO] [stdout] 
[INFO] [stderr]      Running tests/test.rs (/opt/rustwide/target/debug/deps/integration-745e0ee946d9a291)
[INFO] [stdout] 
[INFO] [stdout] running 10 tests
[INFO] [stdout] test test_0::test_invalid_opt ... ok
[INFO] [stdout] test test_0::test_version_long ... ok
[INFO] [stdout] test test_1::test_t4 ... ok
[INFO] [stdout] test test_0::test_version ... ok
[INFO] [stdout] test test_0::test_help ... ok
[INFO] [stdout] test test_1::test_t3 ... ok
[INFO] [stdout] test test_0::test_help_long ... ok
[INFO] [stdout] test test_1::test_t2 ... ok
[INFO] [stdout] test test_1::test_t1 ... ok
[INFO] [stdout] test test_1::test_exec ... FAILED
[INFO] [stdout] 
[INFO] [stdout] failures:
[INFO] [stdout] 
[INFO] [stdout] ---- test_1::test_exec stdout ----
[INFO] [stdout] thread 'test_1::test_exec' panicked at tests/test.rs:569:9:
[INFO] [stdout] assertion failed
[INFO] [stdout] stack backtrace:
[INFO] [stdout]    0:     0x55fcdf675eb6 - std::backtrace_rs::backtrace::libunwind::trace::h261606ad26a499c1
[INFO] [stdout]                                at /rustc/0e09125c6c3c2fd70d7de961bcf0e51575235fad/library/std/src/../../backtrace/src/backtrace/libunwind.rs:104:5
[INFO] [stdout]    1:     0x55fcdf675eb6 - std::backtrace_rs::backtrace::trace_unsynchronized::hd183f0625477fb28
[INFO] [stdout]                                at /rustc/0e09125c6c3c2fd70d7de961bcf0e51575235fad/library/std/src/../../backtrace/src/backtrace/mod.rs:66:5
[INFO] [stdout]    2:     0x55fcdf675eb6 - std::sys_common::backtrace::_print_fmt::hd7f8fef21b4eda67
[INFO] [stdout]                                at /rustc/0e09125c6c3c2fd70d7de961bcf0e51575235fad/library/std/src/sys_common/backtrace.rs:68:5
[INFO] [stdout]    3:     0x55fcdf675eb6 - <std::sys_common::backtrace::_print::DisplayBacktrace as core::fmt::Display>::fmt::h623d9b51f2f453f1
[INFO] [stdout]                                at /rustc/0e09125c6c3c2fd70d7de961bcf0e51575235fad/library/std/src/sys_common/backtrace.rs:44:22
[INFO] [stdout]    4:     0x55fcdf69ee10 - core::fmt::rt::Argument::fmt::h9f417ac76a86f368
[INFO] [stdout]                                at /rustc/0e09125c6c3c2fd70d7de961bcf0e51575235fad/library/core/src/fmt/rt.rs:142:9
[INFO] [stdout]    5:     0x55fcdf69ee10 - core::fmt::write::hc9b6faf4ac2aeff7
[INFO] [stdout]                                at /rustc/0e09125c6c3c2fd70d7de961bcf0e51575235fad/library/core/src/fmt/mod.rs:1120:17
[INFO] [stdout]    6:     0x55fcdf67331f - std::io::Write::write_fmt::he04625a3a989fec3
[INFO] [stdout]                                at /rustc/0e09125c6c3c2fd70d7de961bcf0e51575235fad/library/std/src/io/mod.rs:1810:15
[INFO] [stdout]    7:     0x55fcdf675c94 - std::sys_common::backtrace::_print::hd5d66399c7df88a2
[INFO] [stdout]                                at /rustc/0e09125c6c3c2fd70d7de961bcf0e51575235fad/library/std/src/sys_common/backtrace.rs:47:5
[INFO] [stdout]    8:     0x55fcdf675c94 - std::sys_common::backtrace::print::he81ed2da642d37e5
[INFO] [stdout]                                at /rustc/0e09125c6c3c2fd70d7de961bcf0e51575235fad/library/std/src/sys_common/backtrace.rs:34:9
[INFO] [stdout]    9:     0x55fcdf677a07 - std::panicking::default_hook::{{closure}}::h85773f4fa117163d
[INFO] [stdout]   10:     0x55fcdf6776ed - std::panicking::default_hook::h6a1694a91d09b278
[INFO] [stdout]                                at /rustc/0e09125c6c3c2fd70d7de961bcf0e51575235fad/library/std/src/panicking.rs:289:9
[INFO] [stdout]   11:     0x55fcdf634e57 - <alloc::boxed::Box<F,A> as core::ops::function::Fn<Args>>::call::h616ac37fa3cd6c8f
[INFO] [stdout]                                at /rustc/0e09125c6c3c2fd70d7de961bcf0e51575235fad/library/alloc/src/boxed.rs:2029:9
[INFO] [stdout]   12:     0x55fcdf634e57 - test::test_main::{{closure}}::h00d84697cefdcbb6
[INFO] [stdout]                                at /rustc/0e09125c6c3c2fd70d7de961bcf0e51575235fad/library/test/src/lib.rs:138:21
[INFO] [stdout]   13:     0x55fcdf678026 - <alloc::boxed::Box<F,A> as core::ops::function::Fn<Args>>::call::hcb3fe3b9bb537ba8
[INFO] [stdout]                                at /rustc/0e09125c6c3c2fd70d7de961bcf0e51575235fad/library/alloc/src/boxed.rs:2029:9
[INFO] [stdout]   14:     0x55fcdf678026 - std::panicking::rust_panic_with_hook::h0a7ad96e90f7145b
[INFO] [stdout]                                at /rustc/0e09125c6c3c2fd70d7de961bcf0e51575235fad/library/std/src/panicking.rs:783:13
[INFO] [stdout]   15:     0x55fcdf677d39 - std::panicking::begin_panic_handler::{{closure}}::h7919090525c6485e
[INFO] [stdout]                                at /rustc/0e09125c6c3c2fd70d7de961bcf0e51575235fad/library/std/src/panicking.rs:649:13
[INFO] [stdout]   16:     0x55fcdf6763b6 - std::sys_common::backtrace::__rust_end_short_backtrace::hf3289479464f7dfe
[INFO] [stdout]                                at /rustc/0e09125c6c3c2fd70d7de961bcf0e51575235fad/library/std/src/sys_common/backtrace.rs:171:18
[INFO] [stdout]   17:     0x55fcdf677ad0 - rust_begin_unwind
[INFO] [stdout]                                at /rustc/0e09125c6c3c2fd70d7de961bcf0e51575235fad/library/std/src/panicking.rs:645:5
[INFO] [stdout]   18:     0x55fcdf4a5205 - core::panicking::panic_fmt::hcc9f77c5c132af55
[INFO] [stdout]                                at /rustc/0e09125c6c3c2fd70d7de961bcf0e51575235fad/library/core/src/panicking.rs:72:14
[INFO] [stdout]   19:     0x55fcdf4b2e37 - integration::test_1::test_exec::hcdba07a493d198a6
[INFO] [stdout]                                at /opt/rustwide/workdir/tests/test.rs:569:9
[INFO] [stdout]   20:     0x55fcdf4b2ba7 - integration::test_1::test_exec::{{closure}}::h49e74b7af1613cdd
[INFO] [stdout]                                at /opt/rustwide/workdir/tests/test.rs:563:19
[INFO] [stdout]   21:     0x55fcdf4af6e6 - core::ops::function::FnOnce::call_once::h58a4080ba8cdfea4
[INFO] [stdout]                                at /rustc/0e09125c6c3c2fd70d7de961bcf0e51575235fad/library/core/src/ops/function.rs:250:5
[INFO] [stdout]   22:     0x55fcdf63a72f - core::ops::function::FnOnce::call_once::hd64d26f405258157
[INFO] [stdout]                                at /rustc/0e09125c6c3c2fd70d7de961bcf0e51575235fad/library/core/src/ops/function.rs:250:5
[INFO] [stdout]   23:     0x55fcdf63a72f - test::__rust_begin_short_backtrace::he21b0b7a6d731bf9
[INFO] [stdout]                                at /rustc/0e09125c6c3c2fd70d7de961bcf0e51575235fad/library/test/src/lib.rs:627:18
[INFO] [stdout]   24:     0x55fcdf6394b1 - test::run_test_in_process::{{closure}}::hf5c73986d7bdfde2
[INFO] [stdout]                                at /rustc/0e09125c6c3c2fd70d7de961bcf0e51575235fad/library/test/src/lib.rs:650:60
[INFO] [stdout]   25:     0x55fcdf6394b1 - <core::panic::unwind_safe::AssertUnwindSafe<F> as core::ops::function::FnOnce<()>>::call_once::h330011ad032aadc0
[INFO] [stdout]                                at /rustc/0e09125c6c3c2fd70d7de961bcf0e51575235fad/library/core/src/panic/unwind_safe.rs:272:9
[INFO] [stdout]   26:     0x55fcdf6394b1 - std::panicking::try::do_call::he61b0a958b795a41
[INFO] [stdout]                                at /rustc/0e09125c6c3c2fd70d7de961bcf0e51575235fad/library/std/src/panicking.rs:552:40
[INFO] [stdout]   27:     0x55fcdf6394b1 - std::panicking::try::h7309da130f906eb7
[INFO] [stdout]                                at /rustc/0e09125c6c3c2fd70d7de961bcf0e51575235fad/library/std/src/panicking.rs:516:19
[INFO] [stdout]   28:     0x55fcdf6394b1 - std::panic::catch_unwind::hc5c3a06fdaf0a92a
[INFO] [stdout]                                at /rustc/0e09125c6c3c2fd70d7de961bcf0e51575235fad/library/std/src/panic.rs:142:14
[INFO] [stdout]   29:     0x55fcdf6394b1 - test::run_test_in_process::h7e7b7c71c3324e0f
[INFO] [stdout]                                at /rustc/0e09125c6c3c2fd70d7de961bcf0e51575235fad/library/test/src/lib.rs:650:27
[INFO] [stdout]   30:     0x55fcdf6394b1 - test::run_test::{{closure}}::h1f509f28f5cf20b1
[INFO] [stdout]                                at /rustc/0e09125c6c3c2fd70d7de961bcf0e51575235fad/library/test/src/lib.rs:573:43
[INFO] [stdout]   31:     0x55fcdf6007e6 - test::run_test::{{closure}}::h1754218abf443f6d
[INFO] [stdout]                                at /rustc/0e09125c6c3c2fd70d7de961bcf0e51575235fad/library/test/src/lib.rs:601:41
[INFO] [stdout]   32:     0x55fcdf6007e6 - std::sys_common::backtrace::__rust_begin_short_backtrace::h2ee174b9d5954948
[INFO] [stdout]                                at /rustc/0e09125c6c3c2fd70d7de961bcf0e51575235fad/library/std/src/sys_common/backtrace.rs:155:18
[INFO] [stdout]   33:     0x55fcdf605847 - std::thread::Builder::spawn_unchecked_::{{closure}}::{{closure}}::hf60bee9c1a17ef09
[INFO] [stdout]                                at /rustc/0e09125c6c3c2fd70d7de961bcf0e51575235fad/library/std/src/thread/mod.rs:529:17
[INFO] [stdout]   34:     0x55fcdf605847 - <core::panic::unwind_safe::AssertUnwindSafe<F> as core::ops::function::FnOnce<()>>::call_once::h33d0dddec5216160
[INFO] [stdout]                                at /rustc/0e09125c6c3c2fd70d7de961bcf0e51575235fad/library/core/src/panic/unwind_safe.rs:272:9
[INFO] [stdout]   35:     0x55fcdf605847 - std::panicking::try::do_call::h144b3048b546f835
[INFO] [stdout]                                at /rustc/0e09125c6c3c2fd70d7de961bcf0e51575235fad/library/std/src/panicking.rs:552:40
[INFO] [stdout]   36:     0x55fcdf605847 - std::panicking::try::h978244d04646189f
[INFO] [stdout]                                at /rustc/0e09125c6c3c2fd70d7de961bcf0e51575235fad/library/std/src/panicking.rs:516:19
[INFO] [stdout]   37:     0x55fcdf605847 - std::panic::catch_unwind::hdf436369d188fe86
[INFO] [stdout]                                at /rustc/0e09125c6c3c2fd70d7de961bcf0e51575235fad/library/std/src/panic.rs:142:14
[INFO] [stdout]   38:     0x55fcdf605847 - std::thread::Builder::spawn_unchecked_::{{closure}}::h87329cbdd33c79ec
[INFO] [stdout]                                at /rustc/0e09125c6c3c2fd70d7de961bcf0e51575235fad/library/std/src/thread/mod.rs:528:30
[INFO] [stdout]   39:     0x55fcdf605847 - core::ops::function::FnOnce::call_once{{vtable.shim}}::h401abbe67897d450
[INFO] [stdout]                                at /rustc/0e09125c6c3c2fd70d7de961bcf0e51575235fad/library/core/src/ops/function.rs:250:5
[INFO] [stdout]   40:     0x55fcdf67cbb5 - <alloc::boxed::Box<F,A> as core::ops::function::FnOnce<Args>>::call_once::h5d7c8f150ab9c84c
[INFO] [stdout]                                at /rustc/0e09125c6c3c2fd70d7de961bcf0e51575235fad/library/alloc/src/boxed.rs:2015:9
[INFO] [stdout]   41:     0x55fcdf67cbb5 - <alloc::boxed::Box<F,A> as core::ops::function::FnOnce<Args>>::call_once::h570d5b005c242c15
[INFO] [stdout]                                at /rustc/0e09125c6c3c2fd70d7de961bcf0e51575235fad/library/alloc/src/boxed.rs:2015:9
[INFO] [stdout]   42:     0x55fcdf67cbb5 - std::sys::unix::thread::Thread::new::thread_start::h36b0a20c0b2361ad
[INFO] [stdout]                                at /rustc/0e09125c6c3c2fd70d7de961bcf0e51575235fad/library/std/src/sys/unix/thread.rs:108:17
[INFO] [stdout]   43:     0x7f3c518e5ac3 - <unknown>
[INFO] [stdout]   44:     0x7f3c51976bf4 - __clone
[INFO] [stdout]   45:                0x0 - <unknown>
[INFO] [stdout] 
[INFO] [stdout] 
[INFO] [stdout] failures:
[INFO] [stdout]     test_1::test_exec
[INFO] [stdout] 
[INFO] [stdout] test result: FAILED. 9 passed; 1 failed; 0 ignored; 0 measured; 0 filtered out; finished in 0.04s
[INFO] [stdout] 
[INFO] [stderr] error: test failed, to rerun pass `--test integration`
[INFO] running `Command { std: "docker" "inspect" "3ba2baed5ef3324e8812c926a94609f9f58a4683fbaac3be0445a0ffa66ff6df", kill_on_drop: false }`
[INFO] running `Command { std: "docker" "rm" "-f" "3ba2baed5ef3324e8812c926a94609f9f58a4683fbaac3be0445a0ffa66ff6df", kill_on_drop: false }`
[INFO] [stdout] 3ba2baed5ef3324e8812c926a94609f9f58a4683fbaac3be0445a0ffa66ff6df
