[INFO] fetching crate profqu_neat 0.1.1...
[INFO] testing profqu_neat-0.1.1 against 1.75.0 for beta-1.76-1
[INFO] extracting crate profqu_neat 0.1.1 into /workspace/builds/worker-6-tc1/source
[INFO] validating manifest of crates.io crate profqu_neat 0.1.1 on toolchain 1.75.0
[INFO] running `Command { std: CARGO_HOME="/workspace/cargo-home" RUSTUP_HOME="/workspace/rustup-home" "/workspace/cargo-home/bin/cargo" "+1.75.0" "metadata" "--manifest-path" "Cargo.toml" "--no-deps", kill_on_drop: false }`
[INFO] started tweaking crates.io crate profqu_neat 0.1.1
[INFO] finished tweaking crates.io crate profqu_neat 0.1.1
[INFO] tweaked toml for crates.io crate profqu_neat 0.1.1 written to /workspace/builds/worker-6-tc1/source/Cargo.toml
[INFO] running `Command { std: CARGO_HOME="/workspace/cargo-home" RUSTUP_HOME="/workspace/rustup-home" "/workspace/cargo-home/bin/cargo" "+1.75.0" "generate-lockfile" "--manifest-path" "Cargo.toml", kill_on_drop: false }`
[INFO] [stderr]     Updating crates.io index
[INFO] running `Command { std: CARGO_HOME="/workspace/cargo-home" RUSTUP_HOME="/workspace/rustup-home" "/workspace/cargo-home/bin/cargo" "+1.75.0" "fetch" "--manifest-path" "Cargo.toml", kill_on_drop: false }`
[INFO] running `Command { std: "docker" "create" "-v" "/var/lib/crater-agent-workspace/builds/worker-6-tc1/target:/opt/rustwide/target:rw,Z" "-v" "/var/lib/crater-agent-workspace/builds/worker-6-tc1/source:/opt/rustwide/workdir:ro,Z" "-v" "/var/lib/crater-agent-workspace/cargo-home:/opt/rustwide/cargo-home:ro,Z" "-v" "/var/lib/crater-agent-workspace/rustup-home:/opt/rustwide/rustup-home:ro,Z" "-e" "SOURCE_DIR=/opt/rustwide/workdir" "-e" "CARGO_TARGET_DIR=/opt/rustwide/target" "-e" "CARGO_HOME=/opt/rustwide/cargo-home" "-e" "RUSTUP_HOME=/opt/rustwide/rustup-home" "-w" "/opt/rustwide/workdir" "-m" "1610612736" "--user" "0:0" "--network" "none" "ghcr.io/rust-lang/crates-build-env/linux@sha256:2788e3201cd34a07e3172128adcd8b3090168a8e3bcc40d7c032b9dda1df7d1c" "/opt/rustwide/cargo-home/bin/cargo" "+1.75.0" "metadata" "--no-deps" "--format-version=1", kill_on_drop: false }`
[INFO] [stdout] 84b04f805664a56cf7b874537b94c3a458f94e9f4b30daf64fa57b7059bb3fa4
[INFO] running `Command { std: "docker" "start" "-a" "84b04f805664a56cf7b874537b94c3a458f94e9f4b30daf64fa57b7059bb3fa4", kill_on_drop: false }`
[INFO] running `Command { std: "docker" "inspect" "84b04f805664a56cf7b874537b94c3a458f94e9f4b30daf64fa57b7059bb3fa4", kill_on_drop: false }`
[INFO] running `Command { std: "docker" "rm" "-f" "84b04f805664a56cf7b874537b94c3a458f94e9f4b30daf64fa57b7059bb3fa4", kill_on_drop: false }`
[INFO] [stdout] 84b04f805664a56cf7b874537b94c3a458f94e9f4b30daf64fa57b7059bb3fa4
[INFO] running `Command { std: "docker" "create" "-v" "/var/lib/crater-agent-workspace/builds/worker-6-tc1/target:/opt/rustwide/target:rw,Z" "-v" "/var/lib/crater-agent-workspace/builds/worker-6-tc1/source:/opt/rustwide/workdir:ro,Z" "-v" "/var/lib/crater-agent-workspace/cargo-home:/opt/rustwide/cargo-home:ro,Z" "-v" "/var/lib/crater-agent-workspace/rustup-home:/opt/rustwide/rustup-home:ro,Z" "-e" "SOURCE_DIR=/opt/rustwide/workdir" "-e" "CARGO_TARGET_DIR=/opt/rustwide/target" "-e" "CARGO_INCREMENTAL=0" "-e" "RUST_BACKTRACE=full" "-e" "RUSTFLAGS=--cap-lints=warn" "-e" "RUSTDOCFLAGS=--cap-lints=warn" "-e" "CARGO_HOME=/opt/rustwide/cargo-home" "-e" "RUSTUP_HOME=/opt/rustwide/rustup-home" "-w" "/opt/rustwide/workdir" "-m" "1610612736" "--user" "0:0" "--network" "none" "ghcr.io/rust-lang/crates-build-env/linux@sha256:2788e3201cd34a07e3172128adcd8b3090168a8e3bcc40d7c032b9dda1df7d1c" "/opt/rustwide/cargo-home/bin/cargo" "+1.75.0" "build" "--frozen" "--message-format=json", kill_on_drop: false }`
[INFO] [stdout] 2ebf692855675dcdc195f2eeb16e1729e8fff131bb80294a391e00536daf6749
[INFO] running `Command { std: "docker" "start" "-a" "2ebf692855675dcdc195f2eeb16e1729e8fff131bb80294a391e00536daf6749", kill_on_drop: false }`
[INFO] [stderr]    Compiling libc v0.2.151
[INFO] [stderr]    Compiling ppv-lite86 v0.2.17
[INFO] [stderr]    Compiling getrandom v0.2.11
[INFO] [stderr]    Compiling rand_core v0.6.4
[INFO] [stderr]    Compiling rand_chacha v0.3.1
[INFO] [stderr]    Compiling rand v0.8.5
[INFO] [stderr]    Compiling profqu_neat v0.1.1 (/opt/rustwide/workdir)
[INFO] [stderr]     Finished dev [unoptimized + debuginfo] target(s) in 1.54s
[INFO] running `Command { std: "docker" "inspect" "2ebf692855675dcdc195f2eeb16e1729e8fff131bb80294a391e00536daf6749", kill_on_drop: false }`
[INFO] running `Command { std: "docker" "rm" "-f" "2ebf692855675dcdc195f2eeb16e1729e8fff131bb80294a391e00536daf6749", kill_on_drop: false }`
[INFO] [stdout] 2ebf692855675dcdc195f2eeb16e1729e8fff131bb80294a391e00536daf6749
[INFO] running `Command { std: "docker" "create" "-v" "/var/lib/crater-agent-workspace/builds/worker-6-tc1/target:/opt/rustwide/target:rw,Z" "-v" "/var/lib/crater-agent-workspace/builds/worker-6-tc1/source:/opt/rustwide/workdir:ro,Z" "-v" "/var/lib/crater-agent-workspace/cargo-home:/opt/rustwide/cargo-home:ro,Z" "-v" "/var/lib/crater-agent-workspace/rustup-home:/opt/rustwide/rustup-home:ro,Z" "-e" "SOURCE_DIR=/opt/rustwide/workdir" "-e" "CARGO_TARGET_DIR=/opt/rustwide/target" "-e" "CARGO_INCREMENTAL=0" "-e" "RUST_BACKTRACE=full" "-e" "RUSTFLAGS=--cap-lints=warn" "-e" "RUSTDOCFLAGS=--cap-lints=warn" "-e" "CARGO_HOME=/opt/rustwide/cargo-home" "-e" "RUSTUP_HOME=/opt/rustwide/rustup-home" "-w" "/opt/rustwide/workdir" "-m" "1610612736" "--user" "0:0" "--network" "none" "ghcr.io/rust-lang/crates-build-env/linux@sha256:2788e3201cd34a07e3172128adcd8b3090168a8e3bcc40d7c032b9dda1df7d1c" "/opt/rustwide/cargo-home/bin/cargo" "+1.75.0" "test" "--frozen" "--no-run" "--message-format=json", kill_on_drop: false }`
[INFO] [stdout] 230993112c20e396458ad05a9a0ff24d1349ab88e9bf3637ec374c58a10b55f9
[INFO] running `Command { std: "docker" "start" "-a" "230993112c20e396458ad05a9a0ff24d1349ab88e9bf3637ec374c58a10b55f9", kill_on_drop: false }`
[INFO] [stderr]    Compiling hashbrown v0.12.3
[INFO] [stderr]    Compiling os_str_bytes v6.6.1
[INFO] [stderr]    Compiling num-traits v0.2.17
[INFO] [stderr]    Compiling indexmap v1.9.3
[INFO] [stderr]    Compiling bitflags v1.3.2
[INFO] [stderr]    Compiling textwrap v0.16.0
[INFO] [stderr]    Compiling syn v2.0.48
[INFO] [stderr]    Compiling atty v0.2.14
[INFO] [stderr]    Compiling clap_lex v0.2.4
[INFO] [stderr]    Compiling clap v3.2.25
[INFO] [stderr]    Compiling plotters v0.3.5
[INFO] [stderr]    Compiling serde_derive v1.0.194
[INFO] [stderr]    Compiling serde v1.0.194
[INFO] [stderr]    Compiling serde_json v1.0.111
[INFO] [stderr]    Compiling ciborium v0.2.1
[INFO] [stderr]    Compiling tinytemplate v1.2.1
[INFO] [stderr]    Compiling criterion v0.4.0
[INFO] [stderr]    Compiling profqu_neat v0.1.1 (/opt/rustwide/workdir)
[INFO] [stderr]     Finished test [unoptimized + debuginfo] target(s) in 10.55s
[INFO] running `Command { std: "docker" "inspect" "230993112c20e396458ad05a9a0ff24d1349ab88e9bf3637ec374c58a10b55f9", kill_on_drop: false }`
[INFO] running `Command { std: "docker" "rm" "-f" "230993112c20e396458ad05a9a0ff24d1349ab88e9bf3637ec374c58a10b55f9", kill_on_drop: false }`
[INFO] [stdout] 230993112c20e396458ad05a9a0ff24d1349ab88e9bf3637ec374c58a10b55f9
[INFO] running `Command { std: "docker" "create" "-v" "/var/lib/crater-agent-workspace/builds/worker-6-tc1/target:/opt/rustwide/target:rw,Z" "-v" "/var/lib/crater-agent-workspace/builds/worker-6-tc1/source:/opt/rustwide/workdir:ro,Z" "-v" "/var/lib/crater-agent-workspace/cargo-home:/opt/rustwide/cargo-home:ro,Z" "-v" "/var/lib/crater-agent-workspace/rustup-home:/opt/rustwide/rustup-home:ro,Z" "-e" "SOURCE_DIR=/opt/rustwide/workdir" "-e" "CARGO_TARGET_DIR=/opt/rustwide/target" "-e" "CARGO_INCREMENTAL=0" "-e" "RUST_BACKTRACE=full" "-e" "RUSTFLAGS=--cap-lints=warn" "-e" "RUSTDOCFLAGS=--cap-lints=warn" "-e" "CARGO_HOME=/opt/rustwide/cargo-home" "-e" "RUSTUP_HOME=/opt/rustwide/rustup-home" "-w" "/opt/rustwide/workdir" "-m" "1610612736" "--user" "0:0" "--network" "none" "ghcr.io/rust-lang/crates-build-env/linux@sha256:2788e3201cd34a07e3172128adcd8b3090168a8e3bcc40d7c032b9dda1df7d1c" "/opt/rustwide/cargo-home/bin/cargo" "+1.75.0" "test" "--frozen", kill_on_drop: false }`
[INFO] [stdout] 84d8554afd52e480fe616a722db09b0564e5c572cb27ef543b52bc768549e6e1
[INFO] running `Command { std: "docker" "start" "-a" "84d8554afd52e480fe616a722db09b0564e5c572cb27ef543b52bc768549e6e1", kill_on_drop: false }`
[INFO] [stderr]     Finished test [unoptimized + debuginfo] target(s) in 0.04s
[INFO] [stderr]      Running unittests src/lib.rs (/opt/rustwide/target/debug/deps/profqu_neat-c24cebefaa80b11c)
[INFO] [stdout] 
[INFO] [stdout] running 31 tests
[INFO] [stdout] test data_structures::random_hash_set::random_hash_set_test::add_remove ... ok
[INFO] [stdout] test data_structures::random_hash_set::random_hash_set_test::get ... ok
[INFO] [stdout] test data_structures::random_hash_set::random_hash_set_test::new ... ok
[INFO] [stdout] test calculations::calculator::tests::calculate2 ... ok
[INFO] [stdout] test calculations::calculator::tests::calculate ... ok
[INFO] [stdout] test calculations::calculator::tests::new ... ok
[INFO] [stdout] test genome::connection_gene::tests::test_hash ... ok
[INFO] [stdout] test data_structures::random_hash_set::random_hash_set_test::random_element ... ok
[INFO] [stdout] test genome::genome::genome_test::crossover ... ok
[INFO] [stdout] test genome::genome::genome_test::distance ... ok
[INFO] [stdout] test neat::config::tests::from_file ... ok
[INFO] [stdout] test genome::node_gene::tests::test_hash ... ok
[INFO] [stdout] test neat::neat::tests::evolve ... ignored, takes a while
[INFO] [stdout] test neat::neat::neat_test::create_node ... ok
[INFO] [stdout] test neat::neat::neat_test::new ... ok
[INFO] [stdout] test genome::genome::genome_test::mutate_weight_shift ... ok
[INFO] [stdout] test genome::genome::genome_test::mutate_node ... ok
[INFO] [stdout] test genome::genome::genome_test::mutate_link_toggle ... ok
[INFO] [stdout] test neat::neat::neat_test::outputs ... ok
[INFO] [stdout] test neat::neat::neat_test::empty_genome ... ok
[INFO] [stdout] test genome::genome::genome_test::mutate_node_with_disabled_link ... ok
[INFO] [stdout] test neat::neat::neat_test::get_connection ... ok
[INFO] [stdout] test genome::genome::genome_test::mutate_weight_random ... ok
[INFO] [stdout] test neat::species::tests::new ... ok
[INFO] [stdout] test genome::genome::genome_test::mutate_link ... ok
[INFO] [stdout] test neat::species::tests::go_extinct ... ok
[INFO] [stdout] test neat::neat::neat_test::inputs ... ok
[INFO] [stdout] test genome::genome::genome_test::mutate2 ... ok
[INFO] [stdout] test neat::species::tests::put ... ok
[INFO] [stdout] test genome::genome::genome_test::crossover2 ... ok
[INFO] [stdout] test genome::genome::genome_test::mutate ... ok
[INFO] [stdout] 
[INFO] [stdout] test result: ok. 30 passed; 0 failed; 1 ignored; 0 measured; 0 filtered out; finished in 0.41s
[INFO] [stdout] 
[INFO] [stderr]      Running tests/integration_test.rs (/opt/rustwide/target/debug/deps/integration_test-70de194491bdd8c3)
[INFO] [stdout] 
[INFO] [stdout] running 2 tests
[INFO] [stdout] test xor_test ... ignored, takes too long
[INFO] [stdout] test max ... ok
[INFO] [stdout] 
[INFO] [stdout] test result: ok. 1 passed; 0 failed; 1 ignored; 0 measured; 0 filtered out; finished in 1.14s
[INFO] [stdout] 
[INFO] [stderr]    Doc-tests profqu_neat
[INFO] [stdout] 
[INFO] [stdout] running 19 tests
[INFO] [stdout] test src/data_structures/random_hash_set.rs - data_structures::random_hash_set::RandomHashSet<T>::is_empty (line 136) ... ok
[INFO] [stdout] test src/data_structures/random_hash_set.rs - data_structures::random_hash_set::RandomHashSet<T>::clear (line 178) ... ok
[INFO] [stdout] test src/calculations/calculator.rs - calculations::calculator::Calculator::new (line 38) ... ok
[INFO] [stdout] test src/data_structures/random_hash_set.rs - data_structures::random_hash_set::RandomHashSet<T>::new (line 24) ... ok
[INFO] [stdout] test src/data_structures/random_hash_set.rs - data_structures::random_hash_set::RandomHashSet<T>::contains (line 41) ... ok
[INFO] [stdout] test src/data_structures/random_hash_set.rs - data_structures::random_hash_set::RandomHashSet<T>::add (line 156) ... ok
[INFO] [stdout] test src/data_structures/random_hash_set.rs - data_structures::random_hash_set::RandomHashSet<T>::random_element (line 85) ... ok
[INFO] [stdout] test src/data_structures/random_hash_set.rs - data_structures::random_hash_set::RandomHashSet<T>::len (line 112) ... ok
[INFO] [stdout] test src/neat/client.rs - neat::client::Client::calculate (line 44) ... ok
[INFO] [stdout] test src/data_structures/random_hash_set.rs - data_structures::random_hash_set::RandomHashSet<T>::remove_index (line 208) ... ok
[INFO] [stdout] test src/genome/genome.rs - genome::genome::Genome::crossover (line 150) ... ok
[INFO] [stdout] test src/data_structures/random_hash_set.rs - data_structures::random_hash_set::RandomHashSet<T>::get (line 60) ... ok
[INFO] [stdout] test src/data_structures/random_hash_set.rs - data_structures::random_hash_set::RandomHashSet<T>::remove_value (line 244) ... ok
[INFO] [stdout] test src/genome/genome.rs - genome::genome::Genome::distance (line 73) ... ok
[INFO] [stdout] test src/calculations/calculator.rs - calculations::calculator::Calculator (line 10) ... ok
[INFO] [stdout] test src/calculations/calculator.rs - calculations::calculator::Calculator::calculate (line 104) ... ok
[INFO] [stdout] test src/neat/neat.rs - neat::neat::Neat::new (line 55) ... ok
[INFO] [stdout] test src/neat/neat.rs - neat::neat::Neat::reset (line 77) ... ok
[INFO] [stdout] test src/neat/neat.rs - neat::neat::Neat (line 20) ... ok
[INFO] [stdout] 
[INFO] [stdout] test result: ok. 19 passed; 0 failed; 0 ignored; 0 measured; 0 filtered out; finished in 3.92s
[INFO] [stdout] 
[INFO] running `Command { std: "docker" "inspect" "84d8554afd52e480fe616a722db09b0564e5c572cb27ef543b52bc768549e6e1", kill_on_drop: false }`
[INFO] running `Command { std: "docker" "rm" "-f" "84d8554afd52e480fe616a722db09b0564e5c572cb27ef543b52bc768549e6e1", kill_on_drop: false }`
[INFO] [stdout] 84d8554afd52e480fe616a722db09b0564e5c572cb27ef543b52bc768549e6e1
[INFO] testing profqu_neat-0.1.1 against beta-2023-12-22 for beta-1.76-1
[INFO] extracting crate profqu_neat 0.1.1 into /workspace/builds/worker-6-tc2/source
[INFO] validating manifest of crates.io crate profqu_neat 0.1.1 on toolchain beta-2023-12-22
[INFO] running `Command { std: CARGO_HOME="/workspace/cargo-home" RUSTUP_HOME="/workspace/rustup-home" "/workspace/cargo-home/bin/cargo" "+beta-2023-12-22" "metadata" "--manifest-path" "Cargo.toml" "--no-deps", kill_on_drop: false }`
[INFO] started tweaking crates.io crate profqu_neat 0.1.1
[INFO] finished tweaking crates.io crate profqu_neat 0.1.1
[INFO] tweaked toml for crates.io crate profqu_neat 0.1.1 written to /workspace/builds/worker-6-tc2/source/Cargo.toml
[INFO] running `Command { std: CARGO_HOME="/workspace/cargo-home" RUSTUP_HOME="/workspace/rustup-home" "/workspace/cargo-home/bin/cargo" "+beta-2023-12-22" "generate-lockfile" "--manifest-path" "Cargo.toml", kill_on_drop: false }`
[INFO] [stderr]     Updating crates.io index
[INFO] running `Command { std: CARGO_HOME="/workspace/cargo-home" RUSTUP_HOME="/workspace/rustup-home" "/workspace/cargo-home/bin/cargo" "+beta-2023-12-22" "fetch" "--manifest-path" "Cargo.toml", kill_on_drop: false }`
[INFO] running `Command { std: "docker" "create" "-v" "/var/lib/crater-agent-workspace/builds/worker-6-tc2/target:/opt/rustwide/target:rw,Z" "-v" "/var/lib/crater-agent-workspace/builds/worker-6-tc2/source:/opt/rustwide/workdir:ro,Z" "-v" "/var/lib/crater-agent-workspace/cargo-home:/opt/rustwide/cargo-home:ro,Z" "-v" "/var/lib/crater-agent-workspace/rustup-home:/opt/rustwide/rustup-home:ro,Z" "-e" "SOURCE_DIR=/opt/rustwide/workdir" "-e" "CARGO_TARGET_DIR=/opt/rustwide/target" "-e" "CARGO_HOME=/opt/rustwide/cargo-home" "-e" "RUSTUP_HOME=/opt/rustwide/rustup-home" "-w" "/opt/rustwide/workdir" "-m" "1610612736" "--user" "0:0" "--network" "none" "ghcr.io/rust-lang/crates-build-env/linux@sha256:2788e3201cd34a07e3172128adcd8b3090168a8e3bcc40d7c032b9dda1df7d1c" "/opt/rustwide/cargo-home/bin/cargo" "+beta-2023-12-22" "metadata" "--no-deps" "--format-version=1", kill_on_drop: false }`
[INFO] [stdout] 22248d59e2f1b26fb24a55ebd8f3bcce26d54b20276f8a7fb05a1c0bdf02e87f
[INFO] running `Command { std: "docker" "start" "-a" "22248d59e2f1b26fb24a55ebd8f3bcce26d54b20276f8a7fb05a1c0bdf02e87f", kill_on_drop: false }`
[INFO] running `Command { std: "docker" "inspect" "22248d59e2f1b26fb24a55ebd8f3bcce26d54b20276f8a7fb05a1c0bdf02e87f", kill_on_drop: false }`
[INFO] running `Command { std: "docker" "rm" "-f" "22248d59e2f1b26fb24a55ebd8f3bcce26d54b20276f8a7fb05a1c0bdf02e87f", kill_on_drop: false }`
[INFO] [stdout] 22248d59e2f1b26fb24a55ebd8f3bcce26d54b20276f8a7fb05a1c0bdf02e87f
[INFO] running `Command { std: "docker" "create" "-v" "/var/lib/crater-agent-workspace/builds/worker-6-tc2/target:/opt/rustwide/target:rw,Z" "-v" "/var/lib/crater-agent-workspace/builds/worker-6-tc2/source:/opt/rustwide/workdir:ro,Z" "-v" "/var/lib/crater-agent-workspace/cargo-home:/opt/rustwide/cargo-home:ro,Z" "-v" "/var/lib/crater-agent-workspace/rustup-home:/opt/rustwide/rustup-home:ro,Z" "-e" "SOURCE_DIR=/opt/rustwide/workdir" "-e" "CARGO_TARGET_DIR=/opt/rustwide/target" "-e" "CARGO_INCREMENTAL=0" "-e" "RUST_BACKTRACE=full" "-e" "RUSTFLAGS=--cap-lints=warn" "-e" "RUSTDOCFLAGS=--cap-lints=warn" "-e" "CARGO_HOME=/opt/rustwide/cargo-home" "-e" "RUSTUP_HOME=/opt/rustwide/rustup-home" "-w" "/opt/rustwide/workdir" "-m" "1610612736" "--user" "0:0" "--network" "none" "ghcr.io/rust-lang/crates-build-env/linux@sha256:2788e3201cd34a07e3172128adcd8b3090168a8e3bcc40d7c032b9dda1df7d1c" "/opt/rustwide/cargo-home/bin/cargo" "+beta-2023-12-22" "build" "--frozen" "--message-format=json", kill_on_drop: false }`
[INFO] [stdout] fa12b879e7b0a5e14d65699dbdd7c283afc68b3037bb228de4ad317be15a0794
[INFO] running `Command { std: "docker" "start" "-a" "fa12b879e7b0a5e14d65699dbdd7c283afc68b3037bb228de4ad317be15a0794", kill_on_drop: false }`
[INFO] [stderr]    Compiling libc v0.2.151
[INFO] [stderr]    Compiling ppv-lite86 v0.2.17
[INFO] [stderr]    Compiling getrandom v0.2.11
[INFO] [stderr]    Compiling rand_core v0.6.4
[INFO] [stderr]    Compiling rand_chacha v0.3.1
[INFO] [stderr]    Compiling rand v0.8.5
[INFO] [stderr]    Compiling profqu_neat v0.1.1 (/opt/rustwide/workdir)
[INFO] [stderr]     Finished dev [unoptimized + debuginfo] target(s) in 1.72s
[INFO] running `Command { std: "docker" "inspect" "fa12b879e7b0a5e14d65699dbdd7c283afc68b3037bb228de4ad317be15a0794", kill_on_drop: false }`
[INFO] running `Command { std: "docker" "rm" "-f" "fa12b879e7b0a5e14d65699dbdd7c283afc68b3037bb228de4ad317be15a0794", kill_on_drop: false }`
[INFO] [stdout] fa12b879e7b0a5e14d65699dbdd7c283afc68b3037bb228de4ad317be15a0794
[INFO] running `Command { std: "docker" "create" "-v" "/var/lib/crater-agent-workspace/builds/worker-6-tc2/target:/opt/rustwide/target:rw,Z" "-v" "/var/lib/crater-agent-workspace/builds/worker-6-tc2/source:/opt/rustwide/workdir:ro,Z" "-v" "/var/lib/crater-agent-workspace/cargo-home:/opt/rustwide/cargo-home:ro,Z" "-v" "/var/lib/crater-agent-workspace/rustup-home:/opt/rustwide/rustup-home:ro,Z" "-e" "SOURCE_DIR=/opt/rustwide/workdir" "-e" "CARGO_TARGET_DIR=/opt/rustwide/target" "-e" "CARGO_INCREMENTAL=0" "-e" "RUST_BACKTRACE=full" "-e" "RUSTFLAGS=--cap-lints=warn" "-e" "RUSTDOCFLAGS=--cap-lints=warn" "-e" "CARGO_HOME=/opt/rustwide/cargo-home" "-e" "RUSTUP_HOME=/opt/rustwide/rustup-home" "-w" "/opt/rustwide/workdir" "-m" "1610612736" "--user" "0:0" "--network" "none" "ghcr.io/rust-lang/crates-build-env/linux@sha256:2788e3201cd34a07e3172128adcd8b3090168a8e3bcc40d7c032b9dda1df7d1c" "/opt/rustwide/cargo-home/bin/cargo" "+beta-2023-12-22" "test" "--frozen" "--no-run" "--message-format=json", kill_on_drop: false }`
[INFO] [stdout] 56e288df1e80b76bc4848596cf259619eaf1140387b98f1ddc9274ce23a40c4a
[INFO] running `Command { std: "docker" "start" "-a" "56e288df1e80b76bc4848596cf259619eaf1140387b98f1ddc9274ce23a40c4a", kill_on_drop: false }`
[INFO] [stderr]    Compiling hashbrown v0.12.3
[INFO] [stderr]    Compiling num-traits v0.2.17
[INFO] [stderr]    Compiling indexmap v1.9.3
[INFO] [stderr]    Compiling os_str_bytes v6.6.1
[INFO] [stderr]    Compiling textwrap v0.16.0
[INFO] [stderr]    Compiling bitflags v1.3.2
[INFO] [stderr]    Compiling atty v0.2.14
[INFO] [stderr]    Compiling syn v2.0.48
[INFO] [stderr]    Compiling clap_lex v0.2.4
[INFO] [stderr]    Compiling clap v3.2.25
[INFO] [stderr]    Compiling plotters v0.3.5
[INFO] [stderr]    Compiling serde_derive v1.0.194
[INFO] [stderr]    Compiling serde v1.0.194
[INFO] [stderr]    Compiling serde_json v1.0.111
[INFO] [stderr]    Compiling ciborium v0.2.1
[INFO] [stderr]    Compiling tinytemplate v1.2.1
[INFO] [stderr]    Compiling criterion v0.4.0
[INFO] [stderr]    Compiling profqu_neat v0.1.1 (/opt/rustwide/workdir)
[INFO] [stderr]     Finished test [unoptimized + debuginfo] target(s) in 12.75s
[INFO] running `Command { std: "docker" "inspect" "56e288df1e80b76bc4848596cf259619eaf1140387b98f1ddc9274ce23a40c4a", kill_on_drop: false }`
[INFO] running `Command { std: "docker" "rm" "-f" "56e288df1e80b76bc4848596cf259619eaf1140387b98f1ddc9274ce23a40c4a", kill_on_drop: false }`
[INFO] [stdout] 56e288df1e80b76bc4848596cf259619eaf1140387b98f1ddc9274ce23a40c4a
[INFO] running `Command { std: "docker" "create" "-v" "/var/lib/crater-agent-workspace/builds/worker-6-tc2/target:/opt/rustwide/target:rw,Z" "-v" "/var/lib/crater-agent-workspace/builds/worker-6-tc2/source:/opt/rustwide/workdir:ro,Z" "-v" "/var/lib/crater-agent-workspace/cargo-home:/opt/rustwide/cargo-home:ro,Z" "-v" "/var/lib/crater-agent-workspace/rustup-home:/opt/rustwide/rustup-home:ro,Z" "-e" "SOURCE_DIR=/opt/rustwide/workdir" "-e" "CARGO_TARGET_DIR=/opt/rustwide/target" "-e" "CARGO_INCREMENTAL=0" "-e" "RUST_BACKTRACE=full" "-e" "RUSTFLAGS=--cap-lints=warn" "-e" "RUSTDOCFLAGS=--cap-lints=warn" "-e" "CARGO_HOME=/opt/rustwide/cargo-home" "-e" "RUSTUP_HOME=/opt/rustwide/rustup-home" "-w" "/opt/rustwide/workdir" "-m" "1610612736" "--user" "0:0" "--network" "none" "ghcr.io/rust-lang/crates-build-env/linux@sha256:2788e3201cd34a07e3172128adcd8b3090168a8e3bcc40d7c032b9dda1df7d1c" "/opt/rustwide/cargo-home/bin/cargo" "+beta-2023-12-22" "test" "--frozen", kill_on_drop: false }`
[INFO] [stdout] e47c898f6c1fda8bd59e413593cf7db267d49a37fdc538ae33c0efd6eff993f2
[INFO] running `Command { std: "docker" "start" "-a" "e47c898f6c1fda8bd59e413593cf7db267d49a37fdc538ae33c0efd6eff993f2", kill_on_drop: false }`
[INFO] [stderr]     Finished test [unoptimized + debuginfo] target(s) in 0.04s
[INFO] [stderr]      Running unittests src/lib.rs (/opt/rustwide/target/debug/deps/profqu_neat-fbb20d018c8f661c)
[INFO] [stdout] 
[INFO] [stdout] running 31 tests
[INFO] [stdout] test data_structures::random_hash_set::random_hash_set_test::add_remove ... ok
[INFO] [stdout] test calculations::calculator::tests::new ... ok
[INFO] [stdout] test calculations::calculator::tests::calculate ... ok
[INFO] [stdout] test calculations::calculator::tests::calculate2 ... ok
[INFO] [stdout] test data_structures::random_hash_set::random_hash_set_test::new ... ok
[INFO] [stdout] test data_structures::random_hash_set::random_hash_set_test::get ... ok
[INFO] [stdout] test data_structures::random_hash_set::random_hash_set_test::random_element ... ok
[INFO] [stdout] test genome::connection_gene::tests::test_hash ... ok
[INFO] [stdout] test genome::genome::genome_test::crossover ... ok
[INFO] [stdout] test genome::genome::genome_test::distance ... ok
[INFO] [stdout] test neat::config::tests::from_file ... ok
[INFO] [stdout] test genome::node_gene::tests::test_hash ... ok
[INFO] [stdout] test neat::neat::tests::evolve ... ignored, takes a while
[INFO] [stdout] test neat::neat::neat_test::create_node ... ok
[INFO] [stdout] test genome::genome::genome_test::mutate_link_toggle ... ok
[INFO] [stdout] test genome::genome::genome_test::mutate_node ... ok
[INFO] [stdout] test neat::neat::neat_test::new ... ok
[INFO] [stdout] test genome::genome::genome_test::mutate_weight_random ... ok
[INFO] [stdout] test genome::genome::genome_test::mutate_weight_shift ... ok
[INFO] [stdout] test genome::genome::genome_test::mutate_node_with_disabled_link ... ok
[INFO] [stdout] test neat::neat::neat_test::outputs ... ok
[INFO] [stdout] test neat::neat::neat_test::get_connection ... ok
[INFO] [stdout] test neat::neat::neat_test::empty_genome ... ok
[INFO] [stdout] test genome::genome::genome_test::mutate_link ... ok
[INFO] [stdout] test neat::species::tests::new ... ok
[INFO] [stdout] test neat::neat::neat_test::inputs ... ok
[INFO] [stdout] test neat::species::tests::go_extinct ... ok
[INFO] [stdout] test neat::species::tests::put ... ok
[INFO] [stdout] test genome::genome::genome_test::mutate2 ... ok
[INFO] [stdout] test genome::genome::genome_test::crossover2 ... ok
[INFO] [stdout] test genome::genome::genome_test::mutate ... ok
[INFO] [stdout] 
[INFO] [stdout] test result: ok. 30 passed; 0 failed; 1 ignored; 0 measured; 0 filtered out; finished in 0.47s
[INFO] [stdout] 
[INFO] [stderr]      Running tests/integration_test.rs (/opt/rustwide/target/debug/deps/integration_test-7b43af49ada0f701)
[INFO] [stdout] 
[INFO] [stdout] running 2 tests
[INFO] [stdout] test xor_test ... ignored, takes too long
[INFO] [stdout] test max ... ok
[INFO] [stdout] 
[INFO] [stdout] test result: ok. 1 passed; 0 failed; 1 ignored; 0 measured; 0 filtered out; finished in 1.06s
[INFO] [stdout] 
[INFO] [stderr]    Doc-tests profqu_neat
[INFO] [stdout] 
[INFO] [stdout] running 19 tests
[INFO] [stdout] test src/data_structures/random_hash_set.rs - data_structures::random_hash_set::RandomHashSet<T>::remove_index (line 208) ... ok
[INFO] [stdout] test src/data_structures/random_hash_set.rs - data_structures::random_hash_set::RandomHashSet<T>::new (line 24) ... ok
[INFO] [stdout] test src/data_structures/random_hash_set.rs - data_structures::random_hash_set::RandomHashSet<T>::add (line 156) ... ok
[INFO] [stdout] test src/data_structures/random_hash_set.rs - data_structures::random_hash_set::RandomHashSet<T>::contains (line 41) ... ok
[INFO] [stdout] test src/data_structures/random_hash_set.rs - data_structures::random_hash_set::RandomHashSet<T>::remove_value (line 244) ... ok
[INFO] [stdout] test src/calculations/calculator.rs - calculations::calculator::Calculator::new (line 38) ... ok
[INFO] [stdout] test src/data_structures/random_hash_set.rs - data_structures::random_hash_set::RandomHashSet<T>::len (line 112) ... ok
[INFO] [stdout] test src/genome/genome.rs - genome::genome::Genome::crossover (line 150) ... ok
[INFO] [stdout] test src/neat/client.rs - neat::client::Client::calculate (line 44) ... ok
[INFO] [stdout] test src/data_structures/random_hash_set.rs - data_structures::random_hash_set::RandomHashSet<T>::is_empty (line 136) ... ok
[INFO] [stdout] test src/calculations/calculator.rs - calculations::calculator::Calculator (line 10) ... ok
[INFO] [stdout] test src/data_structures/random_hash_set.rs - data_structures::random_hash_set::RandomHashSet<T>::random_element (line 85) ... ok
[INFO] [stdout] test src/data_structures/random_hash_set.rs - data_structures::random_hash_set::RandomHashSet<T>::clear (line 178) ... ok
[INFO] [stdout] test src/calculations/calculator.rs - calculations::calculator::Calculator::calculate (line 104) ... ok
[INFO] [stdout] test src/data_structures/random_hash_set.rs - data_structures::random_hash_set::RandomHashSet<T>::get (line 60) ... ok
[INFO] [stdout] test src/genome/genome.rs - genome::genome::Genome::distance (line 73) ... ok
[INFO] [stdout] test src/neat/neat.rs - neat::neat::Neat::new (line 55) ... ok
[INFO] [stdout] test src/neat/neat.rs - neat::neat::Neat::reset (line 77) ... ok
[INFO] [stdout] test src/neat/neat.rs - neat::neat::Neat (line 20) ... FAILED
[INFO] [stdout] 
[INFO] [stdout] failures:
[INFO] [stdout] 
[INFO] [stdout] ---- src/neat/neat.rs - neat::neat::Neat (line 20) stdout ----
[INFO] [stdout] Test executable failed (exit status: 101).
[INFO] [stdout] 
[INFO] [stdout] stdout:
[INFO] [stdout] #######################################################
[INFO] [stdout] Species { len: 4, fitness: 0.5124325 }
[INFO] [stdout] #######################################################
[INFO] [stdout] Best: Client { fitness: 0.79497033, has_species: true }
[INFO] [stdout] 
[INFO] [stdout] stderr:
[INFO] [stdout] thread 'main' panicked at src/neat/neat.rs:25:1:
[INFO] [stdout] assertion failed: best.fitness > 0.8
[INFO] [stdout] stack backtrace:
[INFO] [stdout]    0:     0x55bd487edf56 - std::backtrace_rs::backtrace::libunwind::trace::h261606ad26a499c1
[INFO] [stdout]                                at /rustc/0e09125c6c3c2fd70d7de961bcf0e51575235fad/library/std/src/../../backtrace/src/backtrace/libunwind.rs:104:5
[INFO] [stdout]    1:     0x55bd487edf56 - std::backtrace_rs::backtrace::trace_unsynchronized::hd183f0625477fb28
[INFO] [stdout]                                at /rustc/0e09125c6c3c2fd70d7de961bcf0e51575235fad/library/std/src/../../backtrace/src/backtrace/mod.rs:66:5
[INFO] [stdout]    2:     0x55bd487edf56 - std::sys_common::backtrace::_print_fmt::hd7f8fef21b4eda67
[INFO] [stdout]                                at /rustc/0e09125c6c3c2fd70d7de961bcf0e51575235fad/library/std/src/sys_common/backtrace.rs:68:5
[INFO] [stdout]    3:     0x55bd487edf56 - <std::sys_common::backtrace::_print::DisplayBacktrace as core::fmt::Display>::fmt::h623d9b51f2f453f1
[INFO] [stdout]                                at /rustc/0e09125c6c3c2fd70d7de961bcf0e51575235fad/library/std/src/sys_common/backtrace.rs:44:22
[INFO] [stdout]    4:     0x55bd488123a0 - core::fmt::rt::Argument::fmt::h9f417ac76a86f368
[INFO] [stdout]                                at /rustc/0e09125c6c3c2fd70d7de961bcf0e51575235fad/library/core/src/fmt/rt.rs:142:9
[INFO] [stdout]    5:     0x55bd488123a0 - core::fmt::write::hc9b6faf4ac2aeff7
[INFO] [stdout]                                at /rustc/0e09125c6c3c2fd70d7de961bcf0e51575235fad/library/core/src/fmt/mod.rs:1120:17
[INFO] [stdout]    6:     0x55bd487ec3bf - std::io::Write::write_fmt::hfead1eee52c2e65e
[INFO] [stdout]                                at /rustc/0e09125c6c3c2fd70d7de961bcf0e51575235fad/library/std/src/io/mod.rs:1810:15
[INFO] [stdout]    7:     0x55bd487edd34 - std::sys_common::backtrace::_print::hd5d66399c7df88a2
[INFO] [stdout]                                at /rustc/0e09125c6c3c2fd70d7de961bcf0e51575235fad/library/std/src/sys_common/backtrace.rs:47:5
[INFO] [stdout]    8:     0x55bd487edd34 - std::sys_common::backtrace::print::he81ed2da642d37e5
[INFO] [stdout]                                at /rustc/0e09125c6c3c2fd70d7de961bcf0e51575235fad/library/std/src/sys_common/backtrace.rs:34:9
[INFO] [stdout]    9:     0x55bd487ef297 - std::panicking::default_hook::{{closure}}::h85773f4fa117163d
[INFO] [stdout]   10:     0x55bd487eeff9 - std::panicking::default_hook::h6a1694a91d09b278
[INFO] [stdout]                                at /rustc/0e09125c6c3c2fd70d7de961bcf0e51575235fad/library/std/src/panicking.rs:292:9
[INFO] [stdout]   11:     0x55bd487ef728 - std::panicking::rust_panic_with_hook::h0a7ad96e90f7145b
[INFO] [stdout]                                at /rustc/0e09125c6c3c2fd70d7de961bcf0e51575235fad/library/std/src/panicking.rs:779:13
[INFO] [stdout]   12:     0x55bd487ef5c9 - std::panicking::begin_panic_handler::{{closure}}::h7919090525c6485e
[INFO] [stdout]                                at /rustc/0e09125c6c3c2fd70d7de961bcf0e51575235fad/library/std/src/panicking.rs:649:13
[INFO] [stdout]   13:     0x55bd487ee456 - std::sys_common::backtrace::__rust_end_short_backtrace::hf3289479464f7dfe
[INFO] [stdout]                                at /rustc/0e09125c6c3c2fd70d7de961bcf0e51575235fad/library/std/src/sys_common/backtrace.rs:171:18
[INFO] [stdout]   14:     0x55bd487ef360 - rust_begin_unwind
[INFO] [stdout]                                at /rustc/0e09125c6c3c2fd70d7de961bcf0e51575235fad/library/std/src/panicking.rs:645:5
[INFO] [stdout]   15:     0x55bd4875b685 - core::panicking::panic_fmt::hcc9f77c5c132af55
[INFO] [stdout]                                at /rustc/0e09125c6c3c2fd70d7de961bcf0e51575235fad/library/core/src/panicking.rs:72:14
[INFO] [stdout]   16:     0x55bd4875b743 - core::panicking::panic::h5a1259c1164bd480
[INFO] [stdout]                                at /rustc/0e09125c6c3c2fd70d7de961bcf0e51575235fad/library/core/src/panicking.rs:144:5
[INFO] [stdout]   17:     0x55bd4875c9a6 - rust_out::main::_doctest_main_src_neat_neat_rs_20_0::hbb42c39ffb495e2a
[INFO] [stdout]   18:     0x55bd4875c706 - rust_out::main::h71185a25be64b52e
[INFO] [stdout]   19:     0x55bd4875c3a3 - core::ops::function::FnOnce::call_once::h0a5e8bc522cf7e26
[INFO] [stdout]   20:     0x55bd4875c236 - std::sys_common::backtrace::__rust_begin_short_backtrace::h904992c6a2208b49
[INFO] [stdout]   21:     0x55bd4875c289 - std::rt::lang_start::{{closure}}::h95a4dad7805b7c7c
[INFO] [stdout]   22:     0x55bd487e8fb1 - core::ops::function::impls::<impl core::ops::function::FnOnce<A> for &F>::call_once::h4eb4c5e1620f29b0
[INFO] [stdout]                                at /rustc/0e09125c6c3c2fd70d7de961bcf0e51575235fad/library/core/src/ops/function.rs:284:13
[INFO] [stdout]   23:     0x55bd487e8fb1 - std::panicking::try::do_call::h73fd26535faffcdf
[INFO] [stdout]                                at /rustc/0e09125c6c3c2fd70d7de961bcf0e51575235fad/library/std/src/panicking.rs:552:40
[INFO] [stdout]   24:     0x55bd487e8fb1 - std::panicking::try::h77ff1d98f0fb9f39
[INFO] [stdout]                                at /rustc/0e09125c6c3c2fd70d7de961bcf0e51575235fad/library/std/src/panicking.rs:516:19
[INFO] [stdout]   25:     0x55bd487e8fb1 - std::panic::catch_unwind::hab3caf2448b95e37
[INFO] [stdout]                                at /rustc/0e09125c6c3c2fd70d7de961bcf0e51575235fad/library/std/src/panic.rs:142:14
[INFO] [stdout]   26:     0x55bd487e8fb1 - std::rt::lang_start_internal::{{closure}}::h8086711f9c783f78
[INFO] [stdout]                                at /rustc/0e09125c6c3c2fd70d7de961bcf0e51575235fad/library/std/src/rt.rs:148:48
[INFO] [stdout]   27:     0x55bd487e8fb1 - std::panicking::try::do_call::hf920d4dc291cd6ca
[INFO] [stdout]                                at /rustc/0e09125c6c3c2fd70d7de961bcf0e51575235fad/library/std/src/panicking.rs:552:40
[INFO] [stdout]   28:     0x55bd487e8fb1 - std::panicking::try::h2b806ccc0a85db74
[INFO] [stdout]                                at /rustc/0e09125c6c3c2fd70d7de961bcf0e51575235fad/library/std/src/panicking.rs:516:19
[INFO] [stdout]   29:     0x55bd487e8fb1 - std::panic::catch_unwind::h038489539c507df2
[INFO] [stdout]                                at /rustc/0e09125c6c3c2fd70d7de961bcf0e51575235fad/library/std/src/panic.rs:142:14
[INFO] [stdout]   30:     0x55bd487e8fb1 - std::rt::lang_start_internal::h28503b88912e8a5c
[INFO] [stdout]                                at /rustc/0e09125c6c3c2fd70d7de961bcf0e51575235fad/library/std/src/rt.rs:148:20
[INFO] [stdout]   31:     0x55bd4875c267 - std::rt::lang_start::h9942cc54b4d5350a
[INFO] [stdout]   32:     0x55bd4875cc45 - main
[INFO] [stdout]   33:     0x7fc0de949d90 - <unknown>
[INFO] [stdout]   34:     0x7fc0de949e40 - __libc_start_main
[INFO] [stdout]   35:     0x55bd4875bf25 - _start
[INFO] [stdout]   36:                0x0 - <unknown>
[INFO] [stdout] 
[INFO] [stdout] 
[INFO] [stdout] 
[INFO] [stdout] failures:
[INFO] [stdout]     src/neat/neat.rs - neat::neat::Neat (line 20)
[INFO] [stdout] 
[INFO] [stdout] test result: FAILED. 18 passed; 1 failed; 0 ignored; 0 measured; 0 filtered out; finished in 4.76s
[INFO] [stdout] 
[INFO] [stderr] error: doctest failed, to rerun pass `--doc`
[INFO] running `Command { std: "docker" "inspect" "e47c898f6c1fda8bd59e413593cf7db267d49a37fdc538ae33c0efd6eff993f2", kill_on_drop: false }`
[INFO] running `Command { std: "docker" "rm" "-f" "e47c898f6c1fda8bd59e413593cf7db267d49a37fdc538ae33c0efd6eff993f2", kill_on_drop: false }`
[INFO] [stdout] e47c898f6c1fda8bd59e413593cf7db267d49a37fdc538ae33c0efd6eff993f2
