[INFO] fetching crate nickel_cors 0.3.3...
[INFO] testing nickel_cors-0.3.3 against 1.75.0 for beta-1.76-1
[INFO] extracting crate nickel_cors 0.3.3 into /workspace/builds/worker-3-tc1/source
[INFO] validating manifest of crates.io crate nickel_cors 0.3.3 on toolchain 1.75.0
[INFO] running `Command { std: CARGO_HOME="/workspace/cargo-home" RUSTUP_HOME="/workspace/rustup-home" "/workspace/cargo-home/bin/cargo" "+1.75.0" "metadata" "--manifest-path" "Cargo.toml" "--no-deps", kill_on_drop: false }`
[INFO] started tweaking crates.io crate nickel_cors 0.3.3
[INFO] finished tweaking crates.io crate nickel_cors 0.3.3
[INFO] tweaked toml for crates.io crate nickel_cors 0.3.3 written to /workspace/builds/worker-3-tc1/source/Cargo.toml
[INFO] running `Command { std: CARGO_HOME="/workspace/cargo-home" RUSTUP_HOME="/workspace/rustup-home" "/workspace/cargo-home/bin/cargo" "+1.75.0" "generate-lockfile" "--manifest-path" "Cargo.toml", kill_on_drop: false }`
[INFO] [stderr]     Updating crates.io index
[INFO] running `Command { std: CARGO_HOME="/workspace/cargo-home" RUSTUP_HOME="/workspace/rustup-home" "/workspace/cargo-home/bin/cargo" "+1.75.0" "fetch" "--manifest-path" "Cargo.toml", kill_on_drop: false }`
[INFO] [stderr]  Downloading crates ...
[INFO] [stderr]   Downloaded mustache v0.9.0
[INFO] [stderr]   Downloaded nickel v0.11.0
[INFO] [stderr]   Downloaded groupable v0.2.0
[INFO] running `Command { std: "docker" "create" "-v" "/var/lib/crater-agent-workspace/builds/worker-3-tc1/target:/opt/rustwide/target:rw,Z" "-v" "/var/lib/crater-agent-workspace/builds/worker-3-tc1/source:/opt/rustwide/workdir:ro,Z" "-v" "/var/lib/crater-agent-workspace/cargo-home:/opt/rustwide/cargo-home:ro,Z" "-v" "/var/lib/crater-agent-workspace/rustup-home:/opt/rustwide/rustup-home:ro,Z" "-e" "SOURCE_DIR=/opt/rustwide/workdir" "-e" "CARGO_TARGET_DIR=/opt/rustwide/target" "-e" "CARGO_HOME=/opt/rustwide/cargo-home" "-e" "RUSTUP_HOME=/opt/rustwide/rustup-home" "-w" "/opt/rustwide/workdir" "-m" "1610612736" "--user" "0:0" "--network" "none" "ghcr.io/rust-lang/crates-build-env/linux@sha256:2788e3201cd34a07e3172128adcd8b3090168a8e3bcc40d7c032b9dda1df7d1c" "/opt/rustwide/cargo-home/bin/cargo" "+1.75.0" "metadata" "--no-deps" "--format-version=1", kill_on_drop: false }`
[INFO] [stdout] abf01524e6e8b8a465eadf94346f5767214b117df56e1ddf904b7860c3534d50
[INFO] running `Command { std: "docker" "start" "-a" "abf01524e6e8b8a465eadf94346f5767214b117df56e1ddf904b7860c3534d50", kill_on_drop: false }`
[INFO] running `Command { std: "docker" "inspect" "abf01524e6e8b8a465eadf94346f5767214b117df56e1ddf904b7860c3534d50", kill_on_drop: false }`
[INFO] running `Command { std: "docker" "rm" "-f" "abf01524e6e8b8a465eadf94346f5767214b117df56e1ddf904b7860c3534d50", kill_on_drop: false }`
[INFO] [stdout] abf01524e6e8b8a465eadf94346f5767214b117df56e1ddf904b7860c3534d50
[INFO] running `Command { std: "docker" "create" "-v" "/var/lib/crater-agent-workspace/builds/worker-3-tc1/target:/opt/rustwide/target:rw,Z" "-v" "/var/lib/crater-agent-workspace/builds/worker-3-tc1/source:/opt/rustwide/workdir:ro,Z" "-v" "/var/lib/crater-agent-workspace/cargo-home:/opt/rustwide/cargo-home:ro,Z" "-v" "/var/lib/crater-agent-workspace/rustup-home:/opt/rustwide/rustup-home:ro,Z" "-e" "SOURCE_DIR=/opt/rustwide/workdir" "-e" "CARGO_TARGET_DIR=/opt/rustwide/target" "-e" "CARGO_INCREMENTAL=0" "-e" "RUST_BACKTRACE=full" "-e" "RUSTFLAGS=--cap-lints=warn" "-e" "RUSTDOCFLAGS=--cap-lints=warn" "-e" "CARGO_HOME=/opt/rustwide/cargo-home" "-e" "RUSTUP_HOME=/opt/rustwide/rustup-home" "-w" "/opt/rustwide/workdir" "-m" "1610612736" "--user" "0:0" "--network" "none" "ghcr.io/rust-lang/crates-build-env/linux@sha256:2788e3201cd34a07e3172128adcd8b3090168a8e3bcc40d7c032b9dda1df7d1c" "/opt/rustwide/cargo-home/bin/cargo" "+1.75.0" "build" "--frozen" "--message-format=json", kill_on_drop: false }`
[INFO] [stdout] ab2383be776d7c0fc06a7d2face2e550452b44c37f7c59ef762324252f467e70
[INFO] running `Command { std: "docker" "start" "-a" "ab2383be776d7c0fc06a7d2face2e550452b44c37f7c59ef762324252f467e70", kill_on_drop: false }`
[INFO] [stderr]    Compiling proc-macro2 v1.0.75
[INFO] [stderr]    Compiling unicode-ident v1.0.12
[INFO] [stderr]    Compiling tinyvec_macros v0.1.1
[INFO] [stderr]    Compiling libc v0.2.151
[INFO] [stderr]    Compiling traitobject v0.1.0
[INFO] [stderr]    Compiling serde v1.0.194
[INFO] [stderr]    Compiling version_check v0.1.5
[INFO] [stderr]    Compiling log v0.4.20
[INFO] [stderr]    Compiling unicode-bidi v0.3.14
[INFO] [stderr]    Compiling httparse v1.8.0
[INFO] [stderr]    Compiling memchr v2.7.1
[INFO] [stderr]    Compiling matches v0.1.10
[INFO] [stderr]    Compiling byteorder v1.5.0
[INFO] [stderr]    Compiling percent-encoding v1.0.1
[INFO] [stderr]    Compiling serde_json v1.0.111
[INFO] [stderr]    Compiling regex-syntax v0.8.2
[INFO] [stderr]    Compiling tinyvec v1.6.0
[INFO] [stderr]    Compiling unsafe-any v0.4.2
[INFO] [stderr]    Compiling safemem v0.3.3
[INFO] [stderr]    Compiling typemap v0.3.3
[INFO] [stderr]    Compiling language-tags v0.2.2
[INFO] [stderr]    Compiling itoa v1.0.10
[INFO] [stderr]    Compiling log v0.3.9
[INFO] [stderr]    Compiling base64 v0.9.3
[INFO] [stderr]    Compiling typeable v0.1.2
[INFO] [stderr]    Compiling ryu v1.0.16
[INFO] [stderr]    Compiling plugin v0.2.6
[INFO] [stderr]    Compiling unicase v1.4.2
[INFO] [stderr]    Compiling groupable v0.2.0
[INFO] [stderr]    Compiling modifier v0.1.0
[INFO] [stderr]    Compiling mime v0.2.6
[INFO] [stderr]    Compiling aho-corasick v1.1.2
[INFO] [stderr]    Compiling unicode-normalization v0.1.22
[INFO] [stderr]    Compiling quote v1.0.35
[INFO] [stderr]    Compiling syn v2.0.48
[INFO] [stderr]    Compiling idna v0.1.5
[INFO] [stderr]    Compiling time v0.1.45
[INFO] [stderr]    Compiling num_cpus v1.16.0
[INFO] [stderr]    Compiling url v1.7.2
[INFO] [stderr]    Compiling regex-automata v0.4.3
[INFO] [stderr]    Compiling hyper v0.10.16
[INFO] [stderr]    Compiling serde_derive v1.0.194
[INFO] [stderr]    Compiling regex v1.10.2
[INFO] [stderr]    Compiling mustache v0.9.0
[INFO] [stderr]    Compiling nickel v0.11.0
[INFO] [stderr]    Compiling nickel_cors v0.3.3 (/opt/rustwide/workdir)
[INFO] [stderr]     Finished dev [unoptimized + debuginfo] target(s) in 11.62s
[INFO] [stderr] warning: the following packages contain code that will be rejected by a future version of Rust: traitobject v0.1.0
[INFO] [stderr] note: to see what the problems were, use the option `--future-incompat-report`, or run `cargo report future-incompatibilities --id 1`
[INFO] running `Command { std: "docker" "inspect" "ab2383be776d7c0fc06a7d2face2e550452b44c37f7c59ef762324252f467e70", kill_on_drop: false }`
[INFO] running `Command { std: "docker" "rm" "-f" "ab2383be776d7c0fc06a7d2face2e550452b44c37f7c59ef762324252f467e70", kill_on_drop: false }`
[INFO] [stdout] ab2383be776d7c0fc06a7d2face2e550452b44c37f7c59ef762324252f467e70
[INFO] running `Command { std: "docker" "create" "-v" "/var/lib/crater-agent-workspace/builds/worker-3-tc1/target:/opt/rustwide/target:rw,Z" "-v" "/var/lib/crater-agent-workspace/builds/worker-3-tc1/source:/opt/rustwide/workdir:ro,Z" "-v" "/var/lib/crater-agent-workspace/cargo-home:/opt/rustwide/cargo-home:ro,Z" "-v" "/var/lib/crater-agent-workspace/rustup-home:/opt/rustwide/rustup-home:ro,Z" "-e" "SOURCE_DIR=/opt/rustwide/workdir" "-e" "CARGO_TARGET_DIR=/opt/rustwide/target" "-e" "CARGO_INCREMENTAL=0" "-e" "RUST_BACKTRACE=full" "-e" "RUSTFLAGS=--cap-lints=warn" "-e" "RUSTDOCFLAGS=--cap-lints=warn" "-e" "CARGO_HOME=/opt/rustwide/cargo-home" "-e" "RUSTUP_HOME=/opt/rustwide/rustup-home" "-w" "/opt/rustwide/workdir" "-m" "1610612736" "--user" "0:0" "--network" "none" "ghcr.io/rust-lang/crates-build-env/linux@sha256:2788e3201cd34a07e3172128adcd8b3090168a8e3bcc40d7c032b9dda1df7d1c" "/opt/rustwide/cargo-home/bin/cargo" "+1.75.0" "test" "--frozen" "--no-run" "--message-format=json", kill_on_drop: false }`
[INFO] [stdout] 519612cd60008dc9b005d033c9275b3a37b2eaf31190690a1ce039e07c44082e
[INFO] running `Command { std: "docker" "start" "-a" "519612cd60008dc9b005d033c9275b3a37b2eaf31190690a1ce039e07c44082e", kill_on_drop: false }`
[INFO] [stderr]    Compiling autocfg v1.1.0
[INFO] [stderr]    Compiling cfg-if v0.1.10
[INFO] [stderr]    Compiling futures v0.1.31
[INFO] [stderr]    Compiling semver-parser v0.7.0
[INFO] [stderr]    Compiling maybe-uninit v2.0.0
[INFO] [stderr]    Compiling either v1.9.0
[INFO] [stderr]    Compiling scopeguard v1.2.0
[INFO] [stderr]    Compiling rand_core v0.4.2
[INFO] [stderr]    Compiling vcpkg v0.2.15
[INFO] [stderr]    Compiling iovec v0.1.4
[INFO] [stderr]    Compiling cc v1.0.83
[INFO] [stderr]    Compiling pkg-config v0.3.28
[INFO] [stderr]    Compiling syn v1.0.109
[INFO] [stderr]    Compiling version_check v0.9.4
[INFO] [stderr]    Compiling itoa v0.4.8
[INFO] [stderr]    Compiling adler v1.0.2
[INFO] [stderr]    Compiling net2 v0.2.39
[INFO] [stderr]    Compiling lock_api v0.3.4
[INFO] [stderr]    Compiling miniz_oxide v0.7.1
[INFO] [stderr]    Compiling percent-encoding v2.3.1
[INFO] [stderr]    Compiling unicode-xid v0.2.4
[INFO] [stderr]    Compiling semver v0.9.0
[INFO] [stderr]    Compiling bytes v0.4.12
[INFO] [stderr]    Compiling autocfg v0.1.8
[INFO] [stderr]    Compiling rand_core v0.3.1
[INFO] [stderr]    Compiling failure_derive v0.1.8
[INFO] [stderr]    Compiling hashbrown v0.12.3
[INFO] [stderr]    Compiling openssl v0.10.62
[INFO] [stderr]    Compiling rustc_version v0.2.3
[INFO] [stderr]    Compiling smallvec v0.6.14
[INFO] [stderr]    Compiling crossbeam-utils v0.7.2
[INFO] [stderr]    Compiling slab v0.4.9
[INFO] [stderr]    Compiling memoffset v0.5.6
[INFO] [stderr]    Compiling crossbeam-epoch v0.8.2
[INFO] [stderr]    Compiling indexmap v1.9.3
[INFO] [stderr]    Compiling parking_lot_core v0.6.3
[INFO] [stderr]    Compiling parking_lot v0.9.0
[INFO] [stderr]    Compiling unicase v2.7.0
[INFO] [stderr]    Compiling http v0.1.21
[INFO] [stderr]    Compiling rand_pcg v0.1.2
[INFO] [stderr]    Compiling rand_chacha v0.1.1
[INFO] [stderr]    Compiling gimli v0.28.1
[INFO] [stderr]    Compiling mio v0.6.23
[INFO] [stderr]    Compiling string v0.2.1
[INFO] [stderr]    Compiling hyper v0.12.36
[INFO] [stderr]    Compiling rand v0.6.5
[INFO] [stderr]    Compiling form_urlencoded v1.2.1
[INFO] [stderr]    Compiling openssl-macros v0.1.1
[INFO] [stderr]    Compiling idna v0.5.0
[INFO] [stderr]    Compiling object v0.32.2
[INFO] [stderr]    Compiling once_cell v1.19.0
[INFO] [stderr]    Compiling bitflags v2.4.1
[INFO] [stderr]    Compiling tokio-executor v0.1.10
[INFO] [stderr]    Compiling tokio-io v0.1.13
[INFO] [stderr]    Compiling tokio-sync v0.1.8
[INFO] [stderr]    Compiling crossbeam-queue v0.2.3
[INFO] [stderr]    Compiling openssl-sys v0.9.98
[INFO] [stderr]    Compiling backtrace v0.3.69
[INFO] [stderr]    Compiling tokio-current-thread v0.1.7
[INFO] [stderr]    Compiling tokio-timer v0.2.13
[INFO] [stderr]    Compiling tokio-buf v0.1.1
[INFO] [stderr]    Compiling crc32fast v1.3.2
[INFO] [stderr]    Compiling crossbeam-deque v0.7.4
[INFO] [stderr]    Compiling tokio-reactor v0.1.12
[INFO] [stderr]    Compiling try-lock v0.2.5
[INFO] [stderr]    Compiling native-tls v0.2.11
[INFO] [stderr]    Compiling rustc-demangle v0.1.23
[INFO] [stderr]    Compiling tokio-threadpool v0.1.18
[INFO] [stderr]    Compiling want v0.2.0
[INFO] [stderr]    Compiling url v2.5.0
[INFO] [stderr]    Compiling futures-cpupool v0.1.8
[INFO] [stderr]    Compiling tokio-tcp v0.1.4
[INFO] [stderr]    Compiling mime_guess v2.0.4
[INFO] [stderr]    Compiling rand_isaac v0.1.1
[INFO] [stderr]    Compiling rand_hc v0.1.0
[INFO] [stderr]    Compiling rand_xorshift v0.1.1
[INFO] [stderr]    Compiling rand_jitter v0.1.4
[INFO] [stderr]    Compiling rand_os v0.1.3
[INFO] [stderr]    Compiling idna v0.2.3
[INFO] [stderr]    Compiling h2 v0.1.26
[INFO] [stderr]    Compiling tokio v0.1.22
[INFO] [stderr]    Compiling http-body v0.1.0
[INFO] [stderr]    Compiling openssl-probe v0.1.5
[INFO] [stderr]    Compiling try_from v0.3.2
[INFO] [stderr]    Compiling cookie v0.12.0
[INFO] [stderr]    Compiling dtoa v0.4.8
[INFO] [stderr]    Compiling mime v0.3.17
[INFO] [stderr]    Compiling flate2 v1.0.28
[INFO] [stderr]    Compiling publicsuffix v1.5.6
[INFO] [stderr]    Compiling synstructure v0.12.6
[INFO] [stderr]    Compiling serde_urlencoded v0.5.5
[INFO] [stderr]    Compiling encoding_rs v0.8.33
[INFO] [stderr]    Compiling base64 v0.10.1
[INFO] [stderr]    Compiling uuid v0.7.4
[INFO] [stderr]    Compiling addr2line v0.21.0
[INFO] [stderr]    Compiling failure v0.1.8
[INFO] [stderr]    Compiling cookie_store v0.7.0
[INFO] [stderr]    Compiling hyper-tls v0.3.2
[INFO] [stderr]    Compiling reqwest v0.9.24
[INFO] [stderr]    Compiling nickel_cors v0.3.3 (/opt/rustwide/workdir)
[INFO] [stderr]     Finished test [unoptimized + debuginfo] target(s) in 13.37s
[INFO] [stderr] warning: the following packages contain code that will be rejected by a future version of Rust: traitobject v0.1.0
[INFO] [stderr] note: to see what the problems were, use the option `--future-incompat-report`, or run `cargo report future-incompatibilities --id 1`
[INFO] running `Command { std: "docker" "inspect" "519612cd60008dc9b005d033c9275b3a37b2eaf31190690a1ce039e07c44082e", kill_on_drop: false }`
[INFO] running `Command { std: "docker" "rm" "-f" "519612cd60008dc9b005d033c9275b3a37b2eaf31190690a1ce039e07c44082e", kill_on_drop: false }`
[INFO] [stdout] 519612cd60008dc9b005d033c9275b3a37b2eaf31190690a1ce039e07c44082e
[INFO] running `Command { std: "docker" "create" "-v" "/var/lib/crater-agent-workspace/builds/worker-3-tc1/target:/opt/rustwide/target:rw,Z" "-v" "/var/lib/crater-agent-workspace/builds/worker-3-tc1/source:/opt/rustwide/workdir:ro,Z" "-v" "/var/lib/crater-agent-workspace/cargo-home:/opt/rustwide/cargo-home:ro,Z" "-v" "/var/lib/crater-agent-workspace/rustup-home:/opt/rustwide/rustup-home:ro,Z" "-e" "SOURCE_DIR=/opt/rustwide/workdir" "-e" "CARGO_TARGET_DIR=/opt/rustwide/target" "-e" "CARGO_INCREMENTAL=0" "-e" "RUST_BACKTRACE=full" "-e" "RUSTFLAGS=--cap-lints=warn" "-e" "RUSTDOCFLAGS=--cap-lints=warn" "-e" "CARGO_HOME=/opt/rustwide/cargo-home" "-e" "RUSTUP_HOME=/opt/rustwide/rustup-home" "-w" "/opt/rustwide/workdir" "-m" "1610612736" "--user" "0:0" "--network" "none" "ghcr.io/rust-lang/crates-build-env/linux@sha256:2788e3201cd34a07e3172128adcd8b3090168a8e3bcc40d7c032b9dda1df7d1c" "/opt/rustwide/cargo-home/bin/cargo" "+1.75.0" "test" "--frozen", kill_on_drop: false }`
[INFO] [stdout] 16f4533a5c6b284ed483683ac32085d46c88fdfdd3205ef7d88e87f28b1803bb
[INFO] running `Command { std: "docker" "start" "-a" "16f4533a5c6b284ed483683ac32085d46c88fdfdd3205ef7d88e87f28b1803bb", kill_on_drop: false }`
[INFO] [stderr]     Finished test [unoptimized + debuginfo] target(s) in 0.13s
[INFO] [stderr] warning: the following packages contain code that will be rejected by a future version of Rust: traitobject v0.1.0
[INFO] [stderr] note: to see what the problems were, use the option `--future-incompat-report`, or run `cargo report future-incompatibilities --id 1`
[INFO] [stderr]      Running unittests src/lib.rs (/opt/rustwide/target/debug/deps/nickel_cors-ce21cfd2f52c6db0)
[INFO] [stdout] 
[INFO] [stdout] running 2 tests
[INFO] [stdout] test tests::test_set_env_works ... ok
[INFO] [stdout] test tests::test_defaults_works ... ok
[INFO] [stdout] 
[INFO] [stdout] test result: ok. 2 passed; 0 failed; 0 ignored; 0 measured; 0 filtered out; finished in 0.30s
[INFO] [stdout] 
[INFO] [stderr]    Doc-tests nickel_cors
[INFO] [stdout] 
[INFO] [stdout] running 0 tests
[INFO] [stdout] 
[INFO] [stdout] test result: ok. 0 passed; 0 failed; 0 ignored; 0 measured; 0 filtered out; finished in 0.00s
[INFO] [stdout] 
[INFO] running `Command { std: "docker" "inspect" "16f4533a5c6b284ed483683ac32085d46c88fdfdd3205ef7d88e87f28b1803bb", kill_on_drop: false }`
[INFO] running `Command { std: "docker" "rm" "-f" "16f4533a5c6b284ed483683ac32085d46c88fdfdd3205ef7d88e87f28b1803bb", kill_on_drop: false }`
[INFO] [stdout] 16f4533a5c6b284ed483683ac32085d46c88fdfdd3205ef7d88e87f28b1803bb
[INFO] testing nickel_cors-0.3.3 against beta-2023-12-22 for beta-1.76-1
[INFO] extracting crate nickel_cors 0.3.3 into /workspace/builds/worker-3-tc2/source
[INFO] validating manifest of crates.io crate nickel_cors 0.3.3 on toolchain beta-2023-12-22
[INFO] running `Command { std: CARGO_HOME="/workspace/cargo-home" RUSTUP_HOME="/workspace/rustup-home" "/workspace/cargo-home/bin/cargo" "+beta-2023-12-22" "metadata" "--manifest-path" "Cargo.toml" "--no-deps", kill_on_drop: false }`
[INFO] started tweaking crates.io crate nickel_cors 0.3.3
[INFO] finished tweaking crates.io crate nickel_cors 0.3.3
[INFO] tweaked toml for crates.io crate nickel_cors 0.3.3 written to /workspace/builds/worker-3-tc2/source/Cargo.toml
[INFO] running `Command { std: CARGO_HOME="/workspace/cargo-home" RUSTUP_HOME="/workspace/rustup-home" "/workspace/cargo-home/bin/cargo" "+beta-2023-12-22" "generate-lockfile" "--manifest-path" "Cargo.toml", kill_on_drop: false }`
[INFO] [stderr]     Updating crates.io index
[INFO] running `Command { std: CARGO_HOME="/workspace/cargo-home" RUSTUP_HOME="/workspace/rustup-home" "/workspace/cargo-home/bin/cargo" "+beta-2023-12-22" "fetch" "--manifest-path" "Cargo.toml", kill_on_drop: false }`
[INFO] running `Command { std: "docker" "create" "-v" "/var/lib/crater-agent-workspace/builds/worker-3-tc2/target:/opt/rustwide/target:rw,Z" "-v" "/var/lib/crater-agent-workspace/builds/worker-3-tc2/source:/opt/rustwide/workdir:ro,Z" "-v" "/var/lib/crater-agent-workspace/cargo-home:/opt/rustwide/cargo-home:ro,Z" "-v" "/var/lib/crater-agent-workspace/rustup-home:/opt/rustwide/rustup-home:ro,Z" "-e" "SOURCE_DIR=/opt/rustwide/workdir" "-e" "CARGO_TARGET_DIR=/opt/rustwide/target" "-e" "CARGO_HOME=/opt/rustwide/cargo-home" "-e" "RUSTUP_HOME=/opt/rustwide/rustup-home" "-w" "/opt/rustwide/workdir" "-m" "1610612736" "--user" "0:0" "--network" "none" "ghcr.io/rust-lang/crates-build-env/linux@sha256:2788e3201cd34a07e3172128adcd8b3090168a8e3bcc40d7c032b9dda1df7d1c" "/opt/rustwide/cargo-home/bin/cargo" "+beta-2023-12-22" "metadata" "--no-deps" "--format-version=1", kill_on_drop: false }`
[INFO] [stdout] e579b59fe6decc8b4c246bcd73ab80198c3b687dcdf32b4767e0ccaa54fe5a09
[INFO] running `Command { std: "docker" "start" "-a" "e579b59fe6decc8b4c246bcd73ab80198c3b687dcdf32b4767e0ccaa54fe5a09", kill_on_drop: false }`
[INFO] running `Command { std: "docker" "inspect" "e579b59fe6decc8b4c246bcd73ab80198c3b687dcdf32b4767e0ccaa54fe5a09", kill_on_drop: false }`
[INFO] running `Command { std: "docker" "rm" "-f" "e579b59fe6decc8b4c246bcd73ab80198c3b687dcdf32b4767e0ccaa54fe5a09", kill_on_drop: false }`
[INFO] [stdout] e579b59fe6decc8b4c246bcd73ab80198c3b687dcdf32b4767e0ccaa54fe5a09
[INFO] running `Command { std: "docker" "create" "-v" "/var/lib/crater-agent-workspace/builds/worker-3-tc2/target:/opt/rustwide/target:rw,Z" "-v" "/var/lib/crater-agent-workspace/builds/worker-3-tc2/source:/opt/rustwide/workdir:ro,Z" "-v" "/var/lib/crater-agent-workspace/cargo-home:/opt/rustwide/cargo-home:ro,Z" "-v" "/var/lib/crater-agent-workspace/rustup-home:/opt/rustwide/rustup-home:ro,Z" "-e" "SOURCE_DIR=/opt/rustwide/workdir" "-e" "CARGO_TARGET_DIR=/opt/rustwide/target" "-e" "CARGO_INCREMENTAL=0" "-e" "RUST_BACKTRACE=full" "-e" "RUSTFLAGS=--cap-lints=warn" "-e" "RUSTDOCFLAGS=--cap-lints=warn" "-e" "CARGO_HOME=/opt/rustwide/cargo-home" "-e" "RUSTUP_HOME=/opt/rustwide/rustup-home" "-w" "/opt/rustwide/workdir" "-m" "1610612736" "--user" "0:0" "--network" "none" "ghcr.io/rust-lang/crates-build-env/linux@sha256:2788e3201cd34a07e3172128adcd8b3090168a8e3bcc40d7c032b9dda1df7d1c" "/opt/rustwide/cargo-home/bin/cargo" "+beta-2023-12-22" "build" "--frozen" "--message-format=json", kill_on_drop: false }`
[INFO] [stdout] b9c6a2312bd7b1823747066b7e23b3ea1dd8a8ce57d25a8ccf0f670f97f335e7
[INFO] running `Command { std: "docker" "start" "-a" "b9c6a2312bd7b1823747066b7e23b3ea1dd8a8ce57d25a8ccf0f670f97f335e7", kill_on_drop: false }`
[INFO] [stderr]    Compiling proc-macro2 v1.0.75
[INFO] [stderr]    Compiling unicode-ident v1.0.12
[INFO] [stderr]    Compiling tinyvec_macros v0.1.1
[INFO] [stderr]    Compiling libc v0.2.151
[INFO] [stderr]    Compiling serde v1.0.194
[INFO] [stderr]    Compiling log v0.4.20
[INFO] [stderr]    Compiling version_check v0.1.5
[INFO] [stderr]    Compiling traitobject v0.1.0
[INFO] [stderr]    Compiling unicode-bidi v0.3.14
[INFO] [stderr]    Compiling httparse v1.8.0
[INFO] [stderr]    Compiling matches v0.1.10
[INFO] [stderr]    Compiling memchr v2.7.1
[INFO] [stderr]    Compiling safemem v0.3.3
[INFO] [stderr]    Compiling regex-syntax v0.8.2
[INFO] [stderr]    Compiling byteorder v1.5.0
[INFO] [stderr]    Compiling percent-encoding v1.0.1
[INFO] [stderr]    Compiling tinyvec v1.6.0
[INFO] [stderr]    Compiling unsafe-any v0.4.2
[INFO] [stderr]    Compiling serde_json v1.0.111
[INFO] [stderr]    Compiling language-tags v0.2.2
[INFO] [stderr]    Compiling typeable v0.1.2
[INFO] [stderr]    Compiling typemap v0.3.3
[INFO] [stderr]    Compiling log v0.3.9
[INFO] [stderr]    Compiling ryu v1.0.16
[INFO] [stderr]    Compiling base64 v0.9.3
[INFO] [stderr]    Compiling mime v0.2.6
[INFO] [stderr]    Compiling itoa v1.0.10
[INFO] [stderr]    Compiling unicase v1.4.2
[INFO] [stderr]    Compiling plugin v0.2.6
[INFO] [stderr]    Compiling modifier v0.1.0
[INFO] [stderr]    Compiling groupable v0.2.0
[INFO] [stderr]    Compiling aho-corasick v1.1.2
[INFO] [stderr]    Compiling quote v1.0.35
[INFO] [stderr]    Compiling unicode-normalization v0.1.22
[INFO] [stderr]    Compiling syn v2.0.48
[INFO] [stderr]    Compiling idna v0.1.5
[INFO] [stderr]    Compiling url v1.7.2
[INFO] [stderr]    Compiling time v0.1.45
[INFO] [stderr]    Compiling num_cpus v1.16.0
[INFO] [stderr]    Compiling regex-automata v0.4.3
[INFO] [stderr]    Compiling hyper v0.10.16
[INFO] [stderr]    Compiling serde_derive v1.0.194
[INFO] [stderr]    Compiling regex v1.10.2
[INFO] [stderr]    Compiling mustache v0.9.0
[INFO] [stderr]    Compiling nickel v0.11.0
[INFO] [stderr]    Compiling nickel_cors v0.3.3 (/opt/rustwide/workdir)
[INFO] [stderr]     Finished dev [unoptimized + debuginfo] target(s) in 14.57s
[INFO] [stderr] warning: the following packages contain code that will be rejected by a future version of Rust: traitobject v0.1.0
[INFO] [stderr] note: to see what the problems were, use the option `--future-incompat-report`, or run `cargo report future-incompatibilities --id 1`
[INFO] running `Command { std: "docker" "inspect" "b9c6a2312bd7b1823747066b7e23b3ea1dd8a8ce57d25a8ccf0f670f97f335e7", kill_on_drop: false }`
[INFO] running `Command { std: "docker" "rm" "-f" "b9c6a2312bd7b1823747066b7e23b3ea1dd8a8ce57d25a8ccf0f670f97f335e7", kill_on_drop: false }`
[INFO] [stdout] b9c6a2312bd7b1823747066b7e23b3ea1dd8a8ce57d25a8ccf0f670f97f335e7
[INFO] running `Command { std: "docker" "create" "-v" "/var/lib/crater-agent-workspace/builds/worker-3-tc2/target:/opt/rustwide/target:rw,Z" "-v" "/var/lib/crater-agent-workspace/builds/worker-3-tc2/source:/opt/rustwide/workdir:ro,Z" "-v" "/var/lib/crater-agent-workspace/cargo-home:/opt/rustwide/cargo-home:ro,Z" "-v" "/var/lib/crater-agent-workspace/rustup-home:/opt/rustwide/rustup-home:ro,Z" "-e" "SOURCE_DIR=/opt/rustwide/workdir" "-e" "CARGO_TARGET_DIR=/opt/rustwide/target" "-e" "CARGO_INCREMENTAL=0" "-e" "RUST_BACKTRACE=full" "-e" "RUSTFLAGS=--cap-lints=warn" "-e" "RUSTDOCFLAGS=--cap-lints=warn" "-e" "CARGO_HOME=/opt/rustwide/cargo-home" "-e" "RUSTUP_HOME=/opt/rustwide/rustup-home" "-w" "/opt/rustwide/workdir" "-m" "1610612736" "--user" "0:0" "--network" "none" "ghcr.io/rust-lang/crates-build-env/linux@sha256:2788e3201cd34a07e3172128adcd8b3090168a8e3bcc40d7c032b9dda1df7d1c" "/opt/rustwide/cargo-home/bin/cargo" "+beta-2023-12-22" "test" "--frozen" "--no-run" "--message-format=json", kill_on_drop: false }`
[INFO] [stdout] 1c71b38ad556d47d1e72f7d110f517cebf54a79f2413b7715166818c8db71b08
[INFO] running `Command { std: "docker" "start" "-a" "1c71b38ad556d47d1e72f7d110f517cebf54a79f2413b7715166818c8db71b08", kill_on_drop: false }`
[INFO] [stderr]    Compiling autocfg v1.1.0
[INFO] [stderr]    Compiling cfg-if v0.1.10
[INFO] [stderr]    Compiling futures v0.1.31
[INFO] [stderr]    Compiling semver-parser v0.7.0
[INFO] [stderr]    Compiling maybe-uninit v2.0.0
[INFO] [stderr]    Compiling either v1.9.0
[INFO] [stderr]    Compiling scopeguard v1.2.0
[INFO] [stderr]    Compiling rand_core v0.4.2
[INFO] [stderr]    Compiling vcpkg v0.2.15
[INFO] [stderr]    Compiling iovec v0.1.4
[INFO] [stderr]    Compiling cc v1.0.83
[INFO] [stderr]    Compiling pkg-config v0.3.28
[INFO] [stderr]    Compiling itoa v0.4.8
[INFO] [stderr]    Compiling version_check v0.9.4
[INFO] [stderr]    Compiling syn v1.0.109
[INFO] [stderr]    Compiling adler v1.0.2
[INFO] [stderr]    Compiling net2 v0.2.39
[INFO] [stderr]    Compiling lock_api v0.3.4
[INFO] [stderr]    Compiling miniz_oxide v0.7.1
[INFO] [stderr]    Compiling semver v0.9.0
[INFO] [stderr]    Compiling bytes v0.4.12
[INFO] [stderr]    Compiling autocfg v0.1.8
[INFO] [stderr]    Compiling rand_core v0.3.1
[INFO] [stderr]    Compiling percent-encoding v2.3.1
[INFO] [stderr]    Compiling gimli v0.28.1
[INFO] [stderr]    Compiling openssl v0.10.62
[INFO] [stderr]    Compiling failure_derive v0.1.8
[INFO] [stderr]    Compiling crossbeam-utils v0.7.2
[INFO] [stderr]    Compiling rustc_version v0.2.3
[INFO] [stderr]    Compiling slab v0.4.9
[INFO] [stderr]    Compiling memoffset v0.5.6
[INFO] [stderr]    Compiling smallvec v0.6.14
[INFO] [stderr]    Compiling crossbeam-epoch v0.8.2
[INFO] [stderr]    Compiling unicase v2.7.0
[INFO] [stderr]    Compiling parking_lot_core v0.6.3
[INFO] [stderr]    Compiling parking_lot v0.9.0
[INFO] [stderr]    Compiling indexmap v1.9.3
[INFO] [stderr]    Compiling http v0.1.21
[INFO] [stderr]    Compiling rand_pcg v0.1.2
[INFO] [stderr]    Compiling rand_chacha v0.1.1
[INFO] [stderr]    Compiling unicode-xid v0.2.4
[INFO] [stderr]    Compiling hashbrown v0.12.3
[INFO] [stderr]    Compiling mio v0.6.23
[INFO] [stderr]    Compiling string v0.2.1
[INFO] [stderr]    Compiling hyper v0.12.36
[INFO] [stderr]    Compiling rand v0.6.5
[INFO] [stderr]    Compiling form_urlencoded v1.2.1
[INFO] [stderr]    Compiling openssl-macros v0.1.1
[INFO] [stderr]    Compiling idna v0.5.0
[INFO] [stderr]    Compiling object v0.32.2
[INFO] [stderr]    Compiling crossbeam-queue v0.2.3
[INFO] [stderr]    Compiling rustc-demangle v0.1.23
[INFO] [stderr]    Compiling tokio-executor v0.1.10
[INFO] [stderr]    Compiling tokio-io v0.1.13
[INFO] [stderr]    Compiling tokio-sync v0.1.8
[INFO] [stderr]    Compiling crossbeam-deque v0.7.4
[INFO] [stderr]    Compiling tokio-timer v0.2.13
[INFO] [stderr]    Compiling tokio-current-thread v0.1.7
[INFO] [stderr]    Compiling tokio-buf v0.1.1
[INFO] [stderr]    Compiling once_cell v1.19.0
[INFO] [stderr]    Compiling openssl-sys v0.9.98
[INFO] [stderr]    Compiling backtrace v0.3.69
[INFO] [stderr]    Compiling tokio-reactor v0.1.12
[INFO] [stderr]    Compiling tokio-threadpool v0.1.18
[INFO] [stderr]    Compiling bitflags v2.4.1
[INFO] [stderr]    Compiling try-lock v0.2.5
[INFO] [stderr]    Compiling crc32fast v1.3.2
[INFO] [stderr]    Compiling native-tls v0.2.11
[INFO] [stderr]    Compiling want v0.2.0
[INFO] [stderr]    Compiling url v2.5.0
[INFO] [stderr]    Compiling tokio-tcp v0.1.4
[INFO] [stderr]    Compiling futures-cpupool v0.1.8
[INFO] [stderr]    Compiling mime_guess v2.0.4
[INFO] [stderr]    Compiling rand_isaac v0.1.1
[INFO] [stderr]    Compiling rand_xorshift v0.1.1
[INFO] [stderr]    Compiling tokio v0.1.22
[INFO] [stderr]    Compiling rand_hc v0.1.0
[INFO] [stderr]    Compiling rand_os v0.1.3
[INFO] [stderr]    Compiling rand_jitter v0.1.4
[INFO] [stderr]    Compiling idna v0.2.3
[INFO] [stderr]    Compiling openssl-probe v0.1.5
[INFO] [stderr]    Compiling try_from v0.3.2
[INFO] [stderr]    Compiling cookie v0.12.0
[INFO] [stderr]    Compiling mime v0.3.17
[INFO] [stderr]    Compiling h2 v0.1.26
[INFO] [stderr]    Compiling http-body v0.1.0
[INFO] [stderr]    Compiling dtoa v0.4.8
[INFO] [stderr]    Compiling publicsuffix v1.5.6
[INFO] [stderr]    Compiling flate2 v1.0.28
[INFO] [stderr]    Compiling encoding_rs v0.8.33
[INFO] [stderr]    Compiling addr2line v0.21.0
[INFO] [stderr]    Compiling serde_urlencoded v0.5.5
[INFO] [stderr]    Compiling synstructure v0.12.6
[INFO] [stderr]    Compiling uuid v0.7.4
[INFO] [stderr]    Compiling base64 v0.10.1
[INFO] [stderr]    Compiling failure v0.1.8
[INFO] [stderr]    Compiling cookie_store v0.7.0
[INFO] [stderr]    Compiling hyper-tls v0.3.2
[INFO] [stderr]    Compiling reqwest v0.9.24
[INFO] [stderr]    Compiling nickel_cors v0.3.3 (/opt/rustwide/workdir)
[INFO] [stderr]     Finished test [unoptimized + debuginfo] target(s) in 14.47s
[INFO] [stderr] warning: the following packages contain code that will be rejected by a future version of Rust: traitobject v0.1.0
[INFO] [stderr] note: to see what the problems were, use the option `--future-incompat-report`, or run `cargo report future-incompatibilities --id 1`
[INFO] running `Command { std: "docker" "inspect" "1c71b38ad556d47d1e72f7d110f517cebf54a79f2413b7715166818c8db71b08", kill_on_drop: false }`
[INFO] running `Command { std: "docker" "rm" "-f" "1c71b38ad556d47d1e72f7d110f517cebf54a79f2413b7715166818c8db71b08", kill_on_drop: false }`
[INFO] [stdout] 1c71b38ad556d47d1e72f7d110f517cebf54a79f2413b7715166818c8db71b08
[INFO] running `Command { std: "docker" "create" "-v" "/var/lib/crater-agent-workspace/builds/worker-3-tc2/target:/opt/rustwide/target:rw,Z" "-v" "/var/lib/crater-agent-workspace/builds/worker-3-tc2/source:/opt/rustwide/workdir:ro,Z" "-v" "/var/lib/crater-agent-workspace/cargo-home:/opt/rustwide/cargo-home:ro,Z" "-v" "/var/lib/crater-agent-workspace/rustup-home:/opt/rustwide/rustup-home:ro,Z" "-e" "SOURCE_DIR=/opt/rustwide/workdir" "-e" "CARGO_TARGET_DIR=/opt/rustwide/target" "-e" "CARGO_INCREMENTAL=0" "-e" "RUST_BACKTRACE=full" "-e" "RUSTFLAGS=--cap-lints=warn" "-e" "RUSTDOCFLAGS=--cap-lints=warn" "-e" "CARGO_HOME=/opt/rustwide/cargo-home" "-e" "RUSTUP_HOME=/opt/rustwide/rustup-home" "-w" "/opt/rustwide/workdir" "-m" "1610612736" "--user" "0:0" "--network" "none" "ghcr.io/rust-lang/crates-build-env/linux@sha256:2788e3201cd34a07e3172128adcd8b3090168a8e3bcc40d7c032b9dda1df7d1c" "/opt/rustwide/cargo-home/bin/cargo" "+beta-2023-12-22" "test" "--frozen", kill_on_drop: false }`
[INFO] [stdout] 512ceb4137255c9e5db7c469f3f0fbd6d4a23f7e886c5c60981def03cb112012
[INFO] running `Command { std: "docker" "start" "-a" "512ceb4137255c9e5db7c469f3f0fbd6d4a23f7e886c5c60981def03cb112012", kill_on_drop: false }`
[INFO] [stderr]     Finished test [unoptimized + debuginfo] target(s) in 0.11s
[INFO] [stderr] warning: the following packages contain code that will be rejected by a future version of Rust: traitobject v0.1.0
[INFO] [stderr] note: to see what the problems were, use the option `--future-incompat-report`, or run `cargo report future-incompatibilities --id 1`
[INFO] [stderr]      Running unittests src/lib.rs (/opt/rustwide/target/debug/deps/nickel_cors-9bb0b6625e48c607)
[INFO] [stdout] 
[INFO] [stdout] running 2 tests
[INFO] [stdout] test tests::test_set_env_works ... ok
[INFO] [stdout] test tests::test_defaults_works ... FAILED
[INFO] [stdout] 
[INFO] [stdout] failures:
[INFO] [stdout] 
[INFO] [stdout] ---- tests::test_defaults_works stdout ----
[INFO] [stdout] Listening on http://127.0.0.1:55555
[INFO] [stdout] Ctrl-C to shutdown server
[INFO] [stdout] thread 'tests::test_defaults_works' panicked at src/lib.rs:79:9:
[INFO] [stdout] assertion `left == right` failed
[INFO] [stdout]   left: "X-POWERBY"
[INFO] [stdout]  right: "Origin, X-Requested-With, Content-Type, Accept"
[INFO] [stdout] stack backtrace:
[INFO] [stdout]    0:     0x55fdf1a00966 - std::backtrace_rs::backtrace::libunwind::trace::h261606ad26a499c1
[INFO] [stdout]                                at /rustc/0e09125c6c3c2fd70d7de961bcf0e51575235fad/library/std/src/../../backtrace/src/backtrace/libunwind.rs:104:5
[INFO] [stdout]    1:     0x55fdf1a00966 - std::backtrace_rs::backtrace::trace_unsynchronized::hd183f0625477fb28
[INFO] [stdout]                                at /rustc/0e09125c6c3c2fd70d7de961bcf0e51575235fad/library/std/src/../../backtrace/src/backtrace/mod.rs:66:5
[INFO] [stdout]    2:     0x55fdf1a00966 - std::sys_common::backtrace::_print_fmt::hd7f8fef21b4eda67
[INFO] [stdout]                                at /rustc/0e09125c6c3c2fd70d7de961bcf0e51575235fad/library/std/src/sys_common/backtrace.rs:68:5
[INFO] [stdout]    3:     0x55fdf1a00966 - <std::sys_common::backtrace::_print::DisplayBacktrace as core::fmt::Display>::fmt::h623d9b51f2f453f1
[INFO] [stdout]                                at /rustc/0e09125c6c3c2fd70d7de961bcf0e51575235fad/library/std/src/sys_common/backtrace.rs:44:22
[INFO] [stdout]    4:     0x55fdf1a2eb20 - core::fmt::rt::Argument::fmt::h9f417ac76a86f368
[INFO] [stdout]                                at /rustc/0e09125c6c3c2fd70d7de961bcf0e51575235fad/library/core/src/fmt/rt.rs:142:9
[INFO] [stdout]    5:     0x55fdf1a2eb20 - core::fmt::write::hc9b6faf4ac2aeff7
[INFO] [stdout]                                at /rustc/0e09125c6c3c2fd70d7de961bcf0e51575235fad/library/core/src/fmt/mod.rs:1120:17
[INFO] [stdout]    6:     0x55fdf19fd5bf - std::io::Write::write_fmt::he04625a3a989fec3
[INFO] [stdout]                                at /rustc/0e09125c6c3c2fd70d7de961bcf0e51575235fad/library/std/src/io/mod.rs:1810:15
[INFO] [stdout]    7:     0x55fdf1a00744 - std::sys_common::backtrace::_print::hd5d66399c7df88a2
[INFO] [stdout]                                at /rustc/0e09125c6c3c2fd70d7de961bcf0e51575235fad/library/std/src/sys_common/backtrace.rs:47:5
[INFO] [stdout]    8:     0x55fdf1a00744 - std::sys_common::backtrace::print::he81ed2da642d37e5
[INFO] [stdout]                                at /rustc/0e09125c6c3c2fd70d7de961bcf0e51575235fad/library/std/src/sys_common/backtrace.rs:34:9
[INFO] [stdout]    9:     0x55fdf1a024b7 - std::panicking::default_hook::{{closure}}::h85773f4fa117163d
[INFO] [stdout]   10:     0x55fdf1a0219d - std::panicking::default_hook::h6a1694a91d09b278
[INFO] [stdout]                                at /rustc/0e09125c6c3c2fd70d7de961bcf0e51575235fad/library/std/src/panicking.rs:289:9
[INFO] [stdout]   11:     0x55fdf15c2fd7 - <alloc::boxed::Box<F,A> as core::ops::function::Fn<Args>>::call::h616ac37fa3cd6c8f
[INFO] [stdout]                                at /rustc/0e09125c6c3c2fd70d7de961bcf0e51575235fad/library/alloc/src/boxed.rs:2029:9
[INFO] [stdout]   12:     0x55fdf15c2fd7 - test::test_main::{{closure}}::h00d84697cefdcbb6
[INFO] [stdout]                                at /rustc/0e09125c6c3c2fd70d7de961bcf0e51575235fad/library/test/src/lib.rs:138:21
[INFO] [stdout]   13:     0x55fdf1a02ad6 - <alloc::boxed::Box<F,A> as core::ops::function::Fn<Args>>::call::hcb3fe3b9bb537ba8
[INFO] [stdout]                                at /rustc/0e09125c6c3c2fd70d7de961bcf0e51575235fad/library/alloc/src/boxed.rs:2029:9
[INFO] [stdout]   14:     0x55fdf1a02ad6 - std::panicking::rust_panic_with_hook::h0a7ad96e90f7145b
[INFO] [stdout]                                at /rustc/0e09125c6c3c2fd70d7de961bcf0e51575235fad/library/std/src/panicking.rs:783:13
[INFO] [stdout]   15:     0x55fdf1a02822 - std::panicking::begin_panic_handler::{{closure}}::h7919090525c6485e
[INFO] [stdout]                                at /rustc/0e09125c6c3c2fd70d7de961bcf0e51575235fad/library/std/src/panicking.rs:657:13
[INFO] [stdout]   16:     0x55fdf1a00e66 - std::sys_common::backtrace::__rust_end_short_backtrace::hf3289479464f7dfe
[INFO] [stdout]                                at /rustc/0e09125c6c3c2fd70d7de961bcf0e51575235fad/library/std/src/sys_common/backtrace.rs:171:18
[INFO] [stdout]   17:     0x55fdf1a02580 - rust_begin_unwind
[INFO] [stdout]                                at /rustc/0e09125c6c3c2fd70d7de961bcf0e51575235fad/library/std/src/panicking.rs:645:5
[INFO] [stdout]   18:     0x55fdf1561695 - core::panicking::panic_fmt::hcc9f77c5c132af55
[INFO] [stdout]                                at /rustc/0e09125c6c3c2fd70d7de961bcf0e51575235fad/library/core/src/panicking.rs:72:14
[INFO] [stdout]   19:     0x55fdf1561b0b - core::panicking::assert_failed_inner::h9f13e27dd63c3a08
[INFO] [stdout]                                at /rustc/0e09125c6c3c2fd70d7de961bcf0e51575235fad/library/core/src/panicking.rs:342:17
[INFO] [stdout]   20:     0x55fdf15834c2 - core::panicking::assert_failed::h11c5f81dc601e8db
[INFO] [stdout]                                at /rustc/0e09125c6c3c2fd70d7de961bcf0e51575235fad/library/core/src/panicking.rs:297:5
[INFO] [stdout]   21:     0x55fdf1575fb7 - nickel_cors::tests::test_defaults_works::h8d58ac6f85bf3e83
[INFO] [stdout]                                at /opt/rustwide/workdir/src/lib.rs:79:9
[INFO] [stdout]   22:     0x55fdf1575967 - nickel_cors::tests::test_defaults_works::{{closure}}::h0223e1991459baff
[INFO] [stdout]                                at /opt/rustwide/workdir/src/lib.rs:61:29
[INFO] [stdout]   23:     0x55fdf157d0f6 - core::ops::function::FnOnce::call_once::hc31643aeb02ff1c0
[INFO] [stdout]                                at /rustc/0e09125c6c3c2fd70d7de961bcf0e51575235fad/library/core/src/ops/function.rs:250:5
[INFO] [stdout]   24:     0x55fdf15c88af - core::ops::function::FnOnce::call_once::hd64d26f405258157
[INFO] [stdout]                                at /rustc/0e09125c6c3c2fd70d7de961bcf0e51575235fad/library/core/src/ops/function.rs:250:5
[INFO] [stdout]   25:     0x55fdf15c88af - test::__rust_begin_short_backtrace::he21b0b7a6d731bf9
[INFO] [stdout]                                at /rustc/0e09125c6c3c2fd70d7de961bcf0e51575235fad/library/test/src/lib.rs:627:18
[INFO] [stdout]   26:     0x55fdf15c7631 - test::run_test_in_process::{{closure}}::hf5c73986d7bdfde2
[INFO] [stdout]                                at /rustc/0e09125c6c3c2fd70d7de961bcf0e51575235fad/library/test/src/lib.rs:650:60
[INFO] [stdout]   27:     0x55fdf15c7631 - <core::panic::unwind_safe::AssertUnwindSafe<F> as core::ops::function::FnOnce<()>>::call_once::h330011ad032aadc0
[INFO] [stdout]                                at /rustc/0e09125c6c3c2fd70d7de961bcf0e51575235fad/library/core/src/panic/unwind_safe.rs:272:9
[INFO] [stdout]   28:     0x55fdf15c7631 - std::panicking::try::do_call::he61b0a958b795a41
[INFO] [stdout]                                at /rustc/0e09125c6c3c2fd70d7de961bcf0e51575235fad/library/std/src/panicking.rs:552:40
[INFO] [stdout]   29:     0x55fdf15c7631 - std::panicking::try::h7309da130f906eb7
[INFO] [stdout]                                at /rustc/0e09125c6c3c2fd70d7de961bcf0e51575235fad/library/std/src/panicking.rs:516:19
[INFO] [stdout]   30:     0x55fdf15c7631 - std::panic::catch_unwind::hc5c3a06fdaf0a92a
[INFO] [stdout]                                at /rustc/0e09125c6c3c2fd70d7de961bcf0e51575235fad/library/std/src/panic.rs:142:14
[INFO] [stdout]   31:     0x55fdf15c7631 - test::run_test_in_process::h7e7b7c71c3324e0f
[INFO] [stdout]                                at /rustc/0e09125c6c3c2fd70d7de961bcf0e51575235fad/library/test/src/lib.rs:650:27
[INFO] [stdout]   32:     0x55fdf15c7631 - test::run_test::{{closure}}::h1f509f28f5cf20b1
[INFO] [stdout]                                at /rustc/0e09125c6c3c2fd70d7de961bcf0e51575235fad/library/test/src/lib.rs:573:43
[INFO] [stdout]   33:     0x55fdf158e966 - test::run_test::{{closure}}::h1754218abf443f6d
[INFO] [stdout]                                at /rustc/0e09125c6c3c2fd70d7de961bcf0e51575235fad/library/test/src/lib.rs:601:41
[INFO] [stdout]   34:     0x55fdf158e966 - std::sys_common::backtrace::__rust_begin_short_backtrace::h2ee174b9d5954948
[INFO] [stdout]                                at /rustc/0e09125c6c3c2fd70d7de961bcf0e51575235fad/library/std/src/sys_common/backtrace.rs:155:18
[INFO] [stdout]   35:     0x55fdf15939c7 - std::thread::Builder::spawn_unchecked_::{{closure}}::{{closure}}::hf60bee9c1a17ef09
[INFO] [stdout]                                at /rustc/0e09125c6c3c2fd70d7de961bcf0e51575235fad/library/std/src/thread/mod.rs:529:17
[INFO] [stdout]   36:     0x55fdf15939c7 - <core::panic::unwind_safe::AssertUnwindSafe<F> as core::ops::function::FnOnce<()>>::call_once::h33d0dddec5216160
[INFO] [stdout]                                at /rustc/0e09125c6c3c2fd70d7de961bcf0e51575235fad/library/core/src/panic/unwind_safe.rs:272:9
[INFO] [stdout]   37:     0x55fdf15939c7 - std::panicking::try::do_call::h144b3048b546f835
[INFO] [stdout]                                at /rustc/0e09125c6c3c2fd70d7de961bcf0e51575235fad/library/std/src/panicking.rs:552:40
[INFO] [stdout]   38:     0x55fdf15939c7 - std::panicking::try::h978244d04646189f
[INFO] [stdout]                                at /rustc/0e09125c6c3c2fd70d7de961bcf0e51575235fad/library/std/src/panicking.rs:516:19
[INFO] [stdout]   39:     0x55fdf15939c7 - std::panic::catch_unwind::hdf436369d188fe86
[INFO] [stdout]                                at /rustc/0e09125c6c3c2fd70d7de961bcf0e51575235fad/library/std/src/panic.rs:142:14
[INFO] [stdout]   40:     0x55fdf15939c7 - std::thread::Builder::spawn_unchecked_::{{closure}}::h87329cbdd33c79ec
[INFO] [stdout]                                at /rustc/0e09125c6c3c2fd70d7de961bcf0e51575235fad/library/std/src/thread/mod.rs:528:30
[INFO] [stdout]   41:     0x55fdf15939c7 - core::ops::function::FnOnce::call_once{{vtable.shim}}::h401abbe67897d450
[INFO] [stdout]                                at /rustc/0e09125c6c3c2fd70d7de961bcf0e51575235fad/library/core/src/ops/function.rs:250:5
[INFO] [stdout]   42:     0x55fdf1a07915 - <alloc::boxed::Box<F,A> as core::ops::function::FnOnce<Args>>::call_once::h5d7c8f150ab9c84c
[INFO] [stdout]                                at /rustc/0e09125c6c3c2fd70d7de961bcf0e51575235fad/library/alloc/src/boxed.rs:2015:9
[INFO] [stdout]   43:     0x55fdf1a07915 - <alloc::boxed::Box<F,A> as core::ops::function::FnOnce<Args>>::call_once::h570d5b005c242c15
[INFO] [stdout]                                at /rustc/0e09125c6c3c2fd70d7de961bcf0e51575235fad/library/alloc/src/boxed.rs:2015:9
[INFO] [stdout]   44:     0x55fdf1a07915 - std::sys::unix::thread::Thread::new::thread_start::h36b0a20c0b2361ad
[INFO] [stdout]                                at /rustc/0e09125c6c3c2fd70d7de961bcf0e51575235fad/library/std/src/sys/unix/thread.rs:108:17
[INFO] [stdout]   45:     0x7fc01ae62ac3 - <unknown>
[INFO] [stdout]   46:     0x7fc01aef3bf4 - __clone
[INFO] [stdout]   47:                0x0 - <unknown>
[INFO] [stdout] 
[INFO] [stdout] 
[INFO] [stdout] failures:
[INFO] [stdout]     tests::test_defaults_works
[INFO] [stdout] 
[INFO] [stdout] test result: FAILED. 1 passed; 1 failed; 0 ignored; 0 measured; 0 filtered out; finished in 0.28s
[INFO] [stdout] 
[INFO] [stderr] error: test failed, to rerun pass `--lib`
[INFO] running `Command { std: "docker" "inspect" "512ceb4137255c9e5db7c469f3f0fbd6d4a23f7e886c5c60981def03cb112012", kill_on_drop: false }`
[INFO] running `Command { std: "docker" "rm" "-f" "512ceb4137255c9e5db7c469f3f0fbd6d4a23f7e886c5c60981def03cb112012", kill_on_drop: false }`
[INFO] [stdout] 512ceb4137255c9e5db7c469f3f0fbd6d4a23f7e886c5c60981def03cb112012
