[INFO] fetching crate mock-rs 0.3.0...
[INFO] testing mock-rs-0.3.0 against 1.75.0 for beta-1.76-1
[INFO] extracting crate mock-rs 0.3.0 into /workspace/builds/worker-5-tc1/source
[INFO] validating manifest of crates.io crate mock-rs 0.3.0 on toolchain 1.75.0
[INFO] running `Command { std: CARGO_HOME="/workspace/cargo-home" RUSTUP_HOME="/workspace/rustup-home" "/workspace/cargo-home/bin/cargo" "+1.75.0" "metadata" "--manifest-path" "Cargo.toml" "--no-deps", kill_on_drop: false }`
[INFO] started tweaking crates.io crate mock-rs 0.3.0
[INFO] finished tweaking crates.io crate mock-rs 0.3.0
[INFO] tweaked toml for crates.io crate mock-rs 0.3.0 written to /workspace/builds/worker-5-tc1/source/Cargo.toml
[INFO] crate crates.io crate mock-rs 0.3.0 already has a lockfile, it will not be regenerated
[INFO] running `Command { std: CARGO_HOME="/workspace/cargo-home" RUSTUP_HOME="/workspace/rustup-home" "/workspace/cargo-home/bin/cargo" "+1.75.0" "fetch" "--manifest-path" "Cargo.toml", kill_on_drop: false }`
[INFO] running `Command { std: "docker" "create" "-v" "/var/lib/crater-agent-workspace/builds/worker-5-tc1/target:/opt/rustwide/target:rw,Z" "-v" "/var/lib/crater-agent-workspace/builds/worker-5-tc1/source:/opt/rustwide/workdir:ro,Z" "-v" "/var/lib/crater-agent-workspace/cargo-home:/opt/rustwide/cargo-home:ro,Z" "-v" "/var/lib/crater-agent-workspace/rustup-home:/opt/rustwide/rustup-home:ro,Z" "-e" "SOURCE_DIR=/opt/rustwide/workdir" "-e" "CARGO_TARGET_DIR=/opt/rustwide/target" "-e" "CARGO_HOME=/opt/rustwide/cargo-home" "-e" "RUSTUP_HOME=/opt/rustwide/rustup-home" "-w" "/opt/rustwide/workdir" "-m" "1610612736" "--user" "0:0" "--network" "none" "ghcr.io/rust-lang/crates-build-env/linux@sha256:2788e3201cd34a07e3172128adcd8b3090168a8e3bcc40d7c032b9dda1df7d1c" "/opt/rustwide/cargo-home/bin/cargo" "+1.75.0" "metadata" "--no-deps" "--format-version=1", kill_on_drop: false }`
[INFO] [stdout] dd7109f836ee7fc152c2ac29da8acf4ef324d648e33ce025d2fecd89b1e95f0a
[INFO] running `Command { std: "docker" "start" "-a" "dd7109f836ee7fc152c2ac29da8acf4ef324d648e33ce025d2fecd89b1e95f0a", kill_on_drop: false }`
[INFO] running `Command { std: "docker" "inspect" "dd7109f836ee7fc152c2ac29da8acf4ef324d648e33ce025d2fecd89b1e95f0a", kill_on_drop: false }`
[INFO] running `Command { std: "docker" "rm" "-f" "dd7109f836ee7fc152c2ac29da8acf4ef324d648e33ce025d2fecd89b1e95f0a", kill_on_drop: false }`
[INFO] [stdout] dd7109f836ee7fc152c2ac29da8acf4ef324d648e33ce025d2fecd89b1e95f0a
[INFO] running `Command { std: "docker" "create" "-v" "/var/lib/crater-agent-workspace/builds/worker-5-tc1/target:/opt/rustwide/target:rw,Z" "-v" "/var/lib/crater-agent-workspace/builds/worker-5-tc1/source:/opt/rustwide/workdir:ro,Z" "-v" "/var/lib/crater-agent-workspace/cargo-home:/opt/rustwide/cargo-home:ro,Z" "-v" "/var/lib/crater-agent-workspace/rustup-home:/opt/rustwide/rustup-home:ro,Z" "-e" "SOURCE_DIR=/opt/rustwide/workdir" "-e" "CARGO_TARGET_DIR=/opt/rustwide/target" "-e" "CARGO_INCREMENTAL=0" "-e" "RUST_BACKTRACE=full" "-e" "RUSTFLAGS=--cap-lints=warn" "-e" "RUSTDOCFLAGS=--cap-lints=warn" "-e" "CARGO_HOME=/opt/rustwide/cargo-home" "-e" "RUSTUP_HOME=/opt/rustwide/rustup-home" "-w" "/opt/rustwide/workdir" "-m" "1610612736" "--user" "0:0" "--network" "none" "ghcr.io/rust-lang/crates-build-env/linux@sha256:2788e3201cd34a07e3172128adcd8b3090168a8e3bcc40d7c032b9dda1df7d1c" "/opt/rustwide/cargo-home/bin/cargo" "+1.75.0" "build" "--frozen" "--message-format=json", kill_on_drop: false }`
[INFO] [stdout] 09889ba15e16946b64834666a5a503326054e2f228515abf358a0e09a0727c35
[INFO] running `Command { std: "docker" "start" "-a" "09889ba15e16946b64834666a5a503326054e2f228515abf358a0e09a0727c35", kill_on_drop: false }`
[INFO] [stderr]    Compiling libc v0.2.124
[INFO] [stderr]    Compiling num-traits v0.2.15
[INFO] [stderr]    Compiling num-integer v0.1.45
[INFO] [stderr]    Compiling ppv-lite86 v0.2.16
[INFO] [stderr]    Compiling getrandom v0.2.6
[INFO] [stderr]    Compiling time v0.1.43
[INFO] [stderr]    Compiling rand_core v0.6.3
[INFO] [stderr]    Compiling rand_chacha v0.3.1
[INFO] [stderr]    Compiling rand v0.8.5
[INFO] [stderr]    Compiling chrono v0.4.19
[INFO] [stderr]    Compiling mock-rs v0.3.0 (/opt/rustwide/workdir)
[INFO] [stderr]     Finished dev [unoptimized + debuginfo] target(s) in 1.94s
[INFO] running `Command { std: "docker" "inspect" "09889ba15e16946b64834666a5a503326054e2f228515abf358a0e09a0727c35", kill_on_drop: false }`
[INFO] running `Command { std: "docker" "rm" "-f" "09889ba15e16946b64834666a5a503326054e2f228515abf358a0e09a0727c35", kill_on_drop: false }`
[INFO] [stdout] 09889ba15e16946b64834666a5a503326054e2f228515abf358a0e09a0727c35
[INFO] running `Command { std: "docker" "create" "-v" "/var/lib/crater-agent-workspace/builds/worker-5-tc1/target:/opt/rustwide/target:rw,Z" "-v" "/var/lib/crater-agent-workspace/builds/worker-5-tc1/source:/opt/rustwide/workdir:ro,Z" "-v" "/var/lib/crater-agent-workspace/cargo-home:/opt/rustwide/cargo-home:ro,Z" "-v" "/var/lib/crater-agent-workspace/rustup-home:/opt/rustwide/rustup-home:ro,Z" "-e" "SOURCE_DIR=/opt/rustwide/workdir" "-e" "CARGO_TARGET_DIR=/opt/rustwide/target" "-e" "CARGO_INCREMENTAL=0" "-e" "RUST_BACKTRACE=full" "-e" "RUSTFLAGS=--cap-lints=warn" "-e" "RUSTDOCFLAGS=--cap-lints=warn" "-e" "CARGO_HOME=/opt/rustwide/cargo-home" "-e" "RUSTUP_HOME=/opt/rustwide/rustup-home" "-w" "/opt/rustwide/workdir" "-m" "1610612736" "--user" "0:0" "--network" "none" "ghcr.io/rust-lang/crates-build-env/linux@sha256:2788e3201cd34a07e3172128adcd8b3090168a8e3bcc40d7c032b9dda1df7d1c" "/opt/rustwide/cargo-home/bin/cargo" "+1.75.0" "test" "--frozen" "--no-run" "--message-format=json", kill_on_drop: false }`
[INFO] [stdout] 7a9102ea94e3a96cb1fdfb67d2bff232501b4c6f6de861c8f88d62ad8a3c2e26
[INFO] running `Command { std: "docker" "start" "-a" "7a9102ea94e3a96cb1fdfb67d2bff232501b4c6f6de861c8f88d62ad8a3c2e26", kill_on_drop: false }`
[INFO] [stderr]    Compiling mock-rs v0.3.0 (/opt/rustwide/workdir)
[INFO] [stderr]     Finished test [unoptimized + debuginfo] target(s) in 0.86s
[INFO] running `Command { std: "docker" "inspect" "7a9102ea94e3a96cb1fdfb67d2bff232501b4c6f6de861c8f88d62ad8a3c2e26", kill_on_drop: false }`
[INFO] running `Command { std: "docker" "rm" "-f" "7a9102ea94e3a96cb1fdfb67d2bff232501b4c6f6de861c8f88d62ad8a3c2e26", kill_on_drop: false }`
[INFO] [stdout] 7a9102ea94e3a96cb1fdfb67d2bff232501b4c6f6de861c8f88d62ad8a3c2e26
[INFO] running `Command { std: "docker" "create" "-v" "/var/lib/crater-agent-workspace/builds/worker-5-tc1/target:/opt/rustwide/target:rw,Z" "-v" "/var/lib/crater-agent-workspace/builds/worker-5-tc1/source:/opt/rustwide/workdir:ro,Z" "-v" "/var/lib/crater-agent-workspace/cargo-home:/opt/rustwide/cargo-home:ro,Z" "-v" "/var/lib/crater-agent-workspace/rustup-home:/opt/rustwide/rustup-home:ro,Z" "-e" "SOURCE_DIR=/opt/rustwide/workdir" "-e" "CARGO_TARGET_DIR=/opt/rustwide/target" "-e" "CARGO_INCREMENTAL=0" "-e" "RUST_BACKTRACE=full" "-e" "RUSTFLAGS=--cap-lints=warn" "-e" "RUSTDOCFLAGS=--cap-lints=warn" "-e" "CARGO_HOME=/opt/rustwide/cargo-home" "-e" "RUSTUP_HOME=/opt/rustwide/rustup-home" "-w" "/opt/rustwide/workdir" "-m" "1610612736" "--user" "0:0" "--network" "none" "ghcr.io/rust-lang/crates-build-env/linux@sha256:2788e3201cd34a07e3172128adcd8b3090168a8e3bcc40d7c032b9dda1df7d1c" "/opt/rustwide/cargo-home/bin/cargo" "+1.75.0" "test" "--frozen", kill_on_drop: false }`
[INFO] [stdout] 183b040bc6cb2d02a66581248c635dd59719f091f79b254d0769a5dd475ff791
[INFO] running `Command { std: "docker" "start" "-a" "183b040bc6cb2d02a66581248c635dd59719f091f79b254d0769a5dd475ff791", kill_on_drop: false }`
[INFO] [stderr]     Finished test [unoptimized + debuginfo] target(s) in 0.01s
[INFO] [stderr]      Running unittests src/lib.rs (/opt/rustwide/target/debug/deps/mock_rs-6780cef9f0b0e91d)
[INFO] [stdout] 
[INFO] [stdout] running 58 tests
[INFO] [stdout] test calculator::ean::tests::test_checksum ... ok
[INFO] [stdout] test calculator::iban::tests::test_mod97 ... ok
[INFO] [stdout] test calculator::luhn::tests::test_checksum ... ok
[INFO] [stdout] test calculator::iban::tests::checksum ... ok
[INFO] [stdout] test calculator::luhn::tests::test_compute_check_digit ... ok
[INFO] [stdout] test helpers::base::tests::generate_random_index_works ... ok
[INFO] [stdout] test helpers::base::tests::get_random_letter ... ok
[INFO] [stdout] test helpers::base::tests::numerify_works ... ok
[INFO] [stdout] test helpers::base::tests::numerify_works_with_no_string ... ok
[INFO] [stdout] test helpers::base::tests::numerify_works_with_string_of_hashes_mixed_with_other_chars ... ok
[INFO] [stdout] test helpers::base::tests::random_key_for_numeric_type ... ok
[INFO] [stdout] test helpers::base::tests::random_element_works ... ok
[INFO] [stdout] test helpers::base::tests::random_key_for_str_slice ... ok
[INFO] [stdout] test helpers::base::tests::random_key_for_string ... ok
[INFO] [stdout] test helpers::base::tests::test_bothify ... ok
[INFO] [stdout] test helpers::miscellaneous::tests::number_between ... ok
[INFO] [stdout] test helpers::miscellaneous::tests::boolean ... ok
[INFO] [stdout] test provider::en_us::address::tests::address ... ok
[INFO] [stdout] test provider::en_us::address::tests::latitude ... ok
[INFO] [stdout] test provider::en_us::address::tests::longitude ... ok
[INFO] [stdout] test provider::en_us::address::tests::city ... ok
[INFO] [stdout] test provider::en_us::payment::tests::test_calculate_routing_number_checksum ... ok
[INFO] [stdout] test provider::en_us::address::tests::street_address ... ok
[INFO] [stdout] test provider::en_us::address::tests::street_name ... ok
[INFO] [stdout] test provider::en_us::payment::tests::test_bank_account_number ... ok
[INFO] [stdout] test provider::en_us::payment::tests::test_bank_routing_number ... ok
[INFO] [stdout] test provider::en_us::company::tests::ein ... ok
[INFO] [stdout] test provider::en_us::address::tests::local_cordinates ... ok
[INFO] [stdout] test provider::en_us::person::tests::ssn ... ok
[INFO] [stdout] test provider::payment::tests::test_credit_card_number ... ok
[INFO] [stdout] test provider::en_us::company::tests::bs ... ok
[INFO] [stdout] test provider::en_us::company::tests::catch_phrase ... ok
[INFO] [stdout] test provider::en_us::phone_number::tests::test_e_164_phone_number ... ok
[INFO] [stdout] test provider::en_us::phone_number::tests::test_area_code ... ok
[INFO] [stdout] test provider::en_us::phone_number::tests::test_exchange_code ... ok
[INFO] [stdout] test provider::en_us::phone_number::tests::toll_free_phone_number ... ok
[INFO] [stdout] test provider::en_us::phone_number::tests::test_phone_number_with_extension ... ok
[INFO] [stdout] test provider::payment::tests::test_card_expiration_date_with_valid_set_to_true ... ok
[INFO] [stdout] test provider::payment::tests::test_card_details ... ok
[INFO] [stdout] test provider::payment::tests::iban ... ok
[INFO] [stdout] test provider::en_us::phone_number::tests::test_phone_number ... ok
[INFO] [stdout] test provider::phone_number::tests::test_e164_phone_number ... ok
[INFO] [stdout] test provider::phone_number::tests::test_imei ... ok
[INFO] [stdout] test provider::universal::barcode::tests::test_ean13 ... ok
[INFO] [stdout] test provider::payment::tests::test_card_expiration_date_with_valid_set_to_false ... ok
[INFO] [stdout] test provider::payment::tests::test_credit_card_number_with_type ... ok
[INFO] [stdout] test provider::payment::tests::test_credit_card_type ... ok
[INFO] [stdout] test provider::universal::barcode::tests::test_ean ... ok
[INFO] [stdout] test provider::universal::barcode::tests::test_ean8 ... ok
[INFO] [stdout] test provider::payment::tests::test_credit_card_number_with_separator ... ok
[INFO] [stdout] test provider::phone_number::tests::test_phone_number ... ok
[INFO] [stdout] test provider::universal::color::tests::test_rgb_color_as_array ... ok
[INFO] [stdout] test provider::en_us::person::tests::first_name_male ... ok
[INFO] [stdout] test provider::universal::color::tests::test_hex_color ... ok
[INFO] [stdout] test provider::universal::color::tests::test_rgb_color ... ok
[INFO] [stdout] test provider::universal::color::tests::test_rgba_css_color ... ok
[INFO] [stdout] test provider::universal::color::tests::test_rgb_css_color ... ok
[INFO] [stdout] test provider::universal::color::tests::test_safe_hex_color ... ok
[INFO] [stdout] 
[INFO] [stdout] test result: ok. 58 passed; 0 failed; 0 ignored; 0 measured; 0 filtered out; finished in 0.01s
[INFO] [stdout] 
[INFO] [stderr]      Running unittests src/main.rs (/opt/rustwide/target/debug/deps/mock_rs-5bbd4f422ca5c4fe)
[INFO] [stdout] 
[INFO] [stdout] running 0 tests
[INFO] [stdout] 
[INFO] [stdout] test result: ok. 0 passed; 0 failed; 0 ignored; 0 measured; 0 filtered out; finished in 0.00s
[INFO] [stdout] 
[INFO] [stderr]    Doc-tests mock-rs
[INFO] [stdout] 
[INFO] [stdout] running 14 tests
[INFO] [stdout] test src/provider/universal/color.rs - provider::universal::color::Color::rgb_css_color (line 247) ... ok
[INFO] [stdout] test src/provider/universal/color.rs - provider::universal::color::Color::rgb_color (line 231) ... ok
[INFO] [stdout] test src/provider/universal/color.rs - provider::universal::color::Color::color_name (line 280) ... ok
[INFO] [stdout] test src/provider/universal/barcode.rs - provider::universal::barcode::Barcode::ean8 (line 46) ... ok
[INFO] [stdout] test src/provider/universal/barcode.rs - provider::universal::barcode::Barcode::ean (line 13) ... ok
[INFO] [stdout] test src/provider/universal/color.rs - provider::universal::color::Color::hex_color (line 167) ... ok
[INFO] [stdout] test src/provider/universal/color.rs - provider::universal::color::Color::rgb_color_as_array (line 204) ... ok
[INFO] [stdout] test src/lib.rs - (line 9) ... ok
[INFO] [stdout] test src/provider/universal/color.rs - provider::universal::color::Color::hsl_color (line 297) ... ok
[INFO] [stdout] test src/provider/universal/color.rs - provider::universal::color::Color::safe_hex_color (line 185) ... ok
[INFO] [stdout] test src/provider/universal/color.rs - provider::universal::color::Color::rgba_css_color (line 338) ... ok
[INFO] [stdout] test src/provider/universal/color.rs - provider::universal::color::Color::hsl_color_as_array (line 318) ... ok
[INFO] [stdout] test src/provider/universal/barcode.rs - provider::universal::barcode::Barcode::ean13 (line 30) ... ok
[INFO] [stdout] test src/provider/universal/color.rs - provider::universal::color::Color::safe_color_name (line 263) ... ok
[INFO] [stdout] 
[INFO] [stdout] test result: ok. 14 passed; 0 failed; 0 ignored; 0 measured; 0 filtered out; finished in 0.38s
[INFO] [stdout] 
[INFO] running `Command { std: "docker" "inspect" "183b040bc6cb2d02a66581248c635dd59719f091f79b254d0769a5dd475ff791", kill_on_drop: false }`
[INFO] running `Command { std: "docker" "rm" "-f" "183b040bc6cb2d02a66581248c635dd59719f091f79b254d0769a5dd475ff791", kill_on_drop: false }`
[INFO] [stdout] 183b040bc6cb2d02a66581248c635dd59719f091f79b254d0769a5dd475ff791
[INFO] testing mock-rs-0.3.0 against beta-2023-12-22 for beta-1.76-1
[INFO] extracting crate mock-rs 0.3.0 into /workspace/builds/worker-5-tc2/source
[INFO] validating manifest of crates.io crate mock-rs 0.3.0 on toolchain beta-2023-12-22
[INFO] running `Command { std: CARGO_HOME="/workspace/cargo-home" RUSTUP_HOME="/workspace/rustup-home" "/workspace/cargo-home/bin/cargo" "+beta-2023-12-22" "metadata" "--manifest-path" "Cargo.toml" "--no-deps", kill_on_drop: false }`
[INFO] started tweaking crates.io crate mock-rs 0.3.0
[INFO] finished tweaking crates.io crate mock-rs 0.3.0
[INFO] tweaked toml for crates.io crate mock-rs 0.3.0 written to /workspace/builds/worker-5-tc2/source/Cargo.toml
[INFO] crate crates.io crate mock-rs 0.3.0 already has a lockfile, it will not be regenerated
[INFO] running `Command { std: CARGO_HOME="/workspace/cargo-home" RUSTUP_HOME="/workspace/rustup-home" "/workspace/cargo-home/bin/cargo" "+beta-2023-12-22" "fetch" "--manifest-path" "Cargo.toml", kill_on_drop: false }`
[INFO] running `Command { std: "docker" "create" "-v" "/var/lib/crater-agent-workspace/builds/worker-5-tc2/target:/opt/rustwide/target:rw,Z" "-v" "/var/lib/crater-agent-workspace/builds/worker-5-tc2/source:/opt/rustwide/workdir:ro,Z" "-v" "/var/lib/crater-agent-workspace/cargo-home:/opt/rustwide/cargo-home:ro,Z" "-v" "/var/lib/crater-agent-workspace/rustup-home:/opt/rustwide/rustup-home:ro,Z" "-e" "SOURCE_DIR=/opt/rustwide/workdir" "-e" "CARGO_TARGET_DIR=/opt/rustwide/target" "-e" "CARGO_HOME=/opt/rustwide/cargo-home" "-e" "RUSTUP_HOME=/opt/rustwide/rustup-home" "-w" "/opt/rustwide/workdir" "-m" "1610612736" "--user" "0:0" "--network" "none" "ghcr.io/rust-lang/crates-build-env/linux@sha256:2788e3201cd34a07e3172128adcd8b3090168a8e3bcc40d7c032b9dda1df7d1c" "/opt/rustwide/cargo-home/bin/cargo" "+beta-2023-12-22" "metadata" "--no-deps" "--format-version=1", kill_on_drop: false }`
[INFO] [stdout] d9de12408d7e9f9c5cfd7615ee494a2121de236e32c52097c6798940d5023145
[INFO] running `Command { std: "docker" "start" "-a" "d9de12408d7e9f9c5cfd7615ee494a2121de236e32c52097c6798940d5023145", kill_on_drop: false }`
[INFO] running `Command { std: "docker" "inspect" "d9de12408d7e9f9c5cfd7615ee494a2121de236e32c52097c6798940d5023145", kill_on_drop: false }`
[INFO] running `Command { std: "docker" "rm" "-f" "d9de12408d7e9f9c5cfd7615ee494a2121de236e32c52097c6798940d5023145", kill_on_drop: false }`
[INFO] [stdout] d9de12408d7e9f9c5cfd7615ee494a2121de236e32c52097c6798940d5023145
[INFO] running `Command { std: "docker" "create" "-v" "/var/lib/crater-agent-workspace/builds/worker-5-tc2/target:/opt/rustwide/target:rw,Z" "-v" "/var/lib/crater-agent-workspace/builds/worker-5-tc2/source:/opt/rustwide/workdir:ro,Z" "-v" "/var/lib/crater-agent-workspace/cargo-home:/opt/rustwide/cargo-home:ro,Z" "-v" "/var/lib/crater-agent-workspace/rustup-home:/opt/rustwide/rustup-home:ro,Z" "-e" "SOURCE_DIR=/opt/rustwide/workdir" "-e" "CARGO_TARGET_DIR=/opt/rustwide/target" "-e" "CARGO_INCREMENTAL=0" "-e" "RUST_BACKTRACE=full" "-e" "RUSTFLAGS=--cap-lints=warn" "-e" "RUSTDOCFLAGS=--cap-lints=warn" "-e" "CARGO_HOME=/opt/rustwide/cargo-home" "-e" "RUSTUP_HOME=/opt/rustwide/rustup-home" "-w" "/opt/rustwide/workdir" "-m" "1610612736" "--user" "0:0" "--network" "none" "ghcr.io/rust-lang/crates-build-env/linux@sha256:2788e3201cd34a07e3172128adcd8b3090168a8e3bcc40d7c032b9dda1df7d1c" "/opt/rustwide/cargo-home/bin/cargo" "+beta-2023-12-22" "build" "--frozen" "--message-format=json", kill_on_drop: false }`
[INFO] [stdout] a5619296912a5c42c040c85058a0db0c7ffe68c7e7acddd1570b32960004f581
[INFO] running `Command { std: "docker" "start" "-a" "a5619296912a5c42c040c85058a0db0c7ffe68c7e7acddd1570b32960004f581", kill_on_drop: false }`
[INFO] [stderr]    Compiling libc v0.2.124
[INFO] [stderr]    Compiling num-traits v0.2.15
[INFO] [stderr]    Compiling num-integer v0.1.45
[INFO] [stderr]    Compiling ppv-lite86 v0.2.16
[INFO] [stderr]    Compiling getrandom v0.2.6
[INFO] [stderr]    Compiling time v0.1.43
[INFO] [stderr]    Compiling rand_core v0.6.3
[INFO] [stderr]    Compiling rand_chacha v0.3.1
[INFO] [stderr]    Compiling rand v0.8.5
[INFO] [stderr]    Compiling chrono v0.4.19
[INFO] [stderr]    Compiling mock-rs v0.3.0 (/opt/rustwide/workdir)
[INFO] [stderr]     Finished dev [unoptimized + debuginfo] target(s) in 2.07s
[INFO] running `Command { std: "docker" "inspect" "a5619296912a5c42c040c85058a0db0c7ffe68c7e7acddd1570b32960004f581", kill_on_drop: false }`
[INFO] running `Command { std: "docker" "rm" "-f" "a5619296912a5c42c040c85058a0db0c7ffe68c7e7acddd1570b32960004f581", kill_on_drop: false }`
[INFO] [stdout] a5619296912a5c42c040c85058a0db0c7ffe68c7e7acddd1570b32960004f581
[INFO] running `Command { std: "docker" "create" "-v" "/var/lib/crater-agent-workspace/builds/worker-5-tc2/target:/opt/rustwide/target:rw,Z" "-v" "/var/lib/crater-agent-workspace/builds/worker-5-tc2/source:/opt/rustwide/workdir:ro,Z" "-v" "/var/lib/crater-agent-workspace/cargo-home:/opt/rustwide/cargo-home:ro,Z" "-v" "/var/lib/crater-agent-workspace/rustup-home:/opt/rustwide/rustup-home:ro,Z" "-e" "SOURCE_DIR=/opt/rustwide/workdir" "-e" "CARGO_TARGET_DIR=/opt/rustwide/target" "-e" "CARGO_INCREMENTAL=0" "-e" "RUST_BACKTRACE=full" "-e" "RUSTFLAGS=--cap-lints=warn" "-e" "RUSTDOCFLAGS=--cap-lints=warn" "-e" "CARGO_HOME=/opt/rustwide/cargo-home" "-e" "RUSTUP_HOME=/opt/rustwide/rustup-home" "-w" "/opt/rustwide/workdir" "-m" "1610612736" "--user" "0:0" "--network" "none" "ghcr.io/rust-lang/crates-build-env/linux@sha256:2788e3201cd34a07e3172128adcd8b3090168a8e3bcc40d7c032b9dda1df7d1c" "/opt/rustwide/cargo-home/bin/cargo" "+beta-2023-12-22" "test" "--frozen" "--no-run" "--message-format=json", kill_on_drop: false }`
[INFO] [stdout] d71fbdeec65090c63425c238f599d15621c4aa8eff76219c390a9e1dcb87616e
[INFO] running `Command { std: "docker" "start" "-a" "d71fbdeec65090c63425c238f599d15621c4aa8eff76219c390a9e1dcb87616e", kill_on_drop: false }`
[INFO] [stderr]    Compiling mock-rs v0.3.0 (/opt/rustwide/workdir)
[INFO] [stderr]     Finished test [unoptimized + debuginfo] target(s) in 1.02s
[INFO] running `Command { std: "docker" "inspect" "d71fbdeec65090c63425c238f599d15621c4aa8eff76219c390a9e1dcb87616e", kill_on_drop: false }`
[INFO] running `Command { std: "docker" "rm" "-f" "d71fbdeec65090c63425c238f599d15621c4aa8eff76219c390a9e1dcb87616e", kill_on_drop: false }`
[INFO] [stdout] d71fbdeec65090c63425c238f599d15621c4aa8eff76219c390a9e1dcb87616e
[INFO] running `Command { std: "docker" "create" "-v" "/var/lib/crater-agent-workspace/builds/worker-5-tc2/target:/opt/rustwide/target:rw,Z" "-v" "/var/lib/crater-agent-workspace/builds/worker-5-tc2/source:/opt/rustwide/workdir:ro,Z" "-v" "/var/lib/crater-agent-workspace/cargo-home:/opt/rustwide/cargo-home:ro,Z" "-v" "/var/lib/crater-agent-workspace/rustup-home:/opt/rustwide/rustup-home:ro,Z" "-e" "SOURCE_DIR=/opt/rustwide/workdir" "-e" "CARGO_TARGET_DIR=/opt/rustwide/target" "-e" "CARGO_INCREMENTAL=0" "-e" "RUST_BACKTRACE=full" "-e" "RUSTFLAGS=--cap-lints=warn" "-e" "RUSTDOCFLAGS=--cap-lints=warn" "-e" "CARGO_HOME=/opt/rustwide/cargo-home" "-e" "RUSTUP_HOME=/opt/rustwide/rustup-home" "-w" "/opt/rustwide/workdir" "-m" "1610612736" "--user" "0:0" "--network" "none" "ghcr.io/rust-lang/crates-build-env/linux@sha256:2788e3201cd34a07e3172128adcd8b3090168a8e3bcc40d7c032b9dda1df7d1c" "/opt/rustwide/cargo-home/bin/cargo" "+beta-2023-12-22" "test" "--frozen", kill_on_drop: false }`
[INFO] [stdout] a5ce74a4567ccc6fc9d576b95d5cad5dd15c67f46973a0c434c8f476db8ba841
[INFO] running `Command { std: "docker" "start" "-a" "a5ce74a4567ccc6fc9d576b95d5cad5dd15c67f46973a0c434c8f476db8ba841", kill_on_drop: false }`
[INFO] [stderr]     Finished test [unoptimized + debuginfo] target(s) in 0.02s
[INFO] [stderr]      Running unittests src/lib.rs (/opt/rustwide/target/debug/deps/mock_rs-bf050bfba72fcf41)
[INFO] [stdout] 
[INFO] [stdout] running 58 tests
[INFO] [stdout] test helpers::base::tests::generate_random_index_works ... ok
[INFO] [stdout] test calculator::iban::tests::checksum ... ok
[INFO] [stdout] test helpers::base::tests::numerify_works_with_string_of_hashes_mixed_with_other_chars ... ok
[INFO] [stdout] test calculator::luhn::tests::test_checksum ... ok
[INFO] [stdout] test calculator::ean::tests::test_checksum ... ok
[INFO] [stdout] test helpers::base::tests::numerify_works_with_no_string ... ok
[INFO] [stdout] test helpers::base::tests::numerify_works ... ok
[INFO] [stdout] test calculator::iban::tests::test_mod97 ... ok
[INFO] [stdout] test helpers::miscellaneous::tests::boolean ... ok
[INFO] [stdout] test provider::en_us::address::tests::latitude ... ok
[INFO] [stdout] test provider::en_us::address::tests::address ... ok
[INFO] [stdout] test calculator::luhn::tests::test_compute_check_digit ... ok
[INFO] [stdout] test provider::en_us::address::tests::city ... ok
[INFO] [stdout] test helpers::base::tests::random_key_for_numeric_type ... ok
[INFO] [stdout] test helpers::base::tests::random_key_for_string ... ok
[INFO] [stdout] test helpers::base::tests::random_element_works ... ok
[INFO] [stdout] test helpers::base::tests::test_bothify ... ok
[INFO] [stdout] test helpers::base::tests::get_random_letter ... ok
[INFO] [stdout] test helpers::miscellaneous::tests::number_between ... ok
[INFO] [stdout] test provider::en_us::address::tests::street_address ... ok
[INFO] [stdout] test provider::en_us::address::tests::local_cordinates ... ok
[INFO] [stdout] test helpers::base::tests::random_key_for_str_slice ... ok
[INFO] [stdout] test provider::en_us::address::tests::longitude ... ok
[INFO] [stdout] test provider::en_us::company::tests::bs ... ok
[INFO] [stdout] test provider::en_us::payment::tests::test_bank_routing_number ... ok
[INFO] [stdout] test provider::en_us::person::tests::ssn ... ok
[INFO] [stdout] test provider::en_us::phone_number::tests::test_area_code ... ok
[INFO] [stdout] test provider::en_us::phone_number::tests::test_phone_number_with_extension ... ok
[INFO] [stdout] test provider::en_us::payment::tests::test_bank_account_number ... ok
[INFO] [stdout] test provider::payment::tests::test_card_details ... ok
[INFO] [stdout] test provider::en_us::phone_number::tests::test_e_164_phone_number ... ok
[INFO] [stdout] test provider::payment::tests::test_credit_card_number_with_separator ... ok
[INFO] [stdout] test provider::payment::tests::iban ... ok
[INFO] [stdout] test provider::payment::tests::test_credit_card_type ... ok
[INFO] [stdout] test provider::phone_number::tests::test_e164_phone_number ... ok
[INFO] [stdout] test provider::en_us::phone_number::tests::test_phone_number ... ok
[INFO] [stdout] test provider::en_us::payment::tests::test_calculate_routing_number_checksum ... ok
[INFO] [stdout] test provider::universal::barcode::tests::test_ean8 ... ok
[INFO] [stdout] test provider::universal::barcode::tests::test_ean13 ... ok
[INFO] [stdout] test provider::universal::color::tests::test_rgb_color_as_array ... ok
[INFO] [stdout] test provider::en_us::company::tests::catch_phrase ... ok
[INFO] [stdout] test provider::en_us::person::tests::first_name_male ... ok
[INFO] [stdout] test provider::payment::tests::test_card_expiration_date_with_valid_set_to_false ... ok
[INFO] [stdout] test provider::payment::tests::test_card_expiration_date_with_valid_set_to_true ... ok
[INFO] [stdout] test provider::universal::color::tests::test_rgba_css_color ... ok
[INFO] [stdout] test provider::universal::color::tests::test_safe_hex_color ... ok
[INFO] [stdout] test provider::payment::tests::test_credit_card_number_with_type ... ok
[INFO] [stdout] test provider::en_us::phone_number::tests::toll_free_phone_number ... ok
[INFO] [stdout] test provider::en_us::company::tests::ein ... ok
[INFO] [stdout] test provider::phone_number::tests::test_phone_number ... ok
[INFO] [stdout] test provider::universal::color::tests::test_rgb_color ... ok
[INFO] [stdout] test provider::en_us::phone_number::tests::test_exchange_code ... ok
[INFO] [stdout] test provider::en_us::address::tests::street_name ... ok
[INFO] [stdout] test provider::universal::color::tests::test_rgb_css_color ... ok
[INFO] [stdout] test provider::phone_number::tests::test_imei ... ok
[INFO] [stdout] test provider::universal::barcode::tests::test_ean ... ok
[INFO] [stdout] test provider::universal::color::tests::test_hex_color ... ok
[INFO] [stdout] test provider::payment::tests::test_credit_card_number ... FAILED
[INFO] [stdout] 
[INFO] [stdout] failures:
[INFO] [stdout] 
[INFO] [stdout] ---- provider::payment::tests::test_credit_card_number stdout ----
[INFO] [stdout] thread 'provider::payment::tests::test_credit_card_number' panicked at src/provider/payment.rs:362:9:
[INFO] [stdout] assertion `left == right` failed
[INFO] [stdout]   left: 13
[INFO] [stdout]  right: 16
[INFO] [stdout] stack backtrace:
[INFO] [stdout]    0:     0x556559c22786 - std::backtrace_rs::backtrace::libunwind::trace::h261606ad26a499c1
[INFO] [stdout]                                at /rustc/0e09125c6c3c2fd70d7de961bcf0e51575235fad/library/std/src/../../backtrace/src/backtrace/libunwind.rs:104:5
[INFO] [stdout]    1:     0x556559c22786 - std::backtrace_rs::backtrace::trace_unsynchronized::hd183f0625477fb28
[INFO] [stdout]                                at /rustc/0e09125c6c3c2fd70d7de961bcf0e51575235fad/library/std/src/../../backtrace/src/backtrace/mod.rs:66:5
[INFO] [stdout]    2:     0x556559c22786 - std::sys_common::backtrace::_print_fmt::hd7f8fef21b4eda67
[INFO] [stdout]                                at /rustc/0e09125c6c3c2fd70d7de961bcf0e51575235fad/library/std/src/sys_common/backtrace.rs:68:5
[INFO] [stdout]    3:     0x556559c22786 - <std::sys_common::backtrace::_print::DisplayBacktrace as core::fmt::Display>::fmt::h623d9b51f2f453f1
[INFO] [stdout]                                at /rustc/0e09125c6c3c2fd70d7de961bcf0e51575235fad/library/std/src/sys_common/backtrace.rs:44:22
[INFO] [stdout]    4:     0x556559c4d5d0 - core::fmt::rt::Argument::fmt::h9f417ac76a86f368
[INFO] [stdout]                                at /rustc/0e09125c6c3c2fd70d7de961bcf0e51575235fad/library/core/src/fmt/rt.rs:142:9
[INFO] [stdout]    5:     0x556559c4d5d0 - core::fmt::write::hc9b6faf4ac2aeff7
[INFO] [stdout]                                at /rustc/0e09125c6c3c2fd70d7de961bcf0e51575235fad/library/core/src/fmt/mod.rs:1120:17
[INFO] [stdout]    6:     0x556559c201ef - std::io::Write::write_fmt::he04625a3a989fec3
[INFO] [stdout]                                at /rustc/0e09125c6c3c2fd70d7de961bcf0e51575235fad/library/std/src/io/mod.rs:1810:15
[INFO] [stdout]    7:     0x556559c22564 - std::sys_common::backtrace::_print::hd5d66399c7df88a2
[INFO] [stdout]                                at /rustc/0e09125c6c3c2fd70d7de961bcf0e51575235fad/library/std/src/sys_common/backtrace.rs:47:5
[INFO] [stdout]    8:     0x556559c22564 - std::sys_common::backtrace::print::he81ed2da642d37e5
[INFO] [stdout]                                at /rustc/0e09125c6c3c2fd70d7de961bcf0e51575235fad/library/std/src/sys_common/backtrace.rs:34:9
[INFO] [stdout]    9:     0x556559c242d7 - std::panicking::default_hook::{{closure}}::h85773f4fa117163d
[INFO] [stdout]   10:     0x556559c23fbd - std::panicking::default_hook::h6a1694a91d09b278
[INFO] [stdout]                                at /rustc/0e09125c6c3c2fd70d7de961bcf0e51575235fad/library/std/src/panicking.rs:289:9
[INFO] [stdout]   11:     0x556559ba1417 - <alloc::boxed::Box<F,A> as core::ops::function::Fn<Args>>::call::h616ac37fa3cd6c8f
[INFO] [stdout]                                at /rustc/0e09125c6c3c2fd70d7de961bcf0e51575235fad/library/alloc/src/boxed.rs:2029:9
[INFO] [stdout]   12:     0x556559ba1417 - test::test_main::{{closure}}::h00d84697cefdcbb6
[INFO] [stdout]                                at /rustc/0e09125c6c3c2fd70d7de961bcf0e51575235fad/library/test/src/lib.rs:138:21
[INFO] [stdout]   13:     0x556559c248f6 - <alloc::boxed::Box<F,A> as core::ops::function::Fn<Args>>::call::hcb3fe3b9bb537ba8
[INFO] [stdout]                                at /rustc/0e09125c6c3c2fd70d7de961bcf0e51575235fad/library/alloc/src/boxed.rs:2029:9
[INFO] [stdout]   14:     0x556559c248f6 - std::panicking::rust_panic_with_hook::h0a7ad96e90f7145b
[INFO] [stdout]                                at /rustc/0e09125c6c3c2fd70d7de961bcf0e51575235fad/library/std/src/panicking.rs:783:13
[INFO] [stdout]   15:     0x556559c24642 - std::panicking::begin_panic_handler::{{closure}}::h7919090525c6485e
[INFO] [stdout]                                at /rustc/0e09125c6c3c2fd70d7de961bcf0e51575235fad/library/std/src/panicking.rs:657:13
[INFO] [stdout]   16:     0x556559c22c86 - std::sys_common::backtrace::__rust_end_short_backtrace::hf3289479464f7dfe
[INFO] [stdout]                                at /rustc/0e09125c6c3c2fd70d7de961bcf0e51575235fad/library/std/src/sys_common/backtrace.rs:171:18
[INFO] [stdout]   17:     0x556559c243a0 - rust_begin_unwind
[INFO] [stdout]                                at /rustc/0e09125c6c3c2fd70d7de961bcf0e51575235fad/library/std/src/panicking.rs:645:5
[INFO] [stdout]   18:     0x556559b00135 - core::panicking::panic_fmt::hcc9f77c5c132af55
[INFO] [stdout]                                at /rustc/0e09125c6c3c2fd70d7de961bcf0e51575235fad/library/core/src/panicking.rs:72:14
[INFO] [stdout]   19:     0x556559b0056b - core::panicking::assert_failed_inner::h9f13e27dd63c3a08
[INFO] [stdout]                                at /rustc/0e09125c6c3c2fd70d7de961bcf0e51575235fad/library/core/src/panicking.rs:342:17
[INFO] [stdout]   20:     0x556559bcdf5e - core::panicking::assert_failed::h9f8db41ace7b4408
[INFO] [stdout]                                at /rustc/0e09125c6c3c2fd70d7de961bcf0e51575235fad/library/core/src/panicking.rs:297:5
[INFO] [stdout]   21:     0x556559b35708 - mock_rs::provider::payment::tests::test_credit_card_number::h3818b66cb7574819
[INFO] [stdout]                                at /opt/rustwide/workdir/src/provider/payment.rs:362:9
[INFO] [stdout]   22:     0x556559b355f7 - mock_rs::provider::payment::tests::test_credit_card_number::{{closure}}::h927b3bc232d6f479
[INFO] [stdout]                                at /opt/rustwide/workdir/src/provider/payment.rs:360:33
[INFO] [stdout]   23:     0x556559b69776 - core::ops::function::FnOnce::call_once::h93fa1faaa90181f1
[INFO] [stdout]                                at /rustc/0e09125c6c3c2fd70d7de961bcf0e51575235fad/library/core/src/ops/function.rs:250:5
[INFO] [stdout]   24:     0x556559ba6cef - core::ops::function::FnOnce::call_once::hd64d26f405258157
[INFO] [stdout]                                at /rustc/0e09125c6c3c2fd70d7de961bcf0e51575235fad/library/core/src/ops/function.rs:250:5
[INFO] [stdout]   25:     0x556559ba6cef - test::__rust_begin_short_backtrace::he21b0b7a6d731bf9
[INFO] [stdout]                                at /rustc/0e09125c6c3c2fd70d7de961bcf0e51575235fad/library/test/src/lib.rs:627:18
[INFO] [stdout]   26:     0x556559ba5a71 - test::run_test_in_process::{{closure}}::hf5c73986d7bdfde2
[INFO] [stdout]                                at /rustc/0e09125c6c3c2fd70d7de961bcf0e51575235fad/library/test/src/lib.rs:650:60
[INFO] [stdout]   27:     0x556559ba5a71 - <core::panic::unwind_safe::AssertUnwindSafe<F> as core::ops::function::FnOnce<()>>::call_once::h330011ad032aadc0
[INFO] [stdout]                                at /rustc/0e09125c6c3c2fd70d7de961bcf0e51575235fad/library/core/src/panic/unwind_safe.rs:272:9
[INFO] [stdout]   28:     0x556559ba5a71 - std::panicking::try::do_call::he61b0a958b795a41
[INFO] [stdout]                                at /rustc/0e09125c6c3c2fd70d7de961bcf0e51575235fad/library/std/src/panicking.rs:552:40
[INFO] [stdout]   29:     0x556559ba5a71 - std::panicking::try::h7309da130f906eb7
[INFO] [stdout]                                at /rustc/0e09125c6c3c2fd70d7de961bcf0e51575235fad/library/std/src/panicking.rs:516:19
[INFO] [stdout]   30:     0x556559ba5a71 - std::panic::catch_unwind::hc5c3a06fdaf0a92a
[INFO] [stdout]                                at /rustc/0e09125c6c3c2fd70d7de961bcf0e51575235fad/library/std/src/panic.rs:142:14
[INFO] [stdout]   31:     0x556559ba5a71 - test::run_test_in_process::h7e7b7c71c3324e0f
[INFO] [stdout]                                at /rustc/0e09125c6c3c2fd70d7de961bcf0e51575235fad/library/test/src/lib.rs:650:27
[INFO] [stdout]   32:     0x556559ba5a71 - test::run_test::{{closure}}::h1f509f28f5cf20b1
[INFO] [stdout]                                at /rustc/0e09125c6c3c2fd70d7de961bcf0e51575235fad/library/test/src/lib.rs:573:43
[INFO] [stdout]   33:     0x556559b6cda6 - test::run_test::{{closure}}::h1754218abf443f6d
[INFO] [stdout]                                at /rustc/0e09125c6c3c2fd70d7de961bcf0e51575235fad/library/test/src/lib.rs:601:41
[INFO] [stdout]   34:     0x556559b6cda6 - std::sys_common::backtrace::__rust_begin_short_backtrace::h2ee174b9d5954948
[INFO] [stdout]                                at /rustc/0e09125c6c3c2fd70d7de961bcf0e51575235fad/library/std/src/sys_common/backtrace.rs:155:18
[INFO] [stdout]   35:     0x556559b71e07 - std::thread::Builder::spawn_unchecked_::{{closure}}::{{closure}}::hf60bee9c1a17ef09
[INFO] [stdout]                                at /rustc/0e09125c6c3c2fd70d7de961bcf0e51575235fad/library/std/src/thread/mod.rs:529:17
[INFO] [stdout]   36:     0x556559b71e07 - <core::panic::unwind_safe::AssertUnwindSafe<F> as core::ops::function::FnOnce<()>>::call_once::h33d0dddec5216160
[INFO] [stdout]                                at /rustc/0e09125c6c3c2fd70d7de961bcf0e51575235fad/library/core/src/panic/unwind_safe.rs:272:9
[INFO] [stdout]   37:     0x556559b71e07 - std::panicking::try::do_call::h144b3048b546f835
[INFO] [stdout]                                at /rustc/0e09125c6c3c2fd70d7de961bcf0e51575235fad/library/std/src/panicking.rs:552:40
[INFO] [stdout]   38:     0x556559b71e07 - std::panicking::try::h978244d04646189f
[INFO] [stdout]                                at /rustc/0e09125c6c3c2fd70d7de961bcf0e51575235fad/library/std/src/panicking.rs:516:19
[INFO] [stdout]   39:     0x556559b71e07 - std::panic::catch_unwind::hdf436369d188fe86
[INFO] [stdout]                                at /rustc/0e09125c6c3c2fd70d7de961bcf0e51575235fad/library/std/src/panic.rs:142:14
[INFO] [stdout]   40:     0x556559b71e07 - std::thread::Builder::spawn_unchecked_::{{closure}}::h87329cbdd33c79ec
[INFO] [stdout]                                at /rustc/0e09125c6c3c2fd70d7de961bcf0e51575235fad/library/std/src/thread/mod.rs:528:30
[INFO] [stdout]   41:     0x556559b71e07 - core::ops::function::FnOnce::call_once{{vtable.shim}}::h401abbe67897d450
[INFO] [stdout]                                at /rustc/0e09125c6c3c2fd70d7de961bcf0e51575235fad/library/core/src/ops/function.rs:250:5
[INFO] [stdout]   42:     0x556559c293a5 - <alloc::boxed::Box<F,A> as core::ops::function::FnOnce<Args>>::call_once::h5d7c8f150ab9c84c
[INFO] [stdout]                                at /rustc/0e09125c6c3c2fd70d7de961bcf0e51575235fad/library/alloc/src/boxed.rs:2015:9
[INFO] [stdout]   43:     0x556559c293a5 - <alloc::boxed::Box<F,A> as core::ops::function::FnOnce<Args>>::call_once::h570d5b005c242c15
[INFO] [stdout]                                at /rustc/0e09125c6c3c2fd70d7de961bcf0e51575235fad/library/alloc/src/boxed.rs:2015:9
[INFO] [stdout]   44:     0x556559c293a5 - std::sys::unix::thread::Thread::new::thread_start::h36b0a20c0b2361ad
[INFO] [stdout]                                at /rustc/0e09125c6c3c2fd70d7de961bcf0e51575235fad/library/std/src/sys/unix/thread.rs:108:17
[INFO] [stdout]   45:     0x7f08f6614ac3 - <unknown>
[INFO] [stdout]   46:     0x7f08f66a5bf4 - __clone
[INFO] [stdout]   47:                0x0 - <unknown>
[INFO] [stdout] 
[INFO] [stdout] 
[INFO] [stdout] failures:
[INFO] [stdout]     provider::payment::tests::test_credit_card_number
[INFO] [stdout] 
[INFO] [stdout] test result: FAILED. 57 passed; 1 failed; 0 ignored; 0 measured; 0 filtered out; finished in 0.13s
[INFO] [stdout] 
[INFO] [stderr] error: test failed, to rerun pass `--lib`
[INFO] running `Command { std: "docker" "inspect" "a5ce74a4567ccc6fc9d576b95d5cad5dd15c67f46973a0c434c8f476db8ba841", kill_on_drop: false }`
[INFO] running `Command { std: "docker" "rm" "-f" "a5ce74a4567ccc6fc9d576b95d5cad5dd15c67f46973a0c434c8f476db8ba841", kill_on_drop: false }`
[INFO] [stdout] a5ce74a4567ccc6fc9d576b95d5cad5dd15c67f46973a0c434c8f476db8ba841
