[INFO] fetching crate metrics-util 0.15.1...
[INFO] testing metrics-util-0.15.1 against 1.75.0 for beta-1.76-1
[INFO] extracting crate metrics-util 0.15.1 into /workspace/builds/worker-3-tc1/source
[INFO] validating manifest of crates.io crate metrics-util 0.15.1 on toolchain 1.75.0
[INFO] running `Command { std: CARGO_HOME="/workspace/cargo-home" RUSTUP_HOME="/workspace/rustup-home" "/workspace/cargo-home/bin/cargo" "+1.75.0" "metadata" "--manifest-path" "Cargo.toml" "--no-deps", kill_on_drop: false }`
[INFO] started tweaking crates.io crate metrics-util 0.15.1
[INFO] removed 0 missing examples
[INFO] finished tweaking crates.io crate metrics-util 0.15.1
[INFO] tweaked toml for crates.io crate metrics-util 0.15.1 written to /workspace/builds/worker-3-tc1/source/Cargo.toml
[INFO] crate crates.io crate metrics-util 0.15.1 already has a lockfile, it will not be regenerated
[INFO] running `Command { std: CARGO_HOME="/workspace/cargo-home" RUSTUP_HOME="/workspace/rustup-home" "/workspace/cargo-home/bin/cargo" "+1.75.0" "fetch" "--manifest-path" "Cargo.toml", kill_on_drop: false }`
[INFO] [stderr]     Updating crates.io index
[INFO] [stderr]     Blocking waiting for file lock on package cache
[INFO] [stderr]  Downloading crates ...
[INFO] [stderr]   Downloaded ndarray-stats v0.5.1
[INFO] [stderr]   Downloaded sketches-ddsketch v0.2.0
[INFO] [stderr]   Downloaded noisy_float v0.2.0
[INFO] [stderr]   Downloaded ordered-float v3.6.0
[INFO] [stderr]   Downloaded metrics-macros v0.7.0
[INFO] [stderr]   Downloaded quanta v0.11.0
[INFO] [stderr]   Downloaded hashbrown v0.13.1
[INFO] [stderr]   Downloaded metrics v0.21.0
[INFO] [stderr]   Downloaded portable-atomic v1.2.0
[INFO] running `Command { std: "docker" "create" "-v" "/var/lib/crater-agent-workspace/builds/worker-3-tc1/target:/opt/rustwide/target:rw,Z" "-v" "/var/lib/crater-agent-workspace/builds/worker-3-tc1/source:/opt/rustwide/workdir:ro,Z" "-v" "/var/lib/crater-agent-workspace/cargo-home:/opt/rustwide/cargo-home:ro,Z" "-v" "/var/lib/crater-agent-workspace/rustup-home:/opt/rustwide/rustup-home:ro,Z" "-e" "SOURCE_DIR=/opt/rustwide/workdir" "-e" "CARGO_TARGET_DIR=/opt/rustwide/target" "-e" "CARGO_HOME=/opt/rustwide/cargo-home" "-e" "RUSTUP_HOME=/opt/rustwide/rustup-home" "-w" "/opt/rustwide/workdir" "-m" "1610612736" "--user" "0:0" "--network" "none" "ghcr.io/rust-lang/crates-build-env/linux@sha256:2788e3201cd34a07e3172128adcd8b3090168a8e3bcc40d7c032b9dda1df7d1c" "/opt/rustwide/cargo-home/bin/cargo" "+1.75.0" "metadata" "--no-deps" "--format-version=1", kill_on_drop: false }`
[INFO] [stdout] a7798c6d629fe9158813e91c9f82c7b6c34330dcf4cc1e4776cd94565c22ab0e
[INFO] running `Command { std: "docker" "start" "-a" "a7798c6d629fe9158813e91c9f82c7b6c34330dcf4cc1e4776cd94565c22ab0e", kill_on_drop: false }`
[INFO] running `Command { std: "docker" "inspect" "a7798c6d629fe9158813e91c9f82c7b6c34330dcf4cc1e4776cd94565c22ab0e", kill_on_drop: false }`
[INFO] running `Command { std: "docker" "rm" "-f" "a7798c6d629fe9158813e91c9f82c7b6c34330dcf4cc1e4776cd94565c22ab0e", kill_on_drop: false }`
[INFO] [stdout] a7798c6d629fe9158813e91c9f82c7b6c34330dcf4cc1e4776cd94565c22ab0e
[INFO] running `Command { std: "docker" "create" "-v" "/var/lib/crater-agent-workspace/builds/worker-3-tc1/target:/opt/rustwide/target:rw,Z" "-v" "/var/lib/crater-agent-workspace/builds/worker-3-tc1/source:/opt/rustwide/workdir:ro,Z" "-v" "/var/lib/crater-agent-workspace/cargo-home:/opt/rustwide/cargo-home:ro,Z" "-v" "/var/lib/crater-agent-workspace/rustup-home:/opt/rustwide/rustup-home:ro,Z" "-e" "SOURCE_DIR=/opt/rustwide/workdir" "-e" "CARGO_TARGET_DIR=/opt/rustwide/target" "-e" "CARGO_INCREMENTAL=0" "-e" "RUST_BACKTRACE=full" "-e" "RUSTFLAGS=--cap-lints=warn" "-e" "RUSTDOCFLAGS=--cap-lints=warn" "-e" "CARGO_HOME=/opt/rustwide/cargo-home" "-e" "RUSTUP_HOME=/opt/rustwide/rustup-home" "-w" "/opt/rustwide/workdir" "-m" "1610612736" "--user" "0:0" "--network" "none" "ghcr.io/rust-lang/crates-build-env/linux@sha256:2788e3201cd34a07e3172128adcd8b3090168a8e3bcc40d7c032b9dda1df7d1c" "/opt/rustwide/cargo-home/bin/cargo" "+1.75.0" "build" "--frozen" "--message-format=json", kill_on_drop: false }`
[INFO] [stdout] c6a0b43c37f8b32523e5a91cb1bd787b36fceceff051288e0587a4ffda337928
[INFO] running `Command { std: "docker" "start" "-a" "c6a0b43c37f8b32523e5a91cb1bd787b36fceceff051288e0587a4ffda337928", kill_on_drop: false }`
[INFO] [stderr]    Compiling proc-macro2 v1.0.56
[INFO] [stderr]    Compiling quote v1.0.26
[INFO] [stderr]    Compiling unicode-ident v1.0.8
[INFO] [stderr]    Compiling libm v0.2.6
[INFO] [stderr]    Compiling once_cell v1.17.1
[INFO] [stderr]    Compiling libc v0.2.141
[INFO] [stderr]    Compiling ahash v0.8.3
[INFO] [stderr]    Compiling crossbeam-utils v0.8.15
[INFO] [stderr]    Compiling memoffset v0.8.0
[INFO] [stderr]    Compiling num-traits v0.2.15
[INFO] [stderr]    Compiling crossbeam-epoch v0.9.14
[INFO] [stderr]    Compiling indexmap v1.9.3
[INFO] [stderr]    Compiling metrics v0.21.0
[INFO] [stderr]    Compiling smallvec v1.10.0
[INFO] [stderr]    Compiling raw-cpuid v10.7.0
[INFO] [stderr]    Compiling syn v2.0.13
[INFO] [stderr]    Compiling nibble_vec v0.1.0
[INFO] [stderr]    Compiling scopeguard v1.1.0
[INFO] [stderr]    Compiling endian-type v0.1.2
[INFO] [stderr]    Compiling radix_trie v0.2.1
[INFO] [stderr]    Compiling num_cpus v1.15.0
[INFO] [stderr]    Compiling hashbrown v0.13.1
[INFO] [stderr]    Compiling sketches-ddsketch v0.2.0
[INFO] [stderr]    Compiling aho-corasick v1.0.2
[INFO] [stderr]    Compiling ordered-float v3.6.0
[INFO] [stderr]    Compiling quanta v0.11.0
[INFO] [stderr]    Compiling metrics-macros v0.7.0
[INFO] [stderr]    Compiling metrics-util v0.15.1 (/opt/rustwide/workdir)
[INFO] [stderr]     Finished dev [unoptimized + debuginfo] target(s) in 14.16s
[INFO] running `Command { std: "docker" "inspect" "c6a0b43c37f8b32523e5a91cb1bd787b36fceceff051288e0587a4ffda337928", kill_on_drop: false }`
[INFO] running `Command { std: "docker" "rm" "-f" "c6a0b43c37f8b32523e5a91cb1bd787b36fceceff051288e0587a4ffda337928", kill_on_drop: false }`
[INFO] [stdout] c6a0b43c37f8b32523e5a91cb1bd787b36fceceff051288e0587a4ffda337928
[INFO] running `Command { std: "docker" "create" "-v" "/var/lib/crater-agent-workspace/builds/worker-3-tc1/target:/opt/rustwide/target:rw,Z" "-v" "/var/lib/crater-agent-workspace/builds/worker-3-tc1/source:/opt/rustwide/workdir:ro,Z" "-v" "/var/lib/crater-agent-workspace/cargo-home:/opt/rustwide/cargo-home:ro,Z" "-v" "/var/lib/crater-agent-workspace/rustup-home:/opt/rustwide/rustup-home:ro,Z" "-e" "SOURCE_DIR=/opt/rustwide/workdir" "-e" "CARGO_TARGET_DIR=/opt/rustwide/target" "-e" "CARGO_INCREMENTAL=0" "-e" "RUST_BACKTRACE=full" "-e" "RUSTFLAGS=--cap-lints=warn" "-e" "RUSTDOCFLAGS=--cap-lints=warn" "-e" "CARGO_HOME=/opt/rustwide/cargo-home" "-e" "RUSTUP_HOME=/opt/rustwide/rustup-home" "-w" "/opt/rustwide/workdir" "-m" "1610612736" "--user" "0:0" "--network" "none" "ghcr.io/rust-lang/crates-build-env/linux@sha256:2788e3201cd34a07e3172128adcd8b3090168a8e3bcc40d7c032b9dda1df7d1c" "/opt/rustwide/cargo-home/bin/cargo" "+1.75.0" "test" "--frozen" "--no-run" "--message-format=json", kill_on_drop: false }`
[INFO] [stdout] 2989ed84f0f91d2f4d47a3a251531ee63b712865b322dbf5384db1915536d9db
[INFO] running `Command { std: "docker" "start" "-a" "2989ed84f0f91d2f4d47a3a251531ee63b712865b322dbf5384db1915536d9db", kill_on_drop: false }`
[INFO] [stderr]    Compiling either v1.8.1
[INFO] [stderr]    Compiling semver v1.0.17
[INFO] [stderr]    Compiling serde v1.0.159
[INFO] [stderr]    Compiling syn v1.0.109
[INFO] [stderr]    Compiling getrandom v0.2.8
[INFO] [stderr]    Compiling regex-syntax v0.6.29
[INFO] [stderr]    Compiling num-integer v0.1.45
[INFO] [stderr]    Compiling serde_json v1.0.95
[INFO] [stderr]    Compiling itertools v0.10.5
[INFO] [stderr]    Compiling rand_core v0.6.4
[INFO] [stderr]    Compiling rayon-core v1.11.0
[INFO] [stderr]    Compiling rand_chacha v0.3.1
[INFO] [stderr]    Compiling unicode-width v0.1.10
[INFO] [stderr]    Compiling rustc_version v0.4.0
[INFO] [stderr]    Compiling ryu v1.0.13
[INFO] [stderr]    Compiling itoa v1.0.6
[INFO] [stderr]    Compiling rand v0.8.5
[INFO] [stderr]    Compiling cast v0.2.7
[INFO] [stderr]    Compiling crossbeam-deque v0.8.3
[INFO] [stderr]    Compiling crossbeam-channel v0.5.7
[INFO] [stderr]    Compiling serde_derive v1.0.159
[INFO] [stderr]    Compiling regex v1.7.3
[INFO] [stderr]    Compiling rawpointer v0.2.1
[INFO] [stderr]    Compiling matrixmultiply v0.3.2
[INFO] [stderr]    Compiling textwrap v0.11.0
[INFO] [stderr]    Compiling num-complex v0.4.3
[INFO] [stderr]    Compiling csv-core v0.1.10
[INFO] [stderr]    Compiling float-cmp v0.9.0
[INFO] [stderr]    Compiling tracing-core v0.1.30
[INFO] [stderr]    Compiling overload v0.1.1
[INFO] [stderr]    Compiling normalize-line-endings v0.3.0
[INFO] [stderr]    Compiling cast v0.3.0
[INFO] [stderr]    Compiling same-file v1.0.6
[INFO] [stderr]    Compiling crossbeam-queue v0.3.8
[INFO] [stderr]    Compiling termtree v0.4.1
[INFO] [stderr]    Compiling half v1.8.2
[INFO] [stderr]    Compiling predicates v2.1.5
[INFO] [stderr]    Compiling predicates-tree v1.0.7
[INFO] [stderr]    Compiling criterion-plot v0.4.5
[INFO] [stderr]    Compiling walkdir v2.3.3
[INFO] [stderr]    Compiling csv v1.2.1
[INFO] [stderr]    Compiling serde_cbor v0.11.2
[INFO] [stderr]    Compiling nu-ansi-term v0.46.0
[INFO] [stderr]    Compiling ndarray v0.15.6
[INFO] [stderr]    Compiling rayon v1.7.0
[INFO] [stderr]    Compiling env_logger v0.8.4
[INFO] [stderr]    Compiling clap v2.34.0
[INFO] [stderr]    Compiling tinytemplate v1.2.1
[INFO] [stderr]    Compiling sharded-slab v0.1.4
[INFO] [stderr]    Compiling itertools v0.9.0
[INFO] [stderr]    Compiling plotters v0.2.15
[INFO] [stderr]    Compiling noisy_float v0.2.0
[INFO] [stderr]    Compiling atty v0.2.14
[INFO] [stderr]    Compiling thread_local v1.1.7
[INFO] [stderr]    Compiling downcast v0.11.0
[INFO] [stderr]    Compiling fragile v2.0.0
[INFO] [stderr]    Compiling byteorder v1.4.3
[INFO] [stderr]    Compiling oorandom v11.1.3
[INFO] [stderr]    Compiling pin-project-lite v0.2.9
[INFO] [stderr]    Compiling hdrhistogram v7.5.2
[INFO] [stderr]    Compiling tracing-subscriber v0.3.16
[INFO] [stderr]    Compiling quickcheck v1.0.3
[INFO] [stderr]    Compiling ndarray-stats v0.5.1
[INFO] [stderr]    Compiling rand_distr v0.4.3
[INFO] [stderr]    Compiling getopts v0.2.21
[INFO] [stderr]    Compiling approx v0.5.1
[INFO] [stderr]    Compiling tracing-attributes v0.1.23
[INFO] [stderr]    Compiling mockall_derive v0.11.4
[INFO] [stderr]    Compiling quickcheck_macros v1.0.0
[INFO] [stderr]    Compiling criterion v0.3.3
[INFO] [stderr]    Compiling tracing v0.1.37
[INFO] [stderr]    Compiling mockall v0.11.4
[INFO] [stderr]    Compiling metrics-util v0.15.1 (/opt/rustwide/workdir)
[INFO] [stderr]     Finished test [unoptimized + debuginfo] target(s) in 50.86s
[INFO] [stderr] warning: the following packages contain code that will be rejected by a future version of Rust: criterion v0.3.3
[INFO] [stderr] note: to see what the problems were, use the option `--future-incompat-report`, or run `cargo report future-incompatibilities --id 1`
[INFO] running `Command { std: "docker" "inspect" "2989ed84f0f91d2f4d47a3a251531ee63b712865b322dbf5384db1915536d9db", kill_on_drop: false }`
[INFO] running `Command { std: "docker" "rm" "-f" "2989ed84f0f91d2f4d47a3a251531ee63b712865b322dbf5384db1915536d9db", kill_on_drop: false }`
[INFO] [stdout] 2989ed84f0f91d2f4d47a3a251531ee63b712865b322dbf5384db1915536d9db
[INFO] running `Command { std: "docker" "create" "-v" "/var/lib/crater-agent-workspace/builds/worker-3-tc1/target:/opt/rustwide/target:rw,Z" "-v" "/var/lib/crater-agent-workspace/builds/worker-3-tc1/source:/opt/rustwide/workdir:ro,Z" "-v" "/var/lib/crater-agent-workspace/cargo-home:/opt/rustwide/cargo-home:ro,Z" "-v" "/var/lib/crater-agent-workspace/rustup-home:/opt/rustwide/rustup-home:ro,Z" "-e" "SOURCE_DIR=/opt/rustwide/workdir" "-e" "CARGO_TARGET_DIR=/opt/rustwide/target" "-e" "CARGO_INCREMENTAL=0" "-e" "RUST_BACKTRACE=full" "-e" "RUSTFLAGS=--cap-lints=warn" "-e" "RUSTDOCFLAGS=--cap-lints=warn" "-e" "CARGO_HOME=/opt/rustwide/cargo-home" "-e" "RUSTUP_HOME=/opt/rustwide/rustup-home" "-w" "/opt/rustwide/workdir" "-m" "1610612736" "--user" "0:0" "--network" "none" "ghcr.io/rust-lang/crates-build-env/linux@sha256:2788e3201cd34a07e3172128adcd8b3090168a8e3bcc40d7c032b9dda1df7d1c" "/opt/rustwide/cargo-home/bin/cargo" "+1.75.0" "test" "--frozen", kill_on_drop: false }`
[INFO] [stdout] 762e2f47c5adab30696cb839d5cfc4fccd96cb97235e1756ac9c4e592bcdd886
[INFO] running `Command { std: "docker" "start" "-a" "762e2f47c5adab30696cb839d5cfc4fccd96cb97235e1756ac9c4e592bcdd886", kill_on_drop: false }`
[INFO] [stderr]     Finished test [unoptimized + debuginfo] target(s) in 0.13s
[INFO] [stderr] warning: the following packages contain code that will be rejected by a future version of Rust: criterion v0.3.3
[INFO] [stderr] note: to see what the problems were, use the option `--future-incompat-report`, or run `cargo report future-incompatibilities --id 1`
[INFO] [stderr]      Running unittests src/lib.rs (/opt/rustwide/target/debug/deps/metrics_util-648991882fbaf452)
[INFO] [stdout] 
[INFO] [stdout] running 32 tests
[INFO] [stdout] test bucket::tests::test_block_write_then_read ... ok
[INFO] [stdout] test bucket::tests::test_block_write_until_full_then_read ... ok
[INFO] [stdout] test bucket::tests::test_bucket_write_then_read ... ok
[INFO] [stdout] test bucket::tests::test_create_new_block ... ok
[INFO] [stdout] test debugging::tests::per_thread ... ok
[INFO] [stdout] test bucket::tests::test_bucket_len_and_next_len ... ok
[INFO] [stdout] test kind::tests::test_matching ... ok
[INFO] [stdout] test layers::fanout::tests::test_basic_functionality ... ok
[INFO] [stdout] test key::tests::test_same_keys_different_kinds_not_equal ... ok
[INFO] [stdout] test layers::filter::tests::test_basic_functionality ... ok
[INFO] [stdout] test histogram::tests::test_histogram ... ok
[INFO] [stdout] test layers::prefix::tests::test_key_vs_key_name ... ok
[INFO] [stdout] test layers::filter::tests::test_case_insensitivity ... ok
[INFO] [stdout] test bucket::tests::test_block_write_until_full_then_read_mt ... ok
[INFO] [stdout] test layers::router::tests::test_basic_functionality ... ok
[INFO] [stdout] test layers::router::tests::test_construction ... ok
[INFO] [stdout] test bucket::tests::test_clear_and_clear_with ... ok
[INFO] [stdout] test layers::prefix::tests::test_basic_functionality ... ok
[INFO] [stdout] test bucket::tests::test_bucket_multiple_blocks_write_then_read ... ok
[INFO] [stdout] test recoverable::tests::on_drop ... ok
[INFO] [stdout] test recoverable::tests::basic ... ok
[INFO] [stdout] test registry::tests::test_registry ... ok
[INFO] [stdout] test quantile::tests::test_quantiles ... ok
[INFO] [stdout] test summary::tests::test_infinities ... ok
[INFO] [stdout] test quantile::tests::test_parse_quantiles ... ok
[INFO] [stdout] test summary::tests::test_zeroes ... ok
[INFO] [stdout] test summary::tests::test_basics ... ok
[INFO] [stdout] test layers::router::tests::test_bad_construction - should panic ... ok
[INFO] [stdout] test summary::tests::test_negative_positive_uniform ... ok
[INFO] [stdout] test summary::tests::test_positive_uniform ... ok
[INFO] [stdout] test summary::tests::quantile_validity ... ok
[INFO] [stdout] test bucket::tests::test_bucket_write_then_read_mt ... ok
[INFO] [stdout] 
[INFO] [stdout] test result: ok. 32 passed; 0 failed; 0 ignored; 0 measured; 0 filtered out; finished in 3.83s
[INFO] [stdout] 
[INFO] [stderr]    Doc-tests metrics-util
[INFO] [stdout] 
[INFO] [stdout] running 2 tests
[INFO] [stdout] test src/kind.rs - kind::MetricKindMask (line 27) ... ok
[INFO] [stdout] test src/layers/mod.rs - layers (line 10) ... ok
[INFO] [stdout] 
[INFO] [stdout] test result: ok. 2 passed; 0 failed; 0 ignored; 0 measured; 0 filtered out; finished in 0.57s
[INFO] [stdout] 
[INFO] running `Command { std: "docker" "inspect" "762e2f47c5adab30696cb839d5cfc4fccd96cb97235e1756ac9c4e592bcdd886", kill_on_drop: false }`
[INFO] running `Command { std: "docker" "rm" "-f" "762e2f47c5adab30696cb839d5cfc4fccd96cb97235e1756ac9c4e592bcdd886", kill_on_drop: false }`
[INFO] [stdout] 762e2f47c5adab30696cb839d5cfc4fccd96cb97235e1756ac9c4e592bcdd886
[INFO] testing metrics-util-0.15.1 against beta-2023-12-22 for beta-1.76-1
[INFO] extracting crate metrics-util 0.15.1 into /workspace/builds/worker-3-tc2/source
[INFO] validating manifest of crates.io crate metrics-util 0.15.1 on toolchain beta-2023-12-22
[INFO] running `Command { std: CARGO_HOME="/workspace/cargo-home" RUSTUP_HOME="/workspace/rustup-home" "/workspace/cargo-home/bin/cargo" "+beta-2023-12-22" "metadata" "--manifest-path" "Cargo.toml" "--no-deps", kill_on_drop: false }`
[INFO] started tweaking crates.io crate metrics-util 0.15.1
[INFO] removed 0 missing examples
[INFO] finished tweaking crates.io crate metrics-util 0.15.1
[INFO] tweaked toml for crates.io crate metrics-util 0.15.1 written to /workspace/builds/worker-3-tc2/source/Cargo.toml
[INFO] crate crates.io crate metrics-util 0.15.1 already has a lockfile, it will not be regenerated
[INFO] running `Command { std: CARGO_HOME="/workspace/cargo-home" RUSTUP_HOME="/workspace/rustup-home" "/workspace/cargo-home/bin/cargo" "+beta-2023-12-22" "fetch" "--manifest-path" "Cargo.toml", kill_on_drop: false }`
[INFO] [stderr]     Blocking waiting for file lock on package cache
[INFO] [stderr]     Blocking waiting for file lock on package cache
[INFO] running `Command { std: "docker" "create" "-v" "/var/lib/crater-agent-workspace/builds/worker-3-tc2/target:/opt/rustwide/target:rw,Z" "-v" "/var/lib/crater-agent-workspace/builds/worker-3-tc2/source:/opt/rustwide/workdir:ro,Z" "-v" "/var/lib/crater-agent-workspace/cargo-home:/opt/rustwide/cargo-home:ro,Z" "-v" "/var/lib/crater-agent-workspace/rustup-home:/opt/rustwide/rustup-home:ro,Z" "-e" "SOURCE_DIR=/opt/rustwide/workdir" "-e" "CARGO_TARGET_DIR=/opt/rustwide/target" "-e" "CARGO_HOME=/opt/rustwide/cargo-home" "-e" "RUSTUP_HOME=/opt/rustwide/rustup-home" "-w" "/opt/rustwide/workdir" "-m" "1610612736" "--user" "0:0" "--network" "none" "ghcr.io/rust-lang/crates-build-env/linux@sha256:2788e3201cd34a07e3172128adcd8b3090168a8e3bcc40d7c032b9dda1df7d1c" "/opt/rustwide/cargo-home/bin/cargo" "+beta-2023-12-22" "metadata" "--no-deps" "--format-version=1", kill_on_drop: false }`
[INFO] [stdout] 38f41363d1d515742c7b4cb1cd4f2b86d58c449354f8efd6b73660a90dcb38ad
[INFO] running `Command { std: "docker" "start" "-a" "38f41363d1d515742c7b4cb1cd4f2b86d58c449354f8efd6b73660a90dcb38ad", kill_on_drop: false }`
[INFO] running `Command { std: "docker" "inspect" "38f41363d1d515742c7b4cb1cd4f2b86d58c449354f8efd6b73660a90dcb38ad", kill_on_drop: false }`
[INFO] running `Command { std: "docker" "rm" "-f" "38f41363d1d515742c7b4cb1cd4f2b86d58c449354f8efd6b73660a90dcb38ad", kill_on_drop: false }`
[INFO] [stdout] 38f41363d1d515742c7b4cb1cd4f2b86d58c449354f8efd6b73660a90dcb38ad
[INFO] running `Command { std: "docker" "create" "-v" "/var/lib/crater-agent-workspace/builds/worker-3-tc2/target:/opt/rustwide/target:rw,Z" "-v" "/var/lib/crater-agent-workspace/builds/worker-3-tc2/source:/opt/rustwide/workdir:ro,Z" "-v" "/var/lib/crater-agent-workspace/cargo-home:/opt/rustwide/cargo-home:ro,Z" "-v" "/var/lib/crater-agent-workspace/rustup-home:/opt/rustwide/rustup-home:ro,Z" "-e" "SOURCE_DIR=/opt/rustwide/workdir" "-e" "CARGO_TARGET_DIR=/opt/rustwide/target" "-e" "CARGO_INCREMENTAL=0" "-e" "RUST_BACKTRACE=full" "-e" "RUSTFLAGS=--cap-lints=warn" "-e" "RUSTDOCFLAGS=--cap-lints=warn" "-e" "CARGO_HOME=/opt/rustwide/cargo-home" "-e" "RUSTUP_HOME=/opt/rustwide/rustup-home" "-w" "/opt/rustwide/workdir" "-m" "1610612736" "--user" "0:0" "--network" "none" "ghcr.io/rust-lang/crates-build-env/linux@sha256:2788e3201cd34a07e3172128adcd8b3090168a8e3bcc40d7c032b9dda1df7d1c" "/opt/rustwide/cargo-home/bin/cargo" "+beta-2023-12-22" "build" "--frozen" "--message-format=json", kill_on_drop: false }`
[INFO] [stdout] 66e63d201625b1c516bd18f86fd722035c261dacb37d1332a9c5ec59a2307873
[INFO] running `Command { std: "docker" "start" "-a" "66e63d201625b1c516bd18f86fd722035c261dacb37d1332a9c5ec59a2307873", kill_on_drop: false }`
[INFO] [stderr]    Compiling proc-macro2 v1.0.56
[INFO] [stderr]    Compiling unicode-ident v1.0.8
[INFO] [stderr]    Compiling quote v1.0.26
[INFO] [stderr]    Compiling crossbeam-utils v0.8.15
[INFO] [stderr]    Compiling ahash v0.8.3
[INFO] [stderr]    Compiling once_cell v1.17.1
[INFO] [stderr]    Compiling libm v0.2.6
[INFO] [stderr]    Compiling libc v0.2.141
[INFO] [stderr]    Compiling num-traits v0.2.15
[INFO] [stderr]    Compiling memoffset v0.8.0
[INFO] [stderr]    Compiling indexmap v1.9.3
[INFO] [stderr]    Compiling crossbeam-epoch v0.9.14
[INFO] [stderr]    Compiling smallvec v1.10.0
[INFO] [stderr]    Compiling metrics v0.21.0
[INFO] [stderr]    Compiling raw-cpuid v10.7.0
[INFO] [stderr]    Compiling nibble_vec v0.1.0
[INFO] [stderr]    Compiling endian-type v0.1.2
[INFO] [stderr]    Compiling scopeguard v1.1.0
[INFO] [stderr]    Compiling hashbrown v0.13.1
[INFO] [stderr]    Compiling radix_trie v0.2.1
[INFO] [stderr]    Compiling syn v2.0.13
[INFO] [stderr]    Compiling num_cpus v1.15.0
[INFO] [stderr]    Compiling sketches-ddsketch v0.2.0
[INFO] [stderr]    Compiling aho-corasick v1.0.2
[INFO] [stderr]    Compiling quanta v0.11.0
[INFO] [stderr]    Compiling ordered-float v3.6.0
[INFO] [stderr]    Compiling metrics-macros v0.7.0
[INFO] [stderr]    Compiling metrics-util v0.15.1 (/opt/rustwide/workdir)
[INFO] [stderr]     Finished dev [unoptimized + debuginfo] target(s) in 12.59s
[INFO] running `Command { std: "docker" "inspect" "66e63d201625b1c516bd18f86fd722035c261dacb37d1332a9c5ec59a2307873", kill_on_drop: false }`
[INFO] running `Command { std: "docker" "rm" "-f" "66e63d201625b1c516bd18f86fd722035c261dacb37d1332a9c5ec59a2307873", kill_on_drop: false }`
[INFO] [stdout] 66e63d201625b1c516bd18f86fd722035c261dacb37d1332a9c5ec59a2307873
[INFO] running `Command { std: "docker" "create" "-v" "/var/lib/crater-agent-workspace/builds/worker-3-tc2/target:/opt/rustwide/target:rw,Z" "-v" "/var/lib/crater-agent-workspace/builds/worker-3-tc2/source:/opt/rustwide/workdir:ro,Z" "-v" "/var/lib/crater-agent-workspace/cargo-home:/opt/rustwide/cargo-home:ro,Z" "-v" "/var/lib/crater-agent-workspace/rustup-home:/opt/rustwide/rustup-home:ro,Z" "-e" "SOURCE_DIR=/opt/rustwide/workdir" "-e" "CARGO_TARGET_DIR=/opt/rustwide/target" "-e" "CARGO_INCREMENTAL=0" "-e" "RUST_BACKTRACE=full" "-e" "RUSTFLAGS=--cap-lints=warn" "-e" "RUSTDOCFLAGS=--cap-lints=warn" "-e" "CARGO_HOME=/opt/rustwide/cargo-home" "-e" "RUSTUP_HOME=/opt/rustwide/rustup-home" "-w" "/opt/rustwide/workdir" "-m" "1610612736" "--user" "0:0" "--network" "none" "ghcr.io/rust-lang/crates-build-env/linux@sha256:2788e3201cd34a07e3172128adcd8b3090168a8e3bcc40d7c032b9dda1df7d1c" "/opt/rustwide/cargo-home/bin/cargo" "+beta-2023-12-22" "test" "--frozen" "--no-run" "--message-format=json", kill_on_drop: false }`
[INFO] [stdout] da42a2783a4d793b9b79b862de0084c18f9c97ef8fd702faf48cb0a81bdbbca8
[INFO] running `Command { std: "docker" "start" "-a" "da42a2783a4d793b9b79b862de0084c18f9c97ef8fd702faf48cb0a81bdbbca8", kill_on_drop: false }`
[INFO] [stderr]    Compiling either v1.8.1
[INFO] [stderr]    Compiling syn v1.0.109
[INFO] [stderr]    Compiling serde v1.0.159
[INFO] [stderr]    Compiling semver v1.0.17
[INFO] [stderr]    Compiling getrandom v0.2.8
[INFO] [stderr]    Compiling regex-syntax v0.6.29
[INFO] [stderr]    Compiling num-integer v0.1.45
[INFO] [stderr]    Compiling ryu v1.0.13
[INFO] [stderr]    Compiling rand_core v0.6.4
[INFO] [stderr]    Compiling itertools v0.10.5
[INFO] [stderr]    Compiling rayon-core v1.11.0
[INFO] [stderr]    Compiling itoa v1.0.6
[INFO] [stderr]    Compiling unicode-width v0.1.10
[INFO] [stderr]    Compiling serde_json v1.0.95
[INFO] [stderr]    Compiling rand_chacha v0.3.1
[INFO] [stderr]    Compiling crossbeam-deque v0.8.3
[INFO] [stderr]    Compiling crossbeam-channel v0.5.7
[INFO] [stderr]    Compiling rustc_version v0.4.0
[INFO] [stderr]    Compiling rand v0.8.5
[INFO] [stderr]    Compiling rawpointer v0.2.1
[INFO] [stderr]    Compiling cast v0.2.7
[INFO] [stderr]    Compiling serde_derive v1.0.159
[INFO] [stderr]    Compiling matrixmultiply v0.3.2
[INFO] [stderr]    Compiling textwrap v0.11.0
[INFO] [stderr]    Compiling num-complex v0.4.3
[INFO] [stderr]    Compiling float-cmp v0.9.0
[INFO] [stderr]    Compiling csv-core v0.1.10
[INFO] [stderr]    Compiling tracing-core v0.1.30
[INFO] [stderr]    Compiling cast v0.3.0
[INFO] [stderr]    Compiling overload v0.1.1
[INFO] [stderr]    Compiling termtree v0.4.1
[INFO] [stderr]    Compiling crossbeam-queue v0.3.8
[INFO] [stderr]    Compiling half v1.8.2
[INFO] [stderr]    Compiling same-file v1.0.6
[INFO] [stderr]    Compiling normalize-line-endings v0.3.0
[INFO] [stderr]    Compiling walkdir v2.3.3
[INFO] [stderr]    Compiling regex v1.7.3
[INFO] [stderr]    Compiling predicates-tree v1.0.7
[INFO] [stderr]    Compiling nu-ansi-term v0.46.0
[INFO] [stderr]    Compiling criterion-plot v0.4.5
[INFO] [stderr]    Compiling ndarray v0.15.6
[INFO] [stderr]    Compiling csv v1.2.1
[INFO] [stderr]    Compiling serde_cbor v0.11.2
[INFO] [stderr]    Compiling rayon v1.7.0
[INFO] [stderr]    Compiling predicates v2.1.5
[INFO] [stderr]    Compiling tinytemplate v1.2.1
[INFO] [stderr]    Compiling env_logger v0.8.4
[INFO] [stderr]    Compiling clap v2.34.0
[INFO] [stderr]    Compiling itertools v0.9.0
[INFO] [stderr]    Compiling sharded-slab v0.1.4
[INFO] [stderr]    Compiling plotters v0.2.15
[INFO] [stderr]    Compiling noisy_float v0.2.0
[INFO] [stderr]    Compiling atty v0.2.14
[INFO] [stderr]    Compiling thread_local v1.1.7
[INFO] [stderr]    Compiling downcast v0.11.0
[INFO] [stderr]    Compiling pin-project-lite v0.2.9
[INFO] [stderr]    Compiling byteorder v1.4.3
[INFO] [stderr]    Compiling oorandom v11.1.3
[INFO] [stderr]    Compiling fragile v2.0.0
[INFO] [stderr]    Compiling ndarray-stats v0.5.1
[INFO] [stderr]    Compiling hdrhistogram v7.5.2
[INFO] [stderr]    Compiling tracing-subscriber v0.3.16
[INFO] [stderr]    Compiling quickcheck v1.0.3
[INFO] [stderr]    Compiling rand_distr v0.4.3
[INFO] [stderr]    Compiling getopts v0.2.21
[INFO] [stderr]    Compiling mockall_derive v0.11.4
[INFO] [stderr]    Compiling tracing-attributes v0.1.23
[INFO] [stderr]    Compiling quickcheck_macros v1.0.0
[INFO] [stderr]    Compiling approx v0.5.1
[INFO] [stderr]    Compiling criterion v0.3.3
[INFO] [stderr]    Compiling tracing v0.1.37
[INFO] [stderr]    Compiling mockall v0.11.4
[INFO] [stderr]    Compiling metrics-util v0.15.1 (/opt/rustwide/workdir)
[INFO] [stderr]     Finished test [unoptimized + debuginfo] target(s) in 49.21s
[INFO] [stderr] warning: the following packages contain code that will be rejected by a future version of Rust: criterion v0.3.3
[INFO] [stderr] note: to see what the problems were, use the option `--future-incompat-report`, or run `cargo report future-incompatibilities --id 1`
[INFO] running `Command { std: "docker" "inspect" "da42a2783a4d793b9b79b862de0084c18f9c97ef8fd702faf48cb0a81bdbbca8", kill_on_drop: false }`
[INFO] running `Command { std: "docker" "rm" "-f" "da42a2783a4d793b9b79b862de0084c18f9c97ef8fd702faf48cb0a81bdbbca8", kill_on_drop: false }`
[INFO] [stdout] da42a2783a4d793b9b79b862de0084c18f9c97ef8fd702faf48cb0a81bdbbca8
[INFO] running `Command { std: "docker" "create" "-v" "/var/lib/crater-agent-workspace/builds/worker-3-tc2/target:/opt/rustwide/target:rw,Z" "-v" "/var/lib/crater-agent-workspace/builds/worker-3-tc2/source:/opt/rustwide/workdir:ro,Z" "-v" "/var/lib/crater-agent-workspace/cargo-home:/opt/rustwide/cargo-home:ro,Z" "-v" "/var/lib/crater-agent-workspace/rustup-home:/opt/rustwide/rustup-home:ro,Z" "-e" "SOURCE_DIR=/opt/rustwide/workdir" "-e" "CARGO_TARGET_DIR=/opt/rustwide/target" "-e" "CARGO_INCREMENTAL=0" "-e" "RUST_BACKTRACE=full" "-e" "RUSTFLAGS=--cap-lints=warn" "-e" "RUSTDOCFLAGS=--cap-lints=warn" "-e" "CARGO_HOME=/opt/rustwide/cargo-home" "-e" "RUSTUP_HOME=/opt/rustwide/rustup-home" "-w" "/opt/rustwide/workdir" "-m" "1610612736" "--user" "0:0" "--network" "none" "ghcr.io/rust-lang/crates-build-env/linux@sha256:2788e3201cd34a07e3172128adcd8b3090168a8e3bcc40d7c032b9dda1df7d1c" "/opt/rustwide/cargo-home/bin/cargo" "+beta-2023-12-22" "test" "--frozen", kill_on_drop: false }`
[INFO] [stdout] 57a30fae302f698a77065e1298a55c0e57baed9b609d57f94bf08e59cb463905
[INFO] running `Command { std: "docker" "start" "-a" "57a30fae302f698a77065e1298a55c0e57baed9b609d57f94bf08e59cb463905", kill_on_drop: false }`
[INFO] [stderr]     Finished test [unoptimized + debuginfo] target(s) in 0.16s
[INFO] [stderr] warning: the following packages contain code that will be rejected by a future version of Rust: criterion v0.3.3
[INFO] [stderr] note: to see what the problems were, use the option `--future-incompat-report`, or run `cargo report future-incompatibilities --id 1`
[INFO] [stderr]      Running unittests src/lib.rs (/opt/rustwide/target/debug/deps/metrics_util-9338c59bd76a1872)
[INFO] [stdout] 
[INFO] [stdout] running 32 tests
[INFO] [stdout] test bucket::tests::test_block_write_then_read ... ok
[INFO] [stdout] test bucket::tests::test_block_write_until_full_then_read ... ok
[INFO] [stdout] test bucket::tests::test_bucket_multiple_blocks_write_then_read ... ok
[INFO] [stdout] test bucket::tests::test_bucket_write_then_read ... ok
[INFO] [stdout] test bucket::tests::test_bucket_len_and_next_len ... ok
[INFO] [stdout] test bucket::tests::test_create_new_block ... ok
[INFO] [stdout] test bucket::tests::test_clear_and_clear_with ... ok
[INFO] [stdout] test histogram::tests::test_histogram ... ok
[INFO] [stdout] test kind::tests::test_matching ... ok
[INFO] [stdout] test layers::filter::tests::test_case_insensitivity ... ok
[INFO] [stdout] test key::tests::test_same_keys_different_kinds_not_equal ... ok
[INFO] [stdout] test layers::fanout::tests::test_basic_functionality ... ok
[INFO] [stdout] test layers::prefix::tests::test_key_vs_key_name ... ok
[INFO] [stdout] test layers::router::tests::test_basic_functionality ... ok
[INFO] [stdout] test quantile::tests::test_parse_quantiles ... ok
[INFO] [stdout] test layers::router::tests::test_construction ... ok
[INFO] [stdout] test layers::filter::tests::test_basic_functionality ... ok
[INFO] [stdout] test layers::prefix::tests::test_basic_functionality ... ok
[INFO] [stdout] test recoverable::tests::on_drop ... ok
[INFO] [stdout] test registry::tests::test_registry ... ok
[INFO] [stdout] test quantile::tests::test_quantiles ... ok
[INFO] [stdout] test bucket::tests::test_block_write_until_full_then_read_mt ... ok
[INFO] [stdout] test recoverable::tests::basic ... ok
[INFO] [stdout] test summary::tests::test_basics ... ok
[INFO] [stdout] test summary::tests::test_zeroes ... ok
[INFO] [stdout] test summary::tests::test_infinities ... ok
[INFO] [stdout] test layers::router::tests::test_bad_construction - should panic ... ok
[INFO] [stdout] test debugging::tests::per_thread ... FAILED
[INFO] [stdout] test summary::tests::test_positive_uniform ... ok
[INFO] [stdout] test summary::tests::test_negative_positive_uniform ... ok
[INFO] [stdout] test summary::tests::quantile_validity ... ok
[INFO] [stdout] test bucket::tests::test_bucket_write_then_read_mt ... ok
[INFO] [stdout] 
[INFO] [stdout] failures:
[INFO] [stdout] 
[INFO] [stdout] ---- debugging::tests::per_thread stdout ----
[INFO] [stdout] thread 'debugging::tests::per_thread' panicked at src/debugging.rs:397:58:
[INFO] [stdout] thread 1 should have metrics
[INFO] [stdout] stack backtrace:
[INFO] [stdout]    0:     0x557f42cf3c46 - std::backtrace_rs::backtrace::libunwind::trace::h261606ad26a499c1
[INFO] [stdout]                                at /rustc/0e09125c6c3c2fd70d7de961bcf0e51575235fad/library/std/src/../../backtrace/src/backtrace/libunwind.rs:104:5
[INFO] [stdout]    1:     0x557f42cf3c46 - std::backtrace_rs::backtrace::trace_unsynchronized::hd183f0625477fb28
[INFO] [stdout]                                at /rustc/0e09125c6c3c2fd70d7de961bcf0e51575235fad/library/std/src/../../backtrace/src/backtrace/mod.rs:66:5
[INFO] [stdout]    2:     0x557f42cf3c46 - std::sys_common::backtrace::_print_fmt::hd7f8fef21b4eda67
[INFO] [stdout]                                at /rustc/0e09125c6c3c2fd70d7de961bcf0e51575235fad/library/std/src/sys_common/backtrace.rs:68:5
[INFO] [stdout]    3:     0x557f42cf3c46 - <std::sys_common::backtrace::_print::DisplayBacktrace as core::fmt::Display>::fmt::h623d9b51f2f453f1
[INFO] [stdout]                                at /rustc/0e09125c6c3c2fd70d7de961bcf0e51575235fad/library/std/src/sys_common/backtrace.rs:44:22
[INFO] [stdout]    4:     0x557f42d1d2c0 - core::fmt::rt::Argument::fmt::h9f417ac76a86f368
[INFO] [stdout]                                at /rustc/0e09125c6c3c2fd70d7de961bcf0e51575235fad/library/core/src/fmt/rt.rs:142:9
[INFO] [stdout]    5:     0x557f42d1d2c0 - core::fmt::write::hc9b6faf4ac2aeff7
[INFO] [stdout]                                at /rustc/0e09125c6c3c2fd70d7de961bcf0e51575235fad/library/core/src/fmt/mod.rs:1120:17
[INFO] [stdout]    6:     0x557f42cf14ff - std::io::Write::write_fmt::he04625a3a989fec3
[INFO] [stdout]                                at /rustc/0e09125c6c3c2fd70d7de961bcf0e51575235fad/library/std/src/io/mod.rs:1810:15
[INFO] [stdout]    7:     0x557f42cf3a24 - std::sys_common::backtrace::_print::hd5d66399c7df88a2
[INFO] [stdout]                                at /rustc/0e09125c6c3c2fd70d7de961bcf0e51575235fad/library/std/src/sys_common/backtrace.rs:47:5
[INFO] [stdout]    8:     0x557f42cf3a24 - std::sys_common::backtrace::print::he81ed2da642d37e5
[INFO] [stdout]                                at /rustc/0e09125c6c3c2fd70d7de961bcf0e51575235fad/library/std/src/sys_common/backtrace.rs:34:9
[INFO] [stdout]    9:     0x557f42cf5797 - std::panicking::default_hook::{{closure}}::h85773f4fa117163d
[INFO] [stdout]   10:     0x557f42cf547d - std::panicking::default_hook::h6a1694a91d09b278
[INFO] [stdout]                                at /rustc/0e09125c6c3c2fd70d7de961bcf0e51575235fad/library/std/src/panicking.rs:289:9
[INFO] [stdout]   11:     0x557f42a5cbd7 - <alloc::boxed::Box<F,A> as core::ops::function::Fn<Args>>::call::h616ac37fa3cd6c8f
[INFO] [stdout]                                at /rustc/0e09125c6c3c2fd70d7de961bcf0e51575235fad/library/alloc/src/boxed.rs:2029:9
[INFO] [stdout]   12:     0x557f42a5cbd7 - test::test_main::{{closure}}::h00d84697cefdcbb6
[INFO] [stdout]                                at /rustc/0e09125c6c3c2fd70d7de961bcf0e51575235fad/library/test/src/lib.rs:138:21
[INFO] [stdout]   13:     0x557f42cf5db6 - <alloc::boxed::Box<F,A> as core::ops::function::Fn<Args>>::call::hcb3fe3b9bb537ba8
[INFO] [stdout]                                at /rustc/0e09125c6c3c2fd70d7de961bcf0e51575235fad/library/alloc/src/boxed.rs:2029:9
[INFO] [stdout]   14:     0x557f42cf5db6 - std::panicking::rust_panic_with_hook::h0a7ad96e90f7145b
[INFO] [stdout]                                at /rustc/0e09125c6c3c2fd70d7de961bcf0e51575235fad/library/std/src/panicking.rs:783:13
[INFO] [stdout]   15:     0x557f42cf5b02 - std::panicking::begin_panic_handler::{{closure}}::h7919090525c6485e
[INFO] [stdout]                                at /rustc/0e09125c6c3c2fd70d7de961bcf0e51575235fad/library/std/src/panicking.rs:657:13
[INFO] [stdout]   16:     0x557f42cf4146 - std::sys_common::backtrace::__rust_end_short_backtrace::hf3289479464f7dfe
[INFO] [stdout]                                at /rustc/0e09125c6c3c2fd70d7de961bcf0e51575235fad/library/std/src/sys_common/backtrace.rs:171:18
[INFO] [stdout]   17:     0x557f42cf5860 - rust_begin_unwind
[INFO] [stdout]                                at /rustc/0e09125c6c3c2fd70d7de961bcf0e51575235fad/library/std/src/panicking.rs:645:5
[INFO] [stdout]   18:     0x557f42914215 - core::panicking::panic_fmt::hcc9f77c5c132af55
[INFO] [stdout]                                at /rustc/0e09125c6c3c2fd70d7de961bcf0e51575235fad/library/core/src/panicking.rs:72:14
[INFO] [stdout]   19:     0x557f429141d3 - core::panicking::panic_display::h0204da5f51c86759
[INFO] [stdout]                                at /rustc/0e09125c6c3c2fd70d7de961bcf0e51575235fad/library/core/src/panicking.rs:196:5
[INFO] [stdout]   20:     0x557f429141d3 - core::panicking::panic_str::h384c8d5de2012701
[INFO] [stdout]                                at /rustc/0e09125c6c3c2fd70d7de961bcf0e51575235fad/library/core/src/panicking.rs:171:5
[INFO] [stdout]   21:     0x557f429141d3 - core::option::expect_failed::h6b23844cf3a4e381
[INFO] [stdout]                                at /rustc/0e09125c6c3c2fd70d7de961bcf0e51575235fad/library/core/src/option.rs:1980:5
[INFO] [stdout]   22:     0x557f4297bad2 - core::option::Option<T>::expect::h7f3876d8e5e03da7
[INFO] [stdout]                                at /rustc/0e09125c6c3c2fd70d7de961bcf0e51575235fad/library/core/src/option.rs:894:21
[INFO] [stdout]   23:     0x557f42946a0f - metrics_util::debugging::tests::per_thread::h7354d5d25130d24d
[INFO] [stdout]                                at /opt/rustwide/workdir/src/debugging.rs:397:13
[INFO] [stdout]   24:     0x557f429467f7 - metrics_util::debugging::tests::per_thread::{{closure}}::h7fa471840d07508f
[INFO] [stdout]                                at /opt/rustwide/workdir/src/debugging.rs:374:20
[INFO] [stdout]   25:     0x557f4299ea46 - core::ops::function::FnOnce::call_once::hf328566b6ddbd174
[INFO] [stdout]                                at /rustc/0e09125c6c3c2fd70d7de961bcf0e51575235fad/library/core/src/ops/function.rs:250:5
[INFO] [stdout]   26:     0x557f42a624af - core::ops::function::FnOnce::call_once::hd64d26f405258157
[INFO] [stdout]                                at /rustc/0e09125c6c3c2fd70d7de961bcf0e51575235fad/library/core/src/ops/function.rs:250:5
[INFO] [stdout]   27:     0x557f42a624af - test::__rust_begin_short_backtrace::he21b0b7a6d731bf9
[INFO] [stdout]                                at /rustc/0e09125c6c3c2fd70d7de961bcf0e51575235fad/library/test/src/lib.rs:627:18
[INFO] [stdout]   28:     0x557f42a61231 - test::run_test_in_process::{{closure}}::hf5c73986d7bdfde2
[INFO] [stdout]                                at /rustc/0e09125c6c3c2fd70d7de961bcf0e51575235fad/library/test/src/lib.rs:650:60
[INFO] [stdout]   29:     0x557f42a61231 - <core::panic::unwind_safe::AssertUnwindSafe<F> as core::ops::function::FnOnce<()>>::call_once::h330011ad032aadc0
[INFO] [stdout]                                at /rustc/0e09125c6c3c2fd70d7de961bcf0e51575235fad/library/core/src/panic/unwind_safe.rs:272:9
[INFO] [stdout]   30:     0x557f42a61231 - std::panicking::try::do_call::he61b0a958b795a41
[INFO] [stdout]                                at /rustc/0e09125c6c3c2fd70d7de961bcf0e51575235fad/library/std/src/panicking.rs:552:40
[INFO] [stdout]   31:     0x557f42a61231 - std::panicking::try::h7309da130f906eb7
[INFO] [stdout]                                at /rustc/0e09125c6c3c2fd70d7de961bcf0e51575235fad/library/std/src/panicking.rs:516:19
[INFO] [stdout]   32:     0x557f42a61231 - std::panic::catch_unwind::hc5c3a06fdaf0a92a
[INFO] [stdout]                                at /rustc/0e09125c6c3c2fd70d7de961bcf0e51575235fad/library/std/src/panic.rs:142:14
[INFO] [stdout]   33:     0x557f42a61231 - test::run_test_in_process::h7e7b7c71c3324e0f
[INFO] [stdout]                                at /rustc/0e09125c6c3c2fd70d7de961bcf0e51575235fad/library/test/src/lib.rs:650:27
[INFO] [stdout]   34:     0x557f42a61231 - test::run_test::{{closure}}::h1f509f28f5cf20b1
[INFO] [stdout]                                at /rustc/0e09125c6c3c2fd70d7de961bcf0e51575235fad/library/test/src/lib.rs:573:43
[INFO] [stdout]   35:     0x557f42a28566 - test::run_test::{{closure}}::h1754218abf443f6d
[INFO] [stdout]                                at /rustc/0e09125c6c3c2fd70d7de961bcf0e51575235fad/library/test/src/lib.rs:601:41
[INFO] [stdout]   36:     0x557f42a28566 - std::sys_common::backtrace::__rust_begin_short_backtrace::h2ee174b9d5954948
[INFO] [stdout]                                at /rustc/0e09125c6c3c2fd70d7de961bcf0e51575235fad/library/std/src/sys_common/backtrace.rs:155:18
[INFO] [stdout]   37:     0x557f42a2d5c7 - std::thread::Builder::spawn_unchecked_::{{closure}}::{{closure}}::hf60bee9c1a17ef09
[INFO] [stdout]                                at /rustc/0e09125c6c3c2fd70d7de961bcf0e51575235fad/library/std/src/thread/mod.rs:529:17
[INFO] [stdout]   38:     0x557f42a2d5c7 - <core::panic::unwind_safe::AssertUnwindSafe<F> as core::ops::function::FnOnce<()>>::call_once::h33d0dddec5216160
[INFO] [stdout]                                at /rustc/0e09125c6c3c2fd70d7de961bcf0e51575235fad/library/core/src/panic/unwind_safe.rs:272:9
[INFO] [stdout]   39:     0x557f42a2d5c7 - std::panicking::try::do_call::h144b3048b546f835
[INFO] [stdout]                                at /rustc/0e09125c6c3c2fd70d7de961bcf0e51575235fad/library/std/src/panicking.rs:552:40
[INFO] [stdout]   40:     0x557f42a2d5c7 - std::panicking::try::h978244d04646189f
[INFO] [stdout]                                at /rustc/0e09125c6c3c2fd70d7de961bcf0e51575235fad/library/std/src/panicking.rs:516:19
[INFO] [stdout]   41:     0x557f42a2d5c7 - std::panic::catch_unwind::hdf436369d188fe86
[INFO] [stdout]                                at /rustc/0e09125c6c3c2fd70d7de961bcf0e51575235fad/library/std/src/panic.rs:142:14
[INFO] [stdout]   42:     0x557f42a2d5c7 - std::thread::Builder::spawn_unchecked_::{{closure}}::h87329cbdd33c79ec
[INFO] [stdout]                                at /rustc/0e09125c6c3c2fd70d7de961bcf0e51575235fad/library/std/src/thread/mod.rs:528:30
[INFO] [stdout]   43:     0x557f42a2d5c7 - core::ops::function::FnOnce::call_once{{vtable.shim}}::h401abbe67897d450
[INFO] [stdout]                                at /rustc/0e09125c6c3c2fd70d7de961bcf0e51575235fad/library/core/src/ops/function.rs:250:5
[INFO] [stdout]   44:     0x557f42cfa975 - <alloc::boxed::Box<F,A> as core::ops::function::FnOnce<Args>>::call_once::h5d7c8f150ab9c84c
[INFO] [stdout]                                at /rustc/0e09125c6c3c2fd70d7de961bcf0e51575235fad/library/alloc/src/boxed.rs:2015:9
[INFO] [stdout]   45:     0x557f42cfa975 - <alloc::boxed::Box<F,A> as core::ops::function::FnOnce<Args>>::call_once::h570d5b005c242c15
[INFO] [stdout]                                at /rustc/0e09125c6c3c2fd70d7de961bcf0e51575235fad/library/alloc/src/boxed.rs:2015:9
[INFO] [stdout]   46:     0x557f42cfa975 - std::sys::unix::thread::Thread::new::thread_start::h36b0a20c0b2361ad
[INFO] [stdout]                                at /rustc/0e09125c6c3c2fd70d7de961bcf0e51575235fad/library/std/src/sys/unix/thread.rs:108:17
[INFO] [stdout]   47:     0x7f411e78eac3 - <unknown>
[INFO] [stdout]   48:     0x7f411e81fbf4 - __clone
[INFO] [stdout]   49:                0x0 - <unknown>
[INFO] [stdout] 
[INFO] [stdout] 
[INFO] [stdout] failures:
[INFO] [stdout]     debugging::tests::per_thread
[INFO] [stdout] 
[INFO] [stdout] test result: FAILED. 31 passed; 1 failed; 0 ignored; 0 measured; 0 filtered out; finished in 3.66s
[INFO] [stdout] 
[INFO] [stderr] error: test failed, to rerun pass `--lib`
[INFO] running `Command { std: "docker" "inspect" "57a30fae302f698a77065e1298a55c0e57baed9b609d57f94bf08e59cb463905", kill_on_drop: false }`
[INFO] running `Command { std: "docker" "rm" "-f" "57a30fae302f698a77065e1298a55c0e57baed9b609d57f94bf08e59cb463905", kill_on_drop: false }`
[INFO] [stdout] 57a30fae302f698a77065e1298a55c0e57baed9b609d57f94bf08e59cb463905
