[INFO] fetching crate meta_tools_min 0.2.13...
[INFO] testing meta_tools_min-0.2.13 against 1.75.0 for beta-1.76-1
[INFO] extracting crate meta_tools_min 0.2.13 into /workspace/builds/worker-3-tc1/source
[INFO] validating manifest of crates.io crate meta_tools_min 0.2.13 on toolchain 1.75.0
[INFO] running `Command { std: CARGO_HOME="/workspace/cargo-home" RUSTUP_HOME="/workspace/rustup-home" "/workspace/cargo-home/bin/cargo" "+1.75.0" "metadata" "--manifest-path" "Cargo.toml" "--no-deps", kill_on_drop: false }`
[INFO] started tweaking crates.io crate meta_tools_min 0.2.13
[INFO] removed 0 missing tests
[INFO] finished tweaking crates.io crate meta_tools_min 0.2.13
[INFO] tweaked toml for crates.io crate meta_tools_min 0.2.13 written to /workspace/builds/worker-3-tc1/source/Cargo.toml
[INFO] running `Command { std: CARGO_HOME="/workspace/cargo-home" RUSTUP_HOME="/workspace/rustup-home" "/workspace/cargo-home/bin/cargo" "+1.75.0" "generate-lockfile" "--manifest-path" "Cargo.toml", kill_on_drop: false }`
[INFO] [stderr]     Updating crates.io index
[INFO] running `Command { std: CARGO_HOME="/workspace/cargo-home" RUSTUP_HOME="/workspace/rustup-home" "/workspace/cargo-home/bin/cargo" "+1.75.0" "fetch" "--manifest-path" "Cargo.toml", kill_on_drop: false }`
[INFO] [stderr]  Downloading crates ...
[INFO] [stderr]   Downloaded woptions_runtime v0.1.3
[INFO] [stderr]   Downloaded woptions v0.1.3
[INFO] [stderr]   Downloaded is_slice v0.1.1
[INFO] [stderr]   Downloaded implements v0.1.1
[INFO] [stderr]   Downloaded inspect_type v0.1.2
[INFO] [stderr]   Downloaded former_runtime v0.1.11
[INFO] [stderr]   Downloaded parse-display v0.5.5
[INFO] [stderr]   Downloaded for_each v0.1.3
[INFO] [stderr]   Downloaded woptions_meta v0.1.3
[INFO] [stderr]   Downloaded test_tools v0.1.5
[INFO] [stderr]   Downloaded structmeta v0.1.6
[INFO] [stderr]   Downloaded structmeta-derive v0.1.6
[INFO] [stderr]   Downloaded parse-display-derive v0.5.5
[INFO] [stderr]   Downloaded meta_tools v0.2.18
[INFO] [stderr]   Downloaded derive_tools v0.1.5
[INFO] [stderr]   Downloaded clone_dyn_meta v0.1.1
[INFO] [stderr]   Downloaded wtest_basic v0.1.14
[INFO] [stderr]   Downloaded iter_tools v0.1.4
[INFO] [stderr]   Downloaded clone_dyn v0.1.0
[INFO] [stderr]   Downloaded typing_tools v0.1.5
[INFO] [stderr]   Downloaded proc_macro_tools v0.1.17
[INFO] [stderr]   Downloaded diagnostics_tools v0.1.3
[INFO] [stderr]   Downloaded impls_index_meta v0.1.1
[INFO] [stderr]   Downloaded mod_interface_meta v0.1.11
[INFO] [stderr]   Downloaded mod_interface_runtime v0.1.1
[INFO] [stderr]   Downloaded mod_interface v0.1.16
[INFO] [stderr]   Downloaded former_meta v0.1.12
[INFO] [stderr]   Downloaded former v0.1.12
[INFO] [stderr]   Downloaded meta_tools_min v0.2.13
[INFO] [stderr]   Downloaded impls_index v0.1.3
[INFO] running `Command { std: "docker" "create" "-v" "/var/lib/crater-agent-workspace/builds/worker-3-tc1/target:/opt/rustwide/target:rw,Z" "-v" "/var/lib/crater-agent-workspace/builds/worker-3-tc1/source:/opt/rustwide/workdir:ro,Z" "-v" "/var/lib/crater-agent-workspace/cargo-home:/opt/rustwide/cargo-home:ro,Z" "-v" "/var/lib/crater-agent-workspace/rustup-home:/opt/rustwide/rustup-home:ro,Z" "-e" "SOURCE_DIR=/opt/rustwide/workdir" "-e" "CARGO_TARGET_DIR=/opt/rustwide/target" "-e" "CARGO_HOME=/opt/rustwide/cargo-home" "-e" "RUSTUP_HOME=/opt/rustwide/rustup-home" "-w" "/opt/rustwide/workdir" "-m" "1610612736" "--user" "0:0" "--network" "none" "ghcr.io/rust-lang/crates-build-env/linux@sha256:2788e3201cd34a07e3172128adcd8b3090168a8e3bcc40d7c032b9dda1df7d1c" "/opt/rustwide/cargo-home/bin/cargo" "+1.75.0" "metadata" "--no-deps" "--format-version=1", kill_on_drop: false }`
[INFO] [stdout] f05f9160b6779788ee4a8b032c42fc6e6385616af18e7e3851b53d5bffb204c5
[INFO] running `Command { std: "docker" "start" "-a" "f05f9160b6779788ee4a8b032c42fc6e6385616af18e7e3851b53d5bffb204c5", kill_on_drop: false }`
[INFO] running `Command { std: "docker" "inspect" "f05f9160b6779788ee4a8b032c42fc6e6385616af18e7e3851b53d5bffb204c5", kill_on_drop: false }`
[INFO] running `Command { std: "docker" "rm" "-f" "f05f9160b6779788ee4a8b032c42fc6e6385616af18e7e3851b53d5bffb204c5", kill_on_drop: false }`
[INFO] [stdout] f05f9160b6779788ee4a8b032c42fc6e6385616af18e7e3851b53d5bffb204c5
[INFO] running `Command { std: "docker" "create" "-v" "/var/lib/crater-agent-workspace/builds/worker-3-tc1/target:/opt/rustwide/target:rw,Z" "-v" "/var/lib/crater-agent-workspace/builds/worker-3-tc1/source:/opt/rustwide/workdir:ro,Z" "-v" "/var/lib/crater-agent-workspace/cargo-home:/opt/rustwide/cargo-home:ro,Z" "-v" "/var/lib/crater-agent-workspace/rustup-home:/opt/rustwide/rustup-home:ro,Z" "-e" "SOURCE_DIR=/opt/rustwide/workdir" "-e" "CARGO_TARGET_DIR=/opt/rustwide/target" "-e" "CARGO_INCREMENTAL=0" "-e" "RUST_BACKTRACE=full" "-e" "RUSTFLAGS=--cap-lints=warn" "-e" "RUSTDOCFLAGS=--cap-lints=warn" "-e" "CARGO_HOME=/opt/rustwide/cargo-home" "-e" "RUSTUP_HOME=/opt/rustwide/rustup-home" "-w" "/opt/rustwide/workdir" "-m" "1610612736" "--user" "0:0" "--network" "none" "ghcr.io/rust-lang/crates-build-env/linux@sha256:2788e3201cd34a07e3172128adcd8b3090168a8e3bcc40d7c032b9dda1df7d1c" "/opt/rustwide/cargo-home/bin/cargo" "+1.75.0" "build" "--frozen" "--message-format=json", kill_on_drop: false }`
[INFO] [stdout] 05a315f136229d627de19e0bb463ae2946330955a513587e68a0a6fcd12351bc
[INFO] running `Command { std: "docker" "start" "-a" "05a315f136229d627de19e0bb463ae2946330955a513587e68a0a6fcd12351bc", kill_on_drop: false }`
[INFO] [stderr]    Compiling syn v1.0.109
[INFO] [stderr]    Compiling winterval v0.1.5
[INFO] [stderr]    Compiling memchr v2.7.1
[INFO] [stderr]    Compiling type_constructor v0.1.19
[INFO] [stderr]    Compiling regex-syntax v0.8.2
[INFO] [stderr]    Compiling once_cell v1.19.0
[INFO] [stderr]    Compiling regex-syntax v0.6.29
[INFO] [stderr]    Compiling convert_case v0.4.0
[INFO] [stderr]    Compiling paste v1.0.14
[INFO] [stderr]    Compiling mod_interface_runtime v0.1.1
[INFO] [stderr]    Compiling for_each v0.1.3
[INFO] [stderr]    Compiling literally v0.1.3
[INFO] [stderr]    Compiling aho-corasick v1.1.2
[INFO] [stderr]    Compiling regex-automata v0.4.3
[INFO] [stderr]    Compiling proc_macro_tools v0.1.17
[INFO] [stderr]    Compiling regex v1.10.2
[INFO] [stderr]    Compiling structmeta-derive v0.1.6
[INFO] [stderr]    Compiling clone_dyn_meta v0.1.1
[INFO] [stderr]    Compiling derive_more v0.99.17
[INFO] [stderr]    Compiling impls_index_meta v0.1.1
[INFO] [stderr]    Compiling clone_dyn v0.1.0
[INFO] [stderr]    Compiling impls_index v0.1.3
[INFO] [stderr]    Compiling structmeta v0.1.6
[INFO] [stderr]    Compiling parse-display-derive v0.5.5
[INFO] [stderr]    Compiling parse-display v0.5.5
[INFO] [stderr]    Compiling derive_tools v0.1.5
[INFO] [stderr]    Compiling mod_interface_meta v0.1.11
[INFO] [stderr]    Compiling mod_interface v0.1.16
[INFO] [stderr]    Compiling meta_tools_min v0.2.13 (/opt/rustwide/workdir)
[INFO] [stderr]     Finished dev [unoptimized + debuginfo] target(s) in 7.01s
[INFO] running `Command { std: "docker" "inspect" "05a315f136229d627de19e0bb463ae2946330955a513587e68a0a6fcd12351bc", kill_on_drop: false }`
[INFO] running `Command { std: "docker" "rm" "-f" "05a315f136229d627de19e0bb463ae2946330955a513587e68a0a6fcd12351bc", kill_on_drop: false }`
[INFO] [stdout] 05a315f136229d627de19e0bb463ae2946330955a513587e68a0a6fcd12351bc
[INFO] running `Command { std: "docker" "create" "-v" "/var/lib/crater-agent-workspace/builds/worker-3-tc1/target:/opt/rustwide/target:rw,Z" "-v" "/var/lib/crater-agent-workspace/builds/worker-3-tc1/source:/opt/rustwide/workdir:ro,Z" "-v" "/var/lib/crater-agent-workspace/cargo-home:/opt/rustwide/cargo-home:ro,Z" "-v" "/var/lib/crater-agent-workspace/rustup-home:/opt/rustwide/rustup-home:ro,Z" "-e" "SOURCE_DIR=/opt/rustwide/workdir" "-e" "CARGO_TARGET_DIR=/opt/rustwide/target" "-e" "CARGO_INCREMENTAL=0" "-e" "RUST_BACKTRACE=full" "-e" "RUSTFLAGS=--cap-lints=warn" "-e" "RUSTDOCFLAGS=--cap-lints=warn" "-e" "CARGO_HOME=/opt/rustwide/cargo-home" "-e" "RUSTUP_HOME=/opt/rustwide/rustup-home" "-w" "/opt/rustwide/workdir" "-m" "1610612736" "--user" "0:0" "--network" "none" "ghcr.io/rust-lang/crates-build-env/linux@sha256:2788e3201cd34a07e3172128adcd8b3090168a8e3bcc40d7c032b9dda1df7d1c" "/opt/rustwide/cargo-home/bin/cargo" "+1.75.0" "test" "--frozen" "--no-run" "--message-format=json", kill_on_drop: false }`
[INFO] [stdout] f8a4d4bfc4275850a81b2de28257672a5e6b066a602923a9520debf9712ce24e
[INFO] running `Command { std: "docker" "start" "-a" "f8a4d4bfc4275850a81b2de28257672a5e6b066a602923a9520debf9712ce24e", kill_on_drop: false }`
[INFO] [stderr]    Compiling type_constructor v0.1.19
[INFO] [stderr]    Compiling either v1.6.1
[INFO] [stderr]    Compiling former_runtime v0.1.11
[INFO] [stderr]    Compiling convert_case v0.5.0
[INFO] [stderr]    Compiling serde_json v1.0.111
[INFO] [stderr]    Compiling trybuild v1.0.87
[INFO] [stderr]    Compiling anyhow v1.0.79
[INFO] [stderr]    Compiling ansi_term v0.12.1
[INFO] [stderr]    Compiling rustversion v1.0.14
[INFO] [stderr]    Compiling num-traits v0.2.17
[INFO] [stderr]    Compiling syn v2.0.48
[INFO] [stderr]    Compiling diff v0.1.13
[INFO] [stderr]    Compiling basic-toml v0.1.8
[INFO] [stderr]    Compiling implements v0.1.1
[INFO] [stderr]    Compiling dissimilar v1.0.7
[INFO] [stderr]    Compiling parse-display-derive v0.5.5
[INFO] [stderr]    Compiling is_slice v0.1.1
[INFO] [stderr]    Compiling winterval v0.1.5
[INFO] [stderr]    Compiling itertools v0.10.5
[INFO] [stderr]    Compiling proc_macro_tools v0.1.17
[INFO] [stderr]    Compiling pretty_assertions v1.2.1
[INFO] [stderr]    Compiling inspect_type v0.1.2
[INFO] [stderr]    Compiling glob v0.3.1
[INFO] [stderr]    Compiling typing_tools v0.1.5
[INFO] [stderr]    Compiling data_type v0.1.9
[INFO] [stderr]    Compiling diagnostics_tools v0.1.3
[INFO] [stderr]    Compiling mem_tools v0.1.1
[INFO] [stderr]    Compiling clone_dyn_meta v0.1.1
[INFO] [stderr]    Compiling impls_index_meta v0.1.1
[INFO] [stderr]    Compiling impls_index v0.1.3
[INFO] [stderr]    Compiling clone_dyn v0.1.0
[INFO] [stderr]    Compiling iter_tools v0.1.4
[INFO] [stderr]    Compiling former_meta v0.1.12
[INFO] [stderr]    Compiling serde_derive v1.0.194
[INFO] [stderr]    Compiling parse-display v0.5.5
[INFO] [stderr]    Compiling derive_tools v0.1.5
[INFO] [stderr]    Compiling mod_interface_meta v0.1.11
[INFO] [stderr]    Compiling former v0.1.12
[INFO] [stderr]    Compiling woptions_runtime v0.1.3
[INFO] [stderr]    Compiling mod_interface v0.1.16
[INFO] [stderr]    Compiling meta_tools_min v0.2.13
[INFO] [stderr]    Compiling meta_tools_min v0.2.13 (/opt/rustwide/workdir)
[INFO] [stderr]    Compiling woptions_meta v0.1.3
[INFO] [stderr]    Compiling woptions v0.1.3
[INFO] [stderr]    Compiling meta_tools v0.2.18
[INFO] [stderr]    Compiling wtest_basic v0.1.14
[INFO] [stderr]    Compiling test_tools v0.1.5
[INFO] [stdout] warning: unused import: `protected::*`
[INFO] [stdout]   --> rust/test/meta/./mod_interface/runtime/micro_modules/mod.rs:23:9
[INFO] [stdout]    |
[INFO] [stdout] 23 | pub use protected::*;
[INFO] [stdout]    |         ^^^^^^^^^^^^
[INFO] [stdout]    |
[INFO] [stdout]    = note: `#[warn(unused_imports)]` on by default
[INFO] [stdout] 
[INFO] [stdout] 
[INFO] [stdout] warning: unused import: `protected::*`
[INFO] [stdout]   --> rust/test/meta/./mod_interface/runtime/micro_modules_two/mod.rs:29:9
[INFO] [stdout]    |
[INFO] [stdout] 29 | pub use protected::*;
[INFO] [stdout]    |         ^^^^^^^^^^^^
[INFO] [stdout] 
[INFO] [stdout] 
[INFO] [stdout] warning: unused import: `super::orphan::*`
[INFO] [stdout]   --> rust/test/meta/./mod_interface/runtime/layer/mod.rs:18:11
[INFO] [stdout]    |
[INFO] [stdout] 18 |   pub use super::orphan::*;
[INFO] [stdout]    |           ^^^^^^^^^^^^^^^^
[INFO] [stdout] 
[INFO] [stdout] 
[INFO] [stdout] warning: unused import: `super::prelude::*`
[INFO] [stdout]   --> rust/test/meta/./mod_interface/runtime/layer/mod.rs:39:11
[INFO] [stdout]    |
[INFO] [stdout] 39 |   pub use super::prelude::*;
[INFO] [stdout]    |           ^^^^^^^^^^^^^^^^^
[INFO] [stdout] 
[INFO] [stdout] 
[INFO] [stdout] warning: unused import: `super::orphan::*`
[INFO] [stdout]   --> rust/test/meta/./mod_interface/runtime/layer_use/mod.rs:18:11
[INFO] [stdout]    |
[INFO] [stdout] 18 |   pub use super::orphan::*;
[INFO] [stdout]    |           ^^^^^^^^^^^^^^^^
[INFO] [stdout] 
[INFO] [stdout] 
[INFO] [stdout] warning: unused import: `super::prelude::*`
[INFO] [stdout]   --> rust/test/meta/./mod_interface/runtime/layer_use/mod.rs:39:11
[INFO] [stdout]    |
[INFO] [stdout] 39 |   pub use super::prelude::*;
[INFO] [stdout]    |           ^^^^^^^^^^^^^^^^^
[INFO] [stdout] 
[INFO] [stdout] 
[INFO] [stdout] warning: 6 warnings emitted
[INFO] [stdout] 
[INFO] [stdout] 
[INFO] [stderr]     Finished test [unoptimized + debuginfo] target(s) in 8.44s
[INFO] running `Command { std: "docker" "inspect" "f8a4d4bfc4275850a81b2de28257672a5e6b066a602923a9520debf9712ce24e", kill_on_drop: false }`
[INFO] running `Command { std: "docker" "rm" "-f" "f8a4d4bfc4275850a81b2de28257672a5e6b066a602923a9520debf9712ce24e", kill_on_drop: false }`
[INFO] [stdout] f8a4d4bfc4275850a81b2de28257672a5e6b066a602923a9520debf9712ce24e
[INFO] running `Command { std: "docker" "create" "-v" "/var/lib/crater-agent-workspace/builds/worker-3-tc1/target:/opt/rustwide/target:rw,Z" "-v" "/var/lib/crater-agent-workspace/builds/worker-3-tc1/source:/opt/rustwide/workdir:ro,Z" "-v" "/var/lib/crater-agent-workspace/cargo-home:/opt/rustwide/cargo-home:ro,Z" "-v" "/var/lib/crater-agent-workspace/rustup-home:/opt/rustwide/rustup-home:ro,Z" "-e" "SOURCE_DIR=/opt/rustwide/workdir" "-e" "CARGO_TARGET_DIR=/opt/rustwide/target" "-e" "CARGO_INCREMENTAL=0" "-e" "RUST_BACKTRACE=full" "-e" "RUSTFLAGS=--cap-lints=warn" "-e" "RUSTDOCFLAGS=--cap-lints=warn" "-e" "CARGO_HOME=/opt/rustwide/cargo-home" "-e" "RUSTUP_HOME=/opt/rustwide/rustup-home" "-w" "/opt/rustwide/workdir" "-m" "1610612736" "--user" "0:0" "--network" "none" "ghcr.io/rust-lang/crates-build-env/linux@sha256:2788e3201cd34a07e3172128adcd8b3090168a8e3bcc40d7c032b9dda1df7d1c" "/opt/rustwide/cargo-home/bin/cargo" "+1.75.0" "test" "--frozen", kill_on_drop: false }`
[INFO] [stdout] 1088a62ca7cf3d53f3b10937825962d96d584f5207200b9777c091860247d2c0
[INFO] running `Command { std: "docker" "start" "-a" "1088a62ca7cf3d53f3b10937825962d96d584f5207200b9777c091860247d2c0", kill_on_drop: false }`
[INFO] [stderr] warning: unused import: `protected::*`
[INFO] [stderr]   --> rust/test/meta/./mod_interface/runtime/micro_modules/mod.rs:23:9
[INFO] [stderr]    |
[INFO] [stderr] 23 | pub use protected::*;
[INFO] [stderr]    |         ^^^^^^^^^^^^
[INFO] [stderr]    |
[INFO] [stderr]    = note: `#[warn(unused_imports)]` on by default
[INFO] [stderr] 
[INFO] [stderr] warning: unused import: `protected::*`
[INFO] [stderr]   --> rust/test/meta/./mod_interface/runtime/micro_modules_two/mod.rs:29:9
[INFO] [stderr]    |
[INFO] [stderr] 29 | pub use protected::*;
[INFO] [stderr]    |         ^^^^^^^^^^^^
[INFO] [stderr] 
[INFO] [stderr] warning: unused import: `super::orphan::*`
[INFO] [stderr]   --> rust/test/meta/./mod_interface/runtime/layer/mod.rs:18:11
[INFO] [stderr]    |
[INFO] [stderr] 18 |   pub use super::orphan::*;
[INFO] [stderr]    |           ^^^^^^^^^^^^^^^^
[INFO] [stderr] 
[INFO] [stderr] warning: unused import: `super::prelude::*`
[INFO] [stderr]   --> rust/test/meta/./mod_interface/runtime/layer/mod.rs:39:11
[INFO] [stderr]    |
[INFO] [stderr] 39 |   pub use super::prelude::*;
[INFO] [stderr]    |           ^^^^^^^^^^^^^^^^^
[INFO] [stderr] 
[INFO] [stderr] warning: unused import: `super::orphan::*`
[INFO] [stderr]   --> rust/test/meta/./mod_interface/runtime/layer_use/mod.rs:18:11
[INFO] [stderr]    |
[INFO] [stderr] 18 |   pub use super::orphan::*;
[INFO] [stderr]    |           ^^^^^^^^^^^^^^^^
[INFO] [stderr] 
[INFO] [stderr] warning: unused import: `super::prelude::*`
[INFO] [stderr]   --> rust/test/meta/./mod_interface/runtime/layer_use/mod.rs:39:11
[INFO] [stderr]    |
[INFO] [stderr] 39 |   pub use super::prelude::*;
[INFO] [stderr]    |           ^^^^^^^^^^^^^^^^^
[INFO] [stderr] 
[INFO] [stderr] warning: `meta_tools_min` (test "meta_tools_min_test") generated 6 warnings (run `cargo fix --test "meta_tools_min_test"` to apply 6 suggestions)
[INFO] [stderr]     Finished test [unoptimized + debuginfo] target(s) in 0.08s
[INFO] [stderr]      Running unittests rust/impl/meta/meta_tools_min_lib.rs (/opt/rustwide/target/debug/deps/meta_tools_min-f26d60d0431fac37)
[INFO] [stdout] 
[INFO] [stdout] running 0 tests
[INFO] [stdout] 
[INFO] [stdout] test result: ok. 0 passed; 0 failed; 0 ignored; 0 measured; 0 filtered out; finished in 0.00s
[INFO] [stdout] 
[INFO] [stderr]      Running rust/test/_integration_test/smoke_test.rs (/opt/rustwide/target/debug/deps/meta_tools_min_smoke_test-1b2b2b8aba45aed7)
[INFO] [stdout] 
[INFO] [stdout] running 2 tests
[INFO] [stdout] test local_smoke_test ... ok
[INFO] [stdout] test published_smoke_test ... ok
[INFO] [stdout] 
[INFO] [stdout] test result: ok. 2 passed; 0 failed; 0 ignored; 0 measured; 0 filtered out; finished in 0.00s
[INFO] [stdout] 
[INFO] [stderr]      Running rust/test/meta/meta_tools_min_tests.rs (/opt/rustwide/target/debug/deps/meta_tools_min_test-014f2d31d82e6427)
[INFO] [stdout] 
[INFO] [stdout] running 61 tests
[INFO] [stdout] test inc::collection_make_test::hash_map ... ok
[INFO] [stdout] test inc::impls_index::func_test::fns ... ok
[INFO] [stdout] test inc::impls_index::impls1_test::impls_basic ... ok
[INFO] [stdout] test inc::impls_index::impls3_test::impls_basic ... ok
[INFO] [stdout] test inc::impls_index::impls2_test::impls_basic ... ok
[INFO] [stdout] test inc::impls_index::impls2_test::impls_basic ... ok
[INFO] [stdout] test inc::for_each_test::for_each_higher_order_test ... ok
[INFO] [stdout] test inc::collection_make_test::hash_set ... ok
[INFO] [stdout] test inc::impls_index::impls1_test::impls_basic ... ok
[INFO] [stdout] test inc::impls_index::func_test::fn_rename ... ok
[INFO] [stdout] test inc::for_each_test::for_each_test ... ok
[INFO] [stdout] test inc::impls_index::func_test::fn_name ... ok
[INFO] [stdout] test inc::for_each_test::braces_unwrap_test ... ok
[INFO] [stdout] test inc::impls_index::impls3_test::impls_basic ... ok
[INFO] [stdout] test inc::impls_index::impls_basic_test::always_test ... ok
[INFO] [stdout] test inc::impls_index::impls_basic_test::always_test ... ok
[INFO] [stdout] test inc::impls_index::impls_basic_test::fail1_test ... ok
[INFO] [stdout] test inc::impls_index::index_test::parentheses_with_comma ... ok
[INFO] [stdout] test inc::impls_index::index_test::empty_without_comma ... ok
[INFO] [stdout] test inc::impls_index::index_test::without_comma ... ok
[INFO] [stdout] test inc::impls_index::impls_basic_test::fail1_test ... ok
[INFO] [stdout] test inc::impls_index::tests_index_test::empty_with_comma ... ok
[INFO] [stdout] test inc::impls_index::tests_index_test::empty_with_comma ... ok
[INFO] [stdout] test inc::impls_index::index_test::with_comma ... ok
[INFO] [stdout] test inc::impls_index::index_test::with_comma ... ok
[INFO] [stdout] test inc::impls_index::index_test::parentheses_with_comma ... ok
[INFO] [stdout] test inc::impls_index::index_test::parentheses_without_comma ... ok
[INFO] [stdout] test inc::impls_index::index_test::parentheses_without_comma ... ok
[INFO] [stdout] test inc::impls_index::index_test::without_comma ... ok
[INFO] [stdout] test inc::impls_index::index_test::empty_without_comma ... ok
[INFO] [stdout] test inc::impls_index::impls_basic_test::pass1_test ... ok
[INFO] [stdout] test inc::impls_index::index_test::empty_with_comma ... ok
[INFO] [stdout] test inc::impls_index::tests_index_test::parentheses_with_comma ... ok
[INFO] [stdout] test inc::impls_index::index_test::empty_with_comma ... ok
[INFO] [stdout] test inc::impls_index::tests_index_test::parentheses_with_comma ... ok
[INFO] [stdout] test inc::impls_index::tests_index_test::empty_without_comma ... ok
[INFO] [stdout] test inc::impls_index::tests_index_test::parentheses_without_comma ... ok
[INFO] [stdout] test inc::impls_index::tests_index_test::without_comma ... ok
[INFO] [stdout] test inc::impls_index::tests_index_test::empty_without_comma ... ok
[INFO] [stdout] test inc::impls_index::tests_index_test::with_comma ... ok
[INFO] [stdout] test inc::impls_index::tests_index_test::without_comma ... ok
[INFO] [stdout] test inc::impls_index::tests_index_test::with_comma ... ok
[INFO] [stdout] test inc::impls_index::impls_basic_test::pass1_test ... ok
[INFO] [stdout] test inc::impls_index::tests_index_test::parentheses_without_comma ... ok
[INFO] [stdout] test inc::indents_concat_test::basic ... ok
[INFO] [stdout] test inc::mod_interface::front::layer_have_mod_cfg::mod_cfg ... ok
[INFO] [stdout] test inc::mod_interface::basic_test::basic ... ok
[INFO] [stdout] test inc::mod_interface::front::micro_modules::basic ... ok
[INFO] [stdout] test inc::mod_interface::front::micro_modules_two::basic ... ok
[INFO] [stdout] test inc::mod_interface::front::micro_modules_two_joined::basic ... ok
[INFO] [stdout] test inc::mod_interface::runtime::layer::basic ... ok
[INFO] [stdout] test inc::mod_interface::runtime::micro_modules::basic ... ok
[INFO] [stdout] test inc::mod_interface::front::layer_use_cfg::basic ... ok
[INFO] [stdout] test inc::mod_interface::runtime::micro_modules_two::basic ... ok
[INFO] [stdout] test inc::mod_interface::front::layer_have_layer::basic ... ok
[INFO] [stdout] test inc::mod_interface::front::layer_have_layer_cfg::basic ... ok
[INFO] [stdout] test inc::mod_interface::front::layer_have_layer_separate_use::basic ... ok
[INFO] [stdout] test inc::mod_interface::front::layer::basic ... ok
[INFO] [stdout] test inc::mod_interface::front::layer_have_layer_separate_use_two::basic ... ok
[INFO] [stdout] test inc::mod_interface::runtime::layer_use::basic ... ok
[INFO] [stdout] test inc::mod_interface::front::use_non_layer::divergent ... ok
[INFO] [stdout] 
[INFO] [stdout] test result: ok. 61 passed; 0 failed; 0 ignored; 0 measured; 0 filtered out; finished in 0.03s
[INFO] [stdout] 
[INFO] [stderr]    Doc-tests meta_tools_min
[INFO] [stdout] 
[INFO] [stdout] running 2 tests
[INFO] [stdout] test rust/impl/meta/meta_tools_min_lib.rs - (line 49) ... ok
[INFO] [stdout] test rust/impl/meta/meta_tools_min_lib.rs - (line 27) ... ok
[INFO] [stdout] 
[INFO] [stdout] test result: ok. 2 passed; 0 failed; 0 ignored; 0 measured; 0 filtered out; finished in 0.32s
[INFO] [stdout] 
[INFO] running `Command { std: "docker" "inspect" "1088a62ca7cf3d53f3b10937825962d96d584f5207200b9777c091860247d2c0", kill_on_drop: false }`
[INFO] running `Command { std: "docker" "rm" "-f" "1088a62ca7cf3d53f3b10937825962d96d584f5207200b9777c091860247d2c0", kill_on_drop: false }`
[INFO] [stdout] 1088a62ca7cf3d53f3b10937825962d96d584f5207200b9777c091860247d2c0
[INFO] testing meta_tools_min-0.2.13 against beta-2023-12-22 for beta-1.76-1
[INFO] extracting crate meta_tools_min 0.2.13 into /workspace/builds/worker-3-tc2/source
[INFO] validating manifest of crates.io crate meta_tools_min 0.2.13 on toolchain beta-2023-12-22
[INFO] running `Command { std: CARGO_HOME="/workspace/cargo-home" RUSTUP_HOME="/workspace/rustup-home" "/workspace/cargo-home/bin/cargo" "+beta-2023-12-22" "metadata" "--manifest-path" "Cargo.toml" "--no-deps", kill_on_drop: false }`
[INFO] started tweaking crates.io crate meta_tools_min 0.2.13
[INFO] removed 0 missing tests
[INFO] finished tweaking crates.io crate meta_tools_min 0.2.13
[INFO] tweaked toml for crates.io crate meta_tools_min 0.2.13 written to /workspace/builds/worker-3-tc2/source/Cargo.toml
[INFO] running `Command { std: CARGO_HOME="/workspace/cargo-home" RUSTUP_HOME="/workspace/rustup-home" "/workspace/cargo-home/bin/cargo" "+beta-2023-12-22" "generate-lockfile" "--manifest-path" "Cargo.toml", kill_on_drop: false }`
[INFO] [stderr]     Updating crates.io index
[INFO] running `Command { std: CARGO_HOME="/workspace/cargo-home" RUSTUP_HOME="/workspace/rustup-home" "/workspace/cargo-home/bin/cargo" "+beta-2023-12-22" "fetch" "--manifest-path" "Cargo.toml", kill_on_drop: false }`
[INFO] running `Command { std: "docker" "create" "-v" "/var/lib/crater-agent-workspace/builds/worker-3-tc2/target:/opt/rustwide/target:rw,Z" "-v" "/var/lib/crater-agent-workspace/builds/worker-3-tc2/source:/opt/rustwide/workdir:ro,Z" "-v" "/var/lib/crater-agent-workspace/cargo-home:/opt/rustwide/cargo-home:ro,Z" "-v" "/var/lib/crater-agent-workspace/rustup-home:/opt/rustwide/rustup-home:ro,Z" "-e" "SOURCE_DIR=/opt/rustwide/workdir" "-e" "CARGO_TARGET_DIR=/opt/rustwide/target" "-e" "CARGO_HOME=/opt/rustwide/cargo-home" "-e" "RUSTUP_HOME=/opt/rustwide/rustup-home" "-w" "/opt/rustwide/workdir" "-m" "1610612736" "--user" "0:0" "--network" "none" "ghcr.io/rust-lang/crates-build-env/linux@sha256:2788e3201cd34a07e3172128adcd8b3090168a8e3bcc40d7c032b9dda1df7d1c" "/opt/rustwide/cargo-home/bin/cargo" "+beta-2023-12-22" "metadata" "--no-deps" "--format-version=1", kill_on_drop: false }`
[INFO] [stdout] ebeb9439048b94c7626efaebcf2e85208a0e5f0207873669facf53d4da5cf4b5
[INFO] running `Command { std: "docker" "start" "-a" "ebeb9439048b94c7626efaebcf2e85208a0e5f0207873669facf53d4da5cf4b5", kill_on_drop: false }`
[INFO] running `Command { std: "docker" "inspect" "ebeb9439048b94c7626efaebcf2e85208a0e5f0207873669facf53d4da5cf4b5", kill_on_drop: false }`
[INFO] running `Command { std: "docker" "rm" "-f" "ebeb9439048b94c7626efaebcf2e85208a0e5f0207873669facf53d4da5cf4b5", kill_on_drop: false }`
[INFO] [stdout] ebeb9439048b94c7626efaebcf2e85208a0e5f0207873669facf53d4da5cf4b5
[INFO] running `Command { std: "docker" "create" "-v" "/var/lib/crater-agent-workspace/builds/worker-3-tc2/target:/opt/rustwide/target:rw,Z" "-v" "/var/lib/crater-agent-workspace/builds/worker-3-tc2/source:/opt/rustwide/workdir:ro,Z" "-v" "/var/lib/crater-agent-workspace/cargo-home:/opt/rustwide/cargo-home:ro,Z" "-v" "/var/lib/crater-agent-workspace/rustup-home:/opt/rustwide/rustup-home:ro,Z" "-e" "SOURCE_DIR=/opt/rustwide/workdir" "-e" "CARGO_TARGET_DIR=/opt/rustwide/target" "-e" "CARGO_INCREMENTAL=0" "-e" "RUST_BACKTRACE=full" "-e" "RUSTFLAGS=--cap-lints=warn" "-e" "RUSTDOCFLAGS=--cap-lints=warn" "-e" "CARGO_HOME=/opt/rustwide/cargo-home" "-e" "RUSTUP_HOME=/opt/rustwide/rustup-home" "-w" "/opt/rustwide/workdir" "-m" "1610612736" "--user" "0:0" "--network" "none" "ghcr.io/rust-lang/crates-build-env/linux@sha256:2788e3201cd34a07e3172128adcd8b3090168a8e3bcc40d7c032b9dda1df7d1c" "/opt/rustwide/cargo-home/bin/cargo" "+beta-2023-12-22" "build" "--frozen" "--message-format=json", kill_on_drop: false }`
[INFO] [stdout] 8551128bb2477f82d23c62cfcee079c17edcd5e7426b7911ee0425ad7b1a47d2
[INFO] running `Command { std: "docker" "start" "-a" "8551128bb2477f82d23c62cfcee079c17edcd5e7426b7911ee0425ad7b1a47d2", kill_on_drop: false }`
[INFO] [stderr]    Compiling syn v1.0.109
[INFO] [stderr]    Compiling type_constructor v0.1.19
[INFO] [stderr]    Compiling winterval v0.1.5
[INFO] [stderr]    Compiling memchr v2.7.1
[INFO] [stderr]    Compiling regex-syntax v0.8.2
[INFO] [stderr]    Compiling once_cell v1.19.0
[INFO] [stderr]    Compiling regex-syntax v0.6.29
[INFO] [stderr]    Compiling convert_case v0.4.0
[INFO] [stderr]    Compiling paste v1.0.14
[INFO] [stderr]    Compiling mod_interface_runtime v0.1.1
[INFO] [stderr]    Compiling literally v0.1.3
[INFO] [stderr]    Compiling for_each v0.1.3
[INFO] [stderr]    Compiling aho-corasick v1.1.2
[INFO] [stderr]    Compiling regex-automata v0.4.3
[INFO] [stderr]    Compiling proc_macro_tools v0.1.17
[INFO] [stderr]    Compiling regex v1.10.2
[INFO] [stderr]    Compiling structmeta-derive v0.1.6
[INFO] [stderr]    Compiling clone_dyn_meta v0.1.1
[INFO] [stderr]    Compiling derive_more v0.99.17
[INFO] [stderr]    Compiling impls_index_meta v0.1.1
[INFO] [stderr]    Compiling clone_dyn v0.1.0
[INFO] [stderr]    Compiling impls_index v0.1.3
[INFO] [stderr]    Compiling structmeta v0.1.6
[INFO] [stderr]    Compiling parse-display-derive v0.5.5
[INFO] [stderr]    Compiling parse-display v0.5.5
[INFO] [stderr]    Compiling derive_tools v0.1.5
[INFO] [stderr]    Compiling mod_interface_meta v0.1.11
[INFO] [stderr]    Compiling mod_interface v0.1.16
[INFO] [stderr]    Compiling meta_tools_min v0.2.13 (/opt/rustwide/workdir)
[INFO] [stderr]     Finished dev [unoptimized + debuginfo] target(s) in 7.95s
[INFO] running `Command { std: "docker" "inspect" "8551128bb2477f82d23c62cfcee079c17edcd5e7426b7911ee0425ad7b1a47d2", kill_on_drop: false }`
[INFO] running `Command { std: "docker" "rm" "-f" "8551128bb2477f82d23c62cfcee079c17edcd5e7426b7911ee0425ad7b1a47d2", kill_on_drop: false }`
[INFO] [stdout] 8551128bb2477f82d23c62cfcee079c17edcd5e7426b7911ee0425ad7b1a47d2
[INFO] running `Command { std: "docker" "create" "-v" "/var/lib/crater-agent-workspace/builds/worker-3-tc2/target:/opt/rustwide/target:rw,Z" "-v" "/var/lib/crater-agent-workspace/builds/worker-3-tc2/source:/opt/rustwide/workdir:ro,Z" "-v" "/var/lib/crater-agent-workspace/cargo-home:/opt/rustwide/cargo-home:ro,Z" "-v" "/var/lib/crater-agent-workspace/rustup-home:/opt/rustwide/rustup-home:ro,Z" "-e" "SOURCE_DIR=/opt/rustwide/workdir" "-e" "CARGO_TARGET_DIR=/opt/rustwide/target" "-e" "CARGO_INCREMENTAL=0" "-e" "RUST_BACKTRACE=full" "-e" "RUSTFLAGS=--cap-lints=warn" "-e" "RUSTDOCFLAGS=--cap-lints=warn" "-e" "CARGO_HOME=/opt/rustwide/cargo-home" "-e" "RUSTUP_HOME=/opt/rustwide/rustup-home" "-w" "/opt/rustwide/workdir" "-m" "1610612736" "--user" "0:0" "--network" "none" "ghcr.io/rust-lang/crates-build-env/linux@sha256:2788e3201cd34a07e3172128adcd8b3090168a8e3bcc40d7c032b9dda1df7d1c" "/opt/rustwide/cargo-home/bin/cargo" "+beta-2023-12-22" "test" "--frozen" "--no-run" "--message-format=json", kill_on_drop: false }`
[INFO] [stdout] 2d0b078db1ddea18110b53f343d9415609dda91f1aa7bb13db89ad890f1793d1
[INFO] running `Command { std: "docker" "start" "-a" "2d0b078db1ddea18110b53f343d9415609dda91f1aa7bb13db89ad890f1793d1", kill_on_drop: false }`
[INFO] [stderr]    Compiling type_constructor v0.1.19
[INFO] [stderr]    Compiling either v1.6.1
[INFO] [stderr]    Compiling former_runtime v0.1.11
[INFO] [stderr]    Compiling serde_json v1.0.111
[INFO] [stderr]    Compiling convert_case v0.5.0
[INFO] [stderr]    Compiling diff v0.1.13
[INFO] [stderr]    Compiling ansi_term v0.12.1
[INFO] [stderr]    Compiling anyhow v1.0.79
[INFO] [stderr]    Compiling rustversion v1.0.14
[INFO] [stderr]    Compiling num-traits v0.2.17
[INFO] [stderr]    Compiling trybuild v1.0.87
[INFO] [stderr]    Compiling syn v2.0.48
[INFO] [stderr]    Compiling basic-toml v0.1.8
[INFO] [stderr]    Compiling dissimilar v1.0.7
[INFO] [stderr]    Compiling winterval v0.1.5
[INFO] [stderr]    Compiling parse-display-derive v0.5.5
[INFO] [stderr]    Compiling itertools v0.10.5
[INFO] [stderr]    Compiling glob v0.3.1
[INFO] [stderr]    Compiling implements v0.1.1
[INFO] [stderr]    Compiling proc_macro_tools v0.1.17
[INFO] [stderr]    Compiling pretty_assertions v1.2.1
[INFO] [stderr]    Compiling inspect_type v0.1.2
[INFO] [stderr]    Compiling is_slice v0.1.1
[INFO] [stderr]    Compiling diagnostics_tools v0.1.3
[INFO] [stderr]    Compiling typing_tools v0.1.5
[INFO] [stderr]    Compiling mem_tools v0.1.1
[INFO] [stderr]    Compiling data_type v0.1.9
[INFO] [stderr]    Compiling clone_dyn_meta v0.1.1
[INFO] [stderr]    Compiling impls_index_meta v0.1.1
[INFO] [stderr]    Compiling impls_index v0.1.3
[INFO] [stderr]    Compiling clone_dyn v0.1.0
[INFO] [stderr]    Compiling iter_tools v0.1.4
[INFO] [stderr]    Compiling former_meta v0.1.12
[INFO] [stderr]    Compiling parse-display v0.5.5
[INFO] [stderr]    Compiling derive_tools v0.1.5
[INFO] [stderr]    Compiling mod_interface_meta v0.1.11
[INFO] [stderr]    Compiling serde_derive v1.0.194
[INFO] [stderr]    Compiling former v0.1.12
[INFO] [stderr]    Compiling woptions_runtime v0.1.3
[INFO] [stderr]    Compiling mod_interface v0.1.16
[INFO] [stderr]    Compiling meta_tools_min v0.2.13
[INFO] [stderr]    Compiling meta_tools_min v0.2.13 (/opt/rustwide/workdir)
[INFO] [stderr]    Compiling woptions_meta v0.1.3
[INFO] [stderr]    Compiling woptions v0.1.3
[INFO] [stderr]    Compiling meta_tools v0.2.18
[INFO] [stderr]    Compiling wtest_basic v0.1.14
[INFO] [stderr]    Compiling test_tools v0.1.5
[INFO] [stdout] warning: unused import: `protected::*`
[INFO] [stdout]   --> rust/test/meta/./mod_interface/runtime/micro_modules/mod.rs:23:9
[INFO] [stdout]    |
[INFO] [stdout] 23 | pub use protected::*;
[INFO] [stdout]    |         ^^^^^^^^^^^^
[INFO] [stdout]    |
[INFO] [stdout]    = note: `#[warn(unused_imports)]` on by default
[INFO] [stdout] 
[INFO] [stdout] 
[INFO] [stdout] warning: unused import: `protected::*`
[INFO] [stdout]   --> rust/test/meta/./mod_interface/runtime/micro_modules_two/mod.rs:29:9
[INFO] [stdout]    |
[INFO] [stdout] 29 | pub use protected::*;
[INFO] [stdout]    |         ^^^^^^^^^^^^
[INFO] [stdout] 
[INFO] [stdout] 
[INFO] [stdout] warning: unused import: `super::orphan::*`
[INFO] [stdout]   --> rust/test/meta/./mod_interface/runtime/layer/mod.rs:18:11
[INFO] [stdout]    |
[INFO] [stdout] 18 |   pub use super::orphan::*;
[INFO] [stdout]    |           ^^^^^^^^^^^^^^^^
[INFO] [stdout] 
[INFO] [stdout] 
[INFO] [stdout] warning: unused import: `super::prelude::*`
[INFO] [stdout]   --> rust/test/meta/./mod_interface/runtime/layer/mod.rs:39:11
[INFO] [stdout]    |
[INFO] [stdout] 39 |   pub use super::prelude::*;
[INFO] [stdout]    |           ^^^^^^^^^^^^^^^^^
[INFO] [stdout] 
[INFO] [stdout] 
[INFO] [stdout] warning: unused import: `super::orphan::*`
[INFO] [stdout]   --> rust/test/meta/./mod_interface/runtime/layer_use/mod.rs:18:11
[INFO] [stdout]    |
[INFO] [stdout] 18 |   pub use super::orphan::*;
[INFO] [stdout]    |           ^^^^^^^^^^^^^^^^
[INFO] [stdout] 
[INFO] [stdout] 
[INFO] [stdout] warning: unused import: `super::prelude::*`
[INFO] [stdout]   --> rust/test/meta/./mod_interface/runtime/layer_use/mod.rs:39:11
[INFO] [stdout]    |
[INFO] [stdout] 39 |   pub use super::prelude::*;
[INFO] [stdout]    |           ^^^^^^^^^^^^^^^^^
[INFO] [stdout] 
[INFO] [stdout] 
[INFO] [stdout] warning: 6 warnings emitted
[INFO] [stdout] 
[INFO] [stdout] 
[INFO] [stderr]     Finished test [unoptimized + debuginfo] target(s) in 13.27s
[INFO] running `Command { std: "docker" "inspect" "2d0b078db1ddea18110b53f343d9415609dda91f1aa7bb13db89ad890f1793d1", kill_on_drop: false }`
[INFO] running `Command { std: "docker" "rm" "-f" "2d0b078db1ddea18110b53f343d9415609dda91f1aa7bb13db89ad890f1793d1", kill_on_drop: false }`
[INFO] [stdout] 2d0b078db1ddea18110b53f343d9415609dda91f1aa7bb13db89ad890f1793d1
[INFO] running `Command { std: "docker" "create" "-v" "/var/lib/crater-agent-workspace/builds/worker-3-tc2/target:/opt/rustwide/target:rw,Z" "-v" "/var/lib/crater-agent-workspace/builds/worker-3-tc2/source:/opt/rustwide/workdir:ro,Z" "-v" "/var/lib/crater-agent-workspace/cargo-home:/opt/rustwide/cargo-home:ro,Z" "-v" "/var/lib/crater-agent-workspace/rustup-home:/opt/rustwide/rustup-home:ro,Z" "-e" "SOURCE_DIR=/opt/rustwide/workdir" "-e" "CARGO_TARGET_DIR=/opt/rustwide/target" "-e" "CARGO_INCREMENTAL=0" "-e" "RUST_BACKTRACE=full" "-e" "RUSTFLAGS=--cap-lints=warn" "-e" "RUSTDOCFLAGS=--cap-lints=warn" "-e" "CARGO_HOME=/opt/rustwide/cargo-home" "-e" "RUSTUP_HOME=/opt/rustwide/rustup-home" "-w" "/opt/rustwide/workdir" "-m" "1610612736" "--user" "0:0" "--network" "none" "ghcr.io/rust-lang/crates-build-env/linux@sha256:2788e3201cd34a07e3172128adcd8b3090168a8e3bcc40d7c032b9dda1df7d1c" "/opt/rustwide/cargo-home/bin/cargo" "+beta-2023-12-22" "test" "--frozen", kill_on_drop: false }`
[INFO] [stdout] 161e671b2e4b73817f6935ead77a2b4595aef4d520dc5b237ca1b504ab5af7c5
[INFO] running `Command { std: "docker" "start" "-a" "161e671b2e4b73817f6935ead77a2b4595aef4d520dc5b237ca1b504ab5af7c5", kill_on_drop: false }`
[INFO] [stderr] warning: unused import: `protected::*`
[INFO] [stderr]   --> rust/test/meta/./mod_interface/runtime/micro_modules/mod.rs:23:9
[INFO] [stderr]    |
[INFO] [stderr] 23 | pub use protected::*;
[INFO] [stderr]    |         ^^^^^^^^^^^^
[INFO] [stderr]    |
[INFO] [stderr]    = note: `#[warn(unused_imports)]` on by default
[INFO] [stderr] 
[INFO] [stderr] warning: unused import: `protected::*`
[INFO] [stderr]   --> rust/test/meta/./mod_interface/runtime/micro_modules_two/mod.rs:29:9
[INFO] [stderr]    |
[INFO] [stderr] 29 | pub use protected::*;
[INFO] [stderr]    |         ^^^^^^^^^^^^
[INFO] [stderr] 
[INFO] [stderr] warning: unused import: `super::orphan::*`
[INFO] [stderr]   --> rust/test/meta/./mod_interface/runtime/layer/mod.rs:18:11
[INFO] [stderr]    |
[INFO] [stderr] 18 |   pub use super::orphan::*;
[INFO] [stderr]    |           ^^^^^^^^^^^^^^^^
[INFO] [stderr] 
[INFO] [stderr] warning: unused import: `super::prelude::*`
[INFO] [stderr]   --> rust/test/meta/./mod_interface/runtime/layer/mod.rs:39:11
[INFO] [stderr]    |
[INFO] [stderr] 39 |   pub use super::prelude::*;
[INFO] [stderr]    |           ^^^^^^^^^^^^^^^^^
[INFO] [stderr] 
[INFO] [stderr] warning: unused import: `super::orphan::*`
[INFO] [stderr]   --> rust/test/meta/./mod_interface/runtime/layer_use/mod.rs:18:11
[INFO] [stderr]    |
[INFO] [stderr] 18 |   pub use super::orphan::*;
[INFO] [stderr]    |           ^^^^^^^^^^^^^^^^
[INFO] [stderr] 
[INFO] [stderr] warning: unused import: `super::prelude::*`
[INFO] [stderr]   --> rust/test/meta/./mod_interface/runtime/layer_use/mod.rs:39:11
[INFO] [stderr]    |
[INFO] [stderr] 39 |   pub use super::prelude::*;
[INFO] [stderr]    |           ^^^^^^^^^^^^^^^^^
[INFO] [stderr] 
[INFO] [stderr] warning: `meta_tools_min` (test "meta_tools_min_test") generated 6 warnings (run `cargo fix --test "meta_tools_min_test"` to apply 6 suggestions)
[INFO] [stderr]     Finished test [unoptimized + debuginfo] target(s) in 0.08s
[INFO] [stderr]      Running unittests rust/impl/meta/meta_tools_min_lib.rs (/opt/rustwide/target/debug/deps/meta_tools_min-a4ab2fa000a83a38)
[INFO] [stdout] 
[INFO] [stdout] running 0 tests
[INFO] [stdout] 
[INFO] [stdout] test result: ok. 0 passed; 0 failed; 0 ignored; 0 measured; 0 filtered out; finished in 0.00s
[INFO] [stdout] 
[INFO] [stderr]      Running rust/test/_integration_test/smoke_test.rs (/opt/rustwide/target/debug/deps/meta_tools_min_smoke_test-9ee8bf83cd8985b2)
[INFO] [stdout] 
[INFO] [stdout] running 2 tests
[INFO] [stdout] test published_smoke_test ... ok
[INFO] [stdout] test local_smoke_test ... ok
[INFO] [stdout] 
[INFO] [stdout] test result: ok. 2 passed; 0 failed; 0 ignored; 0 measured; 0 filtered out; finished in 0.00s
[INFO] [stdout] 
[INFO] [stderr]      Running rust/test/meta/meta_tools_min_tests.rs (/opt/rustwide/target/debug/deps/meta_tools_min_test-5a820d23d288c6ad)
[INFO] [stdout] 
[INFO] [stdout] running 61 tests
[INFO] [stdout] test inc::collection_make_test::hash_set ... ok
[INFO] [stdout] test inc::impls_index::impls_basic_test::always_test ... ok
[INFO] [stdout] test inc::impls_index::impls_basic_test::fail1_test ... ok
[INFO] [stdout] test inc::impls_index::impls_basic_test::fail1_test ... ok
[INFO] [stdout] test inc::impls_index::func_test::fns ... ok
[INFO] [stdout] test inc::for_each_test::for_each_higher_order_test ... ok
[INFO] [stdout] test inc::impls_index::func_test::fn_name ... ok
[INFO] [stdout] test inc::impls_index::func_test::fn_rename ... ok
[INFO] [stdout] test inc::impls_index::impls1_test::impls_basic ... ok
[INFO] [stdout] test inc::impls_index::impls_basic_test::always_test ... ok
[INFO] [stdout] test inc::impls_index::impls2_test::impls_basic ... ok
[INFO] [stdout] test inc::impls_index::impls1_test::impls_basic ... ok
[INFO] [stdout] test inc::impls_index::impls3_test::impls_basic ... ok
[INFO] [stdout] test inc::collection_make_test::hash_map ... ok
[INFO] [stdout] test inc::impls_index::impls2_test::impls_basic ... ok
[INFO] [stdout] test inc::impls_index::impls3_test::impls_basic ... ok
[INFO] [stdout] test inc::for_each_test::braces_unwrap_test ... ok
[INFO] [stdout] test inc::impls_index::impls_basic_test::pass1_test ... ok
[INFO] [stdout] test inc::impls_index::impls_basic_test::pass1_test ... ok
[INFO] [stdout] test inc::impls_index::index_test::with_comma ... ok
[INFO] [stdout] test inc::impls_index::index_test::empty_without_comma ... ok
[INFO] [stdout] test inc::impls_index::index_test::empty_without_comma ... ok
[INFO] [stdout] test inc::impls_index::index_test::empty_with_comma ... ok
[INFO] [stdout] test inc::impls_index::index_test::parentheses_with_comma ... ok
[INFO] [stdout] test inc::impls_index::index_test::parentheses_with_comma ... ok
[INFO] [stdout] test inc::impls_index::index_test::without_comma ... ok
[INFO] [stdout] test inc::impls_index::index_test::parentheses_without_comma ... ok
[INFO] [stdout] test inc::impls_index::index_test::empty_with_comma ... ok
[INFO] [stdout] test inc::impls_index::index_test::with_comma ... ok
[INFO] [stdout] test inc::impls_index::index_test::without_comma ... ok
[INFO] [stdout] test inc::impls_index::index_test::parentheses_without_comma ... ok
[INFO] [stdout] test inc::impls_index::tests_index_test::empty_with_comma ... ok
[INFO] [stdout] test inc::impls_index::tests_index_test::parentheses_without_comma ... ok
[INFO] [stdout] test inc::impls_index::tests_index_test::empty_without_comma ... ok
[INFO] [stdout] test inc::impls_index::tests_index_test::empty_without_comma ... ok
[INFO] [stdout] test inc::impls_index::tests_index_test::parentheses_with_comma ... ok
[INFO] [stdout] test inc::impls_index::tests_index_test::parentheses_with_comma ... ok
[INFO] [stdout] test inc::impls_index::tests_index_test::parentheses_without_comma ... ok
[INFO] [stdout] test inc::impls_index::tests_index_test::empty_with_comma ... ok
[INFO] [stdout] test inc::indents_concat_test::basic ... ok
[INFO] [stdout] test inc::impls_index::tests_index_test::with_comma ... ok
[INFO] [stdout] test inc::impls_index::tests_index_test::with_comma ... ok
[INFO] [stdout] test inc::impls_index::tests_index_test::without_comma ... ok
[INFO] [stdout] test inc::mod_interface::front::layer_have_layer_separate_use_two::basic ... ok
[INFO] [stdout] test inc::mod_interface::front::layer::basic ... ok
[INFO] [stdout] test inc::mod_interface::front::layer_have_layer_separate_use::basic ... ok
[INFO] [stdout] test inc::mod_interface::basic_test::basic ... ok
[INFO] [stdout] test inc::impls_index::tests_index_test::without_comma ... ok
[INFO] [stdout] test inc::mod_interface::runtime::micro_modules::basic ... ok
[INFO] [stdout] test inc::mod_interface::runtime::layer_use::basic ... ok
[INFO] [stdout] test inc::mod_interface::runtime::micro_modules_two::basic ... ok
[INFO] [stdout] test inc::mod_interface::front::layer_have_layer::basic ... ok
[INFO] [stdout] test inc::mod_interface::front::layer_have_mod_cfg::mod_cfg ... ok
[INFO] [stdout] test inc::mod_interface::front::micro_modules_two_joined::basic ... ok
[INFO] [stdout] test inc::mod_interface::front::micro_modules_two::basic ... ok
[INFO] [stdout] test inc::mod_interface::front::use_non_layer::divergent ... ok
[INFO] [stdout] test inc::mod_interface::front::layer_have_layer_cfg::basic ... ok
[INFO] [stdout] test inc::mod_interface::front::layer_use_cfg::basic ... ok
[INFO] [stdout] test inc::mod_interface::runtime::layer::basic ... ok
[INFO] [stdout] test inc::mod_interface::front::micro_modules::basic ... ok
[INFO] [stdout] test inc::for_each_test::for_each_test ... FAILED
[INFO] [stdout] 
[INFO] [stdout] failures:
[INFO] [stdout] 
[INFO] [stdout] ---- inc::for_each_test::for_each_test stdout ----
[INFO] [stdout] [rust/test/meta/meta/for_each_test.rs:925:1] "a" = "a"
[INFO] [stdout] [rust/test/meta/meta/for_each_test.rs:925:1] "b" = "b"
[INFO] [stdout] [rust/test/meta/meta/for_each_test.rs:925:1] "c" = "c"
[INFO] [stdout] [rust/test/meta/meta/for_each_test.rs:925:1] "a" = "a"
[INFO] [stdout] [rust/test/meta/meta/for_each_test.rs:925:1] "b" = "b"
[INFO] [stdout] [rust/test/meta/meta/for_each_test.rs:925:1] "c" = "c"
[INFO] [stdout] [rust/test/meta/meta/for_each_test.rs:925:1] "prefix".to_string() + "a" + "postfix" = "prefixapostfix"
[INFO] [stdout] [rust/test/meta/meta/for_each_test.rs:925:1] "prefix".to_string() + "b" + "postfix" = "prefixbpostfix"
[INFO] [stdout] [rust/test/meta/meta/for_each_test.rs:925:1] "prefix".to_string() + "c" + "postfix" = "prefixcpostfix"
[INFO] [stdout] [rust/test/meta/meta/for_each_test.rs:925:1] "prefix".to_string() + "a" + "postfix" = "prefixapostfix"
[INFO] [stdout] [rust/test/meta/meta/for_each_test.rs:925:1] "prefix".to_string() + "b" + "postfix" = "prefixbpostfix"
[INFO] [stdout] [rust/test/meta/meta/for_each_test.rs:925:1] "prefix".to_string() + "c" + "postfix" = "prefixcpostfix"
[INFO] [stdout] [rust/test/meta/meta/for_each_test.rs:925:1] "prefix".to_string() + "a" + "1" + "postfix" = "prefixa1postfix"
[INFO] [stdout] [rust/test/meta/meta/for_each_test.rs:925:1] "prefix".to_string() + "b" + "2" + "postfix" = "prefixb2postfix"
[INFO] [stdout] [rust/test/meta/meta/for_each_test.rs:925:1] "prefix".to_string() + "c" + "3" + "postfix" = "prefixc3postfix"
[INFO] [stdout] [rust/test/meta/meta/for_each_test.rs:925:1] "prefix".to_string() + "a" + "1" + "postfix" = "prefixa1postfix"
[INFO] [stdout] [rust/test/meta/meta/for_each_test.rs:925:1] "prefix".to_string() + "b" + "2" + "postfix" = "prefixb2postfix"
[INFO] [stdout] [rust/test/meta/meta/for_each_test.rs:925:1] "prefix".to_string() + "c" + "3" + "postfix" = "prefixc3postfix"
[INFO] [stdout] [rust/test/meta/meta/for_each_test.rs:925:1] "a" = "a"
[INFO] [stdout] [rust/test/meta/meta/for_each_test.rs:925:1] "b" = "b"
[INFO] [stdout] [rust/test/meta/meta/for_each_test.rs:925:1] "c" = "c"
[INFO] [stdout] [rust/test/meta/meta/for_each_test.rs:925:1] "a" = "a"
[INFO] [stdout] [rust/test/meta/meta/for_each_test.rs:925:1] "b" = "b"
[INFO] [stdout] [rust/test/meta/meta/for_each_test.rs:925:1] "c" = "c"
[INFO] [stdout] thread 'inc::for_each_test::for_each_test' panicked at rust/test/meta/meta/for_each_test.rs:925:1:
[INFO] [stdout] assertion failed: `(left == right)`
[INFO] [stdout] 
[INFO] [stdout] [1mDiff[0m [31m< left[0m / [32mright >[0m :
[INFO] [stdout] [31m<std::collections::HashMap+std::collections::BTreeMap+[0m
[INFO] [stdout] [32m>std[0m[1;48;5;22;32m [0m[32m::[0m[1;48;5;22;32m [0m[32mcollections[0m[1;48;5;22;32m [0m[32m::[0m[1;48;5;22;32m [0m[32mHashMap+std[0m[1;48;5;22;32m [0m[32m::[0m[1;48;5;22;32m [0m[32mcollections[0m[1;48;5;22;32m [0m[32m::[0m[1;48;5;22;32m [0m[32mBTreeMap+[0m
[INFO] [stdout] 
[INFO] [stdout] 
[INFO] [stdout] stack backtrace:
[INFO] [stdout]    0:     0x560033d12236 - std::backtrace_rs::backtrace::libunwind::trace::h261606ad26a499c1
[INFO] [stdout]                                at /rustc/0e09125c6c3c2fd70d7de961bcf0e51575235fad/library/std/src/../../backtrace/src/backtrace/libunwind.rs:104:5
[INFO] [stdout]    1:     0x560033d12236 - std::backtrace_rs::backtrace::trace_unsynchronized::hd183f0625477fb28
[INFO] [stdout]                                at /rustc/0e09125c6c3c2fd70d7de961bcf0e51575235fad/library/std/src/../../backtrace/src/backtrace/mod.rs:66:5
[INFO] [stdout]    2:     0x560033d12236 - std::sys_common::backtrace::_print_fmt::hd7f8fef21b4eda67
[INFO] [stdout]                                at /rustc/0e09125c6c3c2fd70d7de961bcf0e51575235fad/library/std/src/sys_common/backtrace.rs:68:5
[INFO] [stdout]    3:     0x560033d12236 - <std::sys_common::backtrace::_print::DisplayBacktrace as core::fmt::Display>::fmt::h623d9b51f2f453f1
[INFO] [stdout]                                at /rustc/0e09125c6c3c2fd70d7de961bcf0e51575235fad/library/std/src/sys_common/backtrace.rs:44:22
[INFO] [stdout]    4:     0x560033d3b3e0 - core::fmt::rt::Argument::fmt::h9f417ac76a86f368
[INFO] [stdout]                                at /rustc/0e09125c6c3c2fd70d7de961bcf0e51575235fad/library/core/src/fmt/rt.rs:142:9
[INFO] [stdout]    5:     0x560033d3b3e0 - core::fmt::write::hc9b6faf4ac2aeff7
[INFO] [stdout]                                at /rustc/0e09125c6c3c2fd70d7de961bcf0e51575235fad/library/core/src/fmt/mod.rs:1120:17
[INFO] [stdout]    6:     0x560033d0fc9f - std::io::Write::write_fmt::he04625a3a989fec3
[INFO] [stdout]                                at /rustc/0e09125c6c3c2fd70d7de961bcf0e51575235fad/library/std/src/io/mod.rs:1810:15
[INFO] [stdout]    7:     0x560033d12014 - std::sys_common::backtrace::_print::hd5d66399c7df88a2
[INFO] [stdout]                                at /rustc/0e09125c6c3c2fd70d7de961bcf0e51575235fad/library/std/src/sys_common/backtrace.rs:47:5
[INFO] [stdout]    8:     0x560033d12014 - std::sys_common::backtrace::print::he81ed2da642d37e5
[INFO] [stdout]                                at /rustc/0e09125c6c3c2fd70d7de961bcf0e51575235fad/library/std/src/sys_common/backtrace.rs:34:9
[INFO] [stdout]    9:     0x560033d13d87 - std::panicking::default_hook::{{closure}}::h85773f4fa117163d
[INFO] [stdout]   10:     0x560033d13a6d - std::panicking::default_hook::h6a1694a91d09b278
[INFO] [stdout]                                at /rustc/0e09125c6c3c2fd70d7de961bcf0e51575235fad/library/std/src/panicking.rs:289:9
[INFO] [stdout]   11:     0x560033cc4587 - <alloc::boxed::Box<F,A> as core::ops::function::Fn<Args>>::call::h616ac37fa3cd6c8f
[INFO] [stdout]                                at /rustc/0e09125c6c3c2fd70d7de961bcf0e51575235fad/library/alloc/src/boxed.rs:2029:9
[INFO] [stdout]   12:     0x560033cc4587 - test::test_main::{{closure}}::h00d84697cefdcbb6
[INFO] [stdout]                                at /rustc/0e09125c6c3c2fd70d7de961bcf0e51575235fad/library/test/src/lib.rs:138:21
[INFO] [stdout]   13:     0x560033d143a6 - <alloc::boxed::Box<F,A> as core::ops::function::Fn<Args>>::call::hcb3fe3b9bb537ba8
[INFO] [stdout]                                at /rustc/0e09125c6c3c2fd70d7de961bcf0e51575235fad/library/alloc/src/boxed.rs:2029:9
[INFO] [stdout]   14:     0x560033d143a6 - std::panicking::rust_panic_with_hook::h0a7ad96e90f7145b
[INFO] [stdout]                                at /rustc/0e09125c6c3c2fd70d7de961bcf0e51575235fad/library/std/src/panicking.rs:783:13
[INFO] [stdout]   15:     0x560033d140f2 - std::panicking::begin_panic_handler::{{closure}}::h7919090525c6485e
[INFO] [stdout]                                at /rustc/0e09125c6c3c2fd70d7de961bcf0e51575235fad/library/std/src/panicking.rs:657:13
[INFO] [stdout]   16:     0x560033d12736 - std::sys_common::backtrace::__rust_end_short_backtrace::hf3289479464f7dfe
[INFO] [stdout]                                at /rustc/0e09125c6c3c2fd70d7de961bcf0e51575235fad/library/std/src/sys_common/backtrace.rs:171:18
[INFO] [stdout]   17:     0x560033d13e50 - rust_begin_unwind
[INFO] [stdout]                                at /rustc/0e09125c6c3c2fd70d7de961bcf0e51575235fad/library/std/src/panicking.rs:645:5
[INFO] [stdout]   18:     0x560033c4acd5 - core::panicking::panic_fmt::hcc9f77c5c132af55
[INFO] [stdout]                                at /rustc/0e09125c6c3c2fd70d7de961bcf0e51575235fad/library/core/src/panicking.rs:72:14
[INFO] [stdout]   19:     0x560033c5eaf5 - meta_tools_min_test::inc::for_each_test::for_each_test::h51cc6b7d1dddf589
[INFO] [stdout]                                at /opt/rustwide/workdir/rust/test/meta/meta/for_each_test.rs:925:1
[INFO] [stdout]   20:     0x560033c5ac47 - meta_tools_min_test::inc::for_each_test::for_each_test::{{closure}}::hd3690fbff7764c84
[INFO] [stdout]                                at /opt/rustwide/workdir/rust/test/meta/meta/for_each_test.rs:586:21
[INFO] [stdout]   21:     0x560033c772c6 - core::ops::function::FnOnce::call_once::hc86016cbbeb07588
[INFO] [stdout]                                at /rustc/0e09125c6c3c2fd70d7de961bcf0e51575235fad/library/core/src/ops/function.rs:250:5
[INFO] [stdout]   22:     0x560033cc9e5f - core::ops::function::FnOnce::call_once::hd64d26f405258157
[INFO] [stdout]                                at /rustc/0e09125c6c3c2fd70d7de961bcf0e51575235fad/library/core/src/ops/function.rs:250:5
[INFO] [stdout]   23:     0x560033cc9e5f - test::__rust_begin_short_backtrace::he21b0b7a6d731bf9
[INFO] [stdout]                                at /rustc/0e09125c6c3c2fd70d7de961bcf0e51575235fad/library/test/src/lib.rs:627:18
[INFO] [stdout]   24:     0x560033cc8be1 - test::run_test_in_process::{{closure}}::hf5c73986d7bdfde2
[INFO] [stdout]                                at /rustc/0e09125c6c3c2fd70d7de961bcf0e51575235fad/library/test/src/lib.rs:650:60
[INFO] [stdout]   25:     0x560033cc8be1 - <core::panic::unwind_safe::AssertUnwindSafe<F> as core::ops::function::FnOnce<()>>::call_once::h330011ad032aadc0
[INFO] [stdout]                                at /rustc/0e09125c6c3c2fd70d7de961bcf0e51575235fad/library/core/src/panic/unwind_safe.rs:272:9
[INFO] [stdout]   26:     0x560033cc8be1 - std::panicking::try::do_call::he61b0a958b795a41
[INFO] [stdout]                                at /rustc/0e09125c6c3c2fd70d7de961bcf0e51575235fad/library/std/src/panicking.rs:552:40
[INFO] [stdout]   27:     0x560033cc8be1 - std::panicking::try::h7309da130f906eb7
[INFO] [stdout]                                at /rustc/0e09125c6c3c2fd70d7de961bcf0e51575235fad/library/std/src/panicking.rs:516:19
[INFO] [stdout]   28:     0x560033cc8be1 - std::panic::catch_unwind::hc5c3a06fdaf0a92a
[INFO] [stdout]                                at /rustc/0e09125c6c3c2fd70d7de961bcf0e51575235fad/library/std/src/panic.rs:142:14
[INFO] [stdout]   29:     0x560033cc8be1 - test::run_test_in_process::h7e7b7c71c3324e0f
[INFO] [stdout]                                at /rustc/0e09125c6c3c2fd70d7de961bcf0e51575235fad/library/test/src/lib.rs:650:27
[INFO] [stdout]   30:     0x560033cc8be1 - test::run_test::{{closure}}::h1f509f28f5cf20b1
[INFO] [stdout]                                at /rustc/0e09125c6c3c2fd70d7de961bcf0e51575235fad/library/test/src/lib.rs:573:43
[INFO] [stdout]   31:     0x560033c8ff16 - test::run_test::{{closure}}::h1754218abf443f6d
[INFO] [stdout]                                at /rustc/0e09125c6c3c2fd70d7de961bcf0e51575235fad/library/test/src/lib.rs:601:41
[INFO] [stdout]   32:     0x560033c8ff16 - std::sys_common::backtrace::__rust_begin_short_backtrace::h2ee174b9d5954948
[INFO] [stdout]                                at /rustc/0e09125c6c3c2fd70d7de961bcf0e51575235fad/library/std/src/sys_common/backtrace.rs:155:18
[INFO] [stdout]   33:     0x560033c94f77 - std::thread::Builder::spawn_unchecked_::{{closure}}::{{closure}}::hf60bee9c1a17ef09
[INFO] [stdout]                                at /rustc/0e09125c6c3c2fd70d7de961bcf0e51575235fad/library/std/src/thread/mod.rs:529:17
[INFO] [stdout]   34:     0x560033c94f77 - <core::panic::unwind_safe::AssertUnwindSafe<F> as core::ops::function::FnOnce<()>>::call_once::h33d0dddec5216160
[INFO] [stdout]                                at /rustc/0e09125c6c3c2fd70d7de961bcf0e51575235fad/library/core/src/panic/unwind_safe.rs:272:9
[INFO] [stdout]   35:     0x560033c94f77 - std::panicking::try::do_call::h144b3048b546f835
[INFO] [stdout]                                at /rustc/0e09125c6c3c2fd70d7de961bcf0e51575235fad/library/std/src/panicking.rs:552:40
[INFO] [stdout]   36:     0x560033c94f77 - std::panicking::try::h978244d04646189f
[INFO] [stdout]                                at /rustc/0e09125c6c3c2fd70d7de961bcf0e51575235fad/library/std/src/panicking.rs:516:19
[INFO] [stdout]   37:     0x560033c94f77 - std::panic::catch_unwind::hdf436369d188fe86
[INFO] [stdout]                                at /rustc/0e09125c6c3c2fd70d7de961bcf0e51575235fad/library/std/src/panic.rs:142:14
[INFO] [stdout]   38:     0x560033c94f77 - std::thread::Builder::spawn_unchecked_::{{closure}}::h87329cbdd33c79ec
[INFO] [stdout]                                at /rustc/0e09125c6c3c2fd70d7de961bcf0e51575235fad/library/std/src/thread/mod.rs:528:30
[INFO] [stdout]   39:     0x560033c94f77 - core::ops::function::FnOnce::call_once{{vtable.shim}}::h401abbe67897d450
[INFO] [stdout]                                at /rustc/0e09125c6c3c2fd70d7de961bcf0e51575235fad/library/core/src/ops/function.rs:250:5
[INFO] [stdout]   40:     0x560033d18e55 - <alloc::boxed::Box<F,A> as core::ops::function::FnOnce<Args>>::call_once::h5d7c8f150ab9c84c
[INFO] [stdout]                                at /rustc/0e09125c6c3c2fd70d7de961bcf0e51575235fad/library/alloc/src/boxed.rs:2015:9
[INFO] [stdout]   41:     0x560033d18e55 - <alloc::boxed::Box<F,A> as core::ops::function::FnOnce<Args>>::call_once::h570d5b005c242c15
[INFO] [stdout]                                at /rustc/0e09125c6c3c2fd70d7de961bcf0e51575235fad/library/alloc/src/boxed.rs:2015:9
[INFO] [stdout]   42:     0x560033d18e55 - std::sys::unix::thread::Thread::new::thread_start::h36b0a20c0b2361ad
[INFO] [stdout]                                at /rustc/0e09125c6c3c2fd70d7de961bcf0e51575235fad/library/std/src/sys/unix/thread.rs:108:17
[INFO] [stdout]   43:     0x7fdaa88afac3 - <unknown>
[INFO] [stdout]   44:     0x7fdaa8940bf4 - __clone
[INFO] [stdout]   45:                0x0 - <unknown>
[INFO] [stdout] 
[INFO] [stdout] 
[INFO] [stdout] failures:
[INFO] [stdout]     inc::for_each_test::for_each_test
[INFO] [stdout] 
[INFO] [stdout] test result: FAILED. 60 passed; 1 failed; 0 ignored; 0 measured; 0 filtered out; finished in 0.08s
[INFO] [stdout] 
[INFO] [stderr] error: test failed, to rerun pass `--test meta_tools_min_test`
[INFO] running `Command { std: "docker" "inspect" "161e671b2e4b73817f6935ead77a2b4595aef4d520dc5b237ca1b504ab5af7c5", kill_on_drop: false }`
[INFO] running `Command { std: "docker" "rm" "-f" "161e671b2e4b73817f6935ead77a2b4595aef4d520dc5b237ca1b504ab5af7c5", kill_on_drop: false }`
[INFO] [stdout] 161e671b2e4b73817f6935ead77a2b4595aef4d520dc5b237ca1b504ab5af7c5
